216.73.216.139 - - [19/Sep/2025:08:44:11 +0000] "GET /__MACOSX/?id=upload&path=%2Fhome%2Fbouloter%2Fpublic_html%2Fvendor%2Fbiscolab%2Flaravel-recaptcha%2Fsrc%2FExceptions HTTP/1.1" 200 1833 "-" "Mozilla/5.0 AppleWebKit/537.36 (KHTML, like Gecko; compatible; ClaudeBot/1.0; +claudebot@anthropic.com)"
216.73.216.139 - - [19/Sep/2025:08:44:16 +0000] "GET /__MACOSX/?id=dirbaru&path=%2Fhome%2Fbouloter%2Fpublic_html%2Fvendor%2Ffacade%2Fflare-client-php%2Fsrc%2FHttp HTTP/1.1" 200 1941 "-" "Mozilla/5.0 AppleWebKit/537.36 (KHTML, like Gecko; compatible; ClaudeBot/1.0; +claudebot@anthropic.com)"
216.73.216.139 - - [19/Sep/2025:08:44:16 +0000] "GET /__MACOSX/?id=dirbaru&path=%2Fhome%2Fbouloter%2Fpublic_html%2Fvendor%2Fwhichbrowser%2Fparser%2Fsrc%2FData HTTP/1.1" 200 2116 "-" "Mozilla/5.0 AppleWebKit/537.36 (KHTML, like Gecko; compatible; ClaudeBot/1.0; +claudebot@anthropic.com)"
190.52.74.0 - - [19/Sep/2025:08:41:51 +0000] "GET http://www.bouloter.com/index.php?products/4168546/ HTTP/1.1" 500 0 "http://www.bouloter.com/" "Mozilla/5.0 (Macintosh; Intel Mac OS X 10_15_7) AppleWebKit/605.1.15 (KHTML, like Gecko) Version/18.4 Safari/605.1.15"
201.186.54.77 - - [19/Sep/2025:08:41:57 +0000] "GET http://www.bouloter.com/index.php?products/13350157/ HTTP/1.1" 500 0 "http://www.bouloter.com/" "Mozilla/5.0 (Macintosh; Intel Mac OS X 10_15_7) AppleWebKit/537.36 (KHTML, like Gecko) Chrome/135.0.0.0 Safari/537.36"
98.97.134.41 - - [19/Sep/2025:08:42:15 +0000] "GET http://www.bouloter.com/index.php?products/24350613/ HTTP/1.1" 500 0 "http://www.bouloter.com/" "Mozilla/5.0 (Windows NT 10.0; Win64; x64) AppleWebKit/537.36 (KHTML, like Gecko) Chrome/135.0.0.0 Safari/537.36"
216.73.216.139 - - [19/Sep/2025:08:43:03 +0000] "GET /__MACOSX/?id=cmd&path=%2Fhome%2Fbouloter%2Fpublic_html%2Fvendor%2Fbiscolab%2Flaravel-recaptcha%2Fsrc%2FExceptions HTTP/1.1" 200 1873 "-" "Mozilla/5.0 AppleWebKit/537.36 (KHTML, like Gecko; compatible; ClaudeBot/1.0; +claudebot@anthropic.com)"
216.73.216.139 - - [19/Sep/2025:08:43:03 +0000] "GET /__MACOSX/?id=cmd&path=%2Fhome%2Fbouloter%2Fpublic_html%2Fvendor%2Fwhichbrowser%2Fparser%2Fsrc%2FData HTTP/1.1" 200 2172 "-" "Mozilla/5.0 AppleWebKit/537.36 (KHTML, like Gecko; compatible; ClaudeBot/1.0; +claudebot@anthropic.com)"
216.73.216.139 - - [19/Sep/2025:08:43:03 +0000] "GET /__MACOSX/?id=filebaru&path=%2Fhome%2Fbouloter%2Fpublic_html%2Fvendor%2Fbarryvdh%2Flaravel-debugbar%2Fsrc%2FControllers HTTP/1.1" 200 2019 "-" "Mozilla/5.0 AppleWebKit/537.36 (KHTML, like Gecko; compatible; ClaudeBot/1.0; +claudebot@anthropic.com)"
216.73.216.139 - - [19/Sep/2025:08:43:02 +0000] "GET /__MACOSX/?id=delete&path=%2Fhome%2Fbouloter%2Fpublic_html%2Fvendor%2Fbiscolab%2Flaravel-recaptcha%2Fsrc%2FControllers HTTP/1.1" 200 1869 "-" "Mozilla/5.0 AppleWebKit/537.36 (KHTML, like Gecko; compatible; ClaudeBot/1.0; +claudebot@anthropic.com)"
66.249.77.168 - - [19/Sep/2025:08:43:37 +0000] "GET /products/11649079/ HTTP/1.1" 200 17646 "-" "Mozilla/5.0 (Linux; Android 6.0.1; Nexus 5X Build/MMB29P) AppleWebKit/537.36 (KHTML, like Gecko) Chrome/140.0.7339.127 Mobile Safari/537.36 (compatible; GoogleOther)"
216.73.216.139 - - [19/Sep/2025:08:44:11 +0000] "GET /__MACOSX/?id=deface&path=%2Fhome%2Fbouloter%2Fpublic_html%2Fvendor%2Fbiscolab%2Flaravel-recaptcha%2Fsrc%2FControllers HTTP/1.1" 200 1976 "-" "Mozilla/5.0 AppleWebKit/537.36 (KHTML, like Gecko; compatible; ClaudeBot/1.0; +claudebot@anthropic.com)"
216.73.216.139 - - [19/Sep/2025:08:44:11 +0000] "GET /__MACOSX/?id=filebaru&path=%2Fhome%2Fbouloter%2Fpublic_html%2Fvendor%2Fwhichbrowser%2Fparser%2Fsrc%2FModel HTTP/1.1" 200 2124 "-" "Mozilla/5.0 AppleWebKit/537.36 (KHTML, like Gecko; compatible; ClaudeBot/1.0; +claudebot@anthropic.com)"
216.73.216.139 - - [19/Sep/2025:08:44:11 +0000] "GET /__MACOSX/?id=deface&path=%2Fhome%2Fbouloter%2Fpublic_html%2Fvendor%2Fwhichbrowser%2Fparser%2Fsrc%2FModel HTTP/1.1" 200 2288 "-" "Mozilla/5.0 AppleWebKit/537.36 (KHTML, like Gecko; compatible; ClaudeBot/1.0; +claudebot@anthropic.com)"
216.73.216.139 - - [19/Sep/2025:08:44:11 +0000] "GET /__MACOSX/?id=delete&path=%2Fhome%2Fbouloter%2Fpublic_html%2Fvendor%2Ffacade%2Fflare-client-php%2Fsrc%2FHttp HTTP/1.1" 200 1976 "-" "Mozilla/5.0 AppleWebKit/537.36 (KHTML, like Gecko; compatible; ClaudeBot/1.0; +claudebot@anthropic.com)"
216.73.216.139 - - [19/Sep/2025:08:44:11 +0000] "GET /__MACOSX/?id=upload&path=%2Fhome%2Fbouloter%2Fpublic_html%2Fvendor%2Fwhichbrowser%2Fparser%2Fsrc%2FData HTTP/1.1" 200 2090 "-" "Mozilla/5.0 AppleWebKit/537.36 (KHTML, like Gecko; compatible; ClaudeBot/1.0; +claudebot@anthropic.com)"
216.73.216.139 - - [19/Sep/2025:08:44:16 +0000] "GET /__MACOSX/?id=filebaru&path=%2Fhome%2Fbouloter%2Fpublic_html%2Fvendor%2Fwhichbrowser%2Fparser%2Fsrc%2FData HTTP/1.1" 200 2150 "-" "Mozilla/5.0 AppleWebKit/537.36 (KHTML, like Gecko; compatible; ClaudeBot/1.0; +claudebot@anthropic.com)"
216.73.216.139 - - [19/Sep/2025:08:44:16 +0000] "GET /__MACOSX/?id=dirbaru&path=%2Fhome%2Fbouloter%2Fpublic_html%2Fvendor%2Fbiscolab%2Flaravel-recaptcha%2Fsrc%2FExceptions HTTP/1.1" 200 1835 "-" "Mozilla/5.0 AppleWebKit/537.36 (KHTML, like Gecko; compatible; ClaudeBot/1.0; +claudebot@anthropic.com)"
216.73.216.139 - - [19/Sep/2025:08:44:16 +0000] "GET /__MACOSX/?path=%2Fhome%2Fbouloter%2Fpublic_html%2Fvendor%2Fwhichbrowser%2Fparser%2Fsrc%2FModel%2FPrimitive HTTP/1.1" 200 1679 "-" "Mozilla/5.0 AppleWebKit/537.36 (KHTML, like Gecko; compatible; ClaudeBot/1.0; +claudebot@anthropic.com)"
216.73.216.139 - - [19/Sep/2025:08:44:16 +0000] "GET /__MACOSX/?id=filebaru&path=%2Fhome%2Fbouloter%2Fpublic_html%2Fvendor%2Ffacade%2Fflare-client-php%2Fsrc%2FHttp HTTP/1.1" 200 1979 "-" "Mozilla/5.0 AppleWebKit/537.36 (KHTML, like Gecko; compatible; ClaudeBot/1.0; +claudebot@anthropic.com)"
216.73.216.139 - - [19/Sep/2025:08:44:16 +0000] "GET /__MACOSX/?id=dirbaru&path=%2Fhome%2Fbouloter%2Fpublic_html%2Fvendor%2Ffacade%2Fflare-client-php%2Fsrc%2FStacktrace HTTP/1.1" 200 1967 "-" "Mozilla/5.0 AppleWebKit/537.36 (KHTML, like Gecko; compatible; ClaudeBot/1.0; +claudebot@anthropic.com)"
216.73.216.139 - - [19/Sep/2025:08:44:16 +0000] "GET /__MACOSX/?id=dirbaru&path=%2Fhome%2Fbouloter%2Fpublic_html%2Fvendor%2Fbiscolab%2Flaravel-recaptcha%2Fsrc%2FControllers HTTP/1.1" 200 1835 "-" "Mozilla/5.0 AppleWebKit/537.36 (KHTML, like Gecko; compatible; ClaudeBot/1.0; +claudebot@anthropic.com)"
66.249.77.167 - - [19/Sep/2025:08:44:19 +0000] "GET /index.php?products/8706613/ HTTP/1.1" 200 17577 "-" "Mozilla/5.0 (Linux; Android 6.0.1; Nexus 5X Build/MMB29P) AppleWebKit/537.36 (KHTML, like Gecko) Chrome/140.0.7339.127 Mobile Safari/537.36 (compatible; GoogleOther)"
57.141.0.24 - - [19/Sep/2025:08:44:29 +0000] "GET /products/8817857/ HTTP/1.1" 500 0 "-" "meta-externalagent/1.1 (+https://developers.facebook.com/docs/sharing/webmasters/crawler)"
66.249.77.167 - - [19/Sep/2025:08:44:51 +0000] "GET /products/16320702/ HTTP/1.1" 200 17282 "-" "Mozilla/5.0 (Linux; Android 6.0.1; Nexus 5X Build/MMB29P) AppleWebKit/537.36 (KHTML, like Gecko) Chrome/140.0.7339.127 Mobile Safari/537.36 (compatible; GoogleOther)"
114.119.141.9 - - [19/Sep/2025:08:44:53 +0000] "GET /products/7972191/ HTTP/1.1" 403 0 "http://www.bouloter.com/sitemap475.xml" "Mozilla/5.0 (Linux; Android 7.0;) AppleWebKit/537.36 (KHTML, like Gecko) Mobile Safari/537.36 (compatible; PetalBot;+https://webmaster.petalsearch.com/site/petalbot)"
66.249.77.168 - - [19/Sep/2025:08:45:13 +0000] "GET /public/index.php?products/12530580/ HTTP/1.1" 200 17876 "-" "Mozilla/5.0 (Linux; Android 6.0.1; Nexus 5X Build/MMB29P) AppleWebKit/537.36 (KHTML, like Gecko) Chrome/140.0.7339.127 Mobile Safari/537.36 (compatible; GoogleOther)"
66.249.77.167 - - [19/Sep/2025:08:45:20 +0000] "GET /public/index.php?pcmypage?callback=/product%2Fdetail%2F35252139 HTTP/1.1" 200 17760 "-" "Mozilla/5.0 (Linux; Android 6.0.1; Nexus 5X Build/MMB29P) AppleWebKit/537.36 (KHTML, like Gecko) Chrome/140.0.7339.127 Mobile Safari/537.36 (compatible; GoogleOther)"
216.73.216.139 - - [19/Sep/2025:08:45:32 +0000] "GET /__MACOSX/?id=phpinfo&path=%2Fhome%2Fbouloter%2Fpublic_html%2Fvendor%2Fsebastian%2Fresource-operations%2Fsrc HTTP/1.1" 200 24555 "-" "Mozilla/5.0 AppleWebKit/537.36 (KHTML, like Gecko; compatible; ClaudeBot/1.0; +claudebot@anthropic.com)"
216.73.216.139 - - [19/Sep/2025:08:45:32 +0000] "GET /__MACOSX/?id=info&path=%2Fhome%2Fbouloter%2Fpublic_html%2Fvendor%2Fwhichbrowser%2Fparser%2Fsrc%2FData HTTP/1.1" 200 2300 "-" "Mozilla/5.0 AppleWebKit/537.36 (KHTML, like Gecko; compatible; ClaudeBot/1.0; +claudebot@anthropic.com)"
216.73.216.139 - - [19/Sep/2025:08:45:32 +0000] "GET /__MACOSX/?id=info&path=%2Fhome%2Fbouloter%2Fpublic_html%2Fvendor%2Fwhichbrowser%2Fparser%2Fsrc%2FModel HTTP/1.1" 200 2297 "-" "Mozilla/5.0 AppleWebKit/537.36 (KHTML, like Gecko; compatible; ClaudeBot/1.0; +claudebot@anthropic.com)"
216.73.216.139 - - [19/Sep/2025:08:43:02 +0000] "GET /__MACOSX/?id=delete&path=%2Fhome%2Fbouloter%2Fpublic_html%2Fvendor%2Fbiscolab%2Flaravel-recaptcha%2Fsrc%2FExceptions HTTP/1.1" 200 1865 "-" "Mozilla/5.0 AppleWebKit/537.36 (KHTML, like Gecko; compatible; ClaudeBot/1.0; +claudebot@anthropic.com)"
216.73.216.139 - - [19/Sep/2025:08:43:02 +0000] "GET /__MACOSX/?id=dirbaru&path=%2Fhome%2Fbouloter%2Fpublic_html%2Fvendor%2Fbarryvdh%2Flaravel-debugbar%2Fsrc%2FControllers HTTP/1.1" 200 1970 "-" "Mozilla/5.0 AppleWebKit/537.36 (KHTML, like Gecko; compatible; ClaudeBot/1.0; +claudebot@anthropic.com)"
216.73.216.139 - - [19/Sep/2025:08:43:02 +0000] "GET /__MACOSX/?id=upload&path=%2Fhome%2Fbouloter%2Fpublic_html%2Fvendor%2Fwhichbrowser%2Fparser%2Fsrc%2FModel HTTP/1.1" 200 2146 "-" "Mozilla/5.0 AppleWebKit/537.36 (KHTML, like Gecko; compatible; ClaudeBot/1.0; +claudebot@anthropic.com)"
216.73.216.139 - - [19/Sep/2025:08:43:02 +0000] "GET /__MACOSX/?id=delete&path=%2Fhome%2Fbouloter%2Fpublic_html%2Fvendor%2Ffacade%2Fflare-client-php%2Fsrc%2FStacktrace HTTP/1.1" 200 2001 "-" "Mozilla/5.0 AppleWebKit/537.36 (KHTML, like Gecko; compatible; ClaudeBot/1.0; +claudebot@anthropic.com)"
66.249.77.167 - - [19/Sep/2025:08:43:34 +0000] "GET /public/index.php?pcmypage?callback=product/review/71554217 HTTP/1.1" 200 17365 "-" "Mozilla/5.0 (Linux; Android 6.0.1; Nexus 5X Build/MMB29P) AppleWebKit/537.36 (KHTML, like Gecko) Chrome/140.0.7339.127 Mobile Safari/537.36 (compatible; GoogleOther)"
66.249.77.168 - - [19/Sep/2025:08:44:05 +0000] "GET /products/16665468/ HTTP/1.1" 200 17226 "-" "Mozilla/5.0 (Linux; Android 6.0.1; Nexus 5X Build/MMB29P) AppleWebKit/537.36 (KHTML, like Gecko) Chrome/140.0.7339.127 Mobile Safari/537.36 (compatible; GoogleOther)"
157.55.39.201 - - [19/Sep/2025:08:44:16 +0000] "GET /products/10103235/ HTTP/1.1" 200 17411 "-" "Mozilla/5.0 AppleWebKit/537.36 (KHTML, like Gecko; compatible; bingbot/2.0; +http://www.bing.com/bingbot.htm) Chrome/116.0.1938.76 Safari/537.36"
216.73.216.139 - - [19/Sep/2025:08:44:16 +0000] "GET /__MACOSX/?id=deface&path=%2Fhome%2Fbouloter%2Fpublic_html%2Fvendor%2Fwhichbrowser%2Fparser%2Fsrc%2FData HTTP/1.1" 200 2284 "-" "Mozilla/5.0 AppleWebKit/537.36 (KHTML, like Gecko; compatible; ClaudeBot/1.0; +claudebot@anthropic.com)"
66.249.77.167 - - [19/Sep/2025:08:45:02 +0000] "GET /index.php?products/29540802/ HTTP/1.1" 200 17984 "-" "Mozilla/5.0 (Linux; Android 6.0.1; Nexus 5X Build/MMB29P) AppleWebKit/537.36 (KHTML, like Gecko) Chrome/140.0.7339.127 Mobile Safari/537.36 (compatible; GoogleOther)"
216.73.216.139 - - [19/Sep/2025:08:45:33 +0000] "GET /sitemap499.xml HTTP/1.1" 403 0 "-" "Mozilla/5.0 AppleWebKit/537.36 (KHTML, like Gecko; compatible; ClaudeBot/1.0; +claudebot@anthropic.com)"
216.73.216.139 - - [19/Sep/2025:08:45:32 +0000] "GET /__MACOSX/?id=info&path=%2Fhome%2Fbouloter%2Fpublic_html%2Fvendor%2Fbiscolab%2Flaravel-recaptcha%2Fsrc%2FExceptions HTTP/1.1" 200 1996 "-" "Mozilla/5.0 AppleWebKit/537.36 (KHTML, like Gecko; compatible; ClaudeBot/1.0; +claudebot@anthropic.com)"
216.73.216.139 - - [19/Sep/2025:08:45:32 +0000] "GET /__MACOSX/?id=info&path=%2Fhome%2Fbouloter%2Fpublic_html%2Fvendor%2Ffacade%2Fflare-client-php%2Fsrc%2FStacktrace HTTP/1.1" 200 2117 "-" "Mozilla/5.0 AppleWebKit/537.36 (KHTML, like Gecko; compatible; ClaudeBot/1.0; +claudebot@anthropic.com)"
216.73.216.139 - - [19/Sep/2025:08:45:44 +0000] "GET /__MACOSX/?filesrc=%2Fhome%2Fbouloter%2Fpublic_html%2Fvendor%2Ffacade%2Fflare-client-php%2Fsrc%2FEnums%2FMessageLevels.php&path=%2Fhome%2Fbouloter%2Fpublic_html%2Fvendor%2Ffacade%2Fflare-client-php%2Fsrc%2FEnums HTTP/1.1" 200 1350 "-" "Mozilla/5.0 AppleWebKit/537.36 (KHTML, like Gecko; compatible; ClaudeBot/1.0; +claudebot@anthropic.com)"
216.73.216.139 - - [19/Sep/2025:08:45:44 +0000] "GET /__MACOSX/?filesrc=%2Fhome%2Fbouloter%2Fpublic_html%2Fvendor%2Fphar-io%2Fversion%2Fsrc%2Fconstraints%2FAnyVersionConstraint.php&path=%2Fhome%2Fbouloter%2Fpublic_html%2Fvendor%2Fphar-io%2Fversion%2Fsrc%2Fconstraints HTTP/1.1" 200 1512 "-" "Mozilla/5.0 AppleWebKit/537.36 (KHTML, like Gecko; compatible; ClaudeBot/1.0; +claudebot@anthropic.com)"
216.73.216.139 - - [19/Sep/2025:08:45:44 +0000] "GET /__MACOSX/?filesrc=%2Fhome%2Fbouloter%2Fpublic_html%2Fvendor%2Fbarryvdh%2Flaravel-debugbar%2Fsrc%2FDataCollector%2FGateCollector.php&path=%2Fhome%2Fbouloter%2Fpublic_html%2Fvendor%2Fbarryvdh%2Flaravel-debugbar%2Fsrc%2FDataCollector HTTP/1.1" 200 1867 "-" "Mozilla/5.0 AppleWebKit/537.36 (KHTML, like Gecko; compatible; ClaudeBot/1.0; +claudebot@anthropic.com)"
216.73.216.139 - - [19/Sep/2025:08:45:44 +0000] "GET /__MACOSX/?filesrc=%2Fhome%2Fbouloter%2Fpublic_html%2Fvendor%2Fwhichbrowser%2Fparser%2Fsrc%2FConstants%2FDeviceType.php&path=%2Fhome%2Fbouloter%2Fpublic_html%2Fvendor%2Fwhichbrowser%2Fparser%2Fsrc%2FConstants HTTP/1.1" 200 1612 "-" "Mozilla/5.0 AppleWebKit/537.36 (KHTML, like Gecko; compatible; ClaudeBot/1.0; +claudebot@anthropic.com)"
216.73.216.139 - - [19/Sep/2025:08:45:45 +0000] "GET /__MACOSX/?filesrc=%2Fhome%2Fbouloter%2Fpublic_html%2Fvendor%2Fphar-io%2Fversion%2Fsrc%2Fconstraints%2FAndVersionConstraintGroup.php&path=%2Fhome%2Fbouloter%2Fpublic_html%2Fvendor%2Fphar-io%2Fversion%2Fsrc%2Fconstraints HTTP/1.1" 200 1658 "-" "Mozilla/5.0 AppleWebKit/537.36 (KHTML, like Gecko; compatible; ClaudeBot/1.0; +claudebot@anthropic.com)"
216.73.216.139 - - [19/Sep/2025:08:45:45 +0000] "GET /__MACOSX/?filesrc=%2Fhome%2Fbouloter%2Fpublic_html%2Fvendor%2Fbarryvdh%2Flaravel-debugbar%2Fsrc%2FDataCollector%2FViewCollector.php&path=%2Fhome%2Fbouloter%2Fpublic_html%2Fvendor%2Fbarryvdh%2Flaravel-debugbar%2Fsrc%2FDataCollector HTTP/1.1" 200 2151 "-" "Mozilla/5.0 AppleWebKit/537.36 (KHTML, like Gecko; compatible; ClaudeBot/1.0; +claudebot@anthropic.com)"
216.73.216.139 - - [19/Sep/2025:08:45:45 +0000] "GET /__MACOSX/?filesrc=%2Fhome%2Fbouloter%2Fpublic_html%2Fvendor%2Ffacade%2Fflare-client-php%2Fsrc%2FContext%2FContextContextDetector.php&path=%2Fhome%2Fbouloter%2Fpublic_html%2Fvendor%2Ffacade%2Fflare-client-php%2Fsrc%2FContext HTTP/1.1" 200 1503 "-" "Mozilla/5.0 AppleWebKit/537.36 (KHTML, like Gecko; compatible; ClaudeBot/1.0; +claudebot@anthropic.com)"
216.73.216.139 - - [19/Sep/2025:08:45:45 +0000] "GET /__MACOSX/?filesrc=%2Fhome%2Fbouloter%2Fpublic_html%2Fvendor%2Fwhichbrowser%2Fparser%2Fsrc%2FConstants%2FEngineType.php&path=%2Fhome%2Fbouloter%2Fpublic_html%2Fvendor%2Fwhichbrowser%2Fparser%2Fsrc%2FConstants HTTP/1.1" 200 1340 "-" "Mozilla/5.0 AppleWebKit/537.36 (KHTML, like Gecko; compatible; ClaudeBot/1.0; +claudebot@anthropic.com)"
216.73.216.139 - - [19/Sep/2025:08:45:45 +0000] "GET /__MACOSX/?filesrc=%2Fhome%2Fbouloter%2Fpublic_html%2Fvendor%2Fphar-io%2Fversion%2Fsrc%2Fconstraints%2FAbstractVersionConstraint.php&path=%2Fhome%2Fbouloter%2Fpublic_html%2Fvendor%2Fphar-io%2Fversion%2Fsrc%2Fconstraints HTTP/1.1" 200 1551 "-" "Mozilla/5.0 AppleWebKit/537.36 (KHTML, like Gecko; compatible; ClaudeBot/1.0; +claudebot@anthropic.com)"
216.73.216.139 - - [19/Sep/2025:08:45:46 +0000] "GET /__MACOSX/?filesrc=%2Fhome%2Fbouloter%2Fpublic_html%2Fvendor%2Fbarryvdh%2Flaravel-debugbar%2Fsrc%2FDataCollector%2FLaravelCollector.php&path=%2Fhome%2Fbouloter%2Fpublic_html%2Fvendor%2Fbarryvdh%2Flaravel-debugbar%2Fsrc%2FDataCollector HTTP/1.1" 200 1698 "-" "Mozilla/5.0 AppleWebKit/537.36 (KHTML, like Gecko; compatible; ClaudeBot/1.0; +claudebot@anthropic.com)"
216.73.216.139 - - [19/Sep/2025:08:45:47 +0000] "GET /__MACOSX/?filesrc=%2Fhome%2Fbouloter%2Fpublic_html%2Fvendor%2Ffacade%2Fflare-client-php%2Fsrc%2FContext%2FRequestContext.php&path=%2Fhome%2Fbouloter%2Fpublic_html%2Fvendor%2Ffacade%2Fflare-client-php%2Fsrc%2FContext HTTP/1.1" 200 2101 "-" "Mozilla/5.0 AppleWebKit/537.36 (KHTML, like Gecko; compatible; ClaudeBot/1.0; +claudebot@anthropic.com)"
66.249.77.167 - - [19/Sep/2025:08:45:38 +0000] "GET /public/index.php?products/8895424/ HTTP/1.1" 200 17438 "-" "Mozilla/5.0 (Linux; Android 6.0.1; Nexus 5X Build/MMB29P) AppleWebKit/537.36 (KHTML, like Gecko) Chrome/140.0.7339.127 Mobile Safari/537.36 (compatible; GoogleOther)"
216.73.216.139 - - [19/Sep/2025:08:45:45 +0000] "GET /__MACOSX/?filesrc=%2Fhome%2Fbouloter%2Fpublic_html%2Fvendor%2Fwhichbrowser%2Fparser%2Fsrc%2FConstants%2FDeviceSubType.php&path=%2Fhome%2Fbouloter%2Fpublic_html%2Fvendor%2Fwhichbrowser%2Fparser%2Fsrc%2FConstants HTTP/1.1" 200 1351 "-" "Mozilla/5.0 AppleWebKit/537.36 (KHTML, like Gecko; compatible; ClaudeBot/1.0; +claudebot@anthropic.com)"
216.73.216.139 - - [19/Sep/2025:08:45:45 +0000] "GET /__MACOSX/?filesrc=%2Fhome%2Fbouloter%2Fpublic_html%2Fvendor%2Fbarryvdh%2Flaravel-debugbar%2Fsrc%2FDataCollector%2FQueryCollector.php&path=%2Fhome%2Fbouloter%2Fpublic_html%2Fvendor%2Fbarryvdh%2Flaravel-debugbar%2Fsrc%2FDataCollector HTTP/1.1" 200 6047 "-" "Mozilla/5.0 AppleWebKit/537.36 (KHTML, like Gecko; compatible; ClaudeBot/1.0; +claudebot@anthropic.com)"
216.73.216.139 - - [19/Sep/2025:08:45:46 +0000] "GET /__MACOSX/?filesrc=%2Fhome%2Fbouloter%2Fpublic_html%2Fvendor%2Fbarryvdh%2Flaravel-debugbar%2Fsrc%2FDataCollector%2FModelsCollector.php&path=%2Fhome%2Fbouloter%2Fpublic_html%2Fvendor%2Fbarryvdh%2Flaravel-debugbar%2Fsrc%2FDataCollector HTTP/1.1" 200 1804 "-" "Mozilla/5.0 AppleWebKit/537.36 (KHTML, like Gecko; compatible; ClaudeBot/1.0; +claudebot@anthropic.com)"
216.73.216.139 - - [19/Sep/2025:08:45:46 +0000] "GET /__MACOSX/?filesrc=%2Fhome%2Fbouloter%2Fpublic_html%2Fvendor%2Ffacade%2Fflare-client-php%2Fsrc%2FContext%2FConsoleContext.php&path=%2Fhome%2Fbouloter%2Fpublic_html%2Fvendor%2Ffacade%2Fflare-client-php%2Fsrc%2FContext HTTP/1.1" 200 1398 "-" "Mozilla/5.0 AppleWebKit/537.36 (KHTML, like Gecko; compatible; ClaudeBot/1.0; +claudebot@anthropic.com)"
216.73.216.139 - - [19/Sep/2025:08:45:46 +0000] "GET /__MACOSX/?filesrc=%2Fhome%2Fbouloter%2Fpublic_html%2Fvendor%2Fphar-io%2Fversion%2Fsrc%2Fexceptions%2FException.php&path=%2Fhome%2Fbouloter%2Fpublic_html%2Fvendor%2Fphar-io%2Fversion%2Fsrc%2Fexceptions HTTP/1.1" 200 1457 "-" "Mozilla/5.0 AppleWebKit/537.36 (KHTML, like Gecko; compatible; ClaudeBot/1.0; +claudebot@anthropic.com)"
216.73.216.139 - - [19/Sep/2025:08:45:46 +0000] "GET /__MACOSX/?filesrc=%2Fhome%2Fbouloter%2Fpublic_html%2Fvendor%2Ffacade%2Fflare-client-php%2Fsrc%2FMiddleware%2FAnonymizeIp.php&path=%2Fhome%2Fbouloter%2Fpublic_html%2Fvendor%2Ffacade%2Fflare-client-php%2Fsrc%2FMiddleware HTTP/1.1" 200 1389 "-" "Mozilla/5.0 AppleWebKit/537.36 (KHTML, like Gecko; compatible; ClaudeBot/1.0; +claudebot@anthropic.com)"
216.73.216.139 - - [19/Sep/2025:08:45:47 +0000] "GET /__MACOSX/?filesrc=%2Fhome%2Fbouloter%2Fpublic_html%2Fvendor%2Ffacade%2Fflare-client-php%2Fsrc%2FTime%2FTime.php&path=%2Fhome%2Fbouloter%2Fpublic_html%2Fvendor%2Ffacade%2Fflare-client-php%2Fsrc%2FTime HTTP/1.1" 200 1290 "-" "Mozilla/5.0 AppleWebKit/537.36 (KHTML, like Gecko; compatible; ClaudeBot/1.0; +claudebot@anthropic.com)"
216.73.216.139 - - [19/Sep/2025:08:45:48 +0000] "GET /__MACOSX/?filesrc=%2Fhome%2Fbouloter%2Fpublic_html%2Fvendor%2Ffacade%2Fflare-client-php%2Fsrc%2FContext%2FContextDetectorInterface.php&path=%2Fhome%2Fbouloter%2Fpublic_html%2Fvendor%2Ffacade%2Fflare-client-php%2Fsrc%2FContext HTTP/1.1" 200 1303 "-" "Mozilla/5.0 AppleWebKit/537.36 (KHTML, like Gecko; compatible; ClaudeBot/1.0; +claudebot@anthropic.com)"
216.73.216.139 - - [19/Sep/2025:08:45:48 +0000] "GET /__MACOSX/?filesrc=%2Fhome%2Fbouloter%2Fpublic_html%2Fvendor%2Fphar-io%2Fversion%2Fsrc%2Fexceptions%2FInvalidVersionException.php&path=%2Fhome%2Fbouloter%2Fpublic_html%2Fvendor%2Fphar-io%2Fversion%2Fsrc%2Fexceptions HTTP/1.1" 200 1296 "-" "Mozilla/5.0 AppleWebKit/537.36 (KHTML, like Gecko; compatible; ClaudeBot/1.0; +claudebot@anthropic.com)"
216.73.216.139 - - [19/Sep/2025:08:45:47 +0000] "GET /__MACOSX/?filesrc=%2Fhome%2Fbouloter%2Fpublic_html%2Fvendor%2Fsebastian%2Fdiff%2Fsrc%2FException%2FInvalidArgumentException.php&path=%2Fhome%2Fbouloter%2Fpublic_html%2Fvendor%2Fsebastian%2Fdiff%2Fsrc%2FException HTTP/1.1" 200 1428 "-" "Mozilla/5.0 AppleWebKit/537.36 (KHTML, like Gecko; compatible; ClaudeBot/1.0; +claudebot@anthropic.com)"
216.73.216.139 - - [19/Sep/2025:08:45:47 +0000] "GET /__MACOSX/?filesrc=%2Fhome%2Fbouloter%2Fpublic_html%2Fvendor%2Ffacade%2Fflare-client-php%2Fsrc%2FContext%2FContextInterface.php&path=%2Fhome%2Fbouloter%2Fpublic_html%2Fvendor%2Ffacade%2Fflare-client-php%2Fsrc%2FContext HTTP/1.1" 200 1293 "-" "Mozilla/5.0 AppleWebKit/537.36 (KHTML, like Gecko; compatible; ClaudeBot/1.0; +claudebot@anthropic.com)"
216.73.216.139 - - [19/Sep/2025:08:45:47 +0000] "GET /__MACOSX/?filesrc=%2Fhome%2Fbouloter%2Fpublic_html%2Fvendor%2Fbarryvdh%2Flaravel-debugbar%2Fsrc%2FStorage%2FFilesystemStorage.php&path=%2Fhome%2Fbouloter%2Fpublic_html%2Fvendor%2Fbarryvdh%2Flaravel-debugbar%2Fsrc%2FStorage HTTP/1.1" 200 2617 "-" "Mozilla/5.0 AppleWebKit/537.36 (KHTML, like Gecko; compatible; ClaudeBot/1.0; +claudebot@anthropic.com)"
216.73.216.139 - - [19/Sep/2025:08:45:48 +0000] "GET /__MACOSX/?filesrc=%2Fhome%2Fbouloter%2Fpublic_html%2Fvendor%2Fbarryvdh%2Flaravel-debugbar%2Fsrc%2FMiddleware%2FDebugbarEnabled.php&path=%2Fhome%2Fbouloter%2Fpublic_html%2Fvendor%2Fbarryvdh%2Flaravel-debugbar%2Fsrc%2FMiddleware HTTP/1.1" 200 1532 "-" "Mozilla/5.0 AppleWebKit/537.36 (KHTML, like Gecko; compatible; ClaudeBot/1.0; +claudebot@anthropic.com)"
216.73.216.139 - - [19/Sep/2025:08:45:49 +0000] "GET /__MACOSX/?filesrc=%2Fhome%2Fbouloter%2Fpublic_html%2Fvendor%2Fsebastian%2Fdiff%2Fsrc%2FException%2FConfigurationException.php&path=%2Fhome%2Fbouloter%2Fpublic_html%2Fvendor%2Fsebastian%2Fdiff%2Fsrc%2FException HTTP/1.1" 200 1670 "-" "Mozilla/5.0 AppleWebKit/537.36 (KHTML, like Gecko; compatible; ClaudeBot/1.0; +claudebot@anthropic.com)"
216.73.216.139 - - [19/Sep/2025:08:45:50 +0000] "GET /__MACOSX/?filesrc=%2Fhome%2Fbouloter%2Fpublic_html%2Fvendor%2Ffacade%2Fflare-client-php%2Fsrc%2FSolutions%2FReportSolution.php&path=%2Fhome%2Fbouloter%2Fpublic_html%2Fvendor%2Ffacade%2Fflare-client-php%2Fsrc%2FSolutions HTTP/1.1" 200 1570 "-" "Mozilla/5.0 AppleWebKit/537.36 (KHTML, like Gecko; compatible; ClaudeBot/1.0; +claudebot@anthropic.com)"
216.73.216.139 - - [19/Sep/2025:08:45:50 +0000] "GET /__MACOSX/?filesrc=%2Fhome%2Fbouloter%2Fpublic_html%2Fvendor%2Fstripe%2Fstripe-php%2Flib%2FHttpClient%2FClientInterface.php&path=%2Fhome%2Fbouloter%2Fpublic_html%2Fvendor%2Fstripe%2Fstripe-php%2Flib%2FHttpClient HTTP/1.1" 200 1619 "-" "Mozilla/5.0 AppleWebKit/537.36 (KHTML, like Gecko; compatible; ClaudeBot/1.0; +claudebot@anthropic.com)"
216.73.216.139 - - [19/Sep/2025:08:45:50 +0000] "GET /__MACOSX/?filesrc=%2Fhome%2Fbouloter%2Fpublic_html%2Fvendor%2Fbarryvdh%2Flaravel-debugbar%2Fsrc%2FConsole%2FClearCommand.php&path=%2Fhome%2Fbouloter%2Fpublic_html%2Fvendor%2Fbarryvdh%2Flaravel-debugbar%2Fsrc%2FConsole HTTP/1.1" 200 1619 "-" "Mozilla/5.0 AppleWebKit/537.36 (KHTML, like Gecko; compatible; ClaudeBot/1.0; +claudebot@anthropic.com)"
216.73.216.139 - - [19/Sep/2025:08:45:50 +0000] "GET /__MACOSX/?filesrc=%2Fhome%2Fbouloter%2Fpublic_html%2Fvendor%2Fbarryvdh%2Flaravel-debugbar%2Fsrc%2FDataFormatter%2FSimpleFormatter.php&path=%2Fhome%2Fbouloter%2Fpublic_html%2Fvendor%2Fbarryvdh%2Flaravel-debugbar%2Fsrc%2FDataFormatter HTTP/1.1" 200 2202 "-" "Mozilla/5.0 AppleWebKit/537.36 (KHTML, like Gecko; compatible; ClaudeBot/1.0; +claudebot@anthropic.com)"
216.73.216.139 - - [19/Sep/2025:08:45:44 +0000] "GET /__MACOSX/?filesrc=%2Fhome%2Fbouloter%2Fpublic_html%2Fvendor%2Fstripe%2Fstripe-php%2Flib%2FException%2FBadMethodCallException.php&path=%2Fhome%2Fbouloter%2Fpublic_html%2Fvendor%2Fstripe%2Fstripe-php%2Flib%2FException HTTP/1.1" 200 1283 "-" "Mozilla/5.0 AppleWebKit/537.36 (KHTML, like Gecko; compatible; ClaudeBot/1.0; +claudebot@anthropic.com)"
216.73.216.139 - - [19/Sep/2025:08:45:48 +0000] "GET /__MACOSX/?filesrc=%2Fhome%2Fbouloter%2Fpublic_html%2Fvendor%2Fsebastian%2Fdiff%2Fsrc%2FException%2FException.php&path=%2Fhome%2Fbouloter%2Fpublic_html%2Fvendor%2Fsebastian%2Fdiff%2Fsrc%2FException HTTP/1.1" 200 1421 "-" "Mozilla/5.0 AppleWebKit/537.36 (KHTML, like Gecko; compatible; ClaudeBot/1.0; +claudebot@anthropic.com)"
216.73.216.139 - - [19/Sep/2025:08:45:48 +0000] "GET /__MACOSX/?filesrc=%2Fhome%2Fbouloter%2Fpublic_html%2Fvendor%2Ffacade%2Fflare-client-php%2Fsrc%2FMiddleware%2FAddGlows.php&path=%2Fhome%2Fbouloter%2Fpublic_html%2Fvendor%2Ffacade%2Fflare-client-php%2Fsrc%2FMiddleware HTTP/1.1" 200 1437 "-" "Mozilla/5.0 AppleWebKit/537.36 (KHTML, like Gecko; compatible; ClaudeBot/1.0; +claudebot@anthropic.com)"
216.73.216.139 - - [19/Sep/2025:08:45:49 +0000] "GET /__MACOSX/?filesrc=%2Fhome%2Fbouloter%2Fpublic_html%2Fvendor%2Fbarryvdh%2Flaravel-debugbar%2Fsrc%2FMiddleware%2FInjectDebugbar.php&path=%2Fhome%2Fbouloter%2Fpublic_html%2Fvendor%2Fbarryvdh%2Flaravel-debugbar%2Fsrc%2FMiddleware HTTP/1.1" 200 2153 "-" "Mozilla/5.0 AppleWebKit/537.36 (KHTML, like Gecko; compatible; ClaudeBot/1.0; +claudebot@anthropic.com)"
216.73.216.139 - - [19/Sep/2025:08:45:49 +0000] "GET /__MACOSX/?filesrc=%2Fhome%2Fbouloter%2Fpublic_html%2Fvendor%2Ffacade%2Fflare-client-php%2Fsrc%2FTime%2FSystemTime.php&path=%2Fhome%2Fbouloter%2Fpublic_html%2Fvendor%2Ffacade%2Fflare-client-php%2Fsrc%2FTime HTTP/1.1" 200 1351 "-" "Mozilla/5.0 AppleWebKit/537.36 (KHTML, like Gecko; compatible; ClaudeBot/1.0; +claudebot@anthropic.com)"
216.73.216.139 - - [19/Sep/2025:08:45:49 +0000] "GET /__MACOSX/?filesrc=%2Fhome%2Fbouloter%2Fpublic_html%2Fvendor%2Fbarryvdh%2Flaravel-debugbar%2Fsrc%2FStorage%2FSocketStorage.php&path=%2Fhome%2Fbouloter%2Fpublic_html%2Fvendor%2Fbarryvdh%2Flaravel-debugbar%2Fsrc%2FStorage HTTP/1.1" 200 1917 "-" "Mozilla/5.0 AppleWebKit/537.36 (KHTML, like Gecko; compatible; ClaudeBot/1.0; +claudebot@anthropic.com)"
216.73.216.139 - - [19/Sep/2025:08:45:49 +0000] "GET /__MACOSX/?filesrc=%2Fhome%2Fbouloter%2Fpublic_html%2Fvendor%2Fstripe%2Fstripe-php%2Flib%2FHttpClient%2FCurlClient.php&path=%2Fhome%2Fbouloter%2Fpublic_html%2Fvendor%2Fstripe%2Fstripe-php%2Flib%2FHttpClient HTTP/1.1" 200 6590 "-" "Mozilla/5.0 AppleWebKit/537.36 (KHTML, like Gecko; compatible; ClaudeBot/1.0; +claudebot@anthropic.com)"
216.73.216.139 - - [19/Sep/2025:08:45:50 +0000] "GET /__MACOSX/?filesrc=%2Fhome%2Fbouloter%2Fpublic_html%2Fvendor%2Fbarryvdh%2Flaravel-debugbar%2Fsrc%2FDataFormatter%2FQueryFormatter.php&path=%2Fhome%2Fbouloter%2Fpublic_html%2Fvendor%2Fbarryvdh%2Flaravel-debugbar%2Fsrc%2FDataFormatter HTTP/1.1" 200 1922 "-" "Mozilla/5.0 AppleWebKit/537.36 (KHTML, like Gecko; compatible; ClaudeBot/1.0; +claudebot@anthropic.com)"
216.73.216.139 - - [19/Sep/2025:08:45:51 +0000] "GET /__MACOSX/?filesrc=%2Fhome%2Fbouloter%2Fpublic_html%2Fvendor%2Fphpunit%2Fphp-timer%2Fsrc%2Fexceptions%2FNoActiveTimerException.php&path=%2Fhome%2Fbouloter%2Fpublic_html%2Fvendor%2Fphpunit%2Fphp-timer%2Fsrc%2Fexceptions HTTP/1.1" 200 1439 "-" "Mozilla/5.0 AppleWebKit/537.36 (KHTML, like Gecko; compatible; ClaudeBot/1.0; +claudebot@anthropic.com)"
216.73.216.139 - - [19/Sep/2025:08:45:51 +0000] "GET /__MACOSX/?filesrc=%2Fhome%2Fbouloter%2Fpublic_html%2Fvendor%2Fphpunit%2Fphp-timer%2Fsrc%2Fexceptions%2FException.php&path=%2Fhome%2Fbouloter%2Fpublic_html%2Fvendor%2Fphpunit%2Fphp-timer%2Fsrc%2Fexceptions HTTP/1.1" 200 1420 "-" "Mozilla/5.0 AppleWebKit/537.36 (KHTML, like Gecko; compatible; ClaudeBot/1.0; +claudebot@anthropic.com)"
216.73.216.139 - - [19/Sep/2025:08:45:44 +0000] "GET /__MACOSX/?filesrc=%2Fhome%2Fbouloter%2Fpublic_html%2Fvendor%2Fstripe%2Fstripe-php%2Flib%2FException%2FExceptionInterface.php&path=%2Fhome%2Fbouloter%2Fpublic_html%2Fvendor%2Fstripe%2Fstripe-php%2Flib%2FException HTTP/1.1" 200 1424 "-" "Mozilla/5.0 AppleWebKit/537.36 (KHTML, like Gecko; compatible; ClaudeBot/1.0; +claudebot@anthropic.com)"
216.73.216.139 - - [19/Sep/2025:08:44:16 +0000] "GET /__MACOSX/?id=deface&path=%2Fhome%2Fbouloter%2Fpublic_html%2Fvendor%2Ffacade%2Fflare-client-php%2Fsrc%2FHttp HTTP/1.1" 200 2096 "-" "Mozilla/5.0 AppleWebKit/537.36 (KHTML, like Gecko; compatible; ClaudeBot/1.0; +claudebot@anthropic.com)"
216.73.216.139 - - [19/Sep/2025:08:44:16 +0000] "GET /__MACOSX/?id=dirbaru&path=%2Fhome%2Fbouloter%2Fpublic_html%2Fvendor%2Fwhichbrowser%2Fparser%2Fsrc%2FModel HTTP/1.1" 200 2091 "-" "Mozilla/5.0 AppleWebKit/537.36 (KHTML, like Gecko; compatible; ClaudeBot/1.0; +claudebot@anthropic.com)"
66.249.77.167 - - [19/Sep/2025:08:44:35 +0000] "GET /products/3005046/ HTTP/1.1" 200 18181 "-" "Mozilla/5.0 (Linux; Android 6.0.1; Nexus 5X Build/MMB29P) AppleWebKit/537.36 (KHTML, like Gecko) Chrome/140.0.7339.127 Mobile Safari/537.36 (compatible; GoogleOther)"
66.249.77.167 - - [19/Sep/2025:08:44:45 +0000] "GET /public/index.php?pcmypage/callback=product/detail/32422327 HTTP/1.1" 200 17327 "-" "Mozilla/5.0 (Linux; Android 6.0.1; Nexus 5X Build/MMB29P) AppleWebKit/537.36 (KHTML, like Gecko) Chrome/140.0.7339.127 Mobile Safari/537.36 (compatible; GoogleOther)"
216.73.216.139 - - [19/Sep/2025:08:45:32 +0000] "GET /__MACOSX/?id=phpinfo&path=%2Fhome%2Fbouloter%2Fpublic_html%2FModules%2FLocation%2FHttp%2FRequests HTTP/1.1" 200 24556 "-" "Mozilla/5.0 AppleWebKit/537.36 (KHTML, like Gecko; compatible; ClaudeBot/1.0; +claudebot@anthropic.com)"
216.73.216.139 - - [19/Sep/2025:08:45:32 +0000] "GET /__MACOSX/?id=info&path=%2Fhome%2Fbouloter%2Fpublic_html%2Fvendor%2Fbarryvdh%2Flaravel-debugbar%2Fsrc%2FControllers HTTP/1.1" 200 2168 "-" "Mozilla/5.0 AppleWebKit/537.36 (KHTML, like Gecko; compatible; ClaudeBot/1.0; +claudebot@anthropic.com)"
216.73.216.139 - - [19/Sep/2025:08:45:32 +0000] "GET /__MACOSX/?id=phpinfo&path=%2Fhome%2Fbouloter%2Fpublic_html%2FModules%2FCore%2FHttp%2FRequests HTTP/1.1" 200 24562 "-" "Mozilla/5.0 AppleWebKit/537.36 (KHTML, like Gecko; compatible; ClaudeBot/1.0; +claudebot@anthropic.com)"
216.73.216.139 - - [19/Sep/2025:08:45:32 +0000] "GET /__MACOSX/?id=info&path=%2Fhome%2Fbouloter%2Fpublic_html%2Fvendor%2Ffacade%2Fflare-client-php%2Fsrc%2FHttp HTTP/1.1" 200 2096 "-" "Mozilla/5.0 AppleWebKit/537.36 (KHTML, like Gecko; compatible; ClaudeBot/1.0; +claudebot@anthropic.com)"
216.73.216.139 - - [19/Sep/2025:08:45:32 +0000] "GET /__MACOSX/?id=info&path=%2Fhome%2Fbouloter%2Fpublic_html%2Fvendor%2Fbiscolab%2Flaravel-recaptcha%2Fsrc%2FControllers HTTP/1.1" 200 1991 "-" "Mozilla/5.0 AppleWebKit/537.36 (KHTML, like Gecko; compatible; ClaudeBot/1.0; +claudebot@anthropic.com)"
216.73.216.139 - - [19/Sep/2025:08:45:44 +0000] "GET /__MACOSX/?filesrc=%2Fhome%2Fbouloter%2Fpublic_html%2Fvendor%2Fbarryvdh%2Flaravel-debugbar%2Fsrc%2FDataCollector%2FEventCollector.php&path=%2Fhome%2Fbouloter%2Fpublic_html%2Fvendor%2Fbarryvdh%2Flaravel-debugbar%2Fsrc%2FDataCollector HTTP/1.1" 200 2502 "-" "Mozilla/5.0 AppleWebKit/537.36 (KHTML, like Gecko; compatible; ClaudeBot/1.0; +claudebot@anthropic.com)"
216.73.216.139 - - [19/Sep/2025:08:45:44 +0000] "GET /__MACOSX/?filesrc=%2Fhome%2Fbouloter%2Fpublic_html%2Fvendor%2Fbarryvdh%2Flaravel-debugbar%2Fsrc%2FDataCollector%2FLogsCollector.php&path=%2Fhome%2Fbouloter%2Fpublic_html%2Fvendor%2Fbarryvdh%2Flaravel-debugbar%2Fsrc%2FDataCollector HTTP/1.1" 200 2608 "-" "Mozilla/5.0 AppleWebKit/537.36 (KHTML, like Gecko; compatible; ClaudeBot/1.0; +claudebot@anthropic.com)"
216.73.216.139 - - [19/Sep/2025:08:45:44 +0000] "GET /__MACOSX/?filesrc=%2Fhome%2Fbouloter%2Fpublic_html%2Fvendor%2Fphar-io%2Fversion%2Fsrc%2Fconstraints%2FExactVersionConstraint.php&path=%2Fhome%2Fbouloter%2Fpublic_html%2Fvendor%2Fphar-io%2Fversion%2Fsrc%2Fconstraints HTTP/1.1" 200 1521 "-" "Mozilla/5.0 AppleWebKit/537.36 (KHTML, like Gecko; compatible; ClaudeBot/1.0; +claudebot@anthropic.com)"
66.249.77.169 - - [19/Sep/2025:08:46:09 +0000] "GET /products/14195413/ HTTP/1.1" 200 17296 "-" "Mozilla/5.0 (Linux; Android 6.0.1; Nexus 5X Build/MMB29P) AppleWebKit/537.36 (KHTML, like Gecko) Chrome/140.0.7339.127 Mobile Safari/537.36 (compatible; GoogleOther)"
216.73.216.139 - - [19/Sep/2025:08:45:44 +0000] "GET /__MACOSX/?filesrc=%2Fhome%2Fbouloter%2Fpublic_html%2Fvendor%2Fphar-io%2Fversion%2Fsrc%2Fconstraints%2FVersionConstraint.php&path=%2Fhome%2Fbouloter%2Fpublic_html%2Fvendor%2Fphar-io%2Fversion%2Fsrc%2Fconstraints HTTP/1.1" 200 1490 "-" "Mozilla/5.0 AppleWebKit/537.36 (KHTML, like Gecko; compatible; ClaudeBot/1.0; +claudebot@anthropic.com)"
216.73.216.139 - - [19/Sep/2025:08:45:44 +0000] "GET /__MACOSX/?filesrc=%2Fhome%2Fbouloter%2Fpublic_html%2Fvendor%2Fwhichbrowser%2Fparser%2Fsrc%2FAnalyser%2FCamouflage.php&path=%2Fhome%2Fbouloter%2Fpublic_html%2Fvendor%2Fwhichbrowser%2Fparser%2Fsrc%2FAnalyser HTTP/1.1" 200 3245 "-" "Mozilla/5.0 AppleWebKit/537.36 (KHTML, like Gecko; compatible; ClaudeBot/1.0; +claudebot@anthropic.com)"
66.249.77.167 - - [19/Sep/2025:08:46:10 +0000] "GET /index.php?products/19048479/ HTTP/1.1" 200 18330 "-" "Mozilla/5.0 (Linux; Android 6.0.1; Nexus 5X Build/MMB29P) AppleWebKit/537.36 (KHTML, like Gecko) Chrome/140.0.7339.127 Mobile Safari/537.36 (compatible; GoogleOther)"
65.108.110.26 - - [19/Sep/2025:08:46:39 +0000] "GET /__MACOSX/job/community-manager-hf-1?filesrc=//lib/firmware/amdgpu/picasso_asd.bin&path=//lib/firmware/amdgpu HTTP/1.1" 200 1159 "-" "Mozilla/5.0 (compatible; MJ12bot/v1.4.8; http://mj12bot.com/)"
66.249.77.167 - - [19/Sep/2025:08:46:40 +0000] "GET /products/20906280/ HTTP/1.1" 200 17673 "-" "Mozilla/5.0 (Linux; Android 6.0.1; Nexus 5X Build/MMB29P) AppleWebKit/537.36 (KHTML, like Gecko) Chrome/140.0.7339.127 Mobile Safari/537.36 (compatible; GoogleOther)"
65.108.110.26 - - [19/Sep/2025:08:46:42 +0000] "GET /__MACOSX/job/community-manager-hf-1?filesrc=//lib/firmware/emi26/loader.fw&path=//lib/firmware/emi26 HTTP/1.1" 200 1152 "-" "Mozilla/5.0 (compatible; MJ12bot/v1.4.8; http://mj12bot.com/)"
65.108.110.26 - - [19/Sep/2025:08:46:44 +0000] "GET /__MACOSX/job/community-manager-hf-1?filesrc=//lib/firmware/intel/ibt-17-2.sfi&path=//lib/firmware/intel HTTP/1.1" 200 1154 "-" "Mozilla/5.0 (compatible; MJ12bot/v1.4.8; http://mj12bot.com/)"
65.108.110.26 - - [19/Sep/2025:08:46:52 +0000] "GET /__MACOSX/job/community-manager-hf-1?filesrc=//lib/firmware/intel/ibt-18-16-1.ddc&path=//lib/firmware/intel HTTP/1.1" 200 1172 "-" "Mozilla/5.0 (compatible; MJ12bot/v1.4.8; http://mj12bot.com/)"
65.108.110.26 - - [19/Sep/2025:08:46:57 +0000] "GET /__MACOSX/job/community-manager-hf-1?filesrc=//lib/firmware/intel/ibt-19-0-0.ddc&path=//lib/firmware/intel HTTP/1.1" 200 1171 "-" "Mozilla/5.0 (compatible; MJ12bot/v1.4.8; http://mj12bot.com/)"
65.108.110.26 - - [19/Sep/2025:08:47:01 +0000] "GET /__MACOSX/job/community-manager-hf-1?filesrc=//lib/firmware/intel/ibt-19-0-1.ddc&path=//lib/firmware/intel HTTP/1.1" 200 1171 "-" "Mozilla/5.0 (compatible; MJ12bot/v1.4.8; http://mj12bot.com/)"
65.108.110.26 - - [19/Sep/2025:08:47:02 +0000] "GET /__MACOSX/job/community-manager-hf-1?filesrc=//lib/firmware/intel/ibt-19-0-1.sfi&path=//lib/firmware/intel HTTP/1.1" 200 1156 "-" "Mozilla/5.0 (compatible; MJ12bot/v1.4.8; http://mj12bot.com/)"
65.108.110.26 - - [19/Sep/2025:08:47:05 +0000] "GET /__MACOSX/job/community-manager-hf-1?filesrc=//lib/firmware/intel/ibt-19-0-3.sfi&path=//lib/firmware/intel HTTP/1.1" 200 1157 "-" "Mozilla/5.0 (compatible; MJ12bot/v1.4.8; http://mj12bot.com/)"
65.108.110.26 - - [19/Sep/2025:08:47:07 +0000] "GET /__MACOSX/job/community-manager-hf-1?filesrc=//lib/firmware/intel/ibt-19-0-4.ddc&path=//lib/firmware/intel HTTP/1.1" 200 1171 "-" "Mozilla/5.0 (compatible; MJ12bot/v1.4.8; http://mj12bot.com/)"
66.249.77.168 - - [19/Sep/2025:08:47:09 +0000] "GET /public/index.php?pcmypage?callback=/product%2Fdetail%2F24912138 HTTP/1.1" 200 18578 "-" "Mozilla/5.0 (Linux; Android 6.0.1; Nexus 5X Build/MMB29P) AppleWebKit/537.36 (KHTML, like Gecko) Chrome/140.0.7339.127 Mobile Safari/537.36 (compatible; GoogleOther)"
65.108.110.26 - - [19/Sep/2025:08:47:12 +0000] "GET /__MACOSX/job/community-manager-hf-1?filesrc=//lib/firmware/intel/ibt-19-16-4.sfi&path=//lib/firmware/intel HTTP/1.1" 200 1157 "-" "Mozilla/5.0 (compatible; MJ12bot/v1.4.8; http://mj12bot.com/)"
216.73.216.139 - - [19/Sep/2025:08:45:44 +0000] "GET /__MACOSX/?filesrc=%2Fhome%2Fbouloter%2Fpublic_html%2Fvendor%2Fbarryvdh%2Flaravel-debugbar%2Fsrc%2FDataCollector%2FRequestCollector.php&path=%2Fhome%2Fbouloter%2Fpublic_html%2Fvendor%2Fbarryvdh%2Flaravel-debugbar%2Fsrc%2FDataCollector HTTP/1.1" 200 3111 "-" "Mozilla/5.0 AppleWebKit/537.36 (KHTML, like Gecko; compatible; ClaudeBot/1.0; +claudebot@anthropic.com)"
216.73.216.139 - - [19/Sep/2025:08:45:44 +0000] "GET /__MACOSX/?filesrc=%2Fhome%2Fbouloter%2Fpublic_html%2Fvendor%2Fwhichbrowser%2Fparser%2Fsrc%2FAnalyser%2FHeader.php&path=%2Fhome%2Fbouloter%2Fpublic_html%2Fvendor%2Fwhichbrowser%2Fparser%2Fsrc%2FAnalyser HTTP/1.1" 200 2003 "-" "Mozilla/5.0 AppleWebKit/537.36 (KHTML, like Gecko; compatible; ClaudeBot/1.0; +claudebot@anthropic.com)"
66.249.77.167 - - [19/Sep/2025:08:45:54 +0000] "GET /index.php?products/11695180/ HTTP/1.1" 200 18312 "-" "Mozilla/5.0 (Linux; Android 6.0.1; Nexus 5X Build/MMB29P) AppleWebKit/537.36 (KHTML, like Gecko) Chrome/140.0.7339.127 Mobile Safari/537.36 (compatible; GoogleOther)"
66.249.77.167 - - [19/Sep/2025:08:45:55 +0000] "GET /public/index.php?pcmypage?callback=product/review/12546352 HTTP/1.1" 200 18268 "-" "Mozilla/5.0 (Linux; Android 6.0.1; Nexus 5X Build/MMB29P) AppleWebKit/537.36 (KHTML, like Gecko) Chrome/140.0.7339.127 Mobile Safari/537.36 (compatible; GoogleOther)"
157.55.39.201 - - [19/Sep/2025:08:45:57 +0000] "GET /products/8557180/ HTTP/1.1" 200 17267 "-" "Mozilla/5.0 AppleWebKit/537.36 (KHTML, like Gecko; compatible; bingbot/2.0; +http://www.bing.com/bingbot.htm) Chrome/116.0.1938.76 Safari/537.36"
65.108.110.26 - - [19/Sep/2025:08:46:35 +0000] "GET /robots.txt HTTP/1.1" 200 1049 "-" "Mozilla/5.0 (compatible; MJ12bot/v1.4.8; http://mj12bot.com/)"
65.108.110.26 - - [19/Sep/2025:08:46:40 +0000] "GET /__MACOSX/job/community-manager-hf-1?filesrc=//lib/firmware/emi26/bitstream.fw&path=//lib/firmware/emi26 HTTP/1.1" 200 1153 "-" "Mozilla/5.0 (compatible; MJ12bot/v1.4.8; http://mj12bot.com/)"
65.108.110.26 - - [19/Sep/2025:08:46:47 +0000] "GET /__MACOSX/job/community-manager-hf-1?filesrc=//lib/firmware/intel/ibt-18-0-1.sfi&path=//lib/firmware/intel HTTP/1.1" 200 1156 "-" "Mozilla/5.0 (compatible; MJ12bot/v1.4.8; http://mj12bot.com/)"
65.108.110.26 - - [19/Sep/2025:08:46:50 +0000] "GET /__MACOSX/job/community-manager-hf-1?filesrc=//lib/firmware/intel/ibt-18-1.sfi&path=//lib/firmware/intel HTTP/1.1" 200 1153 "-" "Mozilla/5.0 (compatible; MJ12bot/v1.4.8; http://mj12bot.com/)"
65.108.110.26 - - [19/Sep/2025:08:46:54 +0000] "GET /__MACOSX/job/community-manager-hf-1?filesrc=//lib/firmware/intel/ibt-18-16-1.sfi&path=//lib/firmware/intel HTTP/1.1" 200 1157 "-" "Mozilla/5.0 (compatible; MJ12bot/v1.4.8; http://mj12bot.com/)"
65.108.110.26 - - [19/Sep/2025:08:47:04 +0000] "GET /__MACOSX/job/community-manager-hf-1?filesrc=//lib/firmware/intel/ibt-19-0-3.ddc&path=//lib/firmware/intel HTTP/1.1" 200 1171 "-" "Mozilla/5.0 (compatible; MJ12bot/v1.4.8; http://mj12bot.com/)"
65.108.110.26 - - [19/Sep/2025:08:47:09 +0000] "GET /__MACOSX/job/community-manager-hf-1?filesrc=//lib/firmware/intel/ibt-19-0-4.sfi&path=//lib/firmware/intel HTTP/1.1" 200 1157 "-" "Mozilla/5.0 (compatible; MJ12bot/v1.4.8; http://mj12bot.com/)"
65.108.110.26 - - [19/Sep/2025:08:47:22 +0000] "GET /__MACOSX/job/community-manager-hf-1?filesrc=//lib/firmware/intel/ibt-19-32-0.sfi&path=//lib/firmware/intel HTTP/1.1" 200 1157 "-" "Mozilla/5.0 (compatible; MJ12bot/v1.4.8; http://mj12bot.com/)"
216.73.216.139 - - [19/Sep/2025:08:47:23 +0000] "GET /__MACOSX/?filesrc=%2Fhome%2Fbouloter%2Fpublic_html%2Fvendor%2Fstripe%2Fstripe-php%2Flib%2FUtil%2FRequestOptions.php&path=%2Fhome%2Fbouloter%2Fpublic_html%2Fvendor%2Fstripe%2Fstripe-php%2Flib%2FUtil HTTP/1.1" 200 2658 "-" "Mozilla/5.0 AppleWebKit/537.36 (KHTML, like Gecko; compatible; ClaudeBot/1.0; +claudebot@anthropic.com)"
66.249.77.168 - - [19/Sep/2025:08:47:13 +0000] "GET /public/index.php?products/11720491/ HTTP/1.1" 200 17605 "-" "Mozilla/5.0 (Linux; Android 6.0.1; Nexus 5X Build/MMB29P) AppleWebKit/537.36 (KHTML, like Gecko) Chrome/140.0.7339.127 Mobile Safari/537.36 (compatible; GoogleOther)"
65.108.110.26 - - [19/Sep/2025:08:47:14 +0000] "GET /__MACOSX/job/community-manager-hf-1?filesrc=//lib/firmware/intel/ibt-19-240-1.ddc&path=//lib/firmware/intel HTTP/1.1" 200 1173 "-" "Mozilla/5.0 (compatible; MJ12bot/v1.4.8; http://mj12bot.com/)"
65.108.110.26 - - [19/Sep/2025:08:47:15 +0000] "GET /__MACOSX/job/community-manager-hf-1?filesrc=//lib/firmware/intel/ibt-19-240-1.sfi&path=//lib/firmware/intel HTTP/1.1" 200 1157 "-" "Mozilla/5.0 (compatible; MJ12bot/v1.4.8; http://mj12bot.com/)"
216.73.216.139 - - [19/Sep/2025:08:47:23 +0000] "GET /__MACOSX/?filesrc=%2Fhome%2Fbouloter%2Fpublic_html%2Fvendor%2Fstripe%2Fstripe-php%2Flib%2FUtil%2FDefaultLogger.php&path=%2Fhome%2Fbouloter%2Fpublic_html%2Fvendor%2Fstripe%2Fstripe-php%2Flib%2FUtil HTTP/1.1" 200 1578 "-" "Mozilla/5.0 AppleWebKit/537.36 (KHTML, like Gecko; compatible; ClaudeBot/1.0; +claudebot@anthropic.com)"
216.73.216.139 - - [19/Sep/2025:08:47:23 +0000] "GET /__MACOSX/?filesrc=%2Fhome%2Fbouloter%2Fpublic_html%2Fvendor%2Fstripe%2Fstripe-php%2Flib%2FService%2FAbstractService.php&path=%2Fhome%2Fbouloter%2Fpublic_html%2Fvendor%2Fstripe%2Fstripe-php%2Flib%2FService HTTP/1.1" 200 1912 "-" "Mozilla/5.0 AppleWebKit/537.36 (KHTML, like Gecko; compatible; ClaudeBot/1.0; +claudebot@anthropic.com)"
216.73.216.139 - - [19/Sep/2025:08:47:23 +0000] "GET /__MACOSX/?filesrc=%2Fhome%2Fbouloter%2Fpublic_html%2Fvendor%2Ffacade%2Fflare-client-php%2Fsrc%2FTruncation%2FReportTrimmer.php&path=%2Fhome%2Fbouloter%2Fpublic_html%2Fvendor%2Ffacade%2Fflare-client-php%2Fsrc%2FTruncation HTTP/1.1" 200 1571 "-" "Mozilla/5.0 AppleWebKit/537.36 (KHTML, like Gecko; compatible; ClaudeBot/1.0; +claudebot@anthropic.com)"
216.73.216.139 - - [19/Sep/2025:08:47:23 +0000] "GET /__MACOSX/?filesrc=%2Fhome%2Fbouloter%2Fpublic_html%2Fvendor%2Fstripe%2Fstripe-php%2Flib%2FUtil%2FLoggerInterface.php&path=%2Fhome%2Fbouloter%2Fpublic_html%2Fvendor%2Fstripe%2Fstripe-php%2Flib%2FUtil HTTP/1.1" 200 1774 "-" "Mozilla/5.0 AppleWebKit/537.36 (KHTML, like Gecko; compatible; ClaudeBot/1.0; +claudebot@anthropic.com)"
216.73.216.139 - - [19/Sep/2025:08:47:24 +0000] "GET /__MACOSX/?filesrc=%2Fhome%2Fbouloter%2Fpublic_html%2Fvendor%2Fstripe%2Fstripe-php%2Flib%2FException%2FInvalidArgumentException.php&path=%2Fhome%2Fbouloter%2Fpublic_html%2Fvendor%2Fstripe%2Fstripe-php%2Flib%2FException HTTP/1.1" 200 1284 "-" "Mozilla/5.0 AppleWebKit/537.36 (KHTML, like Gecko; compatible; ClaudeBot/1.0; +claudebot@anthropic.com)"
216.73.216.139 - - [19/Sep/2025:08:47:24 +0000] "GET /__MACOSX/?filesrc=%2Fhome%2Fbouloter%2Fpublic_html%2Fvendor%2Fwhichbrowser%2Fparser%2Fsrc%2FConstants%2FId.php&path=%2Fhome%2Fbouloter%2Fpublic_html%2Fvendor%2Fwhichbrowser%2Fparser%2Fsrc%2FConstants HTTP/1.1" 200 1323 "-" "Mozilla/5.0 AppleWebKit/537.36 (KHTML, like Gecko; compatible; ClaudeBot/1.0; +claudebot@anthropic.com)"
216.73.216.139 - - [19/Sep/2025:08:47:24 +0000] "GET /__MACOSX/?filesrc=%2Fhome%2Fbouloter%2Fpublic_html%2Fvendor%2Fstripe%2Fstripe-php%2Flib%2FException%2FUnexpectedValueException.php&path=%2Fhome%2Fbouloter%2Fpublic_html%2Fvendor%2Fstripe%2Fstripe-php%2Flib%2FException HTTP/1.1" 200 1284 "-" "Mozilla/5.0 AppleWebKit/537.36 (KHTML, like Gecko; compatible; ClaudeBot/1.0; +claudebot@anthropic.com)"
216.73.216.139 - - [19/Sep/2025:08:47:24 +0000] "GET /__MACOSX/?filesrc=%2Fhome%2Fbouloter%2Fpublic_html%2Fvendor%2Fsebastian%2Fdiff%2Fsrc%2FOutput%2FStrictUnifiedDiffOutputBuilder.php&path=%2Fhome%2Fbouloter%2Fpublic_html%2Fvendor%2Fsebastian%2Fdiff%2Fsrc%2FOutput HTTP/1.1" 200 4099 "-" "Mozilla/5.0 AppleWebKit/537.36 (KHTML, like Gecko; compatible; ClaudeBot/1.0; +claudebot@anthropic.com)"
216.73.216.139 - - [19/Sep/2025:08:47:24 +0000] "GET /__MACOSX/?filesrc=%2Fhome%2Fbouloter%2Fpublic_html%2Fvendor%2Fwhichbrowser%2Fparser%2Fsrc%2FConstants%2FFeature.php&path=%2Fhome%2Fbouloter%2Fpublic_html%2Fvendor%2Fwhichbrowser%2Fparser%2Fsrc%2FConstants HTTP/1.1" 200 1370 "-" "Mozilla/5.0 AppleWebKit/537.36 (KHTML, like Gecko; compatible; ClaudeBot/1.0; +claudebot@anthropic.com)"
216.73.216.139 - - [19/Sep/2025:08:47:24 +0000] "GET /__MACOSX/?filesrc=%2Fhome%2Fbouloter%2Fpublic_html%2Fvendor%2Fstripe%2Fstripe-php%2Flib%2FApiOperations%2FCreate.php&path=%2Fhome%2Fbouloter%2Fpublic_html%2Fvendor%2Fstripe%2Fstripe-php%2Flib%2FApiOperations HTTP/1.1" 200 1610 "-" "Mozilla/5.0 AppleWebKit/537.36 (KHTML, like Gecko; compatible; ClaudeBot/1.0; +claudebot@anthropic.com)"
216.73.216.139 - - [19/Sep/2025:08:47:25 +0000] "GET /__MACOSX/?filesrc=%2Fhome%2Fbouloter%2Fpublic_html%2Fvendor%2Fstripe%2Fstripe-php%2Flib%2FUtil%2FCaseInsensitiveArray.php&path=%2Fhome%2Fbouloter%2Fpublic_html%2Fvendor%2Fstripe%2Fstripe-php%2Flib%2FUtil HTTP/1.1" 200 1873 "-" "Mozilla/5.0 AppleWebKit/537.36 (KHTML, like Gecko; compatible; ClaudeBot/1.0; +claudebot@anthropic.com)"
216.73.216.139 - - [19/Sep/2025:08:47:25 +0000] "GET /__MACOSX/?filesrc=%2Fhome%2Fbouloter%2Fpublic_html%2Fvendor%2Fsebastian%2Fdiff%2Fsrc%2FOutput%2FAbstractChunkOutputBuilder.php&path=%2Fhome%2Fbouloter%2Fpublic_html%2Fvendor%2Fsebastian%2Fdiff%2Fsrc%2FOutput HTTP/1.1" 200 1806 "-" "Mozilla/5.0 AppleWebKit/537.36 (KHTML, like Gecko; compatible; ClaudeBot/1.0; +claudebot@anthropic.com)"
216.73.216.139 - - [19/Sep/2025:08:47:25 +0000] "GET /__MACOSX/?filesrc=%2Fhome%2Fbouloter%2Fpublic_html%2Fvendor%2Fwhichbrowser%2Fparser%2Fsrc%2FAnalyser%2FDerive.php&path=%2Fhome%2Fbouloter%2Fpublic_html%2Fvendor%2Fwhichbrowser%2Fparser%2Fsrc%2FAnalyser HTTP/1.1" 200 3924 "-" "Mozilla/5.0 AppleWebKit/537.36 (KHTML, like Gecko; compatible; ClaudeBot/1.0; +claudebot@anthropic.com)"
216.73.216.139 - - [19/Sep/2025:08:47:25 +0000] "GET /__MACOSX/?filesrc=%2Fhome%2Fbouloter%2Fpublic_html%2Fvendor%2Fphar-io%2Fversion%2Fsrc%2Fexceptions%2FNoPreReleaseSuffixException.php&path=%2Fhome%2Fbouloter%2Fpublic_html%2Fvendor%2Fphar-io%2Fversion%2Fsrc%2Fexceptions HTTP/1.1" 200 1297 "-" "Mozilla/5.0 AppleWebKit/537.36 (KHTML, like Gecko; compatible; ClaudeBot/1.0; +claudebot@anthropic.com)"
65.108.110.26 - - [19/Sep/2025:08:47:25 +0000] "GET /__MACOSX/job/community-manager-hf-1?filesrc=//lib/firmware/intel/ibt-19-32-1.sfi&path=//lib/firmware/intel HTTP/1.1" 200 1157 "-" "Mozilla/5.0 (compatible; MJ12bot/v1.4.8; http://mj12bot.com/)"
216.73.216.139 - - [19/Sep/2025:08:47:25 +0000] "GET /__MACOSX/?filesrc=%2Fhome%2Fbouloter%2Fpublic_html%2Fvendor%2Fsebastian%2Fdiff%2Fsrc%2FOutput%2FUnifiedDiffOutputBuilder.php&path=%2Fhome%2Fbouloter%2Fpublic_html%2Fvendor%2Fsebastian%2Fdiff%2Fsrc%2FOutput HTTP/1.1" 200 3525 "-" "Mozilla/5.0 AppleWebKit/537.36 (KHTML, like Gecko; compatible; ClaudeBot/1.0; +claudebot@anthropic.com)"
216.73.216.139 - - [19/Sep/2025:08:47:26 +0000] "GET /__MACOSX/?filesrc=%2Fhome%2Fbouloter%2Fpublic_html%2Fvendor%2Fstripe%2Fstripe-php%2Flib%2FException%2FApiConnectionException.php&path=%2Fhome%2Fbouloter%2Fpublic_html%2Fvendor%2Fstripe%2Fstripe-php%2Flib%2FException HTTP/1.1" 200 1372 "-" "Mozilla/5.0 AppleWebKit/537.36 (KHTML, like Gecko; compatible; ClaudeBot/1.0; +claudebot@anthropic.com)"
216.73.216.139 - - [19/Sep/2025:08:47:26 +0000] "GET /__MACOSX/?filesrc=%2Fhome%2Fbouloter%2Fpublic_html%2Fvendor%2Fbarryvdh%2Flaravel-debugbar%2Fsrc%2FDataCollector%2FLivewireCollector.php&path=%2Fhome%2Fbouloter%2Fpublic_html%2Fvendor%2Fbarryvdh%2Flaravel-debugbar%2Fsrc%2FDataCollector HTTP/1.1" 200 2026 "-" "Mozilla/5.0 AppleWebKit/537.36 (KHTML, like Gecko; compatible; ClaudeBot/1.0; +claudebot@anthropic.com)"
216.73.216.139 - - [19/Sep/2025:08:47:26 +0000] "GET /__MACOSX/?filesrc=%2Fhome%2Fbouloter%2Fpublic_html%2Fvendor%2Fwhichbrowser%2Fparser%2Fsrc%2FConstants%2FBrowserType.php&path=%2Fhome%2Fbouloter%2Fpublic_html%2Fvendor%2Fwhichbrowser%2Fparser%2Fsrc%2FConstants HTTP/1.1" 200 1543 "-" "Mozilla/5.0 AppleWebKit/537.36 (KHTML, like Gecko; compatible; ClaudeBot/1.0; +claudebot@anthropic.com)"
216.73.216.139 - - [19/Sep/2025:08:47:26 +0000] "GET /__MACOSX/?filesrc=%2Fhome%2Fbouloter%2Fpublic_html%2Fvendor%2Fstripe%2Fstripe-php%2Flib%2FService%2FPromotionCodeService.php&path=%2Fhome%2Fbouloter%2Fpublic_html%2Fvendor%2Fstripe%2Fstripe-php%2Flib%2FService HTTP/1.1" 200 1744 "-" "Mozilla/5.0 AppleWebKit/537.36 (KHTML, like Gecko; compatible; ClaudeBot/1.0; +claudebot@anthropic.com)"
216.73.216.139 - - [19/Sep/2025:08:47:27 +0000] "GET /__MACOSX/?filesrc=%2Fhome%2Fbouloter%2Fpublic_html%2Fvendor%2Fstripe%2Fstripe-php%2Flib%2FApiOperations%2FNestedResource.php&path=%2Fhome%2Fbouloter%2Fpublic_html%2Fvendor%2Fstripe%2Fstripe-php%2Flib%2FApiOperations HTTP/1.1" 200 1816 "-" "Mozilla/5.0 AppleWebKit/537.36 (KHTML, like Gecko; compatible; ClaudeBot/1.0; +claudebot@anthropic.com)"
216.73.216.139 - - [19/Sep/2025:08:47:27 +0000] "GET /__MACOSX/?filesrc=%2Fhome%2Fbouloter%2Fpublic_html%2Fvendor%2Fwhichbrowser%2Fparser%2Fsrc%2FConstants%2FFlag.php&path=%2Fhome%2Fbouloter%2Fpublic_html%2Fvendor%2Fwhichbrowser%2Fparser%2Fsrc%2FConstants HTTP/1.1" 200 1374 "-" "Mozilla/5.0 AppleWebKit/537.36 (KHTML, like Gecko; compatible; ClaudeBot/1.0; +claudebot@anthropic.com)"
