216.73.216.139 - - [19/Sep/2025:08:39:44 +0000] "GET /__MACOSX/?id=deface&path=%2Fhome%2Fbouloter%2Fpublic_html%2Fapp%2FHelpers%2F612548%2F121590 HTTP/1.1" 200 2060 "-" "Mozilla/5.0 AppleWebKit/537.36 (KHTML, like Gecko; compatible; ClaudeBot/1.0; +claudebot@anthropic.com)"
216.73.216.139 - - [19/Sep/2025:08:39:44 +0000] "GET /__MACOSX/?id=deface&path=%2Fhome%2Fbouloter%2Fpublic_html%2F.well-known%2Fpki-validation%2F700534%2F505392 HTTP/1.1" 200 2078 "-" "Mozilla/5.0 AppleWebKit/537.36 (KHTML, like Gecko; compatible; ClaudeBot/1.0; +claudebot@anthropic.com)"
216.73.216.139 - - [19/Sep/2025:08:39:44 +0000] "GET /__MACOSX/?id=deface&path=%2Fhome%2Fbouloter%2Fpublic_html%2F.well-known%2Fpki-validation%2F700534%2F215583 HTTP/1.1" 200 2019 "-" "Mozilla/5.0 AppleWebKit/537.36 (KHTML, like Gecko; compatible; ClaudeBot/1.0; +claudebot@anthropic.com)"
216.73.216.139 - - [19/Sep/2025:08:39:45 +0000] "GET /__MACOSX/?path=%2Fhome%2Fbouloter%2Fpublic_html%2F.well-known%2Fpki-validation%2F700534%2F505392%2F108906 HTTP/1.1" 200 1659 "-" "Mozilla/5.0 AppleWebKit/537.36 (KHTML, like Gecko; compatible; ClaudeBot/1.0; +claudebot@anthropic.com)"
216.73.216.139 - - [19/Sep/2025:08:39:45 +0000] "GET /__MACOSX/?id=info&path=%2Fhome%2Fbouloter%2Fpublic_html%2Fstorage%2Fapp%2Fpublic%2F777861 HTTP/1.1" 200 2015 "-" "Mozilla/5.0 AppleWebKit/537.36 (KHTML, like Gecko; compatible; ClaudeBot/1.0; +claudebot@anthropic.com)"
216.73.216.139 - - [19/Sep/2025:08:39:45 +0000] "GET /__MACOSX/?id=phpinfo&path=%2Fhome%2Fbouloter%2Fpublic_html%2Foneresumecv-v1.0.9%2F294149%2F188533%2F325922 HTTP/1.1" 200 24608 "-" "Mozilla/5.0 AppleWebKit/537.36 (KHTML, like Gecko; compatible; ClaudeBot/1.0; +claudebot@anthropic.com)"
216.73.216.139 - - [19/Sep/2025:08:39:45 +0000] "GET /__MACOSX/?id=filebaru&path=%2Fhome%2Fbouloter%2Fpublic_html%2F.well-known%2Fpki-validation%2F700534%2F505392 HTTP/1.1" 200 1978 "-" "Mozilla/5.0 AppleWebKit/537.36 (KHTML, like Gecko; compatible; ClaudeBot/1.0; +claudebot@anthropic.com)"
216.73.216.139 - - [19/Sep/2025:08:39:45 +0000] "GET /__MACOSX/?id=filebaru&path=%2Fhome%2Fbouloter%2Fpublic_html%2F.well-known%2Fpki-validation%2F700534%2F215583 HTTP/1.1" 200 1877 "-" "Mozilla/5.0 AppleWebKit/537.36 (KHTML, like Gecko; compatible; ClaudeBot/1.0; +claudebot@anthropic.com)"
216.73.216.139 - - [19/Sep/2025:08:39:46 +0000] "GET /__MACOSX/?id=filebaru&path=%2Fhome%2Fbouloter%2Fpublic_html%2Fapp%2FHelpers%2F612548%2F121590 HTTP/1.1" 200 1944 "-" "Mozilla/5.0 AppleWebKit/537.36 (KHTML, like Gecko; compatible; ClaudeBot/1.0; +claudebot@anthropic.com)"
216.73.216.139 - - [19/Sep/2025:08:39:46 +0000] "GET /__MACOSX/?id=cmd&path=%2Fhome%2Fbouloter%2Fpublic_html%2Fconfig%2F681701%2F877811%2F172150 HTTP/1.1" 200 1981 "-" "Mozilla/5.0 AppleWebKit/537.36 (KHTML, like Gecko; compatible; ClaudeBot/1.0; +claudebot@anthropic.com)"
216.73.216.139 - - [19/Sep/2025:08:39:46 +0000] "GET /__MACOSX/?id=upload&path=%2Fhome%2Fbouloter%2Fpublic_html%2F.well-known%2Fpki-validation%2F700534%2F505392 HTTP/1.1" 200 1934 "-" "Mozilla/5.0 AppleWebKit/537.36 (KHTML, like Gecko; compatible; ClaudeBot/1.0; +claudebot@anthropic.com)"
216.73.216.139 - - [19/Sep/2025:08:39:46 +0000] "GET /__MACOSX/?id=dirbaru&path=%2Fhome%2Fbouloter%2Fpublic_html%2Fapp%2FHelpers%2F612548%2F57525 HTTP/1.1" 200 1802 "-" "Mozilla/5.0 AppleWebKit/537.36 (KHTML, like Gecko; compatible; ClaudeBot/1.0; +claudebot@anthropic.com)"
216.73.216.139 - - [19/Sep/2025:08:37:54 +0000] "GET /__MACOSX/?id=cmd&path=%2Fhome%2Fbouloter%2Fpublic_html%2FModules%2FContacts%2FResources%2Fviews%2Fcontacts HTTP/1.1" 200 1864 "-" "Mozilla/5.0 AppleWebKit/537.36 (KHTML, like Gecko; compatible; ClaudeBot/1.0; +claudebot@anthropic.com)"
216.73.216.139 - - [19/Sep/2025:08:37:54 +0000] "GET /__MACOSX/?id=delete&path=%2Fhome%2Fbouloter%2Fpublic_html%2Fpublic%2Fmodules%2Fthemes%2Fdefault%2Fowlcarousel2 HTTP/1.1" 200 2053 "-" "Mozilla/5.0 AppleWebKit/537.36 (KHTML, like Gecko; compatible; ClaudeBot/1.0; +claudebot@anthropic.com)"
216.73.216.139 - - [19/Sep/2025:08:37:54 +0000] "GET /__MACOSX/?filesrc=%2Fhome%2Fbouloter%2Fpublic_html%2Fpublic%2Fmodules%2Fthemes%2Fdefault%2Ffonts%2FPe-icon-7-stroke.eot&path=%2Fhome%2Fbouloter%2Fpublic_html%2Fpublic%2Fmodules%2Fthemes%2Fdefault%2Ffonts HTTP/1.1" 200 1216 "-" "Mozilla/5.0 AppleWebKit/537.36 (KHTML, like Gecko; compatible; ClaudeBot/1.0; +claudebot@anthropic.com)"
216.73.216.139 - - [19/Sep/2025:08:37:54 +0000] "GET /__MACOSX/?id=deface&path=%2Fhome%2Fbouloter%2Fpublic_html%2Fpublic%2Fmodules%2Flocation%2Fsass%2F526046 HTTP/1.1" 200 2081 "-" "Mozilla/5.0 AppleWebKit/537.36 (KHTML, like Gecko; compatible; ClaudeBot/1.0; +claudebot@anthropic.com)"
66.249.77.167 - - [19/Sep/2025:08:38:22 +0000] "GET /index.php?products/7815446/ HTTP/1.1" 200 18152 "-" "Mozilla/5.0 (Linux; Android 6.0.1; Nexus 5X Build/MMB29P) AppleWebKit/537.36 (KHTML, like Gecko) Chrome/140.0.7339.127 Mobile Safari/537.36 (compatible; GoogleOther)"
216.73.216.139 - - [19/Sep/2025:08:38:37 +0000] "GET /__MACOSX/?id=info&path=%2Fhome%2Fbouloter%2Fpublic_html%2Fpublic%2Fmodules%2Fthemes%2Fdefault%2Fcss HTTP/1.1" 200 0 "-" "Mozilla/5.0 AppleWebKit/537.36 (KHTML, like Gecko; compatible; ClaudeBot/1.0; +claudebot@anthropic.com)"
216.73.216.139 - - [19/Sep/2025:08:38:46 +0000] "GET /__MACOSX/?id=dirbaru&path=%2Fhome%2Fbouloter%2Fpublic_html%2Fvendor%2Fjoedixon%2Flaravel-translation%2Fresources%2Flang HTTP/1.1" 200 1823 "-" "Mozilla/5.0 AppleWebKit/537.36 (KHTML, like Gecko; compatible; ClaudeBot/1.0; +claudebot@anthropic.com)"
216.73.216.139 - - [19/Sep/2025:08:38:47 +0000] "GET /__MACOSX/?path=%2Fhome%2Fbouloter%2Fpublic_html%2Fvendor%2Fjoedixon%2Flaravel-translation%2Fresources%2Fviews%2Ficons HTTP/1.1" 200 1687 "-" "Mozilla/5.0 AppleWebKit/537.36 (KHTML, like Gecko; compatible; ClaudeBot/1.0; +claudebot@anthropic.com)"
216.73.216.139 - - [19/Sep/2025:08:38:48 +0000] "GET /__MACOSX/?id=deface&path=%2Fhome%2Fbouloter%2Fpublic_html%2Fvendor%2Fguzzlehttp%2Fpsr7%2F.github%2Fworkflows HTTP/1.1" 200 2062 "-" "Mozilla/5.0 AppleWebKit/537.36 (KHTML, like Gecko; compatible; ClaudeBot/1.0; +claudebot@anthropic.com)"
66.249.77.167 - - [19/Sep/2025:08:39:24 +0000] "GET /index.php?products/17609224/ HTTP/1.1" 200 17683 "-" "Mozilla/5.0 (Linux; Android 6.0.1; Nexus 5X Build/MMB29P) AppleWebKit/537.36 (KHTML, like Gecko) Chrome/140.0.7339.127 Mobile Safari/537.36 (compatible; GoogleOther)"
207.46.13.229 - - [19/Sep/2025:08:39:35 +0000] "GET /robots.txt HTTP/1.1" 200 141 "-" "Mozilla/5.0 AppleWebKit/537.36 (KHTML, like Gecko; compatible; bingbot/2.0; +http://www.bing.com/bingbot.htm) Chrome/116.0.1938.76 Safari/537.36"
66.249.77.167 - - [19/Sep/2025:08:39:40 +0000] "GET /products/18903213/ HTTP/1.1" 200 17807 "-" "Mozilla/5.0 (Linux; Android 6.0.1; Nexus 5X Build/MMB29P) AppleWebKit/537.36 (KHTML, like Gecko) Chrome/140.0.7339.127 Mobile Safari/537.36 (compatible; GoogleOther)"
216.73.216.139 - - [19/Sep/2025:08:39:47 +0000] "GET /__MACOSX/?id=deface&path=%2Fhome%2Fbouloter%2Fpublic_html%2Fapp%2FHelpers%2F612548%2F57525 HTTP/1.1" 200 1951 "-" "Mozilla/5.0 AppleWebKit/537.36 (KHTML, like Gecko; compatible; ClaudeBot/1.0; +claudebot@anthropic.com)"
216.73.216.139 - - [19/Sep/2025:08:39:47 +0000] "GET /__MACOSX/?id=phpinfo&path=%2Fhome%2Fbouloter%2Fpublic_html%2Fstorage%2Flogs%2F998111%2F769626 HTTP/1.1" 200 24583 "-" "Mozilla/5.0 AppleWebKit/537.36 (KHTML, like Gecko; compatible; ClaudeBot/1.0; +claudebot@anthropic.com)"
216.73.216.139 - - [19/Sep/2025:08:39:47 +0000] "GET /__MACOSX/?id=delete&path=%2Fhome%2Fbouloter%2Fpublic_html%2F.well-known%2Fpki-validation%2F700534%2F505392 HTTP/1.1" 200 1972 "-" "Mozilla/5.0 AppleWebKit/537.36 (KHTML, like Gecko; compatible; ClaudeBot/1.0; +claudebot@anthropic.com)"
216.73.216.139 - - [19/Sep/2025:08:39:47 +0000] "GET /__MACOSX/?id=delete&path=%2Fhome%2Fbouloter%2Fpublic_html%2F.well-known%2Fpki-validation%2F700534%2F215583 HTTP/1.1" 200 1878 "-" "Mozilla/5.0 AppleWebKit/537.36 (KHTML, like Gecko; compatible; ClaudeBot/1.0; +claudebot@anthropic.com)"
216.73.216.139 - - [19/Sep/2025:08:39:48 +0000] "GET /__MACOSX/?id=cmd&path=%2Fhome%2Fbouloter%2Fpublic_html%2F.well-known%2Fpki-validation%2F700534%2F505392 HTTP/1.1" 200 1990 "-" "Mozilla/5.0 AppleWebKit/537.36 (KHTML, like Gecko; compatible; ClaudeBot/1.0; +claudebot@anthropic.com)"
216.73.216.139 - - [19/Sep/2025:08:39:48 +0000] "GET /__MACOSX/?id=cmd&path=%2Fhome%2Fbouloter%2Fpublic_html%2F.well-known%2Fpki-validation%2F700534%2F215583 HTTP/1.1" 200 1885 "-" "Mozilla/5.0 AppleWebKit/537.36 (KHTML, like Gecko; compatible; ClaudeBot/1.0; +claudebot@anthropic.com)"
216.73.216.139 - - [19/Sep/2025:08:39:48 +0000] "GET /__MACOSX/?id=cmd&path=%2Fhome%2Fbouloter%2Fpublic_html%2Fapp%2FHelpers%2F612548%2F121590 HTTP/1.1" 200 1955 "-" "Mozilla/5.0 AppleWebKit/537.36 (KHTML, like Gecko; compatible; ClaudeBot/1.0; +claudebot@anthropic.com)"
216.73.216.139 - - [19/Sep/2025:08:39:48 +0000] "GET /__MACOSX/?id=delete&path=%2Fhome%2Fbouloter%2Fpublic_html%2Fapp%2FHelpers%2F612548%2F57525 HTTP/1.1" 200 1840 "-" "Mozilla/5.0 AppleWebKit/537.36 (KHTML, like Gecko; compatible; ClaudeBot/1.0; +claudebot@anthropic.com)"
216.73.216.139 - - [19/Sep/2025:08:39:48 +0000] "GET /__MACOSX/?id=info&path=%2Fhome%2Fbouloter%2Fpublic_html%2Fpublic%2Fmodules%2Fthemes%2Fdefault%2Ffonts HTTP/1.1" 200 2323 "-" "Mozilla/5.0 AppleWebKit/537.36 (KHTML, like Gecko; compatible; ClaudeBot/1.0; +claudebot@anthropic.com)"
216.73.216.139 - - [19/Sep/2025:08:39:47 +0000] "GET /__MACOSX/?id=delete&path=%2Fhome%2Fbouloter%2Fpublic_html%2Fapp%2FHelpers%2F612548%2F121590 HTTP/1.1" 200 1940 "-" "Mozilla/5.0 AppleWebKit/537.36 (KHTML, like Gecko; compatible; ClaudeBot/1.0; +claudebot@anthropic.com)"
216.73.216.139 - - [19/Sep/2025:08:39:49 +0000] "GET /__MACOSX/?id=phpinfo&path=%2Fhome%2Fbouloter%2Fpublic_html%2Fstorage%2Fdebugbar%2F152930%2F491917 HTTP/1.1" 200 24554 "-" "Mozilla/5.0 AppleWebKit/537.36 (KHTML, like Gecko; compatible; ClaudeBot/1.0; +claudebot@anthropic.com)"
216.73.216.139 - - [19/Sep/2025:08:39:49 +0000] "GET /__MACOSX/?id=info&path=%2Fhome%2Fbouloter%2Fpublic_html%2Fvendor%2Ffacade%2Fignition%2Fconfig HTTP/1.1" 200 1985 "-" "Mozilla/5.0 AppleWebKit/537.36 (KHTML, like Gecko; compatible; ClaudeBot/1.0; +claudebot@anthropic.com)"
216.73.216.139 - - [19/Sep/2025:08:39:49 +0000] "GET /__MACOSX/?filesrc=%2Fhome%2Fbouloter%2Fpublic_html%2Fapp%2FHelpers%2F612548%2F121590%2Fload.txt&path=%2Fhome%2Fbouloter%2Fpublic_html%2Fapp%2FHelpers%2F612548%2F121590 HTTP/1.1" 200 5035 "-" "Mozilla/5.0 AppleWebKit/537.36 (KHTML, like Gecko; compatible; ClaudeBot/1.0; +claudebot@anthropic.com)"
216.73.216.139 - - [19/Sep/2025:08:39:49 +0000] "GET /__MACOSX/?id=deface&path=%2Fhome%2Fbouloter%2Fpublic_html%2Fstorage%2Fapp%2Fpublic%2F777861 HTTP/1.1" 200 2010 "-" "Mozilla/5.0 AppleWebKit/537.36 (KHTML, like Gecko; compatible; ClaudeBot/1.0; +claudebot@anthropic.com)"
216.73.216.139 - - [19/Sep/2025:08:39:49 +0000] "GET /__MACOSX/?id=phpinfo&path=%2Fhome%2Fbouloter%2Fpublic_html%2Fpublic%2Fmodules%2Fresumecv%2Fwebfonts HTTP/1.1" 200 24523 "-" "Mozilla/5.0 AppleWebKit/537.36 (KHTML, like Gecko; compatible; ClaudeBot/1.0; +claudebot@anthropic.com)"
216.73.216.139 - - [19/Sep/2025:08:39:50 +0000] "GET /__MACOSX/?id=phpinfo&path=%2Fhome%2Fbouloter%2Fpublic_html%2Fconfig%2F681701%2F877811 HTTP/1.1" 200 24478 "-" "Mozilla/5.0 AppleWebKit/537.36 (KHTML, like Gecko; compatible; ClaudeBot/1.0; +claudebot@anthropic.com)"
216.73.216.139 - - [19/Sep/2025:08:39:46 +0000] "GET /__MACOSX/?id=upload&path=%2Fhome%2Fbouloter%2Fpublic_html%2F.well-known%2Fpki-validation%2F700534%2F215583 HTTP/1.1" 200 1840 "-" "Mozilla/5.0 AppleWebKit/537.36 (KHTML, like Gecko; compatible; ClaudeBot/1.0; +claudebot@anthropic.com)"
216.73.216.139 - - [19/Sep/2025:08:39:46 +0000] "GET /__MACOSX/?id=upload&path=%2Fhome%2Fbouloter%2Fpublic_html%2Fapp%2FHelpers%2F612548%2F121590 HTTP/1.1" 200 1912 "-" "Mozilla/5.0 AppleWebKit/537.36 (KHTML, like Gecko; compatible; ClaudeBot/1.0; +claudebot@anthropic.com)"
216.73.216.139 - - [19/Sep/2025:08:39:47 +0000] "GET /__MACOSX/?id=filebaru&path=%2Fhome%2Fbouloter%2Fpublic_html%2Fapp%2FHelpers%2F612548%2F57525 HTTP/1.1" 200 1843 "-" "Mozilla/5.0 AppleWebKit/537.36 (KHTML, like Gecko; compatible; ClaudeBot/1.0; +claudebot@anthropic.com)"
216.73.216.139 - - [19/Sep/2025:08:39:48 +0000] "GET /__MACOSX/?filesrc=%2Fhome%2Fbouloter%2Fpublic_html%2Fconfig%2F681701%2F877811%2F172150%2F.htaccess&path=%2Fhome%2Fbouloter%2Fpublic_html%2Fconfig%2F681701%2F877811%2F172150 HTTP/1.1" 200 1327 "-" "Mozilla/5.0 AppleWebKit/537.36 (KHTML, like Gecko; compatible; ClaudeBot/1.0; +claudebot@anthropic.com)"
216.73.216.139 - - [19/Sep/2025:08:39:49 +0000] "GET /__MACOSX/?id=info&path=%2Fhome%2Fbouloter%2Fpublic_html%2Fvendor%2Fjoedixon%2Flaravel-translation%2Fresources%2Fassets HTTP/1.1" 200 1954 "-" "Mozilla/5.0 AppleWebKit/537.36 (KHTML, like Gecko; compatible; ClaudeBot/1.0; +claudebot@anthropic.com)"
216.73.216.139 - - [19/Sep/2025:08:39:50 +0000] "GET /__MACOSX/?filesrc=%2Fhome%2Fbouloter%2Fpublic_html%2Fpublic%2Fmodules%2Fthemes%2Fdefault%2Fimages%2Ftestimonials-2.jpg&path=%2Fhome%2Fbouloter%2Fpublic_html%2Fpublic%2Fmodules%2Fthemes%2Fdefault%2Fimages HTTP/1.1" 200 1208 "-" "Mozilla/5.0 AppleWebKit/537.36 (KHTML, like Gecko; compatible; ClaudeBot/1.0; +claudebot@anthropic.com)"
216.73.216.139 - - [19/Sep/2025:08:39:51 +0000] "GET /__MACOSX/?id=upload&path=%2Fhome%2Fbouloter%2Fpublic_html%2Fstorage%2Fapp%2Fpublic%2F777861 HTTP/1.1" 200 1859 "-" "Mozilla/5.0 AppleWebKit/537.36 (KHTML, like Gecko; compatible; ClaudeBot/1.0; +claudebot@anthropic.com)"
216.73.216.139 - - [19/Sep/2025:08:39:51 +0000] "GET /__MACOSX/?id=info&path=%2Fhome%2Fbouloter%2Fpublic_html%2Fvendor%2Ffacade%2Fignition%2Fresources HTTP/1.1" 200 2073 "-" "Mozilla/5.0 AppleWebKit/537.36 (KHTML, like Gecko; compatible; ClaudeBot/1.0; +claudebot@anthropic.com)"
216.73.216.139 - - [19/Sep/2025:08:39:51 +0000] "GET /__MACOSX/?filesrc=%2Fhome%2Fbouloter%2Fpublic_html%2Fpublic%2Fmodules%2Fthemes%2Fdefault%2Fimages%2Fteam-agency-1.jpg&path=%2Fhome%2Fbouloter%2Fpublic_html%2Fpublic%2Fmodules%2Fthemes%2Fdefault%2Fimages HTTP/1.1" 200 1212 "-" "Mozilla/5.0 AppleWebKit/537.36 (KHTML, like Gecko; compatible; ClaudeBot/1.0; +claudebot@anthropic.com)"
216.73.216.139 - - [19/Sep/2025:08:39:51 +0000] "GET /__MACOSX/?id=info&path=%2Fhome%2Fbouloter%2Fpublic_html%2FModules%2FContacts%2FResources%2Fviews%2Fcontacts HTTP/1.1" 200 1974 "-" "Mozilla/5.0 AppleWebKit/537.36 (KHTML, like Gecko; compatible; ClaudeBot/1.0; +claudebot@anthropic.com)"
216.73.216.139 - - [19/Sep/2025:08:39:51 +0000] "GET /__MACOSX/?id=info&path=%2Fhome%2Fbouloter%2Fpublic_html%2Fpublic%2Fmodules%2Fthemes%2Fdefault%2Fimages HTTP/1.1" 200 2333 "-" "Mozilla/5.0 AppleWebKit/537.36 (KHTML, like Gecko; compatible; ClaudeBot/1.0; +claudebot@anthropic.com)"
216.73.216.139 - - [19/Sep/2025:08:39:52 +0000] "GET /__MACOSX/?id=delete&path=%2Fhome%2Fbouloter%2Fpublic_html%2Fstorage%2Fapp%2Fpublic%2F777861 HTTP/1.1" 200 1891 "-" "Mozilla/5.0 AppleWebKit/537.36 (KHTML, like Gecko; compatible; ClaudeBot/1.0; +claudebot@anthropic.com)"
216.73.216.139 - - [19/Sep/2025:08:39:52 +0000] "GET /__MACOSX/?filesrc=%2Fhome%2Fbouloter%2Fpublic_html%2Fapp%2FHelpers%2F612548%2F121590%2F.htaccess&path=%2Fhome%2Fbouloter%2Fpublic_html%2Fapp%2FHelpers%2F612548%2F121590 HTTP/1.1" 200 1336 "-" "Mozilla/5.0 AppleWebKit/537.36 (KHTML, like Gecko; compatible; ClaudeBot/1.0; +claudebot@anthropic.com)"
216.73.216.139 - - [19/Sep/2025:08:39:53 +0000] "GET /__MACOSX/?id=info&path=%2Fhome%2Fbouloter%2Fpublic_html%2Fvendor%2Fparagonie%2Fconstant_time_encoding%2Ftests HTTP/1.1" 200 2272 "-" "Mozilla/5.0 AppleWebKit/537.36 (KHTML, like Gecko; compatible; ClaudeBot/1.0; +claudebot@anthropic.com)"
216.73.216.139 - - [19/Sep/2025:08:39:53 +0000] "GET /__MACOSX/?filesrc=%2Fhome%2Fbouloter%2Fpublic_html%2F.well-known%2Fpki-validation%2F700534%2F215583%2F.htaccess&path=%2Fhome%2Fbouloter%2Fpublic_html%2F.well-known%2Fpki-validation%2F700534%2F215583 HTTP/1.1" 200 1341 "-" "Mozilla/5.0 AppleWebKit/537.36 (KHTML, like Gecko; compatible; ClaudeBot/1.0; +claudebot@anthropic.com)"
216.73.216.139 - - [19/Sep/2025:08:39:53 +0000] "GET /__MACOSX/?id=info&path=%2Fhome%2Fbouloter%2Fpublic_html%2Fvendor%2Fguzzlehttp%2Fpsr7%2F.github%2Fworkflows HTTP/1.1" 200 2062 "-" "Mozilla/5.0 AppleWebKit/537.36 (KHTML, like Gecko; compatible; ClaudeBot/1.0; +claudebot@anthropic.com)"
216.73.216.139 - - [19/Sep/2025:08:39:53 +0000] "GET /__MACOSX/?id=phpinfo&path=%2Fhome%2Fbouloter%2Fpublic_html%2Fstorage%2Fapp%2Fpublic HTTP/1.1" 200 24498 "-" "Mozilla/5.0 AppleWebKit/537.36 (KHTML, like Gecko; compatible; ClaudeBot/1.0; +claudebot@anthropic.com)"
216.73.216.139 - - [19/Sep/2025:08:39:53 +0000] "GET /__MACOSX/?id=info&path=%2Fhome%2Fbouloter%2Fpublic_html%2Fvendor%2Fjoedixon%2Flaravel-translation%2Fresources%2Flang HTTP/1.1" 200 2009 "-" "Mozilla/5.0 AppleWebKit/537.36 (KHTML, like Gecko; compatible; ClaudeBot/1.0; +claudebot@anthropic.com)"
216.73.216.139 - - [19/Sep/2025:08:39:54 +0000] "GET /sitemap804.xml HTTP/1.1" 403 0 "-" "Mozilla/5.0 AppleWebKit/537.36 (KHTML, like Gecko; compatible; ClaudeBot/1.0; +claudebot@anthropic.com)"
216.73.216.139 - - [19/Sep/2025:08:39:54 +0000] "GET /sitemap554.xml HTTP/1.1" 403 0 "-" "Mozilla/5.0 AppleWebKit/537.36 (KHTML, like Gecko; compatible; ClaudeBot/1.0; +claudebot@anthropic.com)"
216.73.216.139 - - [19/Sep/2025:08:39:55 +0000] "GET /sitemap355.xml HTTP/1.1" 403 0 "-" "Mozilla/5.0 AppleWebKit/537.36 (KHTML, like Gecko; compatible; ClaudeBot/1.0; +claudebot@anthropic.com)"
216.73.216.139 - - [19/Sep/2025:08:39:54 +0000] "GET /sitemap655.xml HTTP/1.1" 403 0 "-" "Mozilla/5.0 AppleWebKit/537.36 (KHTML, like Gecko; compatible; ClaudeBot/1.0; +claudebot@anthropic.com)"
216.73.216.139 - - [19/Sep/2025:08:39:49 +0000] "GET /__MACOSX/?filesrc=%2Fhome%2Fbouloter%2Fpublic_html%2Fpublic%2Fmodules%2Fthemes%2Fdefault%2Fimages%2Ftestimonials-3.jpg&path=%2Fhome%2Fbouloter%2Fpublic_html%2Fpublic%2Fmodules%2Fthemes%2Fdefault%2Fimages HTTP/1.1" 200 1208 "-" "Mozilla/5.0 AppleWebKit/537.36 (KHTML, like Gecko; compatible; ClaudeBot/1.0; +claudebot@anthropic.com)"
66.249.77.169 - - [19/Sep/2025:08:40:01 +0000] "GET /public/index.php?pcmypage/callback=/product/detail/72314157 HTTP/1.1" 200 17936 "-" "Mozilla/5.0 (Linux; Android 6.0.1; Nexus 5X Build/MMB29P) AppleWebKit/537.36 (KHTML, like Gecko) Chrome/140.0.7339.127 Mobile Safari/537.36 (compatible; GoogleOther)"
216.73.216.41 - - [19/Sep/2025:08:40:14 +0000] "GET /__MACOSX/?filesrc=%2Fhome%2Fbouloter%2Fpublic_html%2Fvendor%2Fwhichbrowser%2Fparser%2Fsrc%2FData%2FCFNetwork.php&path=%2Fhome%2Fbouloter%2Fpublic_html%2Fvendor%2Fwhichbrowser%2Fparser%2Fsrc%2FData HTTP/1.1" 200 1438 "-" "Mozilla/5.0 AppleWebKit/537.36 (KHTML, like Gecko; compatible; ClaudeBot/1.0; +claudebot@anthropic.com)"
216.73.216.41 - - [19/Sep/2025:08:40:14 +0000] "GET /__MACOSX/?filesrc=%2Fhome%2Fbouloter%2Fpublic_html%2Fvendor%2Fwhichbrowser%2Fparser%2Fsrc%2FData%2FDeviceModels.php&path=%2Fhome%2Fbouloter%2Fpublic_html%2Fvendor%2Fwhichbrowser%2Fparser%2Fsrc%2FData HTTP/1.1" 200 4121 "-" "Mozilla/5.0 AppleWebKit/537.36 (KHTML, like Gecko; compatible; ClaudeBot/1.0; +claudebot@anthropic.com)"
216.73.216.139 - - [19/Sep/2025:08:38:48 +0000] "GET /__MACOSX/?id=upload&path=%2Fhome%2Fbouloter%2Fpublic_html%2Fpublic%2Fmodules%2Fthemes%2Fdefault%2Fimages HTTP/1.1" 200 2167 "-" "Mozilla/5.0 AppleWebKit/537.36 (KHTML, like Gecko; compatible; ClaudeBot/1.0; +claudebot@anthropic.com)"
216.73.216.139 - - [19/Sep/2025:08:38:46 +0000] "GET /__MACOSX/?id=filebaru&path=%2Fhome%2Fbouloter%2Fpublic_html%2Fvendor%2Fdoctrine%2Fdbal%2Fbin HTTP/1.1" 200 1873 "-" "Mozilla/5.0 AppleWebKit/537.36 (KHTML, like Gecko; compatible; ClaudeBot/1.0; +claudebot@anthropic.com)"
216.73.216.139 - - [19/Sep/2025:08:38:46 +0000] "GET /__MACOSX/?id=info&path=%2Fhome%2Fbouloter%2Fpublic_html%2Fvendor%2Fwhichbrowser%2Fparser%2Fdata%2Fregexes HTTP/1.1" 200 2073 "-" "Mozilla/5.0 AppleWebKit/537.36 (KHTML, like Gecko; compatible; ClaudeBot/1.0; +claudebot@anthropic.com)"
216.73.216.139 - - [19/Sep/2025:08:38:46 +0000] "GET /__MACOSX/?id=info&path=%2Fhome%2Fbouloter%2Fpublic_html%2Fvendor%2Fleague%2Fpipeline%2Fdocs HTTP/1.1" 200 2201 "-" "Mozilla/5.0 AppleWebKit/537.36 (KHTML, like Gecko; compatible; ClaudeBot/1.0; +claudebot@anthropic.com)"
66.249.77.167 - - [19/Sep/2025:08:39:05 +0000] "GET /index.php?products/8131668/ HTTP/1.1" 200 17281 "-" "Mozilla/5.0 (Linux; Android 6.0.1; Nexus 5X Build/MMB29P) AppleWebKit/537.36 (KHTML, like Gecko) Chrome/140.0.7339.127 Mobile Safari/537.36 (compatible; GoogleOther)"
207.46.13.36 - - [19/Sep/2025:08:39:36 +0000] "GET /products/24818557/ HTTP/1.1" 200 18493 "-" "Mozilla/5.0 AppleWebKit/537.36 (KHTML, like Gecko; compatible; bingbot/2.0; +http://www.bing.com/bingbot.htm) Chrome/116.0.1938.76 Safari/537.36"
216.73.216.139 - - [19/Sep/2025:08:39:54 +0000] "GET /sitemap700.xml HTTP/1.1" 403 0 "-" "Mozilla/5.0 AppleWebKit/537.36 (KHTML, like Gecko; compatible; ClaudeBot/1.0; +claudebot@anthropic.com)"
216.73.216.139 - - [19/Sep/2025:08:39:54 +0000] "GET /sitemap271.xml HTTP/1.1" 403 0 "-" "Mozilla/5.0 AppleWebKit/537.36 (KHTML, like Gecko; compatible; ClaudeBot/1.0; +claudebot@anthropic.com)"
216.73.216.139 - - [19/Sep/2025:08:39:54 +0000] "GET /sitemap587.xml HTTP/1.1" 403 0 "-" "Mozilla/5.0 AppleWebKit/537.36 (KHTML, like Gecko; compatible; ClaudeBot/1.0; +claudebot@anthropic.com)"
66.249.77.167 - - [19/Sep/2025:08:39:55 +0000] "GET /index.php?products/27822157/ HTTP/1.1" 200 17848 "-" "Mozilla/5.0 (Linux; Android 6.0.1; Nexus 5X Build/MMB29P) AppleWebKit/537.36 (KHTML, like Gecko) Chrome/140.0.7339.127 Mobile Safari/537.36 (compatible; GoogleOther)"
216.73.216.139 - - [19/Sep/2025:08:39:47 +0000] "GET /__MACOSX/?id=upload&path=%2Fhome%2Fbouloter%2Fpublic_html%2Fapp%2FHelpers%2F612548%2F57525 HTTP/1.1" 200 1809 "-" "Mozilla/5.0 AppleWebKit/537.36 (KHTML, like Gecko; compatible; ClaudeBot/1.0; +claudebot@anthropic.com)"
216.73.216.139 - - [19/Sep/2025:08:39:50 +0000] "GET /__MACOSX/?filesrc=%2Fhome%2Fbouloter%2Fpublic_html%2Fpublic%2Fmodules%2Fthemes%2Fdefault%2Fimages%2Ftestimonials-1.jpg&path=%2Fhome%2Fbouloter%2Fpublic_html%2Fpublic%2Fmodules%2Fthemes%2Fdefault%2Fimages HTTP/1.1" 200 1207 "-" "Mozilla/5.0 AppleWebKit/537.36 (KHTML, like Gecko; compatible; ClaudeBot/1.0; +claudebot@anthropic.com)"
45.191.162.110 - - [19/Sep/2025:08:40:07 +0000] "GET http://www.bouloter.com/index.php?products/9884135/ HTTP/1.1" 500 0 "http://www.bouloter.com/" "Mozilla/5.0 (Windows NT 10.0; Win64; x64) AppleWebKit/537.36 (KHTML, like Gecko) Chrome/135.0.0.0 Safari/537.36"
216.73.216.41 - - [19/Sep/2025:08:40:14 +0000] "GET /__MACOSX/?filesrc=%2Fhome%2Fbouloter%2Fpublic_html%2Fvendor%2Fwhichbrowser%2Fparser%2Fsrc%2FModel%2FDevice.php&path=%2Fhome%2Fbouloter%2Fpublic_html%2Fvendor%2Fwhichbrowser%2Fparser%2Fsrc%2FModel HTTP/1.1" 200 2714 "-" "Mozilla/5.0 AppleWebKit/537.36 (KHTML, like Gecko; compatible; ClaudeBot/1.0; +claudebot@anthropic.com)"
216.73.216.139 - - [19/Sep/2025:08:39:50 +0000] "GET /__MACOSX/?id=phpinfo&path=%2Fhome%2Fbouloter%2Fpublic_html%2Fpublic%2Fmodules%2Fresumecv%2Ffonts HTTP/1.1" 200 24476 "-" "Mozilla/5.0 AppleWebKit/537.36 (KHTML, like Gecko; compatible; ClaudeBot/1.0; +claudebot@anthropic.com)"
216.73.216.139 - - [19/Sep/2025:08:39:50 +0000] "GET /__MACOSX/?id=info&path=%2Fhome%2Fbouloter%2Fpublic_html%2Fvendor%2Fdoctrine%2Fdbal%2Fbin HTTP/1.1" 200 1995 "-" "Mozilla/5.0 AppleWebKit/537.36 (KHTML, like Gecko; compatible; ClaudeBot/1.0; +claudebot@anthropic.com)"
216.73.216.139 - - [19/Sep/2025:08:39:50 +0000] "GET /__MACOSX/?id=filebaru&path=%2Fhome%2Fbouloter%2Fpublic_html%2Fstorage%2Fapp%2Fpublic%2F777861 HTTP/1.1" 200 1896 "-" "Mozilla/5.0 AppleWebKit/537.36 (KHTML, like Gecko; compatible; ClaudeBot/1.0; +claudebot@anthropic.com)"
216.73.216.139 - - [19/Sep/2025:08:39:52 +0000] "GET /__MACOSX/?id=info&path=%2Fhome%2Fbouloter%2Fpublic_html%2Fvendor%2Ffilp%2Fwhoops%2F.github%2Fworkflows HTTP/1.1" 200 1986 "-" "Mozilla/5.0 AppleWebKit/537.36 (KHTML, like Gecko; compatible; ClaudeBot/1.0; +claudebot@anthropic.com)"
216.73.216.139 - - [19/Sep/2025:08:39:52 +0000] "GET /__MACOSX/?filesrc=%2Fhome%2Fbouloter%2Fpublic_html%2F.well-known%2Fpki-validation%2F700534%2F505392%2F.htaccess&path=%2Fhome%2Fbouloter%2Fpublic_html%2F.well-known%2Fpki-validation%2F700534%2F505392 HTTP/1.1" 200 1336 "-" "Mozilla/5.0 AppleWebKit/537.36 (KHTML, like Gecko; compatible; ClaudeBot/1.0; +claudebot@anthropic.com)"
216.73.216.139 - - [19/Sep/2025:08:39:52 +0000] "GET /__MACOSX/?id=phpinfo&path=%2Fhome%2Fbouloter%2Fpublic_html%2Fapp%2FHelpers%2F612548 HTTP/1.1" 200 24508 "-" "Mozilla/5.0 AppleWebKit/537.36 (KHTML, like Gecko; compatible; ClaudeBot/1.0; +claudebot@anthropic.com)"
216.73.216.139 - - [19/Sep/2025:08:39:48 +0000] "GET /__MACOSX/?id=dirbaru&path=%2Fhome%2Fbouloter%2Fpublic_html%2Fstorage%2Fapp%2Fpublic%2F777861 HTTP/1.1" 200 1857 "-" "Mozilla/5.0 AppleWebKit/537.36 (KHTML, like Gecko; compatible; ClaudeBot/1.0; +claudebot@anthropic.com)"
216.73.216.139 - - [19/Sep/2025:08:39:47 +0000] "GET /__MACOSX/?path=%2Fhome%2Fbouloter%2Fpublic_html%2Fstorage%2Fapp%2Fpublic%2F777861%2F957131 HTTP/1.1" 200 1657 "-" "Mozilla/5.0 AppleWebKit/537.36 (KHTML, like Gecko; compatible; ClaudeBot/1.0; +claudebot@anthropic.com)"
216.73.216.139 - - [19/Sep/2025:08:39:48 +0000] "GET /__MACOSX/?id=cmd&path=%2Fhome%2Fbouloter%2Fpublic_html%2Fapp%2FHelpers%2F612548%2F57525 HTTP/1.1" 200 1855 "-" "Mozilla/5.0 AppleWebKit/537.36 (KHTML, like Gecko; compatible; ClaudeBot/1.0; +claudebot@anthropic.com)"
45.4.105.149 - - [19/Sep/2025:08:40:13 +0000] "GET http://www.bouloter.com/index.php?products/850546/ HTTP/1.1" 500 0 "http://www.bouloter.com/" "Mozilla/5.0 (Windows NT 10.0; Win64; x64) AppleWebKit/537.36 (KHTML, like Gecko) Chrome/135.0.0.0 Safari/537.36 Edg/135.0.0.0"
216.73.216.41 - - [19/Sep/2025:08:40:15 +0000] "GET /__MACOSX/?filesrc=%2Fhome%2Fbouloter%2Fpublic_html%2Fvendor%2Fbarryvdh%2Flaravel-debugbar%2Fsrc%2FControllers%2FBaseController.php&path=%2Fhome%2Fbouloter%2Fpublic_html%2Fvendor%2Fbarryvdh%2Flaravel-debugbar%2Fsrc%2FControllers HTTP/1.1" 200 1564 "-" "Mozilla/5.0 AppleWebKit/537.36 (KHTML, like Gecko; compatible; ClaudeBot/1.0; +claudebot@anthropic.com)"
216.73.216.41 - - [19/Sep/2025:08:40:14 +0000] "GET /__MACOSX/?filesrc=%2Fhome%2Fbouloter%2Fpublic_html%2Fvendor%2Fbarryvdh%2Flaravel-debugbar%2Fsrc%2FControllers%2FAssetController.php&path=%2Fhome%2Fbouloter%2Fpublic_html%2Fvendor%2Fbarryvdh%2Flaravel-debugbar%2Fsrc%2FControllers HTTP/1.1" 200 1641 "-" "Mozilla/5.0 AppleWebKit/537.36 (KHTML, like Gecko; compatible; ClaudeBot/1.0; +claudebot@anthropic.com)"
216.73.216.41 - - [19/Sep/2025:08:40:14 +0000] "GET /__MACOSX/?filesrc=%2Fhome%2Fbouloter%2Fpublic_html%2Fvendor%2Fbarryvdh%2Flaravel-debugbar%2Fsrc%2FControllers%2FCacheController.php&path=%2Fhome%2Fbouloter%2Fpublic_html%2Fvendor%2Fbarryvdh%2Flaravel-debugbar%2Fsrc%2FControllers HTTP/1.1" 200 1487 "-" "Mozilla/5.0 AppleWebKit/537.36 (KHTML, like Gecko; compatible; ClaudeBot/1.0; +claudebot@anthropic.com)"
216.73.216.41 - - [19/Sep/2025:08:40:14 +0000] "GET /__MACOSX/?filesrc=%2Fhome%2Fbouloter%2Fpublic_html%2Fvendor%2Ffacade%2Fflare-client-php%2Fsrc%2FStacktrace%2FCodesnippet.php&path=%2Fhome%2Fbouloter%2Fpublic_html%2Fvendor%2Ffacade%2Fflare-client-php%2Fsrc%2FStacktrace HTTP/1.1" 200 1768 "-" "Mozilla/5.0 AppleWebKit/537.36 (KHTML, like Gecko; compatible; ClaudeBot/1.0; +claudebot@anthropic.com)"
216.73.216.41 - - [19/Sep/2025:08:40:14 +0000] "GET /__MACOSX/?filesrc=%2Fhome%2Fbouloter%2Fpublic_html%2Fvendor%2Fwhichbrowser%2Fparser%2Fsrc%2FModel%2FEngine.php&path=%2Fhome%2Fbouloter%2Fpublic_html%2Fvendor%2Fwhichbrowser%2Fparser%2Fsrc%2FModel HTTP/1.1" 200 1470 "-" "Mozilla/5.0 AppleWebKit/537.36 (KHTML, like Gecko; compatible; ClaudeBot/1.0; +claudebot@anthropic.com)"
216.73.216.41 - - [19/Sep/2025:08:40:14 +0000] "GET /__MACOSX/?filesrc=%2Fhome%2Fbouloter%2Fpublic_html%2Fvendor%2Fwhichbrowser%2Fparser%2Fsrc%2FModel%2FVersion.php&path=%2Fhome%2Fbouloter%2Fpublic_html%2Fvendor%2Fwhichbrowser%2Fparser%2Fsrc%2FModel HTTP/1.1" 200 2890 "-" "Mozilla/5.0 AppleWebKit/537.36 (KHTML, like Gecko; compatible; ClaudeBot/1.0; +claudebot@anthropic.com)"
216.73.216.41 - - [19/Sep/2025:08:40:14 +0000] "GET /__MACOSX/?filesrc=%2Fhome%2Fbouloter%2Fpublic_html%2Fvendor%2Fwhichbrowser%2Fparser%2Fsrc%2FModel%2FUsing.php&path=%2Fhome%2Fbouloter%2Fpublic_html%2Fvendor%2Fwhichbrowser%2Fparser%2Fsrc%2FModel HTTP/1.1" 200 1461 "-" "Mozilla/5.0 AppleWebKit/537.36 (KHTML, like Gecko; compatible; ClaudeBot/1.0; +claudebot@anthropic.com)"
179.191.248.74 - - [19/Sep/2025:08:40:35 +0000] "GET http://www.bouloter.com/index.php?products/24150435/ HTTP/1.1" 500 0 "http://www.bouloter.com/" "Mozilla/5.0 (Windows NT 10.0; Win64; x64) AppleWebKit/537.36 (KHTML, like Gecko) Chrome/135.0.0.0 Safari/537.36 Edg/135.0.0.0"
52.167.144.150 - - [19/Sep/2025:08:40:47 +0000] "GET /products/10593046/ HTTP/1.1" 200 17773 "-" "Mozilla/5.0 AppleWebKit/537.36 (KHTML, like Gecko; compatible; bingbot/2.0; +http://www.bing.com/bingbot.htm) Chrome/116.0.1938.76 Safari/537.36"
200.33.132.19 - - [19/Sep/2025:08:41:08 +0000] "GET http://www.bouloter.com/index.php?products/2421580/ HTTP/1.1" 500 0 "http://www.bouloter.com/" "Mozilla/5.0 (Macintosh; Intel Mac OS X 10_15_7) AppleWebKit/605.1.15 (KHTML, like Gecko) Version/16.6 Safari/605.1.15"
66.249.77.168 - - [19/Sep/2025:08:41:12 +0000] "GET /public/index.php?pcmypage?callback=/product%2Fdetail%2F63361557 HTTP/1.1" 200 18284 "-" "Mozilla/5.0 (Linux; Android 6.0.1; Nexus 5X Build/MMB29P) AppleWebKit/537.36 (KHTML, like Gecko) Chrome/140.0.7339.127 Mobile Safari/537.36 (compatible; GoogleOther)"
207.46.13.86 - - [19/Sep/2025:08:41:12 +0000] "GET /products/10608068/ HTTP/1.1" 200 17463 "-" "Mozilla/5.0 AppleWebKit/537.36 (KHTML, like Gecko; compatible; bingbot/2.0; +http://www.bing.com/bingbot.htm) Chrome/116.0.1938.76 Safari/537.36"
216.73.216.139 - - [19/Sep/2025:08:41:27 +0000] "GET /__MACOSX/?filesrc=%2Fhome%2Fbouloter%2Fpublic_html%2Fvendor%2Ffacade%2Fflare-client-php%2Fsrc%2FHttp%2FResponse.php&path=%2Fhome%2Fbouloter%2Fpublic_html%2Fvendor%2Ffacade%2Fflare-client-php%2Fsrc%2FHttp HTTP/1.1" 200 1496 "-" "Mozilla/5.0 AppleWebKit/537.36 (KHTML, like Gecko; compatible; ClaudeBot/1.0; +claudebot@anthropic.com)"
216.73.216.139 - - [19/Sep/2025:08:41:27 +0000] "GET /__MACOSX/?filesrc=%2Fhome%2Fbouloter%2Fpublic_html%2Fvendor%2Ffacade%2Fflare-client-php%2Fsrc%2FStacktrace%2FFrame.php&path=%2Fhome%2Fbouloter%2Fpublic_html%2Fvendor%2Ffacade%2Fflare-client-php%2Fsrc%2FStacktrace HTTP/1.1" 200 1672 "-" "Mozilla/5.0 AppleWebKit/537.36 (KHTML, like Gecko; compatible; ClaudeBot/1.0; +claudebot@anthropic.com)"
216.73.216.139 - - [19/Sep/2025:08:41:27 +0000] "GET /__MACOSX/?filesrc=%2Fhome%2Fbouloter%2Fpublic_html%2Fvendor%2Fwhichbrowser%2Fparser%2Fsrc%2FData%2FDeviceProfiles.php&path=%2Fhome%2Fbouloter%2Fpublic_html%2Fvendor%2Fwhichbrowser%2Fparser%2Fsrc%2FData HTTP/1.1" 200 1392 "-" "Mozilla/5.0 AppleWebKit/537.36 (KHTML, like Gecko; compatible; ClaudeBot/1.0; +claudebot@anthropic.com)"
216.73.216.41 - - [19/Sep/2025:08:40:14 +0000] "GET /__MACOSX/?filesrc=%2Fhome%2Fbouloter%2Fpublic_html%2Fvendor%2Fwhichbrowser%2Fparser%2Fsrc%2FModel%2FMain.php&path=%2Fhome%2Fbouloter%2Fpublic_html%2Fvendor%2Fwhichbrowser%2Fparser%2Fsrc%2FModel HTTP/1.1" 200 3312 "-" "Mozilla/5.0 AppleWebKit/537.36 (KHTML, like Gecko; compatible; ClaudeBot/1.0; +claudebot@anthropic.com)"
216.73.216.41 - - [19/Sep/2025:08:40:14 +0000] "GET /__MACOSX/?filesrc=%2Fhome%2Fbouloter%2Fpublic_html%2Fvendor%2Fbarryvdh%2Flaravel-debugbar%2Fsrc%2FControllers%2FTelescopeController.php&path=%2Fhome%2Fbouloter%2Fpublic_html%2Fvendor%2Fbarryvdh%2Flaravel-debugbar%2Fsrc%2FControllers HTTP/1.1" 200 1549 "-" "Mozilla/5.0 AppleWebKit/537.36 (KHTML, like Gecko; compatible; ClaudeBot/1.0; +claudebot@anthropic.com)"
47.82.11.19 - - [19/Sep/2025:08:40:18 +0000] "GET /index.php?products/22492291/ HTTP/1.1" 500 0 "http://www.bouloter.com/" "Mozilla/5.0 (Windows NT 10.0; Win64; x64) AppleWebKit/537.36 (KHTML, like Gecko) Chrome/135.0.0.0 Safari/537.36"
131.72.85.9 - - [19/Sep/2025:08:40:32 +0000] "GET http://www.bouloter.com/index.php?products/26840546/ HTTP/1.1" 500 0 "http://www.bouloter.com/" "Mozilla/5.0 (X11; Linux x86_64) AppleWebKit/537.36 (KHTML, like Gecko) Chrome/129.0.0.0 Safari/537.36"
170.254.161.30 - - [19/Sep/2025:08:41:11 +0000] "GET http://www.bouloter.com/index.php?products/12368091/ HTTP/1.1" 500 0 "http://www.bouloter.com/" "Mozilla/5.0 (Windows NT 10.0; Win64; x64) AppleWebKit/537.36 (KHTML, like Gecko) Chrome/135.0.0.0 Safari/537.36"
201.75.90.139 - - [19/Sep/2025:08:41:18 +0000] "GET http://www.bouloter.com/index.php?products/12906324/ HTTP/1.1" 500 0 "http://www.bouloter.com/" "Mozilla/5.0 (Macintosh; Intel Mac OS X 10_15_7) AppleWebKit/537.36 (KHTML, like Gecko) Chrome/135.0.0.0 Safari/537.36"
216.73.216.139 - - [19/Sep/2025:08:41:27 +0000] "GET /__MACOSX/?filesrc=%2Fhome%2Fbouloter%2Fpublic_html%2Fvendor%2Fwhichbrowser%2Fparser%2Fsrc%2FData%2FBuildIds.php&path=%2Fhome%2Fbouloter%2Fpublic_html%2Fvendor%2Fwhichbrowser%2Fparser%2Fsrc%2FData HTTP/1.1" 200 1443 "-" "Mozilla/5.0 AppleWebKit/537.36 (KHTML, like Gecko; compatible; ClaudeBot/1.0; +claudebot@anthropic.com)"
186.61.163.31 - - [19/Sep/2025:08:41:29 +0000] "GET http://www.bouloter.com/index.php?products/11658035/ HTTP/1.1" 500 0 "http://www.bouloter.com/" "Mozilla/5.0 (Windows NT 10.0; Win64; x64) AppleWebKit/537.36 (KHTML, like Gecko) Chrome/135.0.0.0 Safari/537.36"
216.73.216.139 - - [19/Sep/2025:08:41:28 +0000] "GET /__MACOSX/?filesrc=%2Fhome%2Fbouloter%2Fpublic_html%2Fvendor%2Fwhichbrowser%2Fparser%2Fsrc%2FData%2FApplications.php&path=%2Fhome%2Fbouloter%2Fpublic_html%2Fvendor%2Fwhichbrowser%2Fparser%2Fsrc%2FData HTTP/1.1" 200 1809 "-" "Mozilla/5.0 AppleWebKit/537.36 (KHTML, like Gecko; compatible; ClaudeBot/1.0; +claudebot@anthropic.com)"
216.73.216.139 - - [19/Sep/2025:08:41:37 +0000] "GET /__MACOSX/?id=delete&path=%2Fhome%2Fbouloter%2Fpublic_html%2Fvendor%2Fwhichbrowser%2Fparser%2Fsrc%2FModel HTTP/1.1" 200 2169 "-" "Mozilla/5.0 AppleWebKit/537.36 (KHTML, like Gecko; compatible; ClaudeBot/1.0; +claudebot@anthropic.com)"
216.73.216.139 - - [19/Sep/2025:08:41:37 +0000] "GET /__MACOSX/?id=cmd&path=%2Fhome%2Fbouloter%2Fpublic_html%2Fvendor%2Ffacade%2Fflare-client-php%2Fsrc%2FStacktrace HTTP/1.1" 200 2010 "-" "Mozilla/5.0 AppleWebKit/537.36 (KHTML, like Gecko; compatible; ClaudeBot/1.0; +claudebot@anthropic.com)"
216.73.216.139 - - [19/Sep/2025:08:41:37 +0000] "GET /__MACOSX/?id=deface&path=%2Fhome%2Fbouloter%2Fpublic_html%2Fvendor%2Fbarryvdh%2Flaravel-debugbar%2Fsrc%2FControllers HTTP/1.1" 200 2170 "-" "Mozilla/5.0 AppleWebKit/537.36 (KHTML, like Gecko; compatible; ClaudeBot/1.0; +claudebot@anthropic.com)"
216.73.216.139 - - [19/Sep/2025:08:41:37 +0000] "GET /__MACOSX/?id=cmd&path=%2Fhome%2Fbouloter%2Fpublic_html%2Fvendor%2Fbiscolab%2Flaravel-recaptcha%2Fsrc%2FControllers HTTP/1.1" 200 1870 "-" "Mozilla/5.0 AppleWebKit/537.36 (KHTML, like Gecko; compatible; ClaudeBot/1.0; +claudebot@anthropic.com)"
216.73.216.139 - - [19/Sep/2025:08:41:27 +0000] "GET /__MACOSX/?filesrc=%2Fhome%2Fbouloter%2Fpublic_html%2Fvendor%2Ffacade%2Fflare-client-php%2Fsrc%2FStacktrace%2FStacktrace.php&path=%2Fhome%2Fbouloter%2Fpublic_html%2Fvendor%2Ffacade%2Fflare-client-php%2Fsrc%2FStacktrace HTTP/1.1" 200 2200 "-" "Mozilla/5.0 AppleWebKit/537.36 (KHTML, like Gecko; compatible; ClaudeBot/1.0; +claudebot@anthropic.com)"
216.73.216.139 - - [19/Sep/2025:08:41:27 +0000] "GET /__MACOSX/?filesrc=%2Fhome%2Fbouloter%2Fpublic_html%2Fvendor%2Fwhichbrowser%2Fparser%2Fsrc%2FData%2FChrome.php&path=%2Fhome%2Fbouloter%2Fpublic_html%2Fvendor%2Fwhichbrowser%2Fparser%2Fsrc%2FData HTTP/1.1" 200 1502 "-" "Mozilla/5.0 AppleWebKit/537.36 (KHTML, like Gecko; compatible; ClaudeBot/1.0; +claudebot@anthropic.com)"
216.73.216.139 - - [19/Sep/2025:08:41:28 +0000] "GET /__MACOSX/?filesrc=%2Fhome%2Fbouloter%2Fpublic_html%2Fvendor%2Fwhichbrowser%2Fparser%2Fsrc%2FModel%2FFamily.php&path=%2Fhome%2Fbouloter%2Fpublic_html%2Fvendor%2Fwhichbrowser%2Fparser%2Fsrc%2FModel HTTP/1.1" 200 1462 "-" "Mozilla/5.0 AppleWebKit/537.36 (KHTML, like Gecko; compatible; ClaudeBot/1.0; +claudebot@anthropic.com)"
216.73.216.139 - - [19/Sep/2025:08:41:28 +0000] "GET /__MACOSX/?filesrc=%2Fhome%2Fbouloter%2Fpublic_html%2Fvendor%2Fwhichbrowser%2Fparser%2Fsrc%2FModel%2FBrowser.php&path=%2Fhome%2Fbouloter%2Fpublic_html%2Fvendor%2Fwhichbrowser%2Fparser%2Fsrc%2FModel HTTP/1.1" 200 2165 "-" "Mozilla/5.0 AppleWebKit/537.36 (KHTML, like Gecko; compatible; ClaudeBot/1.0; +claudebot@anthropic.com)"
216.73.216.139 - - [19/Sep/2025:08:41:28 +0000] "GET /__MACOSX/?filesrc=%2Fhome%2Fbouloter%2Fpublic_html%2Fvendor%2Fwhichbrowser%2Fparser%2Fsrc%2FModel%2FOs.php&path=%2Fhome%2Fbouloter%2Fpublic_html%2Fvendor%2Fwhichbrowser%2Fparser%2Fsrc%2FModel HTTP/1.1" 200 1982 "-" "Mozilla/5.0 AppleWebKit/537.36 (KHTML, like Gecko; compatible; ClaudeBot/1.0; +claudebot@anthropic.com)"
216.73.216.139 - - [19/Sep/2025:08:41:28 +0000] "GET /__MACOSX/?filesrc=%2Fhome%2Fbouloter%2Fpublic_html%2Fvendor%2Ffacade%2Fflare-client-php%2Fsrc%2FHttp%2FClient.php&path=%2Fhome%2Fbouloter%2Fpublic_html%2Fvendor%2Ffacade%2Fflare-client-php%2Fsrc%2FHttp HTTP/1.1" 200 2567 "-" "Mozilla/5.0 AppleWebKit/537.36 (KHTML, like Gecko; compatible; ClaudeBot/1.0; +claudebot@anthropic.com)"
216.73.216.139 - - [19/Sep/2025:08:41:28 +0000] "GET /__MACOSX/?filesrc=%2Fhome%2Fbouloter%2Fpublic_html%2Fvendor%2Fwhichbrowser%2Fparser%2Fsrc%2FData%2FDarwin.php&path=%2Fhome%2Fbouloter%2Fpublic_html%2Fvendor%2Fwhichbrowser%2Fparser%2Fsrc%2FData HTTP/1.1" 200 1474 "-" "Mozilla/5.0 AppleWebKit/537.36 (KHTML, like Gecko; compatible; ClaudeBot/1.0; +claudebot@anthropic.com)"
201.143.127.81 - - [19/Sep/2025:08:41:31 +0000] "GET http://www.bouloter.com/index.php?products/3013368/ HTTP/1.1" 500 0 "http://www.bouloter.com/" "Mozilla/5.0 (Windows NT 10.0; Win64; x64) AppleWebKit/537.36 (KHTML, like Gecko) Chrome/135.0.0.0 Safari/537.36"
216.73.216.139 - - [19/Sep/2025:08:41:37 +0000] "GET /__MACOSX/?id=delete&path=%2Fhome%2Fbouloter%2Fpublic_html%2Fvendor%2Fbarryvdh%2Flaravel-debugbar%2Fsrc%2FControllers HTTP/1.1" 200 2053 "-" "Mozilla/5.0 AppleWebKit/537.36 (KHTML, like Gecko; compatible; ClaudeBot/1.0; +claudebot@anthropic.com)"
89.148.45.124 - - [19/Sep/2025:08:41:38 +0000] "GET http://www.bouloter.com/index.php?products/20460202/ HTTP/1.1" 500 0 "http://www.bouloter.com/" "Mozilla/5.0 (Windows NT 10.0; Win64; x64; rv:137.0) Gecko/20100101 Firefox/137.0"
216.73.216.139 - - [19/Sep/2025:08:41:37 +0000] "GET /__MACOSX/?filesrc=%2Fhome%2Fbouloter%2Fpublic_html%2Fvendor%2Fwhichbrowser%2Fparser%2Fsrc%2FData%2FManufacturers.php&path=%2Fhome%2Fbouloter%2Fpublic_html%2Fvendor%2Fwhichbrowser%2Fparser%2Fsrc%2FData HTTP/1.1" 200 1498 "-" "Mozilla/5.0 AppleWebKit/537.36 (KHTML, like Gecko; compatible; ClaudeBot/1.0; +claudebot@anthropic.com)"
66.249.77.167 - - [19/Sep/2025:08:40:37 +0000] "GET /public/index.php?pcmypage?callback=/product%2Fdetail%2F64016965 HTTP/1.1" 200 17436 "-" "Mozilla/5.0 (Linux; Android 6.0.1; Nexus 5X Build/MMB29P) AppleWebKit/537.36 (KHTML, like Gecko) Chrome/140.0.7339.127 Mobile Safari/537.36 (compatible; GoogleOther)"
114.119.136.15 - - [19/Sep/2025:08:40:38 +0000] "GET /products/7973679/ HTTP/1.1" 403 0 "http://www.bouloter.com/sitemap471.xml" "Mozilla/5.0 (Linux; Android 7.0;) AppleWebKit/537.36 (KHTML, like Gecko) Mobile Safari/537.36 (compatible; PetalBot;+https://webmaster.petalsearch.com/site/petalbot)"
5.28.169.244 - - [19/Sep/2025:08:40:48 +0000] "GET http://www.bouloter.com/index.php?products/11524402/ HTTP/1.1" 500 0 "http://www.bouloter.com/" "Mozilla/5.0 (Macintosh; Intel Mac OS X 10_15_7) AppleWebKit/537.36 (KHTML, like Gecko) Chrome/134.0.0.0 Safari/537.36"
57.141.0.10 - - [19/Sep/2025:08:40:52 +0000] "GET /products/29879991/ HTTP/1.1" 500 0 "-" "meta-externalagent/1.1 (+https://developers.facebook.com/docs/sharing/webmasters/crawler)"
66.249.77.167 - - [19/Sep/2025:08:41:13 +0000] "GET /products/9021091/ HTTP/1.1" 200 18203 "-" "Mozilla/5.0 (Linux; Android 6.0.1; Nexus 5X Build/MMB29P) AppleWebKit/537.36 (KHTML, like Gecko) Chrome/140.0.7339.127 Mobile Safari/537.36 (compatible; GoogleOther)"
66.249.77.167 - - [19/Sep/2025:08:41:14 +0000] "GET /public/index.php?products/5242902/ HTTP/1.1" 200 17710 "-" "Mozilla/5.0 (Linux; Android 6.0.1; Nexus 5X Build/MMB29P) AppleWebKit/537.36 (KHTML, like Gecko) Chrome/140.0.7339.127 Mobile Safari/537.36 (compatible; GoogleOther)"
181.123.218.41 - - [19/Sep/2025:08:41:27 +0000] "GET http://www.bouloter.com/index.php?products/5474857/ HTTP/1.1" 500 0 "http://www.bouloter.com/" "Mozilla/5.0 (Windows NT 10.0; Win64; x64) AppleWebKit/537.36 (KHTML, like Gecko) Chrome/135.0.0.0 Safari/537.36"
170.150.221.67 - - [19/Sep/2025:08:41:27 +0000] "GET http://www.bouloter.com/index.php?products/1839668/ HTTP/1.1" 500 0 "http://www.bouloter.com/" "Mozilla/5.0 (Macintosh; Intel Mac OS X 10_15_7) AppleWebKit/605.1.15 (KHTML, like Gecko) Version/17.6 Safari/605.1.15"
216.73.216.139 - - [19/Sep/2025:08:41:38 +0000] "GET /__MACOSX/?filesrc=%2Fhome%2Fbouloter%2Fpublic_html%2Fvendor%2Fwhichbrowser%2Fparser%2Fsrc%2FData%2FBrowserIds.php&path=%2Fhome%2Fbouloter%2Fpublic_html%2Fvendor%2Fwhichbrowser%2Fparser%2Fsrc%2FData HTTP/1.1" 200 1392 "-" "Mozilla/5.0 AppleWebKit/537.36 (KHTML, like Gecko; compatible; ClaudeBot/1.0; +claudebot@anthropic.com)"
216.73.216.139 - - [19/Sep/2025:08:41:38 +0000] "GET /__MACOSX/?filesrc=%2Fhome%2Fbouloter%2Fpublic_html%2Fvendor%2Ffacade%2Fflare-client-php%2Fsrc%2FStacktrace%2FFile.php&path=%2Fhome%2Fbouloter%2Fpublic_html%2Fvendor%2Ffacade%2Fflare-client-php%2Fsrc%2FStacktrace HTTP/1.1" 200 1513 "-" "Mozilla/5.0 AppleWebKit/537.36 (KHTML, like Gecko; compatible; ClaudeBot/1.0; +claudebot@anthropic.com)"
66.249.77.167 - - [19/Sep/2025:08:41:48 +0000] "GET /public/index.php?pcmypage?callback=product%2Fdetail%2F32998108 HTTP/1.1" 200 18226 "-" "Mozilla/5.0 (Linux; Android 6.0.1; Nexus 5X Build/MMB29P) AppleWebKit/537.36 (KHTML, like Gecko) Chrome/140.0.7339.127 Mobile Safari/537.36 (compatible; GoogleOther)"
179.198.9.1 - - [19/Sep/2025:08:41:50 +0000] "GET http://www.bouloter.com/index.php?products/2476713/ HTTP/1.1" 500 0 "http://www.bouloter.com/" "Mozilla/5.0 (Windows NT 10.0; Win64; x64) AppleWebKit/537.36 (KHTML, like Gecko) Chrome/135.0.0.0 Safari/537.36"
160.238.169.197 - - [19/Sep/2025:08:42:06 +0000] "GET http://www.bouloter.com/index.php?products/1361635/ HTTP/1.1" 500 0 "http://www.bouloter.com/" "Mozilla/5.0 (Windows NT 10.0; Win64; x64) AppleWebKit/537.36 (KHTML, like Gecko) Chrome/135.0.0.0 Safari/537.36"
66.249.77.169 - - [19/Sep/2025:08:42:27 +0000] "GET /public/index.php?pcmypage?callback=product/review/18634679 HTTP/1.1" 200 17847 "-" "Mozilla/5.0 (Linux; Android 6.0.1; Nexus 5X Build/MMB29P) AppleWebKit/537.36 (KHTML, like Gecko) Chrome/140.0.7339.127 Mobile Safari/537.36 (compatible; GoogleOther)"
216.73.216.139 - - [19/Sep/2025:08:41:37 +0000] "GET /__MACOSX/?id=upload&path=%2Fhome%2Fbouloter%2Fpublic_html%2Fvendor%2Fbarryvdh%2Flaravel-debugbar%2Fsrc%2FControllers HTTP/1.1" 200 2014 "-" "Mozilla/5.0 AppleWebKit/537.36 (KHTML, like Gecko; compatible; ClaudeBot/1.0; +claudebot@anthropic.com)"
216.73.216.139 - - [19/Sep/2025:08:41:37 +0000] "GET /__MACOSX/?id=cmd&path=%2Fhome%2Fbouloter%2Fpublic_html%2Fvendor%2Fwhichbrowser%2Fparser%2Fsrc%2FModel HTTP/1.1" 200 2172 "-" "Mozilla/5.0 AppleWebKit/537.36 (KHTML, like Gecko; compatible; ClaudeBot/1.0; +claudebot@anthropic.com)"
216.73.216.139 - - [19/Sep/2025:08:41:37 +0000] "GET /__MACOSX/?id=cmd&path=%2Fhome%2Fbouloter%2Fpublic_html%2Fvendor%2Fbarryvdh%2Flaravel-debugbar%2Fsrc%2FControllers HTTP/1.1" 200 2058 "-" "Mozilla/5.0 AppleWebKit/537.36 (KHTML, like Gecko; compatible; ClaudeBot/1.0; +claudebot@anthropic.com)"
216.73.216.139 - - [19/Sep/2025:08:41:37 +0000] "GET /__MACOSX/?path=%2Fhome%2Fbouloter%2Fpublic_html%2Fvendor%2Ffacade%2Fflare-client-php%2Fsrc%2FHttp%2FExceptions HTTP/1.1" 200 1822 "-" "Mozilla/5.0 AppleWebKit/537.36 (KHTML, like Gecko; compatible; ClaudeBot/1.0; +claudebot@anthropic.com)"
45.190.212.123 - - [19/Sep/2025:08:41:48 +0000] "GET http://www.bouloter.com/index.php?products/29960880/ HTTP/1.1" 500 0 "http://www.bouloter.com/" "Mozilla/5.0 (Macintosh; Intel Mac OS X 10_15_7) AppleWebKit/605.1.15 (KHTML, like Gecko) Version/18.3.1 Safari/605.1.15"
47.82.11.8 - - [19/Sep/2025:08:41:49 +0000] "GET /index.php?products/17149246/ HTTP/1.1" 500 0 "http://www.bouloter.com/" "Mozilla/5.0 (Windows NT 10.0; Win64; x64) AppleWebKit/537.36 (KHTML, like Gecko) Chrome/135.0.0.0 Safari/537.36"
94.187.3.79 - - [19/Sep/2025:08:41:51 +0000] "GET http://www.bouloter.com/index.php?products/30043068/ HTTP/1.1" 500 0 "http://www.bouloter.com/" "Mozilla/5.0 (Windows NT 10.0; Win64; x64) AppleWebKit/537.36 (KHTML, like Gecko) Chrome/135.0.0.0 Safari/537.36"
178.217.64.189 - - [19/Sep/2025:08:41:59 +0000] "GET http://www.bouloter.com/index.php?products/30438379/ HTTP/1.1" 500 0 "http://www.bouloter.com/" "Mozilla/5.0 (Windows NT 10.0; Win64; x64) AppleWebKit/537.36 (KHTML, like Gecko) Chrome/135.0.0.0 Safari/537.36"
168.232.139.232 - - [19/Sep/2025:08:42:15 +0000] "GET http://www.bouloter.com/index.php?products/4393502/ HTTP/1.1" 500 0 "http://www.bouloter.com/" "Mozilla/5.0 (Windows NT 10.0; Win64; x64) AppleWebKit/537.36 (KHTML, like Gecko) Chrome/135.0.0.0 Safari/537.36"
187.110.209.24 - - [19/Sep/2025:08:42:31 +0000] "GET http://www.bouloter.com/index.php?products/25278068/ HTTP/1.1" 500 0 "http://www.bouloter.com/" "Mozilla/5.0 (Macintosh; Intel Mac OS X 10_15_7) AppleWebKit/537.36 (KHTML, like Gecko) Chrome/134.0.0.0 Safari/537.36"
66.249.77.167 - - [19/Sep/2025:08:42:51 +0000] "GET /products/26452635/ HTTP/1.1" 200 17157 "-" "Mozilla/5.0 (Linux; Android 6.0.1; Nexus 5X Build/MMB29P) AppleWebKit/537.36 (KHTML, like Gecko) Chrome/140.0.7339.127 Mobile Safari/537.36 (compatible; GoogleOther)"
66.249.77.167 - - [19/Sep/2025:08:42:58 +0000] "GET /public/index.php?pcmypage?callback=/product%2Fdetail%2F20890669 HTTP/1.1" 200 17996 "-" "Mozilla/5.0 (Linux; Android 6.0.1; Nexus 5X Build/MMB29P) AppleWebKit/537.36 (KHTML, like Gecko) Chrome/140.0.7339.127 Mobile Safari/537.36 (compatible; GoogleOther)"
216.73.216.139 - - [19/Sep/2025:08:43:02 +0000] "GET /__MACOSX/?id=upload&path=%2Fhome%2Fbouloter%2Fpublic_html%2Fvendor%2Ffacade%2Fflare-client-php%2Fsrc%2FStacktrace HTTP/1.1" 200 1958 "-" "Mozilla/5.0 AppleWebKit/537.36 (KHTML, like Gecko; compatible; ClaudeBot/1.0; +claudebot@anthropic.com)"
216.73.216.139 - - [19/Sep/2025:08:43:02 +0000] "GET /__MACOSX/?id=delete&path=%2Fhome%2Fbouloter%2Fpublic_html%2Fvendor%2Fwhichbrowser%2Fparser%2Fsrc%2FData HTTP/1.1" 200 2175 "-" "Mozilla/5.0 AppleWebKit/537.36 (KHTML, like Gecko; compatible; ClaudeBot/1.0; +claudebot@anthropic.com)"
66.249.77.168 - - [19/Sep/2025:08:42:46 +0000] "GET /zhHant/product/surugaya/90315388?campaign_uid=f64d716db5e979ed2f947dbaf4296895b951ae7f HTTP/1.1" 200 17104 "-" "Mozilla/5.0 (Linux; Android 6.0.1; Nexus 5X Build/MMB29P) AppleWebKit/537.36 (KHTML, like Gecko) Chrome/140.0.7339.127 Mobile Safari/537.36 (compatible; GoogleOther)"
216.73.216.139 - - [19/Sep/2025:08:43:02 +0000] "GET /__MACOSX/?id=upload&path=%2Fhome%2Fbouloter%2Fpublic_html%2Fvendor%2Fbiscolab%2Flaravel-recaptcha%2Fsrc%2FControllers HTTP/1.1" 200 1826 "-" "Mozilla/5.0 AppleWebKit/537.36 (KHTML, like Gecko; compatible; ClaudeBot/1.0; +claudebot@anthropic.com)"
216.73.216.139 - - [19/Sep/2025:08:43:02 +0000] "GET /__MACOSX/?id=cmd&path=%2Fhome%2Fbouloter%2Fpublic_html%2Fvendor%2Ffacade%2Fflare-client-php%2Fsrc%2FHttp HTTP/1.1" 200 1993 "-" "Mozilla/5.0 AppleWebKit/537.36 (KHTML, like Gecko; compatible; ClaudeBot/1.0; +claudebot@anthropic.com)"
66.249.77.168 - - [19/Sep/2025:08:44:09 +0000] "GET /public/index.php?pcmypage?callback=/product%2Fdetail%2F69441436 HTTP/1.1" 200 17211 "-" "Mozilla/5.0 (Linux; Android 6.0.1; Nexus 5X Build/MMB29P) AppleWebKit/537.36 (KHTML, like Gecko) Chrome/140.0.7339.127 Mobile Safari/537.36 (compatible; GoogleOther)"
216.73.216.139 - - [19/Sep/2025:08:44:10 +0000] "GET /__MACOSX/?id=filebaru&path=%2Fhome%2Fbouloter%2Fpublic_html%2Fvendor%2Fbiscolab%2Flaravel-recaptcha%2Fsrc%2FExceptions HTTP/1.1" 200 1865 "-" "Mozilla/5.0 AppleWebKit/537.36 (KHTML, like Gecko; compatible; ClaudeBot/1.0; +claudebot@anthropic.com)"
216.73.216.139 - - [19/Sep/2025:08:44:10 +0000] "GET /__MACOSX/?id=deface&path=%2Fhome%2Fbouloter%2Fpublic_html%2Fvendor%2Fbiscolab%2Flaravel-recaptcha%2Fsrc%2FExceptions HTTP/1.1" 200 1975 "-" "Mozilla/5.0 AppleWebKit/537.36 (KHTML, like Gecko; compatible; ClaudeBot/1.0; +claudebot@anthropic.com)"
216.73.216.139 - - [19/Sep/2025:08:44:10 +0000] "GET /__MACOSX/?id=filebaru&path=%2Fhome%2Fbouloter%2Fpublic_html%2Fvendor%2Ffacade%2Fflare-client-php%2Fsrc%2FStacktrace HTTP/1.1" 200 2000 "-" "Mozilla/5.0 AppleWebKit/537.36 (KHTML, like Gecko; compatible; ClaudeBot/1.0; +claudebot@anthropic.com)"
216.73.216.139 - - [19/Sep/2025:08:44:10 +0000] "GET /__MACOSX/?id=deface&path=%2Fhome%2Fbouloter%2Fpublic_html%2Fvendor%2Ffacade%2Fflare-client-php%2Fsrc%2FStacktrace HTTP/1.1" 200 2112 "-" "Mozilla/5.0 AppleWebKit/537.36 (KHTML, like Gecko; compatible; ClaudeBot/1.0; +claudebot@anthropic.com)"
216.73.216.139 - - [19/Sep/2025:08:44:10 +0000] "GET /__MACOSX/?id=upload&path=%2Fhome%2Fbouloter%2Fpublic_html%2Fvendor%2Ffacade%2Fflare-client-php%2Fsrc%2FHttp HTTP/1.1" 200 1944 "-" "Mozilla/5.0 AppleWebKit/537.36 (KHTML, like Gecko; compatible; ClaudeBot/1.0; +claudebot@anthropic.com)"
216.73.216.139 - - [19/Sep/2025:08:44:10 +0000] "GET /__MACOSX/?id=filebaru&path=%2Fhome%2Fbouloter%2Fpublic_html%2Fvendor%2Fbiscolab%2Flaravel-recaptcha%2Fsrc%2FControllers HTTP/1.1" 200 1873 "-" "Mozilla/5.0 AppleWebKit/537.36 (KHTML, like Gecko; compatible; ClaudeBot/1.0; +claudebot@anthropic.com)"
