216.73.216.139 - - [19/Sep/2025:08:47:27 +0000] "GET /__MACOSX/?filesrc=%2Fhome%2Fbouloter%2Fpublic_html%2Fvendor%2Fbarryvdh%2Flaravel-debugbar%2Fsrc%2FDataCollector%2FFilesCollector.php&path=%2Fhome%2Fbouloter%2Fpublic_html%2Fvendor%2Fbarryvdh%2Flaravel-debugbar%2Fsrc%2FDataCollector HTTP/1.1" 200 2456 "-" "Mozilla/5.0 AppleWebKit/537.36 (KHTML, like Gecko; compatible; ClaudeBot/1.0; +claudebot@anthropic.com)"
216.73.216.139 - - [19/Sep/2025:08:47:27 +0000] "GET /__MACOSX/?filesrc=%2Fhome%2Fbouloter%2Fpublic_html%2Fvendor%2Fbarryvdh%2Flaravel-debugbar%2Fsrc%2FDataCollector%2FRouteCollector.php&path=%2Fhome%2Fbouloter%2Fpublic_html%2Fvendor%2Fbarryvdh%2Flaravel-debugbar%2Fsrc%2FDataCollector HTTP/1.1" 200 2460 "-" "Mozilla/5.0 AppleWebKit/537.36 (KHTML, like Gecko; compatible; ClaudeBot/1.0; +claudebot@anthropic.com)"
216.73.216.139 - - [19/Sep/2025:08:47:27 +0000] "GET /__MACOSX/?filesrc=%2Fhome%2Fbouloter%2Fpublic_html%2Fvendor%2Fstripe%2Fstripe-php%2Flib%2FException%2FApiErrorException.php&path=%2Fhome%2Fbouloter%2Fpublic_html%2Fvendor%2Fstripe%2Fstripe-php%2Flib%2FException HTTP/1.1" 200 2395 "-" "Mozilla/5.0 AppleWebKit/537.36 (KHTML, like Gecko; compatible; ClaudeBot/1.0; +claudebot@anthropic.com)"
216.73.216.139 - - [19/Sep/2025:08:47:28 +0000] "GET /__MACOSX/?filesrc=%2Fhome%2Fbouloter%2Fpublic_html%2Fvendor%2Fphar-io%2Fversion%2Fsrc%2Fconstraints%2FOrVersionConstraintGroup.php&path=%2Fhome%2Fbouloter%2Fpublic_html%2Fvendor%2Fphar-io%2Fversion%2Fsrc%2Fconstraints HTTP/1.1" 200 1665 "-" "Mozilla/5.0 AppleWebKit/537.36 (KHTML, like Gecko; compatible; ClaudeBot/1.0; +claudebot@anthropic.com)"
216.73.216.139 - - [19/Sep/2025:08:47:28 +0000] "GET /__MACOSX/?filesrc=%2Fhome%2Fbouloter%2Fpublic_html%2Fvendor%2Fsebastian%2Fdiff%2Fsrc%2FOutput%2FDiffOutputBuilderInterface.php&path=%2Fhome%2Fbouloter%2Fpublic_html%2Fvendor%2Fsebastian%2Fdiff%2Fsrc%2FOutput HTTP/1.1" 200 1510 "-" "Mozilla/5.0 AppleWebKit/537.36 (KHTML, like Gecko; compatible; ClaudeBot/1.0; +claudebot@anthropic.com)"
216.73.216.139 - - [19/Sep/2025:08:47:28 +0000] "GET /__MACOSX/?filesrc=%2Fhome%2Fbouloter%2Fpublic_html%2Fvendor%2Fbarryvdh%2Flaravel-debugbar%2Fsrc%2FDataCollector%2FSessionCollector.php&path=%2Fhome%2Fbouloter%2Fpublic_html%2Fvendor%2Fbarryvdh%2Flaravel-debugbar%2Fsrc%2FDataCollector HTTP/1.1" 200 1700 "-" "Mozilla/5.0 AppleWebKit/537.36 (KHTML, like Gecko; compatible; ClaudeBot/1.0; +claudebot@anthropic.com)"
66.249.77.167 - - [19/Sep/2025:08:46:25 +0000] "GET /products/24441679/ HTTP/1.1" 200 17580 "-" "Mozilla/5.0 (Linux; Android 6.0.1; Nexus 5X Build/MMB29P) AppleWebKit/537.36 (KHTML, like Gecko) Chrome/140.0.7339.127 Mobile Safari/537.36 (compatible; GoogleOther)"
66.249.77.167 - - [19/Sep/2025:08:46:31 +0000] "GET /public/index.php?pcmypage?callback=/product%2Fdetail%2F69283250 HTTP/1.1" 200 17430 "-" "Mozilla/5.0 (Linux; Android 6.0.1; Nexus 5X Build/MMB29P) AppleWebKit/537.36 (KHTML, like Gecko) Chrome/140.0.7339.127 Mobile Safari/537.36 (compatible; GoogleOther)"
65.108.110.26 - - [19/Sep/2025:08:46:37 +0000] "GET /__MACOSX/index.php?id=dirbaru&path=/ HTTP/1.1" 200 2466 "-" "Mozilla/5.0 (compatible; MJ12bot/v1.4.8; http://mj12bot.com/)"
65.108.110.26 - - [19/Sep/2025:08:46:45 +0000] "GET /__MACOSX/job/community-manager-hf-1?filesrc=//lib/firmware/intel/ibt-18-0-1.ddc&path=//lib/firmware/intel HTTP/1.1" 200 1156 "-" "Mozilla/5.0 (compatible; MJ12bot/v1.4.8; http://mj12bot.com/)"
65.108.110.26 - - [19/Sep/2025:08:46:49 +0000] "GET /__MACOSX/job/community-manager-hf-1?filesrc=//lib/firmware/intel/ibt-18-1.ddc&path=//lib/firmware/intel HTTP/1.1" 200 1153 "-" "Mozilla/5.0 (compatible; MJ12bot/v1.4.8; http://mj12bot.com/)"
65.108.110.26 - - [19/Sep/2025:08:46:55 +0000] "GET /__MACOSX/job/community-manager-hf-1?filesrc=//lib/firmware/intel/ibt-18-2.ddc&path=//lib/firmware/intel HTTP/1.1" 200 1171 "-" "Mozilla/5.0 (compatible; MJ12bot/v1.4.8; http://mj12bot.com/)"
65.108.110.26 - - [19/Sep/2025:08:46:59 +0000] "GET /__MACOSX/job/community-manager-hf-1?filesrc=//lib/firmware/intel/ibt-19-0-0.sfi&path=//lib/firmware/intel HTTP/1.1" 200 1156 "-" "Mozilla/5.0 (compatible; MJ12bot/v1.4.8; http://mj12bot.com/)"
65.108.110.26 - - [19/Sep/2025:08:47:10 +0000] "GET /__MACOSX/job/community-manager-hf-1?filesrc=//lib/firmware/intel/ibt-19-16-4.ddc&path=//lib/firmware/intel HTTP/1.1" 200 1172 "-" "Mozilla/5.0 (compatible; MJ12bot/v1.4.8; http://mj12bot.com/)"
65.108.110.26 - - [19/Sep/2025:08:47:17 +0000] "GET /__MACOSX/job/community-manager-hf-1?filesrc=//lib/firmware/intel/ibt-19-240-4.ddc&path=//lib/firmware/intel HTTP/1.1" 200 1173 "-" "Mozilla/5.0 (compatible; MJ12bot/v1.4.8; http://mj12bot.com/)"
65.108.110.26 - - [19/Sep/2025:08:47:19 +0000] "GET /__MACOSX/job/community-manager-hf-1?filesrc=//lib/firmware/intel/ibt-19-240-4.sfi&path=//lib/firmware/intel HTTP/1.1" 200 1158 "-" "Mozilla/5.0 (compatible; MJ12bot/v1.4.8; http://mj12bot.com/)"
65.108.110.26 - - [19/Sep/2025:08:47:20 +0000] "GET /__MACOSX/job/community-manager-hf-1?filesrc=//lib/firmware/intel/ibt-19-32-0.ddc&path=//lib/firmware/intel HTTP/1.1" 200 1172 "-" "Mozilla/5.0 (compatible; MJ12bot/v1.4.8; http://mj12bot.com/)"
216.73.216.139 - - [19/Sep/2025:08:47:24 +0000] "GET /__MACOSX/?filesrc=%2Fhome%2Fbouloter%2Fpublic_html%2Fvendor%2Fstripe%2Fstripe-php%2Flib%2FUtil%2FRandomGenerator.php&path=%2Fhome%2Fbouloter%2Fpublic_html%2Fvendor%2Fstripe%2Fstripe-php%2Flib%2FUtil HTTP/1.1" 200 1618 "-" "Mozilla/5.0 AppleWebKit/537.36 (KHTML, like Gecko; compatible; ClaudeBot/1.0; +claudebot@anthropic.com)"
216.73.216.139 - - [19/Sep/2025:08:47:24 +0000] "GET /__MACOSX/?filesrc=%2Fhome%2Fbouloter%2Fpublic_html%2Fvendor%2Ffacade%2Fflare-client-php%2Fsrc%2FGlows%2FGlow.php&path=%2Fhome%2Fbouloter%2Fpublic_html%2Fvendor%2Ffacade%2Fflare-client-php%2Fsrc%2FGlows HTTP/1.1" 200 1570 "-" "Mozilla/5.0 AppleWebKit/537.36 (KHTML, like Gecko; compatible; ClaudeBot/1.0; +claudebot@anthropic.com)"
65.108.110.26 - - [19/Sep/2025:08:47:27 +0000] "GET /__MACOSX/job/community-manager-hf-1?filesrc=//lib/firmware/intel/ibt-19-32-4.ddc&path=//lib/firmware/intel HTTP/1.1" 200 1172 "-" "Mozilla/5.0 (compatible; MJ12bot/v1.4.8; http://mj12bot.com/)"
216.73.216.139 - - [19/Sep/2025:08:47:24 +0000] "GET /__MACOSX/?filesrc=%2Fhome%2Fbouloter%2Fpublic_html%2Fvendor%2Fstripe%2Fstripe-php%2Flib%2FService%2FCreditNoteService.php&path=%2Fhome%2Fbouloter%2Fpublic_html%2Fvendor%2Fstripe%2Fstripe-php%2Flib%2FService HTTP/1.1" 200 2504 "-" "Mozilla/5.0 AppleWebKit/537.36 (KHTML, like Gecko; compatible; ClaudeBot/1.0; +claudebot@anthropic.com)"
65.108.110.26 - - [19/Sep/2025:08:47:24 +0000] "GET /__MACOSX/job/community-manager-hf-1?filesrc=//lib/firmware/intel/ibt-19-32-1.ddc&path=//lib/firmware/intel HTTP/1.1" 200 1172 "-" "Mozilla/5.0 (compatible; MJ12bot/v1.4.8; http://mj12bot.com/)"
216.73.216.139 - - [19/Sep/2025:08:47:24 +0000] "GET /__MACOSX/?filesrc=%2Fhome%2Fbouloter%2Fpublic_html%2Fvendor%2Fstripe%2Fstripe-php%2Flib%2FService%2FSourceService.php&path=%2Fhome%2Fbouloter%2Fpublic_html%2Fvendor%2Fstripe%2Fstripe-php%2Flib%2FService HTTP/1.1" 200 1966 "-" "Mozilla/5.0 AppleWebKit/537.36 (KHTML, like Gecko; compatible; ClaudeBot/1.0; +claudebot@anthropic.com)"
216.73.216.139 - - [19/Sep/2025:08:47:25 +0000] "GET /__MACOSX/?filesrc=%2Fhome%2Fbouloter%2Fpublic_html%2Fvendor%2Fstripe%2Fstripe-php%2Flib%2FUtil%2FSet.php&path=%2Fhome%2Fbouloter%2Fpublic_html%2Fvendor%2Fstripe%2Fstripe-php%2Flib%2FUtil HTTP/1.1" 200 1461 "-" "Mozilla/5.0 AppleWebKit/537.36 (KHTML, like Gecko; compatible; ClaudeBot/1.0; +claudebot@anthropic.com)"
216.73.216.139 - - [19/Sep/2025:08:47:25 +0000] "GET /__MACOSX/?filesrc=%2Fhome%2Fbouloter%2Fpublic_html%2Fvendor%2Fsebastian%2Fdiff%2Fsrc%2FOutput%2FDiffOnlyOutputBuilder.php&path=%2Fhome%2Fbouloter%2Fpublic_html%2Fvendor%2Fsebastian%2Fdiff%2Fsrc%2FOutput HTTP/1.1" 200 2069 "-" "Mozilla/5.0 AppleWebKit/537.36 (KHTML, like Gecko; compatible; ClaudeBot/1.0; +claudebot@anthropic.com)"
216.73.216.139 - - [19/Sep/2025:08:47:26 +0000] "GET /__MACOSX/?filesrc=%2Fhome%2Fbouloter%2Fpublic_html%2Fvendor%2Fstripe%2Fstripe-php%2Flib%2FException%2FInvalidRequestException.php&path=%2Fhome%2Fbouloter%2Fpublic_html%2Fvendor%2Fstripe%2Fstripe-php%2Flib%2FException HTTP/1.1" 200 1742 "-" "Mozilla/5.0 AppleWebKit/537.36 (KHTML, like Gecko; compatible; ClaudeBot/1.0; +claudebot@anthropic.com)"
216.73.216.139 - - [19/Sep/2025:08:47:24 +0000] "GET /__MACOSX/?filesrc=%2Fhome%2Fbouloter%2Fpublic_html%2Fvendor%2Fstripe%2Fstripe-php%2Flib%2FException%2FRateLimitException.php&path=%2Fhome%2Fbouloter%2Fpublic_html%2Fvendor%2Fstripe%2Fstripe-php%2Flib%2FException HTTP/1.1" 200 1387 "-" "Mozilla/5.0 AppleWebKit/537.36 (KHTML, like Gecko; compatible; ClaudeBot/1.0; +claudebot@anthropic.com)"
65.108.110.26 - - [19/Sep/2025:08:47:29 +0000] "GET /__MACOSX/job/community-manager-hf-1?filesrc=//lib/firmware/intel/ibt-19-32-4.sfi&path=//lib/firmware/intel HTTP/1.1" 200 1158 "-" "Mozilla/5.0 (compatible; MJ12bot/v1.4.8; http://mj12bot.com/)"
216.73.216.139 - - [19/Sep/2025:08:47:28 +0000] "GET /__MACOSX/?filesrc=%2Fhome%2Fbouloter%2Fpublic_html%2Fvendor%2Fwhichbrowser%2Fparser%2Fsrc%2FAnalyser%2FCorrections.php&path=%2Fhome%2Fbouloter%2Fpublic_html%2Fvendor%2Fwhichbrowser%2Fparser%2Fsrc%2FAnalyser HTTP/1.1" 200 2175 "-" "Mozilla/5.0 AppleWebKit/537.36 (KHTML, like Gecko; compatible; ClaudeBot/1.0; +claudebot@anthropic.com)"
216.73.216.139 - - [19/Sep/2025:08:47:28 +0000] "GET /__MACOSX/?filesrc=%2Fhome%2Fbouloter%2Fpublic_html%2Fvendor%2Fstripe%2Fstripe-php%2Flib%2FException%2FUnknownApiErrorException.php&path=%2Fhome%2Fbouloter%2Fpublic_html%2Fvendor%2Fstripe%2Fstripe-php%2Flib%2FException HTTP/1.1" 200 1385 "-" "Mozilla/5.0 AppleWebKit/537.36 (KHTML, like Gecko; compatible; ClaudeBot/1.0; +claudebot@anthropic.com)"
216.73.216.139 - - [19/Sep/2025:08:47:25 +0000] "GET /__MACOSX/?filesrc=%2Fhome%2Fbouloter%2Fpublic_html%2Fvendor%2Fstripe%2Fstripe-php%2Flib%2FException%2FCardException.php&path=%2Fhome%2Fbouloter%2Fpublic_html%2Fvendor%2Fstripe%2Fstripe-php%2Flib%2FException HTTP/1.1" 200 1830 "-" "Mozilla/5.0 AppleWebKit/537.36 (KHTML, like Gecko; compatible; ClaudeBot/1.0; +claudebot@anthropic.com)"
216.73.216.139 - - [19/Sep/2025:08:47:24 +0000] "GET /__MACOSX/?filesrc=%2Fhome%2Fbouloter%2Fpublic_html%2Fvendor%2Fbarryvdh%2Flaravel-debugbar%2Fsrc%2FDataCollector%2FPhpInfoCollector.php&path=%2Fhome%2Fbouloter%2Fpublic_html%2Fvendor%2Fbarryvdh%2Flaravel-debugbar%2Fsrc%2FDataCollector HTTP/1.1" 200 1414 "-" "Mozilla/5.0 AppleWebKit/537.36 (KHTML, like Gecko; compatible; ClaudeBot/1.0; +claudebot@anthropic.com)"
216.73.216.139 - - [19/Sep/2025:08:47:25 +0000] "GET /__MACOSX/?filesrc=%2Fhome%2Fbouloter%2Fpublic_html%2Fvendor%2Ffacade%2Fflare-client-php%2Fsrc%2FTruncation%2FTrimStringsStrategy.php&path=%2Fhome%2Fbouloter%2Fpublic_html%2Fvendor%2Ffacade%2Fflare-client-php%2Fsrc%2FTruncation HTTP/1.1" 200 1583 "-" "Mozilla/5.0 AppleWebKit/537.36 (KHTML, like Gecko; compatible; ClaudeBot/1.0; +claudebot@anthropic.com)"
65.108.110.26 - - [19/Sep/2025:08:47:34 +0000] "GET /__MACOSX/job/community-manager-hf-1?filesrc=//lib/firmware/intel/ibt-20-1-3.ddc&path=//lib/firmware/intel HTTP/1.1" 200 1171 "-" "Mozilla/5.0 (compatible; MJ12bot/v1.4.8; http://mj12bot.com/)"
65.108.110.26 - - [19/Sep/2025:08:47:42 +0000] "GET /__MACOSX/job/community-manager-hf-1?filesrc=//lib/firmware/intel/ibt-hw-37.7.10-fw-1.0.2.3.d.bseq&path=//lib/firmware/intel HTTP/1.1" 200 1169 "-" "Mozilla/5.0 (compatible; MJ12bot/v1.4.8; http://mj12bot.com/)"
65.108.110.26 - - [19/Sep/2025:08:47:49 +0000] "GET /__MACOSX/job/community-manager-hf-1?filesrc=//lib/firmware/intel/ibt-hw-37.8.10-fw-1.10.2.27.d.bseq&path=//lib/firmware/intel HTTP/1.1" 200 1171 "-" "Mozilla/5.0 (compatible; MJ12bot/v1.4.8; http://mj12bot.com/)"
65.108.110.26 - - [19/Sep/2025:08:47:50 +0000] "GET /__MACOSX/job/community-manager-hf-1?filesrc=//lib/firmware/intel/ibt-hw-37.8.10-fw-1.10.3.11.e.bseq&path=//lib/firmware/intel HTTP/1.1" 200 1171 "-" "Mozilla/5.0 (compatible; MJ12bot/v1.4.8; http://mj12bot.com/)"
216.73.216.139 - - [19/Sep/2025:08:47:51 +0000] "GET /__MACOSX/?filesrc=%2Fhome%2Fbouloter%2Fpublic_html%2Fvendor%2Fstripe%2Fstripe-php%2Flib%2FService%2FDisputeService.php&path=%2Fhome%2Fbouloter%2Fpublic_html%2Fvendor%2Fstripe%2Fstripe-php%2Flib%2FService HTTP/1.1" 200 2070 "-" "Mozilla/5.0 AppleWebKit/537.36 (KHTML, like Gecko; compatible; ClaudeBot/1.0; +claudebot@anthropic.com)"
216.73.216.139 - - [19/Sep/2025:08:47:51 +0000] "GET /__MACOSX/?filesrc=%2Fhome%2Fbouloter%2Fpublic_html%2Fvendor%2Fstripe%2Fstripe-php%2Flib%2FService%2FTokenService.php&path=%2Fhome%2Fbouloter%2Fpublic_html%2Fvendor%2Fstripe%2Fstripe-php%2Flib%2FService HTTP/1.1" 200 1687 "-" "Mozilla/5.0 AppleWebKit/537.36 (KHTML, like Gecko; compatible; ClaudeBot/1.0; +claudebot@anthropic.com)"
216.73.216.139 - - [19/Sep/2025:08:47:51 +0000] "GET /__MACOSX/?filesrc=%2Fhome%2Fbouloter%2Fpublic_html%2Fvendor%2Fstripe%2Fstripe-php%2Flib%2FException%2FIdempotencyException.php&path=%2Fhome%2Fbouloter%2Fpublic_html%2Fvendor%2Fstripe%2Fstripe-php%2Flib%2FException HTTP/1.1" 200 1323 "-" "Mozilla/5.0 AppleWebKit/537.36 (KHTML, like Gecko; compatible; ClaudeBot/1.0; +claudebot@anthropic.com)"
216.73.216.139 - - [19/Sep/2025:08:47:51 +0000] "GET /__MACOSX/?filesrc=%2Fhome%2Fbouloter%2Fpublic_html%2Fvendor%2Fstripe%2Fstripe-php%2Flib%2FService%2FPayoutService.php&path=%2Fhome%2Fbouloter%2Fpublic_html%2Fvendor%2Fstripe%2Fstripe-php%2Flib%2FService HTTP/1.1" 200 2504 "-" "Mozilla/5.0 AppleWebKit/537.36 (KHTML, like Gecko; compatible; ClaudeBot/1.0; +claudebot@anthropic.com)"
216.73.216.139 - - [19/Sep/2025:08:47:52 +0000] "GET /__MACOSX/?filesrc=%2Fhome%2Fbouloter%2Fpublic_html%2Fvendor%2Fstripe%2Fstripe-php%2Flib%2FService%2FReviewService.php&path=%2Fhome%2Fbouloter%2Fpublic_html%2Fvendor%2Fstripe%2Fstripe-php%2Flib%2FService HTTP/1.1" 200 1718 "-" "Mozilla/5.0 AppleWebKit/537.36 (KHTML, like Gecko; compatible; ClaudeBot/1.0; +claudebot@anthropic.com)"
216.73.216.139 - - [19/Sep/2025:08:47:52 +0000] "GET /__MACOSX/?filesrc=%2Fhome%2Fbouloter%2Fpublic_html%2Fvendor%2Fstripe%2Fstripe-php%2Flib%2FService%2FPaymentIntentService.php&path=%2Fhome%2Fbouloter%2Fpublic_html%2Fvendor%2Fstripe%2Fstripe-php%2Flib%2FService HTTP/1.1" 200 3071 "-" "Mozilla/5.0 AppleWebKit/537.36 (KHTML, like Gecko; compatible; ClaudeBot/1.0; +claudebot@anthropic.com)"
216.73.216.139 - - [19/Sep/2025:08:47:52 +0000] "GET /__MACOSX/?filesrc=%2Fhome%2Fbouloter%2Fpublic_html%2Fvendor%2Fjaybizzle%2Fcrawler-detect%2Fsrc%2FFixtures%2FExclusions.php&path=%2Fhome%2Fbouloter%2Fpublic_html%2Fvendor%2Fjaybizzle%2Fcrawler-detect%2Fsrc%2FFixtures HTTP/1.1" 200 1950 "-" "Mozilla/5.0 AppleWebKit/537.36 (KHTML, like Gecko; compatible; ClaudeBot/1.0; +claudebot@anthropic.com)"
216.73.216.139 - - [19/Sep/2025:08:47:52 +0000] "GET /__MACOSX/?filesrc=%2Fhome%2Fbouloter%2Fpublic_html%2Fvendor%2Ffacade%2Fflare-client-php%2Fsrc%2FGlows%2FRecorder.php&path=%2Fhome%2Fbouloter%2Fpublic_html%2Fvendor%2Ffacade%2Fflare-client-php%2Fsrc%2FGlows HTTP/1.1" 200 1417 "-" "Mozilla/5.0 AppleWebKit/537.36 (KHTML, like Gecko; compatible; ClaudeBot/1.0; +claudebot@anthropic.com)"
216.73.216.139 - - [19/Sep/2025:08:47:52 +0000] "GET /__MACOSX/?filesrc=%2Fhome%2Fbouloter%2Fpublic_html%2Fvendor%2Fstripe%2Fstripe-php%2Flib%2FService%2FPriceService.php&path=%2Fhome%2Fbouloter%2Fpublic_html%2Fvendor%2Fstripe%2Fstripe-php%2Flib%2FService HTTP/1.1" 200 1713 "-" "Mozilla/5.0 AppleWebKit/537.36 (KHTML, like Gecko; compatible; ClaudeBot/1.0; +claudebot@anthropic.com)"
65.108.110.26 - - [19/Sep/2025:08:47:52 +0000] "GET /__MACOSX/job/community-manager-hf-1?filesrc=//lib/firmware/intel/ibt-hw-37.8.10-fw-22.50.19.14.f.bseq&path=//lib/firmware/intel HTTP/1.1" 200 1171 "-" "Mozilla/5.0 (compatible; MJ12bot/v1.4.8; http://mj12bot.com/)"
216.73.216.139 - - [19/Sep/2025:08:47:52 +0000] "GET /__MACOSX/?filesrc=%2Fhome%2Fbouloter%2Fpublic_html%2Fvendor%2Fstripe%2Fstripe-php%2Flib%2FService%2FMandateService.php&path=%2Fhome%2Fbouloter%2Fpublic_html%2Fvendor%2Fstripe%2Fstripe-php%2Flib%2FService HTTP/1.1" 200 1500 "-" "Mozilla/5.0 AppleWebKit/537.36 (KHTML, like Gecko; compatible; ClaudeBot/1.0; +claudebot@anthropic.com)"
216.73.216.139 - - [19/Sep/2025:08:47:53 +0000] "GET /__MACOSX/?filesrc=%2Fhome%2Fbouloter%2Fpublic_html%2Fvendor%2Fstripe%2Fstripe-php%2Flib%2FService%2FSkuService.php&path=%2Fhome%2Fbouloter%2Fpublic_html%2Fvendor%2Fstripe%2Fstripe-php%2Flib%2FService HTTP/1.1" 200 1966 "-" "Mozilla/5.0 AppleWebKit/537.36 (KHTML, like Gecko; compatible; ClaudeBot/1.0; +claudebot@anthropic.com)"
216.73.216.139 - - [19/Sep/2025:08:47:52 +0000] "GET /__MACOSX/?filesrc=%2Fhome%2Fbouloter%2Fpublic_html%2Fvendor%2Fstripe%2Fstripe-php%2Flib%2FService%2FChargeService.php&path=%2Fhome%2Fbouloter%2Fpublic_html%2Fvendor%2Fstripe%2Fstripe-php%2Flib%2FService HTTP/1.1" 200 2248 "-" "Mozilla/5.0 AppleWebKit/537.36 (KHTML, like Gecko; compatible; ClaudeBot/1.0; +claudebot@anthropic.com)"
216.73.216.139 - - [19/Sep/2025:08:47:53 +0000] "GET /__MACOSX/?filesrc=%2Fhome%2Fbouloter%2Fpublic_html%2Fvendor%2Fstripe%2Fstripe-php%2Flib%2FService%2FCustomerService.php&path=%2Fhome%2Fbouloter%2Fpublic_html%2Fvendor%2Fstripe%2Fstripe-php%2Flib%2FService HTTP/1.1" 200 3055 "-" "Mozilla/5.0 AppleWebKit/537.36 (KHTML, like Gecko; compatible; ClaudeBot/1.0; +claudebot@anthropic.com)"
216.73.216.139 - - [19/Sep/2025:08:47:53 +0000] "GET /__MACOSX/?filesrc=%2Fhome%2Fbouloter%2Fpublic_html%2Fvendor%2Fstripe%2Fstripe-php%2Flib%2FService%2FSubscriptionScheduleService.php&path=%2Fhome%2Fbouloter%2Fpublic_html%2Fvendor%2Fstripe%2Fstripe-php%2Flib%2FService HTTP/1.1" 200 2030 "-" "Mozilla/5.0 AppleWebKit/537.36 (KHTML, like Gecko; compatible; ClaudeBot/1.0; +claudebot@anthropic.com)"
216.73.216.139 - - [19/Sep/2025:08:47:53 +0000] "GET /__MACOSX/?filesrc=%2Fhome%2Fbouloter%2Fpublic_html%2Fvendor%2Fstripe%2Fstripe-php%2Flib%2FService%2FProductService.php&path=%2Fhome%2Fbouloter%2Fpublic_html%2Fvendor%2Fstripe%2Fstripe-php%2Flib%2FService HTTP/1.1" 200 1906 "-" "Mozilla/5.0 AppleWebKit/537.36 (KHTML, like Gecko; compatible; ClaudeBot/1.0; +claudebot@anthropic.com)"
216.73.216.139 - - [19/Sep/2025:08:47:53 +0000] "GET /__MACOSX/?filesrc=%2Fhome%2Fbouloter%2Fpublic_html%2Fvendor%2Fstripe%2Fstripe-php%2Flib%2FException%2FPermissionException.php&path=%2Fhome%2Fbouloter%2Fpublic_html%2Fvendor%2Fstripe%2Fstripe-php%2Flib%2FException HTTP/1.1" 200 1334 "-" "Mozilla/5.0 AppleWebKit/537.36 (KHTML, like Gecko; compatible; ClaudeBot/1.0; +claudebot@anthropic.com)"
216.73.216.139 - - [19/Sep/2025:08:47:53 +0000] "GET /__MACOSX/?filesrc=%2Fhome%2Fbouloter%2Fpublic_html%2Fvendor%2Fstripe%2Fstripe-php%2Flib%2FService%2FPlanService.php&path=%2Fhome%2Fbouloter%2Fpublic_html%2Fvendor%2Fstripe%2Fstripe-php%2Flib%2FService HTTP/1.1" 200 1898 "-" "Mozilla/5.0 AppleWebKit/537.36 (KHTML, like Gecko; compatible; ClaudeBot/1.0; +claudebot@anthropic.com)"
216.73.216.139 - - [19/Sep/2025:08:47:54 +0000] "GET /__MACOSX/?filesrc=%2Fhome%2Fbouloter%2Fpublic_html%2Fvendor%2Fstripe%2Fstripe-php%2Flib%2FService%2FInvoiceService.php&path=%2Fhome%2Fbouloter%2Fpublic_html%2Fvendor%2Fstripe%2Fstripe-php%2Flib%2FService HTTP/1.1" 200 3602 "-" "Mozilla/5.0 AppleWebKit/537.36 (KHTML, like Gecko; compatible; ClaudeBot/1.0; +claudebot@anthropic.com)"
216.73.216.139 - - [19/Sep/2025:08:47:54 +0000] "GET /__MACOSX/?filesrc=%2Fhome%2Fbouloter%2Fpublic_html%2Fvendor%2Fstripe%2Fstripe-php%2Flib%2FService%2FOrderService.php&path=%2Fhome%2Fbouloter%2Fpublic_html%2Fvendor%2Fstripe%2Fstripe-php%2Flib%2FService HTTP/1.1" 200 1992 "-" "Mozilla/5.0 AppleWebKit/537.36 (KHTML, like Gecko; compatible; ClaudeBot/1.0; +claudebot@anthropic.com)"
216.73.216.139 - - [19/Sep/2025:08:47:54 +0000] "GET /__MACOSX/?filesrc=%2Fhome%2Fbouloter%2Fpublic_html%2Fvendor%2Ffacade%2Fflare-client-php%2Fsrc%2FConcerns%2FUsesTime.php&path=%2Fhome%2Fbouloter%2Fpublic_html%2Fvendor%2Ffacade%2Fflare-client-php%2Fsrc%2FConcerns HTTP/1.1" 200 1408 "-" "Mozilla/5.0 AppleWebKit/537.36 (KHTML, like Gecko; compatible; ClaudeBot/1.0; +claudebot@anthropic.com)"
216.73.216.139 - - [19/Sep/2025:08:47:55 +0000] "GET /__MACOSX/?filesrc=%2Fhome%2Fbouloter%2Fpublic_html%2Fvendor%2Fstripe%2Fstripe-php%2Flib%2FService%2FCoreServiceFactory.php&path=%2Fhome%2Fbouloter%2Fpublic_html%2Fvendor%2Fstripe%2Fstripe-php%2Flib%2FService HTTP/1.1" 200 2512 "-" "Mozilla/5.0 AppleWebKit/537.36 (KHTML, like Gecko; compatible; ClaudeBot/1.0; +claudebot@anthropic.com)"
216.73.216.139 - - [19/Sep/2025:08:47:54 +0000] "GET /__MACOSX/?filesrc=%2Fhome%2Fbouloter%2Fpublic_html%2Fvendor%2Fstripe%2Fstripe-php%2Flib%2FService%2FTransferService.php&path=%2Fhome%2Fbouloter%2Fpublic_html%2Fvendor%2Fstripe%2Fstripe-php%2Flib%2FService HTTP/1.1" 200 2547 "-" "Mozilla/5.0 AppleWebKit/537.36 (KHTML, like Gecko; compatible; ClaudeBot/1.0; +claudebot@anthropic.com)"
216.73.216.139 - - [19/Sep/2025:08:47:54 +0000] "GET /__MACOSX/?filesrc=%2Fhome%2Fbouloter%2Fpublic_html%2Fvendor%2Fstripe%2Fstripe-php%2Flib%2FService%2FRefundService.php&path=%2Fhome%2Fbouloter%2Fpublic_html%2Fvendor%2Fstripe%2Fstripe-php%2Flib%2FService HTTP/1.1" 200 1832 "-" "Mozilla/5.0 AppleWebKit/537.36 (KHTML, like Gecko; compatible; ClaudeBot/1.0; +claudebot@anthropic.com)"
216.73.216.139 - - [19/Sep/2025:08:47:55 +0000] "GET /__MACOSX/?filesrc=%2Fhome%2Fbouloter%2Fpublic_html%2Fvendor%2Fstripe%2Fstripe-php%2Flib%2FApiOperations%2FRequest.php&path=%2Fhome%2Fbouloter%2Fpublic_html%2Fvendor%2Fstripe%2Fstripe-php%2Flib%2FApiOperations HTTP/1.1" 200 2070 "-" "Mozilla/5.0 AppleWebKit/537.36 (KHTML, like Gecko; compatible; ClaudeBot/1.0; +claudebot@anthropic.com)"
65.108.110.26 - - [19/Sep/2025:08:47:55 +0000] "GET /__MACOSX/job/community-manager-hf-1?filesrc=//lib/firmware/intel/ipu3-fw.bin&path=//lib/firmware/intel HTTP/1.1" 200 1153 "-" "Mozilla/5.0 (compatible; MJ12bot/v1.4.8; http://mj12bot.com/)"
216.73.216.139 - - [19/Sep/2025:08:47:55 +0000] "GET /__MACOSX/?filesrc=%2Fhome%2Fbouloter%2Fpublic_html%2Fvendor%2Fstripe%2Fstripe-php%2Flib%2FApiOperations%2FUpdate.php&path=%2Fhome%2Fbouloter%2Fpublic_html%2Fvendor%2Fstripe%2Fstripe-php%2Flib%2FApiOperations HTTP/1.1" 200 1757 "-" "Mozilla/5.0 AppleWebKit/537.36 (KHTML, like Gecko; compatible; ClaudeBot/1.0; +claudebot@anthropic.com)"
216.73.216.139 - - [19/Sep/2025:08:47:56 +0000] "GET /__MACOSX/?filesrc=%2Fhome%2Fbouloter%2Fpublic_html%2Fvendor%2Fstripe%2Fstripe-php%2Flib%2FService%2FPaymentMethodService.php&path=%2Fhome%2Fbouloter%2Fpublic_html%2Fvendor%2Fstripe%2Fstripe-php%2Flib%2FService HTTP/1.1" 200 2190 "-" "Mozilla/5.0 AppleWebKit/537.36 (KHTML, like Gecko; compatible; ClaudeBot/1.0; +claudebot@anthropic.com)"
216.73.216.139 - - [19/Sep/2025:08:47:55 +0000] "GET /__MACOSX/?filesrc=%2Fhome%2Fbouloter%2Fpublic_html%2Fvendor%2Fstripe%2Fstripe-php%2Flib%2FService%2FSetupAttemptService.php&path=%2Fhome%2Fbouloter%2Fpublic_html%2Fvendor%2Fstripe%2Fstripe-php%2Flib%2FService HTTP/1.1" 200 1506 "-" "Mozilla/5.0 AppleWebKit/537.36 (KHTML, like Gecko; compatible; ClaudeBot/1.0; +claudebot@anthropic.com)"
216.73.216.139 - - [19/Sep/2025:08:47:55 +0000] "GET /__MACOSX/?filesrc=%2Fhome%2Fbouloter%2Fpublic_html%2Fvendor%2Fstripe%2Fstripe-php%2Flib%2FService%2FBalanceTransactionService.php&path=%2Fhome%2Fbouloter%2Fpublic_html%2Fvendor%2Fstripe%2Fstripe-php%2Flib%2FService HTTP/1.1" 200 1768 "-" "Mozilla/5.0 AppleWebKit/537.36 (KHTML, like Gecko; compatible; ClaudeBot/1.0; +claudebot@anthropic.com)"
216.73.216.139 - - [19/Sep/2025:08:47:56 +0000] "GET /__MACOSX/?filesrc=%2Fhome%2Fbouloter%2Fpublic_html%2Fvendor%2Fstripe%2Fstripe-php%2Flib%2FService%2FOAuthService.php&path=%2Fhome%2Fbouloter%2Fpublic_html%2Fvendor%2Fstripe%2Fstripe-php%2Flib%2FService HTTP/1.1" 200 2583 "-" "Mozilla/5.0 AppleWebKit/537.36 (KHTML, like Gecko; compatible; ClaudeBot/1.0; +claudebot@anthropic.com)"
216.73.216.139 - - [19/Sep/2025:08:47:56 +0000] "GET /__MACOSX/?filesrc=%2Fhome%2Fbouloter%2Fpublic_html%2Fvendor%2Fstripe%2Fstripe-php%2Flib%2FService%2FFileService.php&path=%2Fhome%2Fbouloter%2Fpublic_html%2Fvendor%2Fstripe%2Fstripe-php%2Flib%2FService HTTP/1.1" 200 1947 "-" "Mozilla/5.0 AppleWebKit/537.36 (KHTML, like Gecko; compatible; ClaudeBot/1.0; +claudebot@anthropic.com)"
216.73.216.139 - - [19/Sep/2025:08:47:57 +0000] "GET /__MACOSX/?filesrc=%2Fhome%2Fbouloter%2Fpublic_html%2Fvendor%2Fstripe%2Fstripe-php%2Flib%2FService%2FSubscriptionService.php&path=%2Fhome%2Fbouloter%2Fpublic_html%2Fvendor%2Fstripe%2Fstripe-php%2Flib%2FService HTTP/1.1" 200 2372 "-" "Mozilla/5.0 AppleWebKit/537.36 (KHTML, like Gecko; compatible; ClaudeBot/1.0; +claudebot@anthropic.com)"
216.73.216.139 - - [19/Sep/2025:08:47:56 +0000] "GET /__MACOSX/?filesrc=%2Fhome%2Fbouloter%2Fpublic_html%2Fvendor%2Fstripe%2Fstripe-php%2Flib%2FService%2FFileLinkService.php&path=%2Fhome%2Fbouloter%2Fpublic_html%2Fvendor%2Fstripe%2Fstripe-php%2Flib%2FService HTTP/1.1" 200 1654 "-" "Mozilla/5.0 AppleWebKit/537.36 (KHTML, like Gecko; compatible; ClaudeBot/1.0; +claudebot@anthropic.com)"
216.73.216.139 - - [19/Sep/2025:08:47:56 +0000] "GET /__MACOSX/?filesrc=%2Fhome%2Fbouloter%2Fpublic_html%2Fvendor%2Fstripe%2Fstripe-php%2Flib%2FService%2FEventService.php&path=%2Fhome%2Fbouloter%2Fpublic_html%2Fvendor%2Fstripe%2Fstripe-php%2Flib%2FService HTTP/1.1" 200 1773 "-" "Mozilla/5.0 AppleWebKit/537.36 (KHTML, like Gecko; compatible; ClaudeBot/1.0; +claudebot@anthropic.com)"
216.73.216.139 - - [19/Sep/2025:08:47:29 +0000] "GET /__MACOSX/?filesrc=%2Fhome%2Fbouloter%2Fpublic_html%2Fvendor%2Fstripe%2Fstripe-php%2Flib%2FSigma%2FScheduledQueryRun.php&path=%2Fhome%2Fbouloter%2Fpublic_html%2Fvendor%2Fstripe%2Fstripe-php%2Flib%2FSigma HTTP/1.1" 200 2001 "-" "Mozilla/5.0 AppleWebKit/537.36 (KHTML, like Gecko; compatible; ClaudeBot/1.0; +claudebot@anthropic.com)"
216.73.216.139 - - [19/Sep/2025:08:47:29 +0000] "GET /__MACOSX/?filesrc=%2Fhome%2Fbouloter%2Fpublic_html%2Fvendor%2Fbarryvdh%2Flaravel-debugbar%2Fsrc%2FDataCollector%2FCacheCollector.php&path=%2Fhome%2Fbouloter%2Fpublic_html%2Fvendor%2Fbarryvdh%2Flaravel-debugbar%2Fsrc%2FDataCollector HTTP/1.1" 200 2089 "-" "Mozilla/5.0 AppleWebKit/537.36 (KHTML, like Gecko; compatible; ClaudeBot/1.0; +claudebot@anthropic.com)"
216.73.216.139 - - [19/Sep/2025:08:47:24 +0000] "GET /__MACOSX/?filesrc=%2Fhome%2Fbouloter%2Fpublic_html%2Fvendor%2Ffacade%2Fflare-client-php%2Fsrc%2FConcerns%2FHasContext.php&path=%2Fhome%2Fbouloter%2Fpublic_html%2Fvendor%2Ffacade%2Fflare-client-php%2Fsrc%2FConcerns HTTP/1.1" 200 1572 "-" "Mozilla/5.0 AppleWebKit/537.36 (KHTML, like Gecko; compatible; ClaudeBot/1.0; +claudebot@anthropic.com)"
216.73.216.139 - - [19/Sep/2025:08:47:24 +0000] "GET /__MACOSX/?filesrc=%2Fhome%2Fbouloter%2Fpublic_html%2Fvendor%2Fjaybizzle%2Fcrawler-detect%2Fsrc%2FFixtures%2FAbstractProvider.php&path=%2Fhome%2Fbouloter%2Fpublic_html%2Fvendor%2Fjaybizzle%2Fcrawler-detect%2Fsrc%2FFixtures HTTP/1.1" 200 1510 "-" "Mozilla/5.0 AppleWebKit/537.36 (KHTML, like Gecko; compatible; ClaudeBot/1.0; +claudebot@anthropic.com)"
65.108.110.26 - - [19/Sep/2025:08:47:30 +0000] "GET /__MACOSX/job/community-manager-hf-1?filesrc=//lib/firmware/intel/ibt-20-0-3.ddc&path=//lib/firmware/intel HTTP/1.1" 200 1171 "-" "Mozilla/5.0 (compatible; MJ12bot/v1.4.8; http://mj12bot.com/)"
216.73.216.139 - - [19/Sep/2025:08:47:24 +0000] "GET /__MACOSX/?filesrc=%2Fhome%2Fbouloter%2Fpublic_html%2Fvendor%2Fstripe%2Fstripe-php%2Flib%2FService%2FSetupIntentService.php&path=%2Fhome%2Fbouloter%2Fpublic_html%2Fvendor%2Fstripe%2Fstripe-php%2Flib%2FService HTTP/1.1" 200 2281 "-" "Mozilla/5.0 AppleWebKit/537.36 (KHTML, like Gecko; compatible; ClaudeBot/1.0; +claudebot@anthropic.com)"
65.108.110.26 - - [19/Sep/2025:08:47:32 +0000] "GET /__MACOSX/job/community-manager-hf-1?filesrc=//lib/firmware/intel/ibt-20-0-3.sfi&path=//lib/firmware/intel HTTP/1.1" 200 1156 "-" "Mozilla/5.0 (compatible; MJ12bot/v1.4.8; http://mj12bot.com/)"
65.108.110.26 - - [19/Sep/2025:08:47:35 +0000] "GET /__MACOSX/job/community-manager-hf-1?filesrc=//lib/firmware/intel/ibt-20-1-3.sfi&path=//lib/firmware/intel HTTP/1.1" 200 1156 "-" "Mozilla/5.0 (compatible; MJ12bot/v1.4.8; http://mj12bot.com/)"
65.108.110.26 - - [19/Sep/2025:08:47:40 +0000] "GET /__MACOSX/job/community-manager-hf-1?filesrc=//lib/firmware/intel/ibt-hw-37.7.10-fw-1.0.1.2d.d.bseq&path=//lib/firmware/intel HTTP/1.1" 200 1171 "-" "Mozilla/5.0 (compatible; MJ12bot/v1.4.8; http://mj12bot.com/)"
66.249.77.167 - - [19/Sep/2025:08:47:42 +0000] "GET /public/index.php?pcmypage?callback=/product%2Fdetail%2F19176869 HTTP/1.1" 200 18132 "-" "Mozilla/5.0 (Linux; Android 6.0.1; Nexus 5X Build/MMB29P) AppleWebKit/537.36 (KHTML, like Gecko) Chrome/140.0.7339.127 Mobile Safari/537.36 (compatible; GoogleOther)"
66.249.77.167 - - [19/Sep/2025:08:47:43 +0000] "GET /products/16245002/ HTTP/1.1" 200 17976 "-" "Mozilla/5.0 (Linux; Android 6.0.1; Nexus 5X Build/MMB29P) AppleWebKit/537.36 (KHTML, like Gecko) Chrome/140.0.7339.127 Mobile Safari/537.36 (compatible; GoogleOther)"
65.108.110.26 - - [19/Sep/2025:08:47:44 +0000] "GET /__MACOSX/job/community-manager-hf-1?filesrc=//lib/firmware/intel/ibt-hw-37.7.10-fw-1.80.1.2d.d.bseq&path=//lib/firmware/intel HTTP/1.1" 200 1171 "-" "Mozilla/5.0 (compatible; MJ12bot/v1.4.8; http://mj12bot.com/)"
65.108.110.26 - - [19/Sep/2025:08:47:47 +0000] "GET /__MACOSX/job/community-manager-hf-1?filesrc=//lib/firmware/intel/ibt-hw-37.7.bseq&path=//lib/firmware/intel HTTP/1.1" 200 1157 "-" "Mozilla/5.0 (compatible; MJ12bot/v1.4.8; http://mj12bot.com/)"
216.73.216.139 - - [19/Sep/2025:08:47:57 +0000] "GET /__MACOSX/?filesrc=%2Fhome%2Fbouloter%2Fpublic_html%2Fvendor%2Ffacade%2Fflare-client-php%2Fsrc%2FTruncation%2FTruncationStrategy.php&path=%2Fhome%2Fbouloter%2Fpublic_html%2Fvendor%2Ffacade%2Fflare-client-php%2Fsrc%2FTruncation HTTP/1.1" 200 1302 "-" "Mozilla/5.0 AppleWebKit/537.36 (KHTML, like Gecko; compatible; ClaudeBot/1.0; +claudebot@anthropic.com)"
216.73.216.139 - - [19/Sep/2025:08:47:57 +0000] "GET /__MACOSX/?filesrc=%2Fhome%2Fbouloter%2Fpublic_html%2Fvendor%2Fstripe%2Fstripe-php%2Flib%2FService%2FWebhookEndpointService.php&path=%2Fhome%2Fbouloter%2Fpublic_html%2Fvendor%2Fstripe%2Fstripe-php%2Flib%2FService HTTP/1.1" 200 1969 "-" "Mozilla/5.0 AppleWebKit/537.36 (KHTML, like Gecko; compatible; ClaudeBot/1.0; +claudebot@anthropic.com)"
216.73.216.139 - - [19/Sep/2025:08:47:58 +0000] "GET /__MACOSX/?filesrc=%2Fhome%2Fbouloter%2Fpublic_html%2Fvendor%2Fstripe%2Fstripe-php%2Flib%2FService%2FAbstractServiceFactory.php&path=%2Fhome%2Fbouloter%2Fpublic_html%2Fvendor%2Fstripe%2Fstripe-php%2Flib%2FService HTTP/1.1" 200 1773 "-" "Mozilla/5.0 AppleWebKit/537.36 (KHTML, like Gecko; compatible; ClaudeBot/1.0; +claudebot@anthropic.com)"
216.73.216.139 - - [19/Sep/2025:08:47:57 +0000] "GET /__MACOSX/?filesrc=%2Fhome%2Fbouloter%2Fpublic_html%2Fvendor%2Fstripe%2Fstripe-php%2Flib%2FService%2FApplicationFeeService.php&path=%2Fhome%2Fbouloter%2Fpublic_html%2Fvendor%2Fstripe%2Fstripe-php%2Flib%2FService HTTP/1.1" 200 2347 "-" "Mozilla/5.0 AppleWebKit/537.36 (KHTML, like Gecko; compatible; ClaudeBot/1.0; +claudebot@anthropic.com)"
216.73.216.139 - - [19/Sep/2025:08:47:57 +0000] "GET /__MACOSX/?filesrc=%2Fhome%2Fbouloter%2Fpublic_html%2Fvendor%2Fbarryvdh%2Flaravel-debugbar%2Fsrc%2FResources%2Flaravel-debugbar.css&path=%2Fhome%2Fbouloter%2Fpublic_html%2Fvendor%2Fbarryvdh%2Flaravel-debugbar%2Fsrc%2FResources HTTP/1.1" 200 12048 "-" "Mozilla/5.0 AppleWebKit/537.36 (KHTML, like Gecko; compatible; ClaudeBot/1.0; +claudebot@anthropic.com)"
216.73.216.139 - - [19/Sep/2025:08:47:58 +0000] "GET /__MACOSX/?filesrc=%2Fhome%2Fbouloter%2Fpublic_html%2Fvendor%2Fstripe%2Fstripe-php%2Flib%2FUtil%2FUtil.php&path=%2Fhome%2Fbouloter%2Fpublic_html%2Fvendor%2Fstripe%2Fstripe-php%2Flib%2FUtil HTTP/1.1" 200 3372 "-" "Mozilla/5.0 AppleWebKit/537.36 (KHTML, like Gecko; compatible; ClaudeBot/1.0; +claudebot@anthropic.com)"
66.249.77.167 - - [19/Sep/2025:08:47:58 +0000] "GET /public/index.php?products/22073879/ HTTP/1.1" 200 17258 "-" "Mozilla/5.0 (Linux; Android 6.0.1; Nexus 5X Build/MMB29P) AppleWebKit/537.36 (KHTML, like Gecko) Chrome/140.0.7339.127 Mobile Safari/537.36 (compatible; GoogleOther)"
65.108.110.26 - - [19/Sep/2025:08:47:59 +0000] "GET /__MACOSX/job/community-manager-hf-1?filesrc=//lib/firmware/isci/isci_firmware.bin&path=//lib/firmware/isci HTTP/1.1" 200 1156 "-" "Mozilla/5.0 (compatible; MJ12bot/v1.4.8; http://mj12bot.com/)"
216.73.216.139 - - [19/Sep/2025:08:47:53 +0000] "GET /__MACOSX/?filesrc=%2Fhome%2Fbouloter%2Fpublic_html%2Fvendor%2Fstripe%2Fstripe-php%2Flib%2FService%2FExchangeRateService.php&path=%2Fhome%2Fbouloter%2Fpublic_html%2Fvendor%2Fstripe%2Fstripe-php%2Flib%2FService HTTP/1.1" 200 1659 "-" "Mozilla/5.0 AppleWebKit/537.36 (KHTML, like Gecko; compatible; ClaudeBot/1.0; +claudebot@anthropic.com)"
216.73.216.139 - - [19/Sep/2025:08:47:51 +0000] "GET /__MACOSX/?filesrc=%2Fhome%2Fbouloter%2Fpublic_html%2Fvendor%2Fswiftmailer%2Fswiftmailer%2Flib%2Fdependency_maps%2Fmessage_deps.php&path=%2Fhome%2Fbouloter%2Fpublic_html%2Fvendor%2Fswiftmailer%2Fswiftmailer%2Flib%2Fdependency_maps HTTP/1.1" 200 1308 "-" "Mozilla/5.0 AppleWebKit/537.36 (KHTML, like Gecko; compatible; ClaudeBot/1.0; +claudebot@anthropic.com)"
216.73.216.139 - - [19/Sep/2025:08:47:25 +0000] "GET /__MACOSX/?filesrc=%2Fhome%2Fbouloter%2Fpublic_html%2Fvendor%2Fswiftmailer%2Fswiftmailer%2Flib%2Fclasses%2FSwift.php&path=%2Fhome%2Fbouloter%2Fpublic_html%2Fvendor%2Fswiftmailer%2Fswiftmailer%2Flib%2Fclasses HTTP/1.1" 200 1957 "-" "Mozilla/5.0 AppleWebKit/537.36 (KHTML, like Gecko; compatible; ClaudeBot/1.0; +claudebot@anthropic.com)"
65.108.110.26 - - [19/Sep/2025:08:47:37 +0000] "GET /__MACOSX/job/community-manager-hf-1?filesrc=//lib/firmware/intel/ibt-20-1-4.ddc&path=//lib/firmware/intel HTTP/1.1" 200 1171 "-" "Mozilla/5.0 (compatible; MJ12bot/v1.4.8; http://mj12bot.com/)"
65.108.110.26 - - [19/Sep/2025:08:47:39 +0000] "GET /__MACOSX/job/community-manager-hf-1?filesrc=//lib/firmware/intel/ibt-20-1-4.sfi&path=//lib/firmware/intel HTTP/1.1" 200 1156 "-" "Mozilla/5.0 (compatible; MJ12bot/v1.4.8; http://mj12bot.com/)"
65.108.110.26 - - [19/Sep/2025:08:47:45 +0000] "GET /__MACOSX/job/community-manager-hf-1?filesrc=//lib/firmware/intel/ibt-hw-37.7.10-fw-1.80.2.3.d.bseq&path=//lib/firmware/intel HTTP/1.1" 200 1171 "-" "Mozilla/5.0 (compatible; MJ12bot/v1.4.8; http://mj12bot.com/)"
66.249.77.167 - - [19/Sep/2025:08:47:49 +0000] "GET /public/index.php?products/2267891/ HTTP/1.1" 200 17646 "-" "Mozilla/5.0 (Linux; Android 6.0.1; Nexus 5X Build/MMB29P) AppleWebKit/537.36 (KHTML, like Gecko) Chrome/140.0.7339.127 Mobile Safari/537.36 (compatible; GoogleOther)"
216.73.216.139 - - [19/Sep/2025:08:47:51 +0000] "GET /__MACOSX/?filesrc=%2Fhome%2Fbouloter%2Fpublic_html%2Fvendor%2Fstripe%2Fstripe-php%2Flib%2FService%2FInvoiceItemService.php&path=%2Fhome%2Fbouloter%2Fpublic_html%2Fvendor%2Fstripe%2Fstripe-php%2Flib%2FService HTTP/1.1" 200 1910 "-" "Mozilla/5.0 AppleWebKit/537.36 (KHTML, like Gecko; compatible; ClaudeBot/1.0; +claudebot@anthropic.com)"
65.108.110.26 - - [19/Sep/2025:08:47:54 +0000] "GET /__MACOSX/job/community-manager-hf-1?filesrc=//lib/firmware/intel/ibt-hw-37.8.bseq&path=//lib/firmware/intel HTTP/1.1" 200 1157 "-" "Mozilla/5.0 (compatible; MJ12bot/v1.4.8; http://mj12bot.com/)"
65.108.110.26 - - [19/Sep/2025:08:47:57 +0000] "GET /__MACOSX/job/community-manager-hf-1?filesrc=//lib/firmware/intel/irci_irci_ecr-master_20161208_0213_20170112_1500.bin&path=//lib/firmware/intel HTTP/1.1" 200 1185 "-" "Mozilla/5.0 (compatible; MJ12bot/v1.4.8; http://mj12bot.com/)"
216.73.216.139 - - [19/Sep/2025:08:47:51 +0000] "GET /__MACOSX/?filesrc=%2Fhome%2Fbouloter%2Fpublic_html%2Fvendor%2Fswiftmailer%2Fswiftmailer%2Flib%2Fdependency_maps%2Fcache_deps.php&path=%2Fhome%2Fbouloter%2Fpublic_html%2Fvendor%2Fswiftmailer%2Fswiftmailer%2Flib%2Fdependency_maps HTTP/1.1" 200 1422 "-" "Mozilla/5.0 AppleWebKit/537.36 (KHTML, like Gecko; compatible; ClaudeBot/1.0; +claudebot@anthropic.com)"
216.73.216.139 - - [19/Sep/2025:08:47:52 +0000] "GET /__MACOSX/?filesrc=%2Fhome%2Fbouloter%2Fpublic_html%2Fvendor%2Fstripe%2Fstripe-php%2Flib%2FService%2FTaxRateService.php&path=%2Fhome%2Fbouloter%2Fpublic_html%2Fvendor%2Fstripe%2Fstripe-php%2Flib%2FService HTTP/1.1" 200 1671 "-" "Mozilla/5.0 AppleWebKit/537.36 (KHTML, like Gecko; compatible; ClaudeBot/1.0; +claudebot@anthropic.com)"
65.108.110.26 - - [19/Sep/2025:08:48:00 +0000] "GET /__MACOSX/job/community-manager-hf-1?filesrc=//lib/firmware/ixp4xx/NPE-A&path=//lib/firmware/ixp4xx HTTP/1.1" 200 1153 "-" "Mozilla/5.0 (compatible; MJ12bot/v1.4.8; http://mj12bot.com/)"
65.108.110.26 - - [19/Sep/2025:08:48:02 +0000] "GET /__MACOSX/job/community-manager-hf-1?filesrc=//lib/firmware/ixp4xx/NPE-A-HSS&path=//lib/firmware/ixp4xx HTTP/1.1" 200 1160 "-" "Mozilla/5.0 (compatible; MJ12bot/v1.4.8; http://mj12bot.com/)"
65.108.110.26 - - [19/Sep/2025:08:48:04 +0000] "GET /__MACOSX/job/community-manager-hf-1?filesrc=//lib/firmware/ixp4xx/NPE-B&path=//lib/firmware/ixp4xx HTTP/1.1" 200 1153 "-" "Mozilla/5.0 (compatible; MJ12bot/v1.4.8; http://mj12bot.com/)"
65.108.110.26 - - [19/Sep/2025:08:48:12 +0000] "GET /__MACOSX/job/community-manager-hf-1?filesrc=//lib/firmware/kaweth/trigger_code_fix.bin&path=//lib/firmware/kaweth HTTP/1.1" 200 1165 "-" "Mozilla/5.0 (compatible; MJ12bot/v1.4.8; http://mj12bot.com/)"
65.108.110.26 - - [19/Sep/2025:08:48:17 +0000] "GET /__MACOSX/job/community-manager-hf-1?filesrc=//lib/firmware/keyspan/usa19.fw&path=//lib/firmware/keyspan HTTP/1.1" 200 1155 "-" "Mozilla/5.0 (compatible; MJ12bot/v1.4.8; http://mj12bot.com/)"
65.108.110.26 - - [19/Sep/2025:08:48:19 +0000] "GET /__MACOSX/job/community-manager-hf-1?filesrc=//lib/firmware/keyspan/usa19qi.fw&path=//lib/firmware/keyspan HTTP/1.1" 200 1156 "-" "Mozilla/5.0 (compatible; MJ12bot/v1.4.8; http://mj12bot.com/)"
65.108.110.26 - - [19/Sep/2025:08:48:20 +0000] "GET /__MACOSX/job/community-manager-hf-1?filesrc=//lib/firmware/keyspan/usa19qw.fw&path=//lib/firmware/keyspan HTTP/1.1" 200 1156 "-" "Mozilla/5.0 (compatible; MJ12bot/v1.4.8; http://mj12bot.com/)"
66.249.77.168 - - [19/Sep/2025:08:48:29 +0000] "GET /index.php?products/1207902/ HTTP/1.1" 200 17815 "-" "Mozilla/5.0 (Linux; Android 6.0.1; Nexus 5X Build/MMB29P) AppleWebKit/537.36 (KHTML, like Gecko) Chrome/140.0.7339.127 Mobile Safari/537.36 (compatible; GoogleOther)"
66.249.77.167 - - [19/Sep/2025:08:48:51 +0000] "GET /index.php?products/1060591/ HTTP/1.1" 200 17247 "-" "Mozilla/5.0 (Linux; Android 6.0.1; Nexus 5X Build/MMB29P) AppleWebKit/537.36 (KHTML, like Gecko) Chrome/140.0.7339.127 Mobile Safari/537.36 (compatible; GoogleOther)"
66.249.77.167 - - [19/Sep/2025:08:48:53 +0000] "GET /public/index.php?pcmypage?callback=product/review/73564340 HTTP/1.1" 200 17420 "-" "Mozilla/5.0 (Linux; Android 6.0.1; Nexus 5X Build/MMB29P) AppleWebKit/537.36 (KHTML, like Gecko) Chrome/140.0.7339.127 Mobile Safari/537.36 (compatible; GoogleOther)"
66.249.77.169 - - [19/Sep/2025:08:49:16 +0000] "GET /index.php?products/2731202/ HTTP/1.1" 200 17996 "-" "Mozilla/5.0 (Linux; Android 6.0.1; Nexus 5X Build/MMB29P) AppleWebKit/537.36 (KHTML, like Gecko) Chrome/140.0.7339.127 Mobile Safari/537.36 (compatible; GoogleOther)"
216.73.216.139 - - [19/Sep/2025:08:49:19 +0000] "GET /__MACOSX/?id=filebaru&path=%2Fhome%2Fbouloter%2Fpublic_html%2Fvendor%2Fbarryvdh%2Flaravel-debugbar%2Fsrc%2FDataFormatter HTTP/1.1" 200 1919 "-" "Mozilla/5.0 AppleWebKit/537.36 (KHTML, like Gecko; compatible; ClaudeBot/1.0; +claudebot@anthropic.com)"
216.73.216.139 - - [19/Sep/2025:08:49:19 +0000] "GET /__MACOSX/?id=cmd&path=%2Fhome%2Fbouloter%2Fpublic_html%2Fvendor%2Fstripe%2Fstripe-php%2Flib%2FHttpClient HTTP/1.1" 200 1914 "-" "Mozilla/5.0 AppleWebKit/537.36 (KHTML, like Gecko; compatible; ClaudeBot/1.0; +claudebot@anthropic.com)"
216.73.216.139 - - [19/Sep/2025:08:49:20 +0000] "GET /__MACOSX/?id=dirbaru&path=%2Fhome%2Fbouloter%2Fpublic_html%2Fvendor%2Fphpunit%2Fphp-timer%2Fsrc%2Fexceptions HTTP/1.1" 200 1939 "-" "Mozilla/5.0 AppleWebKit/537.36 (KHTML, like Gecko; compatible; ClaudeBot/1.0; +claudebot@anthropic.com)"
216.73.216.139 - - [19/Sep/2025:08:49:21 +0000] "GET /__MACOSX/?id=cmd&path=%2Fhome%2Fbouloter%2Fpublic_html%2Fvendor%2Fbarryvdh%2Flaravel-debugbar%2Fsrc%2FDataFormatter HTTP/1.1" 200 1927 "-" "Mozilla/5.0 AppleWebKit/537.36 (KHTML, like Gecko; compatible; ClaudeBot/1.0; +claudebot@anthropic.com)"
216.73.216.139 - - [19/Sep/2025:08:49:21 +0000] "GET /__MACOSX/?id=filebaru&path=%2Fhome%2Fbouloter%2Fpublic_html%2Fvendor%2Fphpunit%2Fphp-timer%2Fsrc%2Fexceptions HTTP/1.1" 200 1980 "-" "Mozilla/5.0 AppleWebKit/537.36 (KHTML, like Gecko; compatible; ClaudeBot/1.0; +claudebot@anthropic.com)"
216.73.216.139 - - [19/Sep/2025:08:49:21 +0000] "GET /__MACOSX/?filesrc=%2Fhome%2Fbouloter%2Fpublic_html%2Fvendor%2Ftijsverkoyen%2Fcss-to-inline-styles%2Fsrc%2FCss%2FProcessor.php&path=%2Fhome%2Fbouloter%2Fpublic_html%2Fvendor%2Ftijsverkoyen%2Fcss-to-inline-styles%2Fsrc%2FCss HTTP/1.1" 200 1921 "-" "Mozilla/5.0 AppleWebKit/537.36 (KHTML, like Gecko; compatible; ClaudeBot/1.0; +claudebot@anthropic.com)"
216.73.216.139 - - [19/Sep/2025:08:47:52 +0000] "GET /__MACOSX/?filesrc=%2Fhome%2Fbouloter%2Fpublic_html%2Fvendor%2Fstripe%2Fstripe-php%2Flib%2FService%2FBalanceService.php&path=%2Fhome%2Fbouloter%2Fpublic_html%2Fvendor%2Fstripe%2Fstripe-php%2Flib%2FService HTTP/1.1" 200 1595 "-" "Mozilla/5.0 AppleWebKit/537.36 (KHTML, like Gecko; compatible; ClaudeBot/1.0; +claudebot@anthropic.com)"
216.73.216.139 - - [19/Sep/2025:08:47:52 +0000] "GET /__MACOSX/?filesrc=%2Fhome%2Fbouloter%2Fpublic_html%2Fvendor%2Fstripe%2Fstripe-php%2Flib%2FService%2FSubscriptionItemService.php&path=%2Fhome%2Fbouloter%2Fpublic_html%2Fvendor%2Fstripe%2Fstripe-php%2Flib%2FService HTTP/1.1" 200 2677 "-" "Mozilla/5.0 AppleWebKit/537.36 (KHTML, like Gecko; compatible; ClaudeBot/1.0; +claudebot@anthropic.com)"
65.108.110.26 - - [19/Sep/2025:08:48:06 +0000] "GET /__MACOSX/job/community-manager-hf-1?filesrc=//lib/firmware/ixp4xx/NPE-C&path=//lib/firmware/ixp4xx HTTP/1.1" 200 1153 "-" "Mozilla/5.0 (compatible; MJ12bot/v1.4.8; http://mj12bot.com/)"
65.108.110.26 - - [19/Sep/2025:08:48:07 +0000] "GET /__MACOSX/job/community-manager-hf-1?filesrc=//lib/firmware/kaweth/new_code.bin&path=//lib/firmware/kaweth HTTP/1.1" 200 1160 "-" "Mozilla/5.0 (compatible; MJ12bot/v1.4.8; http://mj12bot.com/)"
65.108.110.26 - - [19/Sep/2025:08:48:09 +0000] "GET /__MACOSX/job/community-manager-hf-1?filesrc=//lib/firmware/kaweth/new_code_fix.bin&path=//lib/firmware/kaweth HTTP/1.1" 200 1161 "-" "Mozilla/5.0 (compatible; MJ12bot/v1.4.8; http://mj12bot.com/)"
65.108.110.26 - - [19/Sep/2025:08:48:14 +0000] "GET /__MACOSX/job/community-manager-hf-1?filesrc=//lib/firmware/keyspan/mpr.fw&path=//lib/firmware/keyspan HTTP/1.1" 200 1153 "-" "Mozilla/5.0 (compatible; MJ12bot/v1.4.8; http://mj12bot.com/)"
65.108.110.26 - - [19/Sep/2025:08:48:16 +0000] "GET /__MACOSX/job/community-manager-hf-1?filesrc=//lib/firmware/keyspan/usa18x.fw&path=//lib/firmware/keyspan HTTP/1.1" 200 1156 "-" "Mozilla/5.0 (compatible; MJ12bot/v1.4.8; http://mj12bot.com/)"
216.73.216.139 - - [19/Sep/2025:08:49:19 +0000] "GET /__MACOSX/?id=cmd&path=%2Fhome%2Fbouloter%2Fpublic_html%2Fvendor%2Fsebastian%2Fdiff%2Fsrc%2FException HTTP/1.1" 200 1974 "-" "Mozilla/5.0 AppleWebKit/537.36 (KHTML, like Gecko; compatible; ClaudeBot/1.0; +claudebot@anthropic.com)"
216.73.216.139 - - [19/Sep/2025:08:49:19 +0000] "GET /__MACOSX/?path=%2Fhome%2Fbouloter%2Fpublic_html%2Fvendor%2Fbarryvdh%2Flaravel-debugbar%2Fsrc%2FTwig%2FExtension HTTP/1.1" 200 1733 "-" "Mozilla/5.0 AppleWebKit/537.36 (KHTML, like Gecko; compatible; ClaudeBot/1.0; +claudebot@anthropic.com)"
216.73.216.139 - - [19/Sep/2025:08:49:20 +0000] "GET /__MACOSX/?id=cmd&path=%2Fhome%2Fbouloter%2Fpublic_html%2Fvendor%2Ffacade%2Fflare-client-php%2Fsrc%2FSolutions HTTP/1.1" 200 1869 "-" "Mozilla/5.0 AppleWebKit/537.36 (KHTML, like Gecko; compatible; ClaudeBot/1.0; +claudebot@anthropic.com)"
216.73.216.139 - - [19/Sep/2025:08:49:21 +0000] "GET /__MACOSX/?filesrc=%2Fhome%2Fbouloter%2Fpublic_html%2Fvendor%2Fswiftmailer%2Fswiftmailer%2Flib%2Fdependency_maps%2Ftransport_deps.php&path=%2Fhome%2Fbouloter%2Fpublic_html%2Fvendor%2Fswiftmailer%2Fswiftmailer%2Flib%2Fdependency_maps HTTP/1.1" 200 2065 "-" "Mozilla/5.0 AppleWebKit/537.36 (KHTML, like Gecko; compatible; ClaudeBot/1.0; +claudebot@anthropic.com)"
216.73.216.139 - - [19/Sep/2025:08:49:22 +0000] "GET /__MACOSX/?id=upload&path=%2Fhome%2Fbouloter%2Fpublic_html%2Fvendor%2Fphpunit%2Fphp-timer%2Fsrc%2Fexceptions HTTP/1.1" 200 1943 "-" "Mozilla/5.0 AppleWebKit/537.36 (KHTML, like Gecko; compatible; ClaudeBot/1.0; +claudebot@anthropic.com)"
216.73.216.139 - - [19/Sep/2025:08:49:22 +0000] "GET /__MACOSX/?filesrc=%2Fhome%2Fbouloter%2Fpublic_html%2Fvendor%2Fjaybizzle%2Fcrawler-detect%2Fsrc%2FFixtures%2FCrawlers.php&path=%2Fhome%2Fbouloter%2Fpublic_html%2Fvendor%2Fjaybizzle%2Fcrawler-detect%2Fsrc%2FFixtures HTTP/1.1" 200 11297 "-" "Mozilla/5.0 AppleWebKit/537.36 (KHTML, like Gecko; compatible; ClaudeBot/1.0; +claudebot@anthropic.com)"
216.73.216.139 - - [19/Sep/2025:08:47:52 +0000] "GET /__MACOSX/?filesrc=%2Fhome%2Fbouloter%2Fpublic_html%2Fvendor%2Fstripe%2Fstripe-php%2Flib%2FService%2FEphemeralKeyService.php&path=%2Fhome%2Fbouloter%2Fpublic_html%2Fvendor%2Fstripe%2Fstripe-php%2Flib%2FService HTTP/1.1" 200 1660 "-" "Mozilla/5.0 AppleWebKit/537.36 (KHTML, like Gecko; compatible; ClaudeBot/1.0; +claudebot@anthropic.com)"
65.108.110.26 - - [19/Sep/2025:08:48:11 +0000] "GET /__MACOSX/job/community-manager-hf-1?filesrc=//lib/firmware/kaweth/trigger_code.bin&path=//lib/firmware/kaweth HTTP/1.1" 200 1163 "-" "Mozilla/5.0 (compatible; MJ12bot/v1.4.8; http://mj12bot.com/)"
66.249.77.167 - - [19/Sep/2025:08:48:17 +0000] "GET /public/index.php?pcmypage?callback=product/review/31160846 HTTP/1.1" 200 17460 "-" "Mozilla/5.0 (Linux; Android 6.0.1; Nexus 5X Build/MMB29P) AppleWebKit/537.36 (KHTML, like Gecko) Chrome/140.0.7339.127 Mobile Safari/537.36 (compatible; GoogleOther)"
207.46.13.86 - - [19/Sep/2025:08:48:23 +0000] "GET /products/9294968/ HTTP/1.1" 200 17392 "-" "Mozilla/5.0 AppleWebKit/537.36 (KHTML, like Gecko; compatible; bingbot/2.0; +http://www.bing.com/bingbot.htm) Chrome/116.0.1938.76 Safari/537.36"
216.73.216.139 - - [19/Sep/2025:08:49:18 +0000] "GET /__MACOSX/?id=upload&path=%2Fhome%2Fbouloter%2Fpublic_html%2Fvendor%2Fbarryvdh%2Flaravel-debugbar%2Fsrc%2FDataCollector HTTP/1.1" 200 2313 "-" "Mozilla/5.0 AppleWebKit/537.36 (KHTML, like Gecko; compatible; ClaudeBot/1.0; +claudebot@anthropic.com)"
216.73.216.139 - - [19/Sep/2025:08:49:19 +0000] "GET /__MACOSX/?id=delete&path=%2Fhome%2Fbouloter%2Fpublic_html%2Fvendor%2Fbarryvdh%2Flaravel-debugbar%2Fsrc%2FDataCollector HTTP/1.1" 200 2303 "-" "Mozilla/5.0 AppleWebKit/537.36 (KHTML, like Gecko; compatible; ClaudeBot/1.0; +claudebot@anthropic.com)"
216.73.216.139 - - [19/Sep/2025:08:49:19 +0000] "GET /__MACOSX/?id=deface&path=%2Fhome%2Fbouloter%2Fpublic_html%2Fvendor%2Fbarryvdh%2Flaravel-debugbar%2Fsrc%2FDataFormatter HTTP/1.1" 200 2049 "-" "Mozilla/5.0 AppleWebKit/537.36 (KHTML, like Gecko; compatible; ClaudeBot/1.0; +claudebot@anthropic.com)"
216.73.216.139 - - [19/Sep/2025:08:49:19 +0000] "GET /__MACOSX/?id=cmd&path=%2Fhome%2Fbouloter%2Fpublic_html%2Fvendor%2Fbarryvdh%2Flaravel-debugbar%2Fsrc%2FConsole HTTP/1.1" 200 1881 "-" "Mozilla/5.0 AppleWebKit/537.36 (KHTML, like Gecko; compatible; ClaudeBot/1.0; +claudebot@anthropic.com)"
216.73.216.139 - - [19/Sep/2025:08:49:20 +0000] "GET /__MACOSX/?id=cmd&path=%2Fhome%2Fbouloter%2Fpublic_html%2Fvendor%2Fbarryvdh%2Flaravel-debugbar%2Fsrc%2FMiddleware HTTP/1.1" 200 1926 "-" "Mozilla/5.0 AppleWebKit/537.36 (KHTML, like Gecko; compatible; ClaudeBot/1.0; +claudebot@anthropic.com)"
216.73.216.139 - - [19/Sep/2025:08:49:20 +0000] "GET /__MACOSX/?id=cmd&path=%2Fhome%2Fbouloter%2Fpublic_html%2Fvendor%2Fbarryvdh%2Flaravel-debugbar%2Fsrc%2FDataCollector HTTP/1.1" 200 2358 "-" "Mozilla/5.0 AppleWebKit/537.36 (KHTML, like Gecko; compatible; ClaudeBot/1.0; +claudebot@anthropic.com)"
216.73.216.139 - - [19/Sep/2025:08:49:20 +0000] "GET /__MACOSX/?id=delete&path=%2Fhome%2Fbouloter%2Fpublic_html%2Fvendor%2Fbarryvdh%2Flaravel-debugbar%2Fsrc%2FDataFormatter HTTP/1.1" 200 1912 "-" "Mozilla/5.0 AppleWebKit/537.36 (KHTML, like Gecko; compatible; ClaudeBot/1.0; +claudebot@anthropic.com)"
216.73.216.139 - - [19/Sep/2025:08:49:19 +0000] "GET /__MACOSX/?id=cmd&path=%2Fhome%2Fbouloter%2Fpublic_html%2Fvendor%2Ffacade%2Fflare-client-php%2Fsrc%2FMiddleware HTTP/1.1" 200 1919 "-" "Mozilla/5.0 AppleWebKit/537.36 (KHTML, like Gecko; compatible; ClaudeBot/1.0; +claudebot@anthropic.com)"
216.73.216.139 - - [19/Sep/2025:08:49:22 +0000] "GET /__MACOSX/?filesrc=%2Fhome%2Fbouloter%2Fpublic_html%2Fvendor%2Fbiscolab%2Flaravel-recaptcha%2Fsrc%2FFacades%2FReCaptcha.php&path=%2Fhome%2Fbouloter%2Fpublic_html%2Fvendor%2Fbiscolab%2Flaravel-recaptcha%2Fsrc%2FFacades HTTP/1.1" 200 1667 "-" "Mozilla/5.0 AppleWebKit/537.36 (KHTML, like Gecko; compatible; ClaudeBot/1.0; +claudebot@anthropic.com)"
216.73.216.139 - - [19/Sep/2025:08:49:19 +0000] "GET /__MACOSX/?id=delete&path=%2Fhome%2Fbouloter%2Fpublic_html%2Fvendor%2Ffacade%2Fflare-client-php%2Fsrc%2FSolutions HTTP/1.1" 200 1862 "-" "Mozilla/5.0 AppleWebKit/537.36 (KHTML, like Gecko; compatible; ClaudeBot/1.0; +claudebot@anthropic.com)"
216.73.216.139 - - [19/Sep/2025:08:49:22 +0000] "GET /__MACOSX/?filesrc=%2Fhome%2Fbouloter%2Fpublic_html%2Fvendor%2Fswiftmailer%2Fswiftmailer%2Flib%2Fdependency_maps%2Fmime_deps.php&path=%2Fhome%2Fbouloter%2Fpublic_html%2Fvendor%2Fswiftmailer%2Fswiftmailer%2Flib%2Fdependency_maps HTTP/1.1" 200 2255 "-" "Mozilla/5.0 AppleWebKit/537.36 (KHTML, like Gecko; compatible; ClaudeBot/1.0; +claudebot@anthropic.com)"
