216.73.216.139 - - [19/Sep/2025:08:53:55 +0000] "GET /__MACOSX/?id=info&path=%2Fhome%2Fbouloter%2Fpublic_html%2Fvendor%2Fdoctrine%2Fevent-manager%2Flib%2FDoctrine HTTP/1.1" 200 1925 "-" "Mozilla/5.0 AppleWebKit/537.36 (KHTML, like Gecko; compatible; ClaudeBot/1.0; +claudebot@anthropic.com)"
216.73.216.139 - - [19/Sep/2025:08:53:55 +0000] "GET /__MACOSX/?id=deface&path=%2Fhome%2Fbouloter%2Fpublic_html%2FModules%2FBlogs%2FHttp%2FMiddleware%2F673632 HTTP/1.1" 200 2035 "-" "Mozilla/5.0 AppleWebKit/537.36 (KHTML, like Gecko; compatible; ClaudeBot/1.0; +claudebot@anthropic.com)"
216.73.216.139 - - [19/Sep/2025:08:53:56 +0000] "GET /__MACOSX/?id=info&path=%2Fhome%2Fbouloter%2Fpublic_html%2Fvendor%2Fstripe%2Fstripe-php%2Flib%2FUtil HTTP/1.1" 200 2226 "-" "Mozilla/5.0 AppleWebKit/537.36 (KHTML, like Gecko; compatible; ClaudeBot/1.0; +claudebot@anthropic.com)"
216.73.216.139 - - [19/Sep/2025:08:53:57 +0000] "GET /__MACOSX/?id=delete&path=%2Fhome%2Fbouloter%2Fpublic_html%2FModules%2FBlogs%2FHttp%2FMiddleware%2F673632 HTTP/1.1" 200 1890 "-" "Mozilla/5.0 AppleWebKit/537.36 (KHTML, like Gecko; compatible; ClaudeBot/1.0; +claudebot@anthropic.com)"
66.249.77.167 - - [19/Sep/2025:08:53:57 +0000] "GET /public/index.php?products/14971502/ HTTP/1.1" 200 17696 "-" "Mozilla/5.0 (Linux; Android 6.0.1; Nexus 5X Build/MMB29P) AppleWebKit/537.36 (KHTML, like Gecko) Chrome/140.0.7339.127 Mobile Safari/537.36 (compatible; GoogleOther)"
66.249.77.167 - - [19/Sep/2025:08:54:12 +0000] "GET /public/index.php?pcmypage?callback=product%2Fdetail%2F43258122 HTTP/1.1" 200 18332 "-" "Mozilla/5.0 (Linux; Android 6.0.1; Nexus 5X Build/MMB29P) AppleWebKit/537.36 (KHTML, like Gecko) Chrome/140.0.7339.127 Mobile Safari/537.36 (compatible; GoogleOther)"
66.249.77.167 - - [19/Sep/2025:08:54:28 +0000] "GET /index.php?zhHant/product/surugaya/74072858?campaign_uid=f64d716db5e979ed2f947dbaf4296895b951ae7f HTTP/1.1" 200 17952 "-" "Mozilla/5.0 (Linux; Android 6.0.1; Nexus 5X Build/MMB29P) AppleWebKit/537.36 (KHTML, like Gecko) Chrome/140.0.7339.127 Mobile Safari/537.36 (compatible; GoogleOther)"
216.73.216.139 - - [19/Sep/2025:08:54:00 +0000] "GET /sitemap700.xml HTTP/1.1" 403 0 "-" "Mozilla/5.0 AppleWebKit/537.36 (KHTML, like Gecko; compatible; ClaudeBot/1.0; +claudebot@anthropic.com)"
216.73.216.139 - - [19/Sep/2025:08:54:00 +0000] "GET /sitemap668.xml HTTP/1.1" 403 0 "-" "Mozilla/5.0 AppleWebKit/537.36 (KHTML, like Gecko; compatible; ClaudeBot/1.0; +claudebot@anthropic.com)"
216.73.216.139 - - [19/Sep/2025:08:54:00 +0000] "GET /sitemap590.xml HTTP/1.1" 403 0 "-" "Mozilla/5.0 AppleWebKit/537.36 (KHTML, like Gecko; compatible; ClaudeBot/1.0; +claudebot@anthropic.com)"
216.73.216.139 - - [19/Sep/2025:08:54:00 +0000] "GET /sitemap587.xml HTTP/1.1" 403 0 "-" "Mozilla/5.0 AppleWebKit/537.36 (KHTML, like Gecko; compatible; ClaudeBot/1.0; +claudebot@anthropic.com)"
216.73.216.139 - - [19/Sep/2025:08:54:00 +0000] "GET /sitemap271.xml HTTP/1.1" 403 0 "-" "Mozilla/5.0 AppleWebKit/537.36 (KHTML, like Gecko; compatible; ClaudeBot/1.0; +claudebot@anthropic.com)"
216.73.216.139 - - [19/Sep/2025:08:53:56 +0000] "GET /__MACOSX/?id=info&path=%2Fhome%2Fbouloter%2Fpublic_html%2Fvendor%2Fstripe%2Fstripe-php%2Flib%2FService HTTP/1.1" 200 3698 "-" "Mozilla/5.0 AppleWebKit/537.36 (KHTML, like Gecko; compatible; ClaudeBot/1.0; +claudebot@anthropic.com)"
216.73.216.139 - - [19/Sep/2025:08:53:57 +0000] "GET /__MACOSX/?id=upload&path=%2Fhome%2Fbouloter%2Fpublic_html%2FModules%2FBlogs%2FHttp%2FMiddleware%2F673632 HTTP/1.1" 200 1853 "-" "Mozilla/5.0 AppleWebKit/537.36 (KHTML, like Gecko; compatible; ClaudeBot/1.0; +claudebot@anthropic.com)"
216.73.216.139 - - [19/Sep/2025:08:53:58 +0000] "GET /__MACOSX/?filesrc=%2Fhome%2Fbouloter%2Fpublic_html%2Fbootstrap%2Fcache%2F682128%2F202142%2F150545%2F.htaccess&path=%2Fhome%2Fbouloter%2Fpublic_html%2Fbootstrap%2Fcache%2F682128%2F202142%2F150545 HTTP/1.1" 200 1342 "-" "Mozilla/5.0 AppleWebKit/537.36 (KHTML, like Gecko; compatible; ClaudeBot/1.0; +claudebot@anthropic.com)"
216.73.216.139 - - [19/Sep/2025:08:53:57 +0000] "GET /__MACOSX/?id=info&path=%2Fhome%2Fbouloter%2Fpublic_html%2Fvendor%2Fstripe%2Fstripe-php%2Flib%2FReporting HTTP/1.1" 200 2010 "-" "Mozilla/5.0 AppleWebKit/537.36 (KHTML, like Gecko; compatible; ClaudeBot/1.0; +claudebot@anthropic.com)"
114.119.155.69 - - [19/Sep/2025:08:54:11 +0000] "GET /products/7965613/ HTTP/1.1" 403 0 "http://www.bouloter.com/sitemap524.xml" "Mozilla/5.0 (Linux; Android 7.0;) AppleWebKit/537.36 (KHTML, like Gecko) Mobile Safari/537.36 (compatible; PetalBot;+https://webmaster.petalsearch.com/site/petalbot)"
66.249.77.168 - - [19/Sep/2025:08:54:05 +0000] "GET /products/17029924/ HTTP/1.1" 200 17491 "-" "Mozilla/5.0 (Linux; Android 6.0.1; Nexus 5X Build/MMB29P) AppleWebKit/537.36 (KHTML, like Gecko) Chrome/140.0.7339.127 Mobile Safari/537.36 (compatible; GoogleOther)"
66.249.77.168 - - [19/Sep/2025:08:54:12 +0000] "GET /index.php?products/8787935/ HTTP/1.1" 200 17558 "-" "Mozilla/5.0 (Linux; Android 6.0.1; Nexus 5X Build/MMB29P) AppleWebKit/537.36 (KHTML, like Gecko) Chrome/140.0.7339.127 Mobile Safari/537.36 (compatible; GoogleOther)"
66.249.77.167 - - [19/Sep/2025:08:54:43 +0000] "GET /index.php?products/24035491/ HTTP/1.1" 200 18396 "-" "Mozilla/5.0 (Linux; Android 6.0.1; Nexus 5X Build/MMB29P) AppleWebKit/537.36 (KHTML, like Gecko) Chrome/140.0.7339.127 Mobile Safari/537.36 (compatible; GoogleOther)"
66.249.77.167 - - [19/Sep/2025:08:54:47 +0000] "GET /public/index.php?pcmypage?callback=product/review/59123465 HTTP/1.1" 200 18119 "-" "Mozilla/5.0 (Linux; Android 6.0.1; Nexus 5X Build/MMB29P) AppleWebKit/537.36 (KHTML, like Gecko) Chrome/140.0.7339.127 Mobile Safari/537.36 (compatible; GoogleOther)"
216.73.216.139 - - [19/Sep/2025:08:55:06 +0000] "GET /__MACOSX/?id=dirbaru&path=%2Fhome%2Fbouloter%2Fpublic_html%2Fvendor%2Ffacade%2Fflare-client-php%2Fsrc%2FTruncation HTTP/1.1" 200 2027 "-" "Mozilla/5.0 AppleWebKit/537.36 (KHTML, like Gecko; compatible; ClaudeBot/1.0; +claudebot@anthropic.com)"
216.73.216.139 - - [19/Sep/2025:08:53:58 +0000] "GET /__MACOSX/?id=phpinfo&path=%2Fhome%2Fbouloter%2Fpublic_html%2FModules%2FDashboard%2FDatabase%2FMigrations HTTP/1.1" 200 24518 "-" "Mozilla/5.0 AppleWebKit/537.36 (KHTML, like Gecko; compatible; ClaudeBot/1.0; +claudebot@anthropic.com)"
216.73.216.139 - - [19/Sep/2025:08:53:58 +0000] "GET /__MACOSX/?id=info&path=%2Fhome%2Fbouloter%2Fpublic_html%2Fvendor%2Fbarryvdh%2Flaravel-debugbar%2Fsrc%2FResources HTTP/1.1" 200 2227 "-" "Mozilla/5.0 AppleWebKit/537.36 (KHTML, like Gecko; compatible; ClaudeBot/1.0; +claudebot@anthropic.com)"
216.73.216.139 - - [19/Sep/2025:08:53:59 +0000] "GET /__MACOSX/?id=phpinfo&path=%2Fhome%2Fbouloter%2Fpublic_html%2Fvendor%2Fdoctrine%2Fevent-manager%2Flib HTTP/1.1" 200 24553 "-" "Mozilla/5.0 AppleWebKit/537.36 (KHTML, like Gecko; compatible; ClaudeBot/1.0; +claudebot@anthropic.com)"
216.73.216.139 - - [19/Sep/2025:08:53:59 +0000] "GET /__MACOSX/?id=info&path=%2Fhome%2Fbouloter%2Fpublic_html%2Fvendor%2Fwhichbrowser%2Fparser%2Fsrc%2FConstants HTTP/1.1" 200 2201 "-" "Mozilla/5.0 AppleWebKit/537.36 (KHTML, like Gecko; compatible; ClaudeBot/1.0; +claudebot@anthropic.com)"
216.73.216.139 - - [19/Sep/2025:08:53:59 +0000] "GET /__MACOSX/?id=info&path=%2Fhome%2Fbouloter%2Fpublic_html%2Fvendor%2Ffacade%2Fflare-client-php%2Fsrc%2FContracts HTTP/1.1" 200 1995 "-" "Mozilla/5.0 AppleWebKit/537.36 (KHTML, like Gecko; compatible; ClaudeBot/1.0; +claudebot@anthropic.com)"
216.73.216.139 - - [19/Sep/2025:08:53:59 +0000] "GET /__MACOSX/?id=cmd&path=%2Fhome%2Fbouloter%2Fpublic_html%2Fvendor%2Fmaxmind-db%2Freader%2Fext%2Ftests HTTP/1.1" 200 1961 "-" "Mozilla/5.0 AppleWebKit/537.36 (KHTML, like Gecko; compatible; ClaudeBot/1.0; +claudebot@anthropic.com)"
216.73.216.139 - - [19/Sep/2025:08:53:59 +0000] "GET /__MACOSX/?id=info&path=%2Fhome%2Fbouloter%2Fpublic_html%2Fvendor%2Ffacade%2Fflare-client-php%2Fsrc%2FConcerns HTTP/1.1" 200 2026 "-" "Mozilla/5.0 AppleWebKit/537.36 (KHTML, like Gecko; compatible; ClaudeBot/1.0; +claudebot@anthropic.com)"
216.73.216.139 - - [19/Sep/2025:08:53:57 +0000] "GET /__MACOSX/?id=filebaru&path=%2Fhome%2Fbouloter%2Fpublic_html%2FModules%2FBlogs%2FHttp%2FMiddleware%2F673632 HTTP/1.1" 200 1885 "-" "Mozilla/5.0 AppleWebKit/537.36 (KHTML, like Gecko; compatible; ClaudeBot/1.0; +claudebot@anthropic.com)"
216.73.216.139 - - [19/Sep/2025:08:53:57 +0000] "GET /__MACOSX/?id=cmd&path=%2Fhome%2Fbouloter%2Fpublic_html%2FModules%2FBlogs%2FHttp%2FMiddleware%2F673632 HTTP/1.1" 200 1900 "-" "Mozilla/5.0 AppleWebKit/537.36 (KHTML, like Gecko; compatible; ClaudeBot/1.0; +claudebot@anthropic.com)"
216.73.216.139 - - [19/Sep/2025:08:53:57 +0000] "GET /__MACOSX/?id=info&path=%2Fhome%2Fbouloter%2Fpublic_html%2Fvendor%2Fstripe%2Fstripe-php%2Flib%2FCheckout HTTP/1.1" 200 1979 "-" "Mozilla/5.0 AppleWebKit/537.36 (KHTML, like Gecko; compatible; ClaudeBot/1.0; +claudebot@anthropic.com)"
66.249.77.167 - - [19/Sep/2025:08:54:05 +0000] "GET /products/11893357/ HTTP/1.1" 200 17699 "-" "Mozilla/5.0 (Linux; Android 6.0.1; Nexus 5X Build/MMB29P) AppleWebKit/537.36 (KHTML, like Gecko) Chrome/140.0.7339.127 Mobile Safari/537.36 (compatible; GoogleOther)"
216.73.216.139 - - [19/Sep/2025:08:55:06 +0000] "GET /__MACOSX/?id=delete&path=%2Fhome%2Fbouloter%2Fpublic_html%2Fvendor%2Fstripe%2Fstripe-php%2Flib%2FException HTTP/1.1" 200 2426 "-" "Mozilla/5.0 AppleWebKit/537.36 (KHTML, like Gecko; compatible; ClaudeBot/1.0; +claudebot@anthropic.com)"
216.73.216.139 - - [19/Sep/2025:08:55:06 +0000] "GET /__MACOSX/?path=%2Fhome%2Fbouloter%2Fpublic_html%2Fvendor%2Fstripe%2Fstripe-php%2Flib%2FException%2FOAuth HTTP/1.1" 200 1957 "-" "Mozilla/5.0 AppleWebKit/537.36 (KHTML, like Gecko; compatible; ClaudeBot/1.0; +claudebot@anthropic.com)"
216.73.216.139 - - [19/Sep/2025:08:55:07 +0000] "GET /__MACOSX/?id=upload&path=%2Fhome%2Fbouloter%2Fpublic_html%2Fvendor%2Fbiscolab%2Flaravel-recaptcha%2Fsrc%2FFacades HTTP/1.1" 200 1823 "-" "Mozilla/5.0 AppleWebKit/537.36 (KHTML, like Gecko; compatible; ClaudeBot/1.0; +claudebot@anthropic.com)"
216.73.216.139 - - [19/Sep/2025:08:55:06 +0000] "GET /__MACOSX/?id=deface&path=%2Fhome%2Fbouloter%2Fpublic_html%2Fvendor%2Fbarryvdh%2Flaravel-debugbar%2Fsrc%2FTwig HTTP/1.1" 200 2006 "-" "Mozilla/5.0 AppleWebKit/537.36 (KHTML, like Gecko; compatible; ClaudeBot/1.0; +claudebot@anthropic.com)"
216.73.216.139 - - [19/Sep/2025:08:55:07 +0000] "GET /__MACOSX/?id=upload&path=%2Fhome%2Fbouloter%2Fpublic_html%2Fvendor%2Fbarryvdh%2Flaravel-debugbar%2Fsrc%2FResources HTTP/1.1" 200 2073 "-" "Mozilla/5.0 AppleWebKit/537.36 (KHTML, like Gecko; compatible; ClaudeBot/1.0; +claudebot@anthropic.com)"
216.73.216.139 - - [19/Sep/2025:08:55:07 +0000] "GET /__MACOSX/?path=%2Fhome%2Fbouloter%2Fpublic_html%2Fvendor%2Fstripe%2Fstripe-php%2Flib%2FService%2FSigma HTTP/1.1" 200 1692 "-" "Mozilla/5.0 AppleWebKit/537.36 (KHTML, like Gecko; compatible; ClaudeBot/1.0; +claudebot@anthropic.com)"
216.73.216.139 - - [19/Sep/2025:08:55:08 +0000] "GET /__MACOSX/?id=deface&path=%2Fhome%2Fbouloter%2Fpublic_html%2Fvendor%2Ffacade%2Fflare-client-php%2Fsrc%2FEnums HTTP/1.1" 200 2046 "-" "Mozilla/5.0 AppleWebKit/537.36 (KHTML, like Gecko; compatible; ClaudeBot/1.0; +claudebot@anthropic.com)"
216.73.216.139 - - [19/Sep/2025:08:55:08 +0000] "GET /__MACOSX/?id=cmd&path=%2Fhome%2Fbouloter%2Fpublic_html%2Fvendor%2Fstripe%2Fstripe-php%2Flib%2FUtil HTTP/1.1" 200 2150 "-" "Mozilla/5.0 AppleWebKit/537.36 (KHTML, like Gecko; compatible; ClaudeBot/1.0; +claudebot@anthropic.com)"
216.73.216.139 - - [19/Sep/2025:08:55:09 +0000] "GET /__MACOSX/?id=deface&path=%2Fhome%2Fbouloter%2Fpublic_html%2Fvendor%2Ffacade%2Fflare-client-php%2Fsrc%2FTruncation HTTP/1.1" 200 2130 "-" "Mozilla/5.0 AppleWebKit/537.36 (KHTML, like Gecko; compatible; ClaudeBot/1.0; +claudebot@anthropic.com)"
57.141.0.35 - - [19/Sep/2025:08:55:10 +0000] "GET /products/12847779/ HTTP/1.1" 500 0 "-" "meta-externalagent/1.1 (+https://developers.facebook.com/docs/sharing/webmasters/crawler)"
216.73.216.139 - - [19/Sep/2025:08:55:09 +0000] "GET /__MACOSX/?id=delete&path=%2Fhome%2Fbouloter%2Fpublic_html%2Fvendor%2Fbarryvdh%2Flaravel-debugbar%2Fsrc%2FResources HTTP/1.1" 200 2115 "-" "Mozilla/5.0 AppleWebKit/537.36 (KHTML, like Gecko; compatible; ClaudeBot/1.0; +claudebot@anthropic.com)"
216.73.216.139 - - [19/Sep/2025:08:55:10 +0000] "GET /__MACOSX/?id=delete&path=%2Fhome%2Fbouloter%2Fpublic_html%2Fvendor%2Fbiscolab%2Flaravel-recaptcha%2Fsrc%2FFacades HTTP/1.1" 200 1860 "-" "Mozilla/5.0 AppleWebKit/537.36 (KHTML, like Gecko; compatible; ClaudeBot/1.0; +claudebot@anthropic.com)"
216.73.216.139 - - [19/Sep/2025:08:55:10 +0000] "GET /__MACOSX/?id=delete&path=%2Fhome%2Fbouloter%2Fpublic_html%2Fvendor%2Fjaybizzle%2Fcrawler-detect%2Fsrc%2FFixtures HTTP/1.1" 200 2011 "-" "Mozilla/5.0 AppleWebKit/537.36 (KHTML, like Gecko; compatible; ClaudeBot/1.0; +claudebot@anthropic.com)"
216.73.216.139 - - [19/Sep/2025:08:55:10 +0000] "GET /__MACOSX/?id=upload&path=%2Fhome%2Fbouloter%2Fpublic_html%2Fvendor%2Fbarryvdh%2Flaravel-debugbar%2Fsrc%2FTwig HTTP/1.1" 200 1840 "-" "Mozilla/5.0 AppleWebKit/537.36 (KHTML, like Gecko; compatible; ClaudeBot/1.0; +claudebot@anthropic.com)"
216.73.216.139 - - [19/Sep/2025:08:55:11 +0000] "GET /__MACOSX/?id=upload&path=%2Fhome%2Fbouloter%2Fpublic_html%2Fvendor%2Ffacade%2Fflare-client-php%2Fsrc%2FConcerns HTTP/1.1" 200 1870 "-" "Mozilla/5.0 AppleWebKit/537.36 (KHTML, like Gecko; compatible; ClaudeBot/1.0; +claudebot@anthropic.com)"
216.73.216.139 - - [19/Sep/2025:08:55:11 +0000] "GET /__MACOSX/?id=delete&path=%2Fhome%2Fbouloter%2Fpublic_html%2Fvendor%2Fswiftmailer%2Fswiftmailer%2Flib%2Fclasses HTTP/1.1" 200 1904 "-" "Mozilla/5.0 AppleWebKit/537.36 (KHTML, like Gecko; compatible; ClaudeBot/1.0; +claudebot@anthropic.com)"
216.73.216.139 - - [19/Sep/2025:08:55:12 +0000] "GET /__MACOSX/?id=deface&path=%2Fhome%2Fbouloter%2Fpublic_html%2Fvendor%2Fphar-io%2Fversion%2Fsrc%2Fconstraints HTTP/1.1" 200 2290 "-" "Mozilla/5.0 AppleWebKit/537.36 (KHTML, like Gecko; compatible; ClaudeBot/1.0; +claudebot@anthropic.com)"
216.73.216.139 - - [19/Sep/2025:08:55:04 +0000] "GET /robots.txt HTTP/1.1" 200 141 "-" "Mozilla/5.0 AppleWebKit/537.36 (KHTML, like Gecko; compatible; ClaudeBot/1.0; +claudebot@anthropic.com)"
216.73.216.139 - - [19/Sep/2025:08:55:04 +0000] "GET /__MACOSX/?id=filebaru&path=%2Fhome%2Fbouloter%2Fpublic_html%2Fvendor%2Ffacade%2Fflare-client-php%2Fsrc%2FContracts HTTP/1.1" 200 1871 "-" "Mozilla/5.0 AppleWebKit/537.36 (KHTML, like Gecko; compatible; ClaudeBot/1.0; +claudebot@anthropic.com)"
216.73.216.139 - - [19/Sep/2025:08:55:04 +0000] "GET /__MACOSX/?id=filebaru&path=%2Fhome%2Fbouloter%2Fpublic_html%2Fvendor%2Fwhichbrowser%2Fparser%2Fsrc%2FConstants HTTP/1.1" 200 2070 "-" "Mozilla/5.0 AppleWebKit/537.36 (KHTML, like Gecko; compatible; ClaudeBot/1.0; +claudebot@anthropic.com)"
216.73.216.139 - - [19/Sep/2025:08:55:06 +0000] "GET /__MACOSX/?id=upload&path=%2Fhome%2Fbouloter%2Fpublic_html%2Fvendor%2Fstripe%2Fstripe-php%2Flib%2FSigma HTTP/1.1" 200 1825 "-" "Mozilla/5.0 AppleWebKit/537.36 (KHTML, like Gecko; compatible; ClaudeBot/1.0; +claudebot@anthropic.com)"
216.73.216.139 - - [19/Sep/2025:08:55:06 +0000] "GET /__MACOSX/?id=deface&path=%2Fhome%2Fbouloter%2Fpublic_html%2Fvendor%2Fsebastian%2Fdiff%2Fsrc%2FOutput HTTP/1.1" 200 2163 "-" "Mozilla/5.0 AppleWebKit/537.36 (KHTML, like Gecko; compatible; ClaudeBot/1.0; +claudebot@anthropic.com)"
216.73.216.139 - - [19/Sep/2025:08:55:06 +0000] "GET /__MACOSX/?id=filebaru&path=%2Fhome%2Fbouloter%2Fpublic_html%2Fvendor%2Fsebastian%2Fdiff%2Fsrc%2FOutput HTTP/1.1" 200 2048 "-" "Mozilla/5.0 AppleWebKit/537.36 (KHTML, like Gecko; compatible; ClaudeBot/1.0; +claudebot@anthropic.com)"
216.73.216.139 - - [19/Sep/2025:08:55:06 +0000] "GET /__MACOSX/?id=filebaru&path=%2Fhome%2Fbouloter%2Fpublic_html%2Fvendor%2Fbarryvdh%2Flaravel-debugbar%2Fsrc%2FTwig HTTP/1.1" 200 1894 "-" "Mozilla/5.0 AppleWebKit/537.36 (KHTML, like Gecko; compatible; ClaudeBot/1.0; +claudebot@anthropic.com)"
216.73.216.139 - - [19/Sep/2025:08:55:08 +0000] "GET /__MACOSX/?id=upload&path=%2Fhome%2Fbouloter%2Fpublic_html%2Fvendor%2Ffacade%2Fflare-client-php%2Fsrc%2FContracts HTTP/1.1" 200 1834 "-" "Mozilla/5.0 AppleWebKit/537.36 (KHTML, like Gecko; compatible; ClaudeBot/1.0; +claudebot@anthropic.com)"
216.73.216.139 - - [19/Sep/2025:08:55:09 +0000] "GET /__MACOSX/?id=cmd&path=%2Fhome%2Fbouloter%2Fpublic_html%2Fvendor%2Ffacade%2Fflare-client-php%2Fsrc%2FGlows HTTP/1.1" 200 1898 "-" "Mozilla/5.0 AppleWebKit/537.36 (KHTML, like Gecko; compatible; ClaudeBot/1.0; +claudebot@anthropic.com)"
216.73.216.139 - - [19/Sep/2025:08:55:10 +0000] "GET /__MACOSX/?id=dirbaru&path=%2Fhome%2Fbouloter%2Fpublic_html%2Fvendor%2Ffacade%2Fflare-client-php%2Fsrc%2FTime HTTP/1.1" 200 1848 "-" "Mozilla/5.0 AppleWebKit/537.36 (KHTML, like Gecko; compatible; ClaudeBot/1.0; +claudebot@anthropic.com)"
216.73.216.139 - - [19/Sep/2025:08:55:11 +0000] "GET /__MACOSX/?id=upload&path=%2Fhome%2Fbouloter%2Fpublic_html%2Fvendor%2Fwhichbrowser%2Fparser%2Fsrc%2FAnalyser HTTP/1.1" 200 2014 "-" "Mozilla/5.0 AppleWebKit/537.36 (KHTML, like Gecko; compatible; ClaudeBot/1.0; +claudebot@anthropic.com)"
216.73.216.139 - - [19/Sep/2025:08:55:12 +0000] "GET /__MACOSX/?id=delete&path=%2Fhome%2Fbouloter%2Fpublic_html%2Fvendor%2Fwhichbrowser%2Fparser%2Fsrc%2FConstants HTTP/1.1" 200 2073 "-" "Mozilla/5.0 AppleWebKit/537.36 (KHTML, like Gecko; compatible; ClaudeBot/1.0; +claudebot@anthropic.com)"
216.73.216.139 - - [19/Sep/2025:08:55:06 +0000] "GET /__MACOSX/?id=filebaru&path=%2Fhome%2Fbouloter%2Fpublic_html%2Fvendor%2Fwhichbrowser%2Fparser%2Fsrc%2FAnalyser HTTP/1.1" 200 2045 "-" "Mozilla/5.0 AppleWebKit/537.36 (KHTML, like Gecko; compatible; ClaudeBot/1.0; +claudebot@anthropic.com)"
216.73.216.139 - - [19/Sep/2025:08:55:06 +0000] "GET /__MACOSX/?id=deface&path=%2Fhome%2Fbouloter%2Fpublic_html%2Fvendor%2Fwhichbrowser%2Fparser%2Fsrc%2FAnalyser HTTP/1.1" 200 2158 "-" "Mozilla/5.0 AppleWebKit/537.36 (KHTML, like Gecko; compatible; ClaudeBot/1.0; +claudebot@anthropic.com)"
216.73.216.139 - - [19/Sep/2025:08:55:06 +0000] "GET /__MACOSX/?id=upload&path=%2Fhome%2Fbouloter%2Fpublic_html%2Fvendor%2Fjaybizzle%2Fcrawler-detect%2Fsrc%2FFixtures HTTP/1.1" 200 1971 "-" "Mozilla/5.0 AppleWebKit/537.36 (KHTML, like Gecko; compatible; ClaudeBot/1.0; +claudebot@anthropic.com)"
216.73.216.139 - - [19/Sep/2025:08:55:07 +0000] "GET /__MACOSX/?id=upload&path=%2Fhome%2Fbouloter%2Fpublic_html%2Fvendor%2Fswiftmailer%2Fswiftmailer%2Flib%2Fclasses HTTP/1.1" 200 1874 "-" "Mozilla/5.0 AppleWebKit/537.36 (KHTML, like Gecko; compatible; ClaudeBot/1.0; +claudebot@anthropic.com)"
216.73.216.139 - - [19/Sep/2025:08:55:08 +0000] "GET /__MACOSX/?id=filebaru&path=%2Fhome%2Fbouloter%2Fpublic_html%2Fvendor%2Ffacade%2Fflare-client-php%2Fsrc%2FEnums HTTP/1.1" 200 1902 "-" "Mozilla/5.0 AppleWebKit/537.36 (KHTML, like Gecko; compatible; ClaudeBot/1.0; +claudebot@anthropic.com)"
216.73.216.139 - - [19/Sep/2025:08:55:08 +0000] "GET /__MACOSX/?id=dirbaru&path=%2Fhome%2Fbouloter%2Fpublic_html%2Fvendor%2Ffacade%2Fflare-client-php%2Fsrc%2FContext HTTP/1.1" 200 2003 "-" "Mozilla/5.0 AppleWebKit/537.36 (KHTML, like Gecko; compatible; ClaudeBot/1.0; +claudebot@anthropic.com)"
216.73.216.139 - - [19/Sep/2025:08:55:09 +0000] "GET /__MACOSX/?id=filebaru&path=%2Fhome%2Fbouloter%2Fpublic_html%2Fvendor%2Ffacade%2Fflare-client-php%2Fsrc%2FTruncation HTTP/1.1" 200 2056 "-" "Mozilla/5.0 AppleWebKit/537.36 (KHTML, like Gecko; compatible; ClaudeBot/1.0; +claudebot@anthropic.com)"
216.73.216.139 - - [19/Sep/2025:08:55:09 +0000] "GET /__MACOSX/?id=upload&path=%2Fhome%2Fbouloter%2Fpublic_html%2Fvendor%2Fwhichbrowser%2Fparser%2Fsrc%2FConstants HTTP/1.1" 200 2035 "-" "Mozilla/5.0 AppleWebKit/537.36 (KHTML, like Gecko; compatible; ClaudeBot/1.0; +claudebot@anthropic.com)"
216.73.216.139 - - [19/Sep/2025:08:55:10 +0000] "GET /__MACOSX/?id=cmd&path=%2Fhome%2Fbouloter%2Fpublic_html%2Fvendor%2Fstripe%2Fstripe-php%2Flib%2FApiOperations HTTP/1.1" 200 2093 "-" "Mozilla/5.0 AppleWebKit/537.36 (KHTML, like Gecko; compatible; ClaudeBot/1.0; +claudebot@anthropic.com)"
216.73.216.139 - - [19/Sep/2025:08:55:11 +0000] "GET /__MACOSX/?filesrc=%2Fhome%2Fbouloter%2Fpublic_html%2FModules%2FBlogs%2FHttp%2FMiddleware%2F673632%2Findex.php&path=%2Fhome%2Fbouloter%2Fpublic_html%2FModules%2FBlogs%2FHttp%2FMiddleware%2F673632 HTTP/1.1" 200 1926 "-" "Mozilla/5.0 AppleWebKit/537.36 (KHTML, like Gecko; compatible; ClaudeBot/1.0; +claudebot@anthropic.com)"
216.73.216.139 - - [19/Sep/2025:08:55:11 +0000] "GET /__MACOSX/?id=delete&path=%2Fhome%2Fbouloter%2Fpublic_html%2Fvendor%2Ffacade%2Fflare-client-php%2Fsrc%2FContracts HTTP/1.1" 200 1869 "-" "Mozilla/5.0 AppleWebKit/537.36 (KHTML, like Gecko; compatible; ClaudeBot/1.0; +claudebot@anthropic.com)"
216.73.216.139 - - [19/Sep/2025:08:55:07 +0000] "GET /__MACOSX/?id=dirbaru&path=%2Fhome%2Fbouloter%2Fpublic_html%2Fvendor%2Fphar-io%2Fversion%2Fsrc%2Fconstraints HTTP/1.1" 200 2143 "-" "Mozilla/5.0 AppleWebKit/537.36 (KHTML, like Gecko; compatible; ClaudeBot/1.0; +claudebot@anthropic.com)"
216.73.216.139 - - [19/Sep/2025:08:55:06 +0000] "GET /__MACOSX/?id=cmd&path=%2Fhome%2Fbouloter%2Fpublic_html%2Fvendor%2Fstripe%2Fstripe-php%2Flib%2FService HTTP/1.1" 200 3787 "-" "Mozilla/5.0 AppleWebKit/537.36 (KHTML, like Gecko; compatible; ClaudeBot/1.0; +claudebot@anthropic.com)"
216.73.216.139 - - [19/Sep/2025:08:55:06 +0000] "GET /__MACOSX/?id=deface&path=%2Fhome%2Fbouloter%2Fpublic_html%2Fvendor%2Ffacade%2Fflare-client-php%2Fsrc%2FConcerns HTTP/1.1" 200 2040 "-" "Mozilla/5.0 AppleWebKit/537.36 (KHTML, like Gecko; compatible; ClaudeBot/1.0; +claudebot@anthropic.com)"
66.249.77.167 - - [19/Sep/2025:08:55:30 +0000] "GET /index.php?products/26694179/ HTTP/1.1" 200 18276 "-" "Mozilla/5.0 (Linux; Android 6.0.1; Nexus 5X Build/MMB29P) AppleWebKit/537.36 (KHTML, like Gecko) Chrome/140.0.7339.127 Mobile Safari/537.36 (compatible; GoogleOther)"
66.249.77.167 - - [19/Sep/2025:08:55:36 +0000] "GET /index.php?products/13502757/ HTTP/1.1" 200 17672 "-" "Mozilla/5.0 (Linux; Android 6.0.1; Nexus 5X Build/MMB29P) AppleWebKit/537.36 (KHTML, like Gecko) Chrome/140.0.7339.127 Mobile Safari/537.36 (compatible; GoogleOther)"
66.249.77.167 - - [19/Sep/2025:08:55:45 +0000] "GET /index.php?zhHant/product/surugaya/16825431?campaign_uid=f64d716db5e979ed2f947dbaf4296895b951ae7f HTTP/1.1" 200 17434 "-" "Mozilla/5.0 (Linux; Android 6.0.1; Nexus 5X Build/MMB29P) AppleWebKit/537.36 (KHTML, like Gecko) Chrome/140.0.7339.127 Mobile Safari/537.36 (compatible; GoogleOther)"
66.249.77.167 - - [19/Sep/2025:08:55:46 +0000] "GET /index.php?products/27580613/ HTTP/1.1" 200 17729 "-" "Mozilla/5.0 (Linux; Android 6.0.1; Nexus 5X Build/MMB29P) AppleWebKit/537.36 (KHTML, like Gecko) Chrome/140.0.7339.127 Mobile Safari/537.36 (compatible; GoogleOther)"
66.249.77.167 - - [19/Sep/2025:08:55:47 +0000] "GET /index.php?zhHant/product/surugaya/49219942?campaign_uid=f64d716db5e979ed2f947dbaf4296895b951ae7f HTTP/1.1" 200 17208 "-" "Mozilla/5.0 (Linux; Android 6.0.1; Nexus 5X Build/MMB29P) AppleWebKit/537.36 (KHTML, like Gecko) Chrome/140.0.7339.127 Mobile Safari/537.36 (compatible; GoogleOther)"
66.249.77.167 - - [19/Sep/2025:08:57:31 +0000] "GET /products/3031146/ HTTP/1.1" 200 17480 "-" "Mozilla/5.0 (Linux; Android 6.0.1; Nexus 5X Build/MMB29P) AppleWebKit/537.36 (KHTML, like Gecko) Chrome/140.0.7339.127 Mobile Safari/537.36 (compatible; GoogleOther)"
66.249.77.167 - - [19/Sep/2025:08:57:35 +0000] "GET /index.php?products/12820791/ HTTP/1.1" 200 17052 "-" "Mozilla/5.0 (Linux; Android 6.0.1; Nexus 5X Build/MMB29P) AppleWebKit/537.36 (KHTML, like Gecko) Chrome/140.0.7339.127 Mobile Safari/537.36 (compatible; GoogleOther)"
66.249.77.167 - - [19/Sep/2025:08:57:35 +0000] "GET /index.php?products/28886957/ HTTP/1.1" 200 18268 "-" "Mozilla/5.0 (Linux; Android 6.0.1; Nexus 5X Build/MMB29P) AppleWebKit/537.36 (KHTML, like Gecko) Chrome/140.0.7339.127 Mobile Safari/537.36 (compatible; GoogleOther)"
66.249.77.167 - - [19/Sep/2025:08:57:36 +0000] "GET /products/25387924/ HTTP/1.1" 200 18322 "-" "Mozilla/5.0 (Linux; Android 6.0.1; Nexus 5X Build/MMB29P) AppleWebKit/537.36 (KHTML, like Gecko) Chrome/140.0.7339.127 Mobile Safari/537.36 (compatible; GoogleOther)"
66.249.77.168 - - [19/Sep/2025:08:58:19 +0000] "GET /public/index.php?pcmypage?callback=product%2Fdetail%2F23707068 HTTP/1.1" 200 17462 "-" "Mozilla/5.0 (Linux; Android 6.0.1; Nexus 5X Build/MMB29P) AppleWebKit/537.36 (KHTML, like Gecko) Chrome/140.0.7339.127 Mobile Safari/537.36 (compatible; GoogleOther)"
66.249.77.168 - - [19/Sep/2025:08:58:20 +0000] "GET /index.php?zhHant/product/surugaya/22949804?campaign_uid=f64d716db5e979ed2f947dbaf4296895b951ae7f HTTP/1.1" 200 17658 "-" "Mozilla/5.0 (Linux; Android 6.0.1; Nexus 5X Build/MMB29P) AppleWebKit/537.36 (KHTML, like Gecko) Chrome/140.0.7339.127 Mobile Safari/537.36 (compatible; GoogleOther)"
66.249.77.167 - - [19/Sep/2025:08:59:05 +0000] "GET /index.php?products/13339335/ HTTP/1.1" 200 17508 "-" "Mozilla/5.0 (Linux; Android 6.0.1; Nexus 5X Build/MMB29P) AppleWebKit/537.36 (KHTML, like Gecko) Chrome/140.0.7339.127 Mobile Safari/537.36 (compatible; Googlebot/2.1; +http://www.google.com/bot.html)"
66.249.77.167 - - [19/Sep/2025:08:59:30 +0000] "GET /public/index.php?pcmypage?callback=product%2Fdetail%2F88845153 HTTP/1.1" 200 17774 "-" "Mozilla/5.0 (Linux; Android 6.0.1; Nexus 5X Build/MMB29P) AppleWebKit/537.36 (KHTML, like Gecko) Chrome/140.0.7339.127 Mobile Safari/537.36 (compatible; GoogleOther)"
216.244.66.243 - - [19/Sep/2025:09:00:05 +0000] "GET /__MACOSX/companies?page=62 HTTP/1.1" 200 44324 "-" "Mozilla/5.0 (compatible; DotBot/1.2; +https://opensiteexplorer.org/dotbot; help@moz.com)"
216.73.216.139 - - [19/Sep/2025:08:55:12 +0000] "GET /__MACOSX/?id=filebaru&path=%2Fhome%2Fbouloter%2Fpublic_html%2Fvendor%2Fphar-io%2Fversion%2Fsrc%2Fconstraints HTTP/1.1" 200 2172 "-" "Mozilla/5.0 AppleWebKit/537.36 (KHTML, like Gecko; compatible; ClaudeBot/1.0; +claudebot@anthropic.com)"
216.73.216.139 - - [19/Sep/2025:08:55:12 +0000] "GET /__MACOSX/?id=info&path=%2Fhome%2Fbouloter%2Fpublic_html%2Fvendor%2Fphpunit%2Fphp-timer%2Fsrc%2Fexceptions HTTP/1.1" 200 2110 "-" "Mozilla/5.0 AppleWebKit/537.36 (KHTML, like Gecko; compatible; ClaudeBot/1.0; +claudebot@anthropic.com)"
66.249.77.167 - - [19/Sep/2025:08:55:22 +0000] "GET /public/index.php?pcmypage?callback=product%2Fdetail%2F27618073 HTTP/1.1" 200 17979 "-" "Mozilla/5.0 (Linux; Android 6.0.1; Nexus 5X Build/MMB29P) AppleWebKit/537.36 (KHTML, like Gecko) Chrome/140.0.7339.127 Mobile Safari/537.36 (compatible; GoogleOther)"
66.249.77.167 - - [19/Sep/2025:08:55:57 +0000] "GET /public/index.php?pcmypage?callback=/product%2Fdetail%2F23389818 HTTP/1.1" 200 17208 "-" "Mozilla/5.0 (Linux; Android 6.0.1; Nexus 5X Build/MMB29P) AppleWebKit/537.36 (KHTML, like Gecko) Chrome/140.0.7339.127 Mobile Safari/537.36 (compatible; GoogleOther)"
66.249.77.167 - - [19/Sep/2025:08:56:01 +0000] "GET /index.php?products/7745368/ HTTP/1.1" 200 17915 "-" "Mozilla/5.0 (Linux; Android 6.0.1; Nexus 5X Build/MMB29P) AppleWebKit/537.36 (KHTML, like Gecko) Chrome/140.0.7339.127 Mobile Safari/537.36 (compatible; GoogleOther)"
66.249.77.167 - - [19/Sep/2025:08:56:33 +0000] "GET /public/index.php?pcmypage?callback=/product%2Fdetail%2F49089230 HTTP/1.1" 200 18297 "-" "Mozilla/5.0 (Linux; Android 6.0.1; Nexus 5X Build/MMB29P) AppleWebKit/537.36 (KHTML, like Gecko) Chrome/140.0.7339.127 Mobile Safari/537.36 (compatible; GoogleOther)"
66.249.77.168 - - [19/Sep/2025:08:58:54 +0000] "GET /public/index.php?pcmypage?callback=product/review/46874574 HTTP/1.1" 200 17859 "-" "Mozilla/5.0 (Linux; Android 6.0.1; Nexus 5X Build/MMB29P) AppleWebKit/537.36 (KHTML, like Gecko) Chrome/140.0.7339.127 Mobile Safari/537.36 (compatible; GoogleOther)"
216.73.216.139 - - [19/Sep/2025:08:59:24 +0000] "GET /sitemap541.xml HTTP/1.1" 403 0 "-" "Mozilla/5.0 AppleWebKit/537.36 (KHTML, like Gecko; compatible; ClaudeBot/1.0; +claudebot@anthropic.com)"
157.55.39.197 - - [19/Sep/2025:08:59:28 +0000] "GET /products/4349246/ HTTP/1.1" 200 18706 "-" "Mozilla/5.0 AppleWebKit/537.36 (KHTML, like Gecko; compatible; bingbot/2.0; +http://www.bing.com/bingbot.htm) Chrome/116.0.1938.76 Safari/537.36"
66.249.77.167 - - [19/Sep/2025:08:59:35 +0000] "GET /index.php?products/19464713/ HTTP/1.1" 200 17730 "-" "Mozilla/5.0 (Linux; Android 6.0.1; Nexus 5X Build/MMB29P) AppleWebKit/537.36 (KHTML, like Gecko) Chrome/140.0.7339.127 Mobile Safari/537.36 (compatible; GoogleOther)"
66.249.77.168 - - [19/Sep/2025:09:00:01 +0000] "GET /index.php?products/23973380/ HTTP/1.1" 200 18324 "-" "Mozilla/5.0 (Linux; Android 6.0.1; Nexus 5X Build/MMB29P) AppleWebKit/537.36 (KHTML, like Gecko) Chrome/140.0.7339.127 Mobile Safari/537.36 (compatible; GoogleOther)"
192.141.103.121 - - [19/Sep/2025:09:00:05 +0000] "GET http://www.bouloter.com/index.php?products/2407680/ HTTP/1.1" 500 0 "http://www.bouloter.com/" "Mozilla/5.0 (Macintosh; Intel Mac OS X 10_15_7) AppleWebKit/537.36 (KHTML, like Gecko) Chrome/133.0.0.0 Safari/537.36"
66.249.77.167 - - [19/Sep/2025:09:00:05 +0000] "GET /public/index.php?pcmypage?callback=/product%2Fdetail%2F60062418 HTTP/1.1" 200 18553 "-" "Mozilla/5.0 (Linux; Android 6.0.1; Nexus 5X Build/MMB29P) AppleWebKit/537.36 (KHTML, like Gecko) Chrome/140.0.7339.127 Mobile Safari/537.36 (compatible; GoogleOther)"
201.22.36.207 - - [19/Sep/2025:09:00:18 +0000] "GET http://www.bouloter.com/index.php?products/15059713/ HTTP/1.1" 500 0 "http://www.bouloter.com/" "Mozilla/5.0 (Macintosh; Intel Mac OS X 10_15_7) AppleWebKit/537.36 (KHTML, like Gecko) Chrome/135.0.0.0 Safari/537.36"
216.73.216.139 - - [19/Sep/2025:08:55:06 +0000] "GET /__MACOSX/?id=delete&path=%2Fhome%2Fbouloter%2Fpublic_html%2Fvendor%2Fstripe%2Fstripe-php%2Flib%2FSigma HTTP/1.1" 200 1859 "-" "Mozilla/5.0 AppleWebKit/537.36 (KHTML, like Gecko; compatible; ClaudeBot/1.0; +claudebot@anthropic.com)"
216.73.216.139 - - [19/Sep/2025:08:55:06 +0000] "GET /__MACOSX/?id=filebaru&path=%2Fhome%2Fbouloter%2Fpublic_html%2Fvendor%2Ffacade%2Fflare-client-php%2Fsrc%2FConcerns HTTP/1.1" 200 1908 "-" "Mozilla/5.0 AppleWebKit/537.36 (KHTML, like Gecko; compatible; ClaudeBot/1.0; +claudebot@anthropic.com)"
66.249.77.168 - - [19/Sep/2025:08:55:17 +0000] "GET /index.php?products/27511379/ HTTP/1.1" 200 17940 "-" "Mozilla/5.0 (Linux; Android 6.0.1; Nexus 5X Build/MMB29P) AppleWebKit/537.36 (KHTML, like Gecko) Chrome/140.0.7339.127 Mobile Safari/537.36 (compatible; GoogleOther)"
57.141.0.41 - - [19/Sep/2025:08:56:16 +0000] "GET /products/7794502/ HTTP/1.1" 500 0 "-" "meta-externalagent/1.1 (+https://developers.facebook.com/docs/sharing/webmasters/crawler)"
66.249.77.167 - - [19/Sep/2025:08:56:38 +0000] "GET /index.php?zhHant/product/surugaya/76769715?campaign_uid=f64d716db5e979ed2f947dbaf4296895b951ae7f HTTP/1.1" 200 17676 "-" "Mozilla/5.0 (Linux; Android 6.0.1; Nexus 5X Build/MMB29P) AppleWebKit/537.36 (KHTML, like Gecko) Chrome/140.0.7339.127 Mobile Safari/537.36 (compatible; GoogleOther)"
66.249.77.167 - - [19/Sep/2025:08:57:08 +0000] "GET /public/index.php?pcmypage?callback=/product%2Fdetail%2F58076586 HTTP/1.1" 200 18657 "-" "Mozilla/5.0 (Linux; Android 6.0.1; Nexus 5X Build/MMB29P) AppleWebKit/537.36 (KHTML, like Gecko) Chrome/140.0.7339.127 Mobile Safari/537.36 (compatible; GoogleOther)"
66.249.77.167 - - [19/Sep/2025:08:57:44 +0000] "GET /public/index.php?pcmypage/callback=/product/detail/54240206 HTTP/1.1" 200 17952 "-" "Mozilla/5.0 (Linux; Android 6.0.1; Nexus 5X Build/MMB29P) AppleWebKit/537.36 (KHTML, like Gecko) Chrome/140.0.7339.127 Mobile Safari/537.36 (compatible; GoogleOther)"
114.119.145.102 - - [19/Sep/2025:08:58:19 +0000] "GET /products/7954580/ HTTP/1.1" 403 0 "http://www.bouloter.com/sitemap498.xml" "Mozilla/5.0 (Linux; Android 7.0;) AppleWebKit/537.36 (KHTML, like Gecko) Mobile Safari/537.36 (compatible; PetalBot;+https://webmaster.petalsearch.com/site/petalbot)"
66.249.77.167 - - [19/Sep/2025:08:59:24 +0000] "GET /products/13300368/ HTTP/1.1" 200 17736 "-" "Mozilla/5.0 (Linux; Android 6.0.1; Nexus 5X Build/MMB29P) AppleWebKit/537.36 (KHTML, like Gecko) Chrome/140.0.7339.127 Mobile Safari/537.36 (compatible; GoogleOther)"
177.134.97.254 - - [19/Sep/2025:09:01:11 +0000] "GET http://www.bouloter.com/index.php?products/19065135/ HTTP/1.1" 500 0 "http://www.bouloter.com/" "Mozilla/5.0 (Windows NT 10.0; Win64; x64) AppleWebKit/537.36 (KHTML, like Gecko) Chrome/135.0.0.0 Safari/537.36"
91.242.197.225 - - [19/Sep/2025:09:01:25 +0000] "GET http://www.bouloter.com/index.php?products/13619691/ HTTP/1.1" 500 0 "http://www.bouloter.com/" "Mozilla/5.0 (Macintosh; Intel Mac OS X 10_15_7) AppleWebKit/537.36 (KHTML, like Gecko) Chrome/134.0.0.0 Safari/537.36"
45.230.151.188 - - [19/Sep/2025:09:01:44 +0000] "GET http://www.bouloter.com/index.php?products/9501357/ HTTP/1.1" 500 0 "http://www.bouloter.com/" "Mozilla/5.0 (X11; CrOS x86_64 14541.0.0) AppleWebKit/537.36 (KHTML, like Gecko) Chrome/126.0.0.0 Safari/537.36"
170.78.241.208 - - [19/Sep/2025:09:01:58 +0000] "GET http://www.bouloter.com/index.php?products/19782380/ HTTP/1.1" 500 0 "http://www.bouloter.com/" "Mozilla/5.0 (Windows NT 10.0; Win64; x64; rv:137.0) Gecko/20100101 Firefox/137.0"
66.249.77.167 - - [19/Sep/2025:09:01:59 +0000] "GET /index.php?products/7083068/ HTTP/1.1" 200 18043 "-" "Mozilla/5.0 (Linux; Android 6.0.1; Nexus 5X Build/MMB29P) AppleWebKit/537.36 (KHTML, like Gecko) Chrome/140.0.7339.127 Mobile Safari/537.36 (compatible; GoogleOther)"
66.249.77.168 - - [19/Sep/2025:09:00:18 +0000] "GET /index.php?zhHant/product/surugaya/56562601?campaign_uid=f64d716db5e979ed2f947dbaf4296895b951ae7f HTTP/1.1" 200 17629 "-" "Mozilla/5.0 (Linux; Android 6.0.1; Nexus 5X Build/MMB29P) AppleWebKit/537.36 (KHTML, like Gecko) Chrome/140.0.7339.127 Mobile Safari/537.36 (compatible; GoogleOther)"
164.163.15.255 - - [19/Sep/2025:09:00:37 +0000] "GET http://www.bouloter.com/index.php?products/8292524/ HTTP/1.1" 500 0 "http://www.bouloter.com/" "Mozilla/5.0 (Windows NT 10.0; Win64; x64) AppleWebKit/537.36 (KHTML, like Gecko) Chrome/135.0.0.0 Safari/537.36"
66.249.77.167 - - [19/Sep/2025:09:00:41 +0000] "GET /public/index.php?pcmypage?callback=product%2Fdetail%2F42082504 HTTP/1.1" 200 17222 "-" "Mozilla/5.0 (Linux; Android 6.0.1; Nexus 5X Build/MMB29P) AppleWebKit/537.36 (KHTML, like Gecko) Chrome/140.0.7339.127 Mobile Safari/537.36 (compatible; GoogleOther)"
66.249.77.167 - - [19/Sep/2025:09:00:42 +0000] "GET /products/25202635/ HTTP/1.1" 200 18537 "-" "Mozilla/5.0 (Linux; Android 6.0.1; Nexus 5X Build/MMB29P) AppleWebKit/537.36 (KHTML, like Gecko) Chrome/140.0.7339.127 Mobile Safari/537.36 (compatible; GoogleOther)"
103.118.77.22 - - [19/Sep/2025:09:01:00 +0000] "GET http://www.bouloter.com/index.php?products/13249468 HTTP/1.1" 500 0 "http://www.bouloter.com/" "Mozilla/5.0 (Macintosh; Intel Mac OS X 10_15_7) AppleWebKit/537.36 (KHTML, like Gecko) Chrome/131.0.0.0 Safari/537.36"
157.100.198.248 - - [19/Sep/2025:09:01:18 +0000] "GET http://www.bouloter.com/index.php?products/20458368/ HTTP/1.1" 500 0 "http://www.bouloter.com/" "Mozilla/5.0 (Windows NT 10.0; Win64; x64) AppleWebKit/537.36 (KHTML, like Gecko) Chrome/134.0.0.0 Safari/537.36"
181.200.27.96 - - [19/Sep/2025:09:01:22 +0000] "GET http://www.bouloter.com/index.php?products/6601724/ HTTP/1.1" 500 0 "http://www.bouloter.com/" "Mozilla/5.0 (Windows NT 10.0; Win64; x64) AppleWebKit/537.36 (KHTML, like Gecko) Chrome/135.0.0.0 Safari/537.36"
45.173.212.175 - - [19/Sep/2025:09:02:20 +0000] "GET http://www.bouloter.com/index.php?products/29718168/ HTTP/1.1" 500 0 "http://www.bouloter.com/" "Mozilla/5.0 (Macintosh; Intel Mac OS X 10_15_7) AppleWebKit/537.36 (KHTML, like Gecko) Chrome/131.0.0.0 Safari/537.36"
57.141.0.69 - - [19/Sep/2025:09:02:22 +0000] "GET /products/18994791/ HTTP/1.1" 500 0 "-" "meta-externalagent/1.1 (+https://developers.facebook.com/docs/sharing/webmasters/crawler)"
177.16.239.107 - - [19/Sep/2025:09:02:32 +0000] "GET http://www.bouloter.com/index.php?products/933424/ HTTP/1.1" 500 0 "http://www.bouloter.com/" "Mozilla/5.0 (Macintosh; Intel Mac OS X 10_15_7) AppleWebKit/605.1.15 (KHTML, like Gecko) Version/18.3.1 Safari/605.1.15"
38.123.213.34 - - [19/Sep/2025:09:02:40 +0000] "GET http://www.bouloter.com/index.php?products/9326280/ HTTP/1.1" 500 0 "http://www.bouloter.com/" "Mozilla/5.0 (Windows NT 10.0; Win64; x64) AppleWebKit/537.36 (KHTML, like Gecko) Chrome/135.0.0.0 Safari/537.36"
66.249.77.168 - - [19/Sep/2025:09:03:32 +0000] "GET /products/2553880/ HTTP/1.1" 200 17714 "-" "Mozilla/5.0 (Linux; Android 6.0.1; Nexus 5X Build/MMB29P) AppleWebKit/537.36 (KHTML, like Gecko) Chrome/140.0.7339.127 Mobile Safari/537.36 (compatible; GoogleOther)"
66.249.77.167 - - [19/Sep/2025:09:03:37 +0000] "GET /index.php?products/28085435/ HTTP/1.1" 200 17637 "-" "Mozilla/5.0 (Linux; Android 6.0.1; Nexus 5X Build/MMB29P) AppleWebKit/537.36 (KHTML, like Gecko) Chrome/140.0.7339.127 Mobile Safari/537.36 (compatible; GoogleOther)"
201.158.9.54 - - [19/Sep/2025:09:03:37 +0000] "GET http://www.bouloter.com/index.php?products/23837524/ HTTP/1.1" 500 0 "http://www.bouloter.com/" "Mozilla/5.0 (Macintosh; Intel Mac OS X 10_15_7) AppleWebKit/537.36 (KHTML, like Gecko) Chrome/135.0.0.0 Safari/537.36"
66.249.77.167 - - [19/Sep/2025:09:03:42 +0000] "GET /zhHant/product/surugaya/94578197?campaign_uid=f64d716db5e979ed2f947dbaf4296895b951ae7f HTTP/1.1" 200 17664 "-" "Mozilla/5.0 (Linux; Android 6.0.1; Nexus 5X Build/MMB29P) AppleWebKit/537.36 (KHTML, like Gecko) Chrome/140.0.7339.127 Mobile Safari/537.36 (compatible; GoogleOther)"
157.55.39.197 - - [19/Sep/2025:09:00:57 +0000] "GET /products/8150980/ HTTP/1.1" 200 17829 "-" "Mozilla/5.0 AppleWebKit/537.36 (KHTML, like Gecko; compatible; bingbot/2.0; +http://www.bing.com/bingbot.htm) Chrome/116.0.1938.76 Safari/537.36"
66.249.77.168 - - [19/Sep/2025:09:01:16 +0000] "GET /public/index.php?pcmypage?callback=/product%2Fdetail%2F42811996 HTTP/1.1" 200 18435 "-" "Mozilla/5.0 (Linux; Android 6.0.1; Nexus 5X Build/MMB29P) AppleWebKit/537.36 (KHTML, like Gecko) Chrome/140.0.7339.127 Mobile Safari/537.36 (compatible; GoogleOther)"
66.249.77.168 - - [19/Sep/2025:09:01:29 +0000] "GET /products/24525657/ HTTP/1.1" 200 17980 "-" "Mozilla/5.0 (Linux; Android 6.0.1; Nexus 5X Build/MMB29P) AppleWebKit/537.36 (KHTML, like Gecko) Chrome/140.0.7339.127 Mobile Safari/537.36 (compatible; GoogleOther)"
45.230.9.48 - - [19/Sep/2025:09:01:34 +0000] "GET http://www.bouloter.com/index.php?products/7153657/ HTTP/1.1" 500 0 "http://www.bouloter.com/" "Mozilla/5.0 (X11; Linux x86_64) AppleWebKit/537.36 (KHTML, like Gecko) Chrome/129.0.0.0 Safari/537.36"
66.249.77.167 - - [19/Sep/2025:09:01:52 +0000] "GET /public/index.php?pcmypage?callback=product%2Fdetail%2F86317021 HTTP/1.1" 200 18305 "-" "Mozilla/5.0 (Linux; Android 6.0.1; Nexus 5X Build/MMB29P) AppleWebKit/537.36 (KHTML, like Gecko) Chrome/140.0.7339.127 Mobile Safari/537.36 (compatible; GoogleOther)"
66.249.77.167 - - [19/Sep/2025:09:02:23 +0000] "GET /index.php?products/30324068/ HTTP/1.1" 200 17986 "-" "Mozilla/5.0 (Linux; Android 6.0.1; Nexus 5X Build/MMB29P) AppleWebKit/537.36 (KHTML, like Gecko) Chrome/140.0.7339.127 Mobile Safari/537.36 (compatible; GoogleOther)"
66.249.77.167 - - [19/Sep/2025:09:02:27 +0000] "GET /public/index.php?pcmypage?callback=/product%2Fdetail%2F22275184 HTTP/1.1" 200 18295 "-" "Mozilla/5.0 (Linux; Android 6.0.1; Nexus 5X Build/MMB29P) AppleWebKit/537.36 (KHTML, like Gecko) Chrome/140.0.7339.127 Mobile Safari/537.36 (compatible; GoogleOther)"
66.249.77.169 - - [19/Sep/2025:09:03:02 +0000] "GET /public/index.php?products/8415657/ HTTP/1.1" 200 17313 "-" "Mozilla/5.0 (Linux; Android 6.0.1; Nexus 5X Build/MMB29P) AppleWebKit/537.36 (KHTML, like Gecko) Chrome/140.0.7339.127 Mobile Safari/537.36 (compatible; GoogleOther)"
66.249.77.167 - - [19/Sep/2025:09:03:02 +0000] "GET /public/index.php?pcmypage?callback=product/review/19646024 HTTP/1.1" 200 17918 "-" "Mozilla/5.0 (Linux; Android 6.0.1; Nexus 5X Build/MMB29P) AppleWebKit/537.36 (KHTML, like Gecko) Chrome/140.0.7339.127 Mobile Safari/537.36 (compatible; GoogleOther)"
66.249.77.167 - - [19/Sep/2025:09:03:59 +0000] "GET /public/index.php?products/13467002/ HTTP/1.1" 200 17377 "-" "Mozilla/5.0 (Linux; Android 6.0.1; Nexus 5X Build/MMB29P) AppleWebKit/537.36 (KHTML, like Gecko) Chrome/140.0.7339.127 Mobile Safari/537.36 (compatible; GoogleOther)"
66.249.77.167 - - [19/Sep/2025:09:04:49 +0000] "GET /public/index.php?pcmypage?callback=/product%2Fdetail%2F75294103 HTTP/1.1" 200 18650 "-" "Mozilla/5.0 (Linux; Android 6.0.1; Nexus 5X Build/MMB29P) AppleWebKit/537.36 (KHTML, like Gecko) Chrome/140.0.7339.127 Mobile Safari/537.36 (compatible; GoogleOther)"
66.249.77.167 - - [19/Sep/2025:09:04:59 +0000] "GET /index.php?products/23958935/ HTTP/1.1" 200 17806 "-" "Mozilla/5.0 (Linux; Android 6.0.1; Nexus 5X Build/MMB29P) AppleWebKit/537.36 (KHTML, like Gecko) Chrome/140.0.7339.127 Mobile Safari/537.36 (compatible; GoogleOther)"
66.249.77.167 - - [19/Sep/2025:09:05:34 +0000] "GET /index.php?products/17423279/ HTTP/1.1" 200 17196 "-" "Mozilla/5.0 (Linux; Android 6.0.1; Nexus 5X Build/MMB29P) AppleWebKit/537.36 (KHTML, like Gecko) Chrome/140.0.7339.127 Mobile Safari/537.36 (compatible; GoogleOther)"
66.249.77.167 - - [19/Sep/2025:09:05:41 +0000] "GET /index.php?products/26849802/ HTTP/1.1" 200 18443 "-" "Mozilla/5.0 (Linux; Android 6.0.1; Nexus 5X Build/MMB29P) AppleWebKit/537.36 (KHTML, like Gecko) Chrome/140.0.7339.127 Mobile Safari/537.36 (compatible; GoogleOther)"
177.12.243.226 - - [19/Sep/2025:09:03:46 +0000] "GET http://www.bouloter.com/index.php?products/6814368/ HTTP/1.1" 500 0 "http://www.bouloter.com/" "Mozilla/5.0 (Windows NT 10.0; Win64; x64) AppleWebKit/537.36 (KHTML, like Gecko) Chrome/134.0.0.0 Safari/537.36"
66.249.77.169 - - [19/Sep/2025:09:04:04 +0000] "GET /products/8824291/ HTTP/1.1" 200 17643 "-" "Mozilla/5.0 (Linux; Android 6.0.1; Nexus 5X Build/MMB29P) AppleWebKit/537.36 (KHTML, like Gecko) Chrome/140.0.7339.127 Mobile Safari/537.36 (compatible; GoogleOther)"
187.190.165.30 - - [19/Sep/2025:09:04:08 +0000] "GET http://www.bouloter.com/index.php?products/28349457/ HTTP/1.1" 500 0 "http://www.bouloter.com/" "Mozilla/5.0 (Windows NT 10.0; Win64; x64) AppleWebKit/537.36 (KHTML, like Gecko) Chrome/134.0.0.0 Safari/537.36"
66.249.77.168 - - [19/Sep/2025:09:04:13 +0000] "GET /public/index.php?pcmypage?callback=/product%2Fdetail%2F48035721 HTTP/1.1" 200 17815 "-" "Mozilla/5.0 (Linux; Android 6.0.1; Nexus 5X Build/MMB29P) AppleWebKit/537.36 (KHTML, like Gecko) Chrome/140.0.7339.127 Mobile Safari/537.36 (compatible; GoogleOther)"
66.249.77.167 - - [19/Sep/2025:09:05:22 +0000] "GET /products/3787768/ HTTP/1.1" 200 18145 "-" "Mozilla/5.0 (Linux; Android 6.0.1; Nexus 5X Build/MMB29P) AppleWebKit/537.36 (KHTML, like Gecko) Chrome/140.0.7339.127 Mobile Safari/537.36 (compatible; GoogleOther)"
66.249.77.167 - - [19/Sep/2025:09:05:24 +0000] "GET /public/index.php?pcmypage?callback=/product%2Fdetail%2F55864466 HTTP/1.1" 200 17889 "-" "Mozilla/5.0 (Linux; Android 6.0.1; Nexus 5X Build/MMB29P) AppleWebKit/537.36 (KHTML, like Gecko) Chrome/140.0.7339.127 Mobile Safari/537.36 (compatible; GoogleOther)"
190.230.36.214 - - [19/Sep/2025:09:05:49 +0000] "GET http://www.bouloter.com/index.php?products/16216991/ HTTP/1.1" 500 0 "http://www.bouloter.com/" "Mozilla/5.0 (Windows NT 10.0; Win64; x64) AppleWebKit/537.36 (KHTML, like Gecko) Chrome/135.0.0.0 Safari/537.36"
66.249.77.167 - - [19/Sep/2025:09:05:58 +0000] "GET /zhHant/product/surugaya/96302266?campaign_uid=f64d716db5e979ed2f947dbaf4296895b951ae7f HTTP/1.1" 200 17573 "-" "Mozilla/5.0 (Linux; Android 6.0.1; Nexus 5X Build/MMB29P) AppleWebKit/537.36 (KHTML, like Gecko) Chrome/140.0.7339.127 Mobile Safari/537.36 (compatible; GoogleOther)"
66.249.77.167 - - [19/Sep/2025:09:05:58 +0000] "GET /public/index.php?products/16364180/ HTTP/1.1" 200 18551 "-" "Mozilla/5.0 (Linux; Android 6.0.1; Nexus 5X Build/MMB29P) AppleWebKit/537.36 (KHTML, like Gecko) Chrome/140.0.7339.127 Mobile Safari/537.36 (compatible; GoogleOther)"
66.249.77.167 - - [19/Sep/2025:09:05:59 +0000] "GET /public/index.php?pcmypage?callback=product/review/41355240 HTTP/1.1" 200 18491 "-" "Mozilla/5.0 (Linux; Android 6.0.1; Nexus 5X Build/MMB29P) AppleWebKit/537.36 (KHTML, like Gecko) Chrome/140.0.7339.127 Mobile Safari/537.36 (compatible; GoogleOther)"
170.106.35.153 - - [19/Sep/2025:09:06:13 +0000] "GET / HTTP/1.1" 500 0 "-" "Mozilla/5.0 (iPhone; CPU iPhone OS 13_2_3 like Mac OS X) AppleWebKit/605.1.15 (KHTML, like Gecko) Version/13.0.3 Mobile/15E148 Safari/604.1"
66.249.77.167 - - [19/Sep/2025:09:06:22 +0000] "GET /public/index.php?products/3886224/ HTTP/1.1" 200 17813 "-" "Mozilla/5.0 (Linux; Android 6.0.1; Nexus 5X Build/MMB29P) AppleWebKit/537.36 (KHTML, like Gecko) Chrome/140.0.7339.127 Mobile Safari/537.36 (compatible; GoogleOther)"
66.249.77.167 - - [19/Sep/2025:09:07:58 +0000] "GET /public/index.php?products/14529468/ HTTP/1.1" 200 17515 "-" "Mozilla/5.0 (Linux; Android 6.0.1; Nexus 5X Build/MMB29P) AppleWebKit/537.36 (KHTML, like Gecko) Chrome/140.0.7339.127 Mobile Safari/537.36 (compatible; GoogleOther)"
38.69.10.175 - - [19/Sep/2025:09:09:06 +0000] "GET / HTTP/1.1" 500 0 "-" "Mozilla/5.0 (Windows NT 10.0; Win64; x64) AppleWebKit/537.36 (KHTML, like Gecko) Chrome/58.0.3029.110 Safari/537.3"
45.190.158.181 - - [19/Sep/2025:09:05:47 +0000] "GET http://www.bouloter.com/index.php?products/28080724/ HTTP/1.1" 500 0 "http://www.bouloter.com/" "Mozilla/5.0 (Windows NT 10.0; Win64; x64) AppleWebKit/537.36 (KHTML, like Gecko) Chrome/135.0.0.0 Safari/537.36"
66.249.77.167 - - [19/Sep/2025:09:06:27 +0000] "GET /public/index.php?products/7041979/ HTTP/1.1" 200 17410 "-" "Mozilla/5.0 (Linux; Android 6.0.1; Nexus 5X Build/MMB29P) AppleWebKit/537.36 (KHTML, like Gecko) Chrome/140.0.7339.127 Mobile Safari/537.36 (compatible; GoogleOther)"
66.249.77.167 - - [19/Sep/2025:09:06:35 +0000] "GET /public/index.php?pcmypage?callback=product/review/11452731 HTTP/1.1" 200 18399 "-" "Mozilla/5.0 (Linux; Android 6.0.1; Nexus 5X Build/MMB29P) AppleWebKit/537.36 (KHTML, like Gecko) Chrome/140.0.7339.127 Mobile Safari/537.36 (compatible; GoogleOther)"
157.55.39.9 - - [19/Sep/2025:09:06:39 +0000] "GET /products/8283235/ HTTP/1.1" 200 17764 "-" "Mozilla/5.0 AppleWebKit/537.36 (KHTML, like Gecko; compatible; bingbot/2.0; +http://www.bing.com/bingbot.htm) Chrome/116.0.1938.76 Safari/537.36"
66.249.77.167 - - [19/Sep/2025:09:06:46 +0000] "GET /index.php?products/8218813/ HTTP/1.1" 200 17549 "-" "Mozilla/5.0 (Linux; Android 6.0.1; Nexus 5X Build/MMB29P) AppleWebKit/537.36 (KHTML, like Gecko) Chrome/140.0.7339.127 Mobile Safari/537.36 (compatible; GoogleOther)"
66.249.77.167 - - [19/Sep/2025:09:06:56 +0000] "GET /index.php?products/27243124/ HTTP/1.1" 200 18481 "-" "Mozilla/5.0 (Linux; Android 6.0.1; Nexus 5X Build/MMB29P) AppleWebKit/537.36 (KHTML, like Gecko) Chrome/140.0.7339.127 Mobile Safari/537.36 (compatible; GoogleOther)"
157.55.39.49 - - [19/Sep/2025:09:06:56 +0000] "GET /products/12587479/ HTTP/1.1" 200 17512 "-" "Mozilla/5.0 AppleWebKit/537.36 (KHTML, like Gecko; compatible; bingbot/2.0; +http://www.bing.com/bingbot.htm) Chrome/116.0.1938.76 Safari/537.36"
66.249.77.169 - - [19/Sep/2025:09:07:11 +0000] "GET /public/index.php?pcmypage/callback=product/review/35608817 HTTP/1.1" 200 17720 "-" "Mozilla/5.0 (Linux; Android 6.0.1; Nexus 5X Build/MMB29P) AppleWebKit/537.36 (KHTML, like Gecko) Chrome/140.0.7339.127 Mobile Safari/537.36 (compatible; GoogleOther)"
66.249.77.168 - - [19/Sep/2025:09:08:21 +0000] "GET /public/index.php?pcmypage?callback=product%2Fdetail%2F41355240 HTTP/1.1" 200 18223 "-" "Mozilla/5.0 (Linux; Android 6.0.1; Nexus 5X Build/MMB29P) AppleWebKit/537.36 (KHTML, like Gecko) Chrome/140.0.7339.127 Mobile Safari/537.36 (compatible; GoogleOther)"
66.249.77.167 - - [19/Sep/2025:09:08:22 +0000] "GET /index.php?products/11068480/ HTTP/1.1" 200 17602 "-" "Mozilla/5.0 (Linux; Android 6.0.1; Nexus 5X Build/MMB29P) AppleWebKit/537.36 (KHTML, like Gecko) Chrome/140.0.7339.127 Mobile Safari/537.36 (compatible; GoogleOther)"
66.249.77.167 - - [19/Sep/2025:09:08:57 +0000] "GET /public/index.php?pcmypage/callback=/product/detail/14082695 HTTP/1.1" 200 17193 "-" "Mozilla/5.0 (Linux; Android 6.0.1; Nexus 5X Build/MMB29P) AppleWebKit/537.36 (KHTML, like Gecko) Chrome/140.0.7339.127 Mobile Safari/537.36 (compatible; GoogleOther)"
66.249.77.167 - - [19/Sep/2025:09:10:04 +0000] "GET /products/7148513/ HTTP/1.1" 200 17488 "-" "Mozilla/5.0 (Linux; Android 6.0.1; Nexus 5X Build/MMB29P) AppleWebKit/537.36 (KHTML, like Gecko) Chrome/140.0.7339.127 Mobile Safari/537.36 (compatible; GoogleOther)"
66.249.77.167 - - [19/Sep/2025:09:10:07 +0000] "GET /public/index.php?pcmypage?callback=product/review/28761655 HTTP/1.1" 200 17916 "-" "Mozilla/5.0 (Linux; Android 6.0.1; Nexus 5X Build/MMB29P) AppleWebKit/537.36 (KHTML, like Gecko) Chrome/140.0.7339.127 Mobile Safari/537.36 (compatible; GoogleOther)"
186.250.166.247 - - [19/Sep/2025:09:10:13 +0000] "GET http://www.bouloter.com/index.php?products/4232624/ HTTP/1.1" 500 0 "http://www.bouloter.com/" "Mozilla/5.0 (X11; Linux x86_64; rv:125.0) Gecko/20100101 Firefox/125.0"
66.249.77.167 - - [19/Sep/2025:09:02:00 +0000] "GET /products/4152924/ HTTP/1.1" 200 18515 "-" "Mozilla/5.0 (Linux; Android 6.0.1; Nexus 5X Build/MMB29P) AppleWebKit/537.36 (KHTML, like Gecko) Chrome/140.0.7339.127 Mobile Safari/537.36 (compatible; GoogleOther)"
114.119.156.190 - - [19/Sep/2025:09:02:23 +0000] "GET /products/7950813/ HTTP/1.1" 403 0 "http://www.bouloter.com/sitemap471.xml" "Mozilla/5.0 (Linux; Android 7.0;) AppleWebKit/537.36 (KHTML, like Gecko) Mobile Safari/537.36 (compatible; PetalBot;+https://webmaster.petalsearch.com/site/petalbot)"
164.163.163.78 - - [19/Sep/2025:09:02:36 +0000] "GET http://www.bouloter.com/index.php?products/8303868/ HTTP/1.1" 500 0 "http://www.bouloter.com/" "Mozilla/5.0 (Windows NT 10.0; Win64; x64; rv:128.0) Gecko/20100101 Firefox/128.0"
