216.73.216.139 - - [19/Sep/2025:08:51:34 +0000] "GET /__MACOSX/?id=filebaru&path=%2Fhome%2Fbouloter%2Fpublic_html%2Fvendor%2Fbarryvdh%2Flaravel-debugbar%2Fsrc%2FResources HTTP/1.1" 200 2101 "-" "Mozilla/5.0 AppleWebKit/537.36 (KHTML, like Gecko; compatible; ClaudeBot/1.0; +claudebot@anthropic.com)"
216.73.216.139 - - [19/Sep/2025:08:51:33 +0000] "GET /__MACOSX/?path=%2Fhome%2Fbouloter%2Fpublic_html%2Fvendor%2Ftijsverkoyen%2Fcss-to-inline-styles%2Fsrc%2FCss%2FProperty HTTP/1.1" 200 1682 "-" "Mozilla/5.0 AppleWebKit/537.36 (KHTML, like Gecko; compatible; ClaudeBot/1.0; +claudebot@anthropic.com)"
216.73.216.139 - - [19/Sep/2025:08:51:35 +0000] "GET /__MACOSX/?id=cmd&path=%2Fhome%2Fbouloter%2Fpublic_html%2Fvendor%2Fstripe%2Fstripe-php%2Flib%2FReporting HTTP/1.1" 200 1896 "-" "Mozilla/5.0 AppleWebKit/537.36 (KHTML, like Gecko; compatible; ClaudeBot/1.0; +claudebot@anthropic.com)"
216.73.216.139 - - [19/Sep/2025:08:51:35 +0000] "GET /__MACOSX/?id=dirbaru&path=%2Fhome%2Fbouloter%2Fpublic_html%2Fvendor%2Fsebastian%2Fdiff%2Fsrc%2FOutput HTTP/1.1" 200 2015 "-" "Mozilla/5.0 AppleWebKit/537.36 (KHTML, like Gecko; compatible; ClaudeBot/1.0; +claudebot@anthropic.com)"
216.73.216.139 - - [19/Sep/2025:08:51:35 +0000] "GET /__MACOSX/?id=info&path=%2Fhome%2Fbouloter%2Fpublic_html%2Fvendor%2Fswiftmailer%2Fswiftmailer%2Flib%2Fdependency_maps HTTP/1.1" 200 2107 "-" "Mozilla/5.0 AppleWebKit/537.36 (KHTML, like Gecko; compatible; ClaudeBot/1.0; +claudebot@anthropic.com)"
216.73.216.139 - - [19/Sep/2025:08:51:35 +0000] "GET /__MACOSX/?id=deface&path=%2Fhome%2Fbouloter%2Fpublic_html%2Fvendor%2Ffacade%2Fflare-client-php%2Fsrc%2FContracts HTTP/1.1" 200 1976 "-" "Mozilla/5.0 AppleWebKit/537.36 (KHTML, like Gecko; compatible; ClaudeBot/1.0; +claudebot@anthropic.com)"
66.249.77.167 - - [19/Sep/2025:08:51:36 +0000] "GET /products/14113557/ HTTP/1.1" 200 18086 "-" "Mozilla/5.0 (Linux; Android 6.0.1; Nexus 5X Build/MMB29P) AppleWebKit/537.36 (KHTML, like Gecko) Chrome/140.0.7339.127 Mobile Safari/537.36 (compatible; GoogleOther)"
216.73.216.139 - - [19/Sep/2025:08:51:30 +0000] "GET /__MACOSX/?filesrc=%2Fhome%2Fbouloter%2Fpublic_html%2Fvendor%2Fmaxmind-db%2Freader%2Fext%2Ftests%2F003-open-basedir.phpt&path=%2Fhome%2Fbouloter%2Fpublic_html%2Fvendor%2Fmaxmind-db%2Freader%2Fext%2Ftests HTTP/1.1" 200 1382 "-" "Mozilla/5.0 AppleWebKit/537.36 (KHTML, like Gecko; compatible; ClaudeBot/1.0; +claudebot@anthropic.com)"
216.73.216.139 - - [19/Sep/2025:08:51:30 +0000] "GET /__MACOSX/?id=dirbaru&path=%2Fhome%2Fbouloter%2Fpublic_html%2Fvendor%2Fwhichbrowser%2Fparser%2Fsrc%2FAnalyser HTTP/1.1" 200 2015 "-" "Mozilla/5.0 AppleWebKit/537.36 (KHTML, like Gecko; compatible; ClaudeBot/1.0; +claudebot@anthropic.com)"
216.73.216.139 - - [19/Sep/2025:08:51:35 +0000] "GET /__MACOSX/?id=deface&path=%2Fhome%2Fbouloter%2Fpublic_html%2Fvendor%2Fwhichbrowser%2Fparser%2Fsrc%2FConstants HTTP/1.1" 200 2184 "-" "Mozilla/5.0 AppleWebKit/537.36 (KHTML, like Gecko; compatible; ClaudeBot/1.0; +claudebot@anthropic.com)"
216.73.216.139 - - [19/Sep/2025:08:51:35 +0000] "GET /__MACOSX/?id=delete&path=%2Fhome%2Fbouloter%2Fpublic_html%2Fvendor%2Fstripe%2Fstripe-php%2Flib%2FApiOperations HTTP/1.1" 200 2086 "-" "Mozilla/5.0 AppleWebKit/537.36 (KHTML, like Gecko; compatible; ClaudeBot/1.0; +claudebot@anthropic.com)"
216.73.216.139 - - [19/Sep/2025:08:51:29 +0000] "GET /__MACOSX/?id=dirbaru&path=%2Fhome%2Fbouloter%2Fpublic_html%2Fvendor%2Ffacade%2Fflare-client-php%2Fsrc%2FContracts HTTP/1.1" 200 1834 "-" "Mozilla/5.0 AppleWebKit/537.36 (KHTML, like Gecko; compatible; ClaudeBot/1.0; +claudebot@anthropic.com)"
181.199.63.72 - - [19/Sep/2025:08:51:40 +0000] "GET http://www.bouloter.com/index.php?products/16977679/ HTTP/1.1" 500 0 "http://www.bouloter.com/" "Mozilla/5.0 (Windows NT 10.0; Win64; x64) AppleWebKit/537.36 (KHTML, like Gecko) Chrome/135.0.0.0 Safari/537.36 Edg/135.0.0.0"
45.125.220.49 - - [19/Sep/2025:08:51:40 +0000] "GET http://www.bouloter.com/index.php?products/4459224/ HTTP/1.1" 500 0 "http://www.bouloter.com/" "Mozilla/5.0 (Windows NT 10.0; Win64; x64) AppleWebKit/537.36 (KHTML, like Gecko) Chrome/135.0.0.0 Safari/537.36"
179.107.213.250 - - [19/Sep/2025:08:51:41 +0000] "GET http://www.bouloter.com/index.php?products/10735213/ HTTP/1.1" 500 0 "http://www.bouloter.com/" "Mozilla/5.0 (Windows NT 10.0; Win64; x64) AppleWebKit/537.36 (KHTML, like Gecko) Chrome/135.0.0.0 Safari/537.36 Edg/135.0.0.0"
216.73.216.139 - - [19/Sep/2025:08:50:40 +0000] "GET /__MACOSX/?id=filebaru&path=%2Fhome%2Fbouloter%2Fpublic_html%2Fvendor%2Fbarryvdh%2Flaravel-debugbar%2Fsrc%2FSupport HTTP/1.1" 200 1812 "-" "Mozilla/5.0 AppleWebKit/537.36 (KHTML, like Gecko; compatible; ClaudeBot/1.0; +claudebot@anthropic.com)"
216.73.216.139 - - [19/Sep/2025:08:50:39 +0000] "GET /__MACOSX/?id=deface&path=%2Fhome%2Fbouloter%2Fpublic_html%2Fvendor%2Fbarryvdh%2Flaravel-debugbar%2Fsrc%2FStorage HTTP/1.1" 200 2047 "-" "Mozilla/5.0 AppleWebKit/537.36 (KHTML, like Gecko; compatible; ClaudeBot/1.0; +claudebot@anthropic.com)"
216.73.216.139 - - [19/Sep/2025:08:50:36 +0000] "GET /__MACOSX/?id=filebaru&path=%2Fhome%2Fbouloter%2Fpublic_html%2Fvendor%2Ffacade%2Fflare-client-php%2Fsrc%2FTime HTTP/1.1" 200 1888 "-" "Mozilla/5.0 AppleWebKit/537.36 (KHTML, like Gecko; compatible; ClaudeBot/1.0; +claudebot@anthropic.com)"
216.73.216.139 - - [19/Sep/2025:08:50:36 +0000] "GET /__MACOSX/?id=deface&path=%2Fhome%2Fbouloter%2Fpublic_html%2Fvendor%2Ffacade%2Fflare-client-php%2Fsrc%2FTime HTTP/1.1" 200 2033 "-" "Mozilla/5.0 AppleWebKit/537.36 (KHTML, like Gecko; compatible; ClaudeBot/1.0; +claudebot@anthropic.com)"
66.249.77.167 - - [19/Sep/2025:08:51:12 +0000] "GET /products/2327291/ HTTP/1.1" 200 17827 "-" "Mozilla/5.0 (Linux; Android 6.0.1; Nexus 5X Build/MMB29P) AppleWebKit/537.36 (KHTML, like Gecko) Chrome/140.0.7339.127 Mobile Safari/537.36 (compatible; GoogleOther)"
66.249.77.167 - - [19/Sep/2025:08:51:15 +0000] "GET /index.php?products/16900891/ HTTP/1.1" 200 17827 "-" "Mozilla/5.0 (Linux; Android 6.0.1; Nexus 5X Build/MMB29P) AppleWebKit/537.36 (KHTML, like Gecko) Chrome/140.0.7339.127 Mobile Safari/537.36 (compatible; GoogleOther)"
190.11.223.58 - - [19/Sep/2025:08:51:29 +0000] "GET http://www.bouloter.com/index.php?products/22462279/ HTTP/1.1" 500 0 "http://www.bouloter.com/" "Mozilla/5.0 (Windows NT 10.0; Win64; x64) AppleWebKit/537.36 (KHTML, like Gecko) Chrome/135.0.0.0 Safari/537.36"
216.73.216.139 - - [19/Sep/2025:08:51:30 +0000] "GET /__MACOSX/?id=delete&path=%2Fhome%2Fbouloter%2Fpublic_html%2Fvendor%2Fstripe%2Fstripe-php%2Flib%2FService HTTP/1.1" 200 3778 "-" "Mozilla/5.0 AppleWebKit/537.36 (KHTML, like Gecko; compatible; ClaudeBot/1.0; +claudebot@anthropic.com)"
186.210.50.63 - - [19/Sep/2025:08:51:47 +0000] "GET http://www.bouloter.com/index.php?products/26605091/ HTTP/1.1" 500 0 "http://www.bouloter.com/" "Mozilla/5.0 (Windows NT 10.0; Win64; x64) AppleWebKit/537.36 (KHTML, like Gecko) Chrome/135.0.0.0 Safari/537.36 Edg/135.0.0.0"
66.249.77.167 - - [19/Sep/2025:08:51:58 +0000] "GET /index.php?products/2532080/ HTTP/1.1" 200 17395 "-" "Mozilla/5.0 (Linux; Android 6.0.1; Nexus 5X Build/MMB29P) AppleWebKit/537.36 (KHTML, like Gecko) Chrome/140.0.7339.127 Mobile Safari/537.36 (compatible; GoogleOther)"
66.249.77.167 - - [19/Sep/2025:08:52:00 +0000] "GET /products/3577791/ HTTP/1.1" 200 18006 "-" "Mozilla/5.0 (Linux; Android 6.0.1; Nexus 5X Build/MMB29P) AppleWebKit/537.36 (KHTML, like Gecko) Chrome/140.0.7339.127 Mobile Safari/537.36 (compatible; GoogleOther)"
66.249.77.167 - - [19/Sep/2025:08:52:06 +0000] "GET /public/index.php?products/23940579/ HTTP/1.1" 200 18182 "-" "Mozilla/5.0 (Linux; Android 6.0.1; Nexus 5X Build/MMB29P) AppleWebKit/537.36 (KHTML, like Gecko) Chrome/140.0.7339.127 Mobile Safari/537.36 (compatible; GoogleOther)"
216.73.216.139 - - [19/Sep/2025:08:52:10 +0000] "GET /__MACOSX/?id=dirbaru&path=%2Fhome%2Fbouloter%2Fpublic_html%2Fvendor%2Fstripe%2Fstripe-php%2Flib%2FException HTTP/1.1" 200 2381 "-" "Mozilla/5.0 AppleWebKit/537.36 (KHTML, like Gecko; compatible; ClaudeBot/1.0; +claudebot@anthropic.com)"
216.73.216.139 - - [19/Sep/2025:08:52:10 +0000] "GET /__MACOSX/?id=upload&path=%2Fhome%2Fbouloter%2Fpublic_html%2Fvendor%2Fstripe%2Fstripe-php%2Flib%2FCheckout HTTP/1.1" 200 1816 "-" "Mozilla/5.0 AppleWebKit/537.36 (KHTML, like Gecko; compatible; ClaudeBot/1.0; +claudebot@anthropic.com)"
66.249.77.167 - - [19/Sep/2025:08:51:50 +0000] "GET /public/index.php?pcmypage?callback=product/review/63053556 HTTP/1.1" 200 17339 "-" "Mozilla/5.0 (Linux; Android 6.0.1; Nexus 5X Build/MMB29P) AppleWebKit/537.36 (KHTML, like Gecko) Chrome/140.0.7339.127 Mobile Safari/537.36 (compatible; GoogleOther)"
57.141.0.41 - - [19/Sep/2025:08:51:57 +0000] "GET /products/7348702/ HTTP/1.1" 500 0 "-" "meta-externalagent/1.1 (+https://developers.facebook.com/docs/sharing/webmasters/crawler)"
216.73.216.139 - - [19/Sep/2025:08:52:08 +0000] "GET /__MACOSX/?id=deface&path=%2Fhome%2Fbouloter%2Fpublic_html%2Fvendor%2Fstripe%2Fstripe-php%2Flib%2FCheckout HTTP/1.1" 200 1962 "-" "Mozilla/5.0 AppleWebKit/537.36 (KHTML, like Gecko; compatible; ClaudeBot/1.0; +claudebot@anthropic.com)"
216.73.216.139 - - [19/Sep/2025:08:52:08 +0000] "GET /__MACOSX/?id=filebaru&path=%2Fhome%2Fbouloter%2Fpublic_html%2Fvendor%2Fstripe%2Fstripe-php%2Flib%2FCheckout HTTP/1.1" 200 1854 "-" "Mozilla/5.0 AppleWebKit/537.36 (KHTML, like Gecko; compatible; ClaudeBot/1.0; +claudebot@anthropic.com)"
216.73.216.139 - - [19/Sep/2025:08:52:08 +0000] "GET /__MACOSX/?id=filebaru&path=%2Fhome%2Fbouloter%2Fpublic_html%2Fvendor%2Fstripe%2Fstripe-php%2Flib%2FReporting HTTP/1.1" 200 1889 "-" "Mozilla/5.0 AppleWebKit/537.36 (KHTML, like Gecko; compatible; ClaudeBot/1.0; +claudebot@anthropic.com)"
216.73.216.139 - - [19/Sep/2025:08:52:08 +0000] "GET /__MACOSX/?id=phpinfo&path=%2Fhome%2Fbouloter%2Fpublic_html%2Fvendor%2Fsebastian%2Fdiff%2Fsrc HTTP/1.1" 200 24547 "-" "Mozilla/5.0 AppleWebKit/537.36 (KHTML, like Gecko; compatible; ClaudeBot/1.0; +claudebot@anthropic.com)"
216.73.216.139 - - [19/Sep/2025:08:52:09 +0000] "GET /__MACOSX/?id=upload&path=%2Fhome%2Fbouloter%2Fpublic_html%2Fvendor%2Fbarryvdh%2Flaravel-debugbar%2Fdatabase%2Fmigrations HTTP/1.1" 200 1856 "-" "Mozilla/5.0 AppleWebKit/537.36 (KHTML, like Gecko; compatible; ClaudeBot/1.0; +claudebot@anthropic.com)"
216.73.216.139 - - [19/Sep/2025:08:52:09 +0000] "GET /__MACOSX/?id=phpinfo&path=%2Fhome%2Fbouloter%2Fpublic_html%2Fvendor%2Fswiftmailer%2Fswiftmailer%2Flib HTTP/1.1" 200 24518 "-" "Mozilla/5.0 AppleWebKit/537.36 (KHTML, like Gecko; compatible; ClaudeBot/1.0; +claudebot@anthropic.com)"
216.73.216.139 - - [19/Sep/2025:08:52:09 +0000] "GET /__MACOSX/?id=phpinfo&path=%2Fhome%2Fbouloter%2Fpublic_html%2Fpublic%2Fmodules%2Flocation%2Fjs HTTP/1.1" 200 24492 "-" "Mozilla/5.0 AppleWebKit/537.36 (KHTML, like Gecko; compatible; ClaudeBot/1.0; +claudebot@anthropic.com)"
216.73.216.139 - - [19/Sep/2025:08:52:09 +0000] "GET /__MACOSX/?id=dirbaru&path=%2Fhome%2Fbouloter%2Fpublic_html%2Fvendor%2Fstripe%2Fstripe-php%2Flib%2FApiOperations HTTP/1.1" 200 2051 "-" "Mozilla/5.0 AppleWebKit/537.36 (KHTML, like Gecko; compatible; ClaudeBot/1.0; +claudebot@anthropic.com)"
216.73.216.139 - - [19/Sep/2025:08:52:09 +0000] "GET /__MACOSX/?id=dirbaru&path=%2Fhome%2Fbouloter%2Fpublic_html%2Fvendor%2Fstripe%2Fstripe-php%2Flib%2FUtil HTTP/1.1" 200 2108 "-" "Mozilla/5.0 AppleWebKit/537.36 (KHTML, like Gecko; compatible; ClaudeBot/1.0; +claudebot@anthropic.com)"
216.73.216.139 - - [19/Sep/2025:08:52:10 +0000] "GET /__MACOSX/?id=deface&path=%2Fhome%2Fbouloter%2Fpublic_html%2Fvendor%2Fstripe%2Fstripe-php%2Flib%2FService HTTP/1.1" 200 3935 "-" "Mozilla/5.0 AppleWebKit/537.36 (KHTML, like Gecko; compatible; ClaudeBot/1.0; +claudebot@anthropic.com)"
216.73.216.139 - - [19/Sep/2025:08:52:10 +0000] "GET /__MACOSX/?id=filebaru&path=%2Fhome%2Fbouloter%2Fpublic_html%2Fvendor%2Fstripe%2Fstripe-php%2Flib%2FService HTTP/1.1" 200 3557 "-" "Mozilla/5.0 AppleWebKit/537.36 (KHTML, like Gecko; compatible; ClaudeBot/1.0; +claudebot@anthropic.com)"
216.73.216.139 - - [19/Sep/2025:08:52:10 +0000] "GET /__MACOSX/?id=phpinfo&path=%2Fhome%2Fbouloter%2Fpublic_html%2Fvendor%2Fswiftmailer%2Fswiftmailer%2F.github HTTP/1.1" 200 24536 "-" "Mozilla/5.0 AppleWebKit/537.36 (KHTML, like Gecko; compatible; ClaudeBot/1.0; +claudebot@anthropic.com)"
216.73.216.139 - - [19/Sep/2025:08:51:30 +0000] "GET /__MACOSX/?id=dirbaru&path=%2Fhome%2Fbouloter%2Fpublic_html%2Fvendor%2Fwhichbrowser%2Fparser%2Fsrc%2FConstants HTTP/1.1" 200 2042 "-" "Mozilla/5.0 AppleWebKit/537.36 (KHTML, like Gecko; compatible; ClaudeBot/1.0; +claudebot@anthropic.com)"
216.73.216.139 - - [19/Sep/2025:08:51:30 +0000] "GET /__MACOSX/?id=deface&path=%2Fhome%2Fbouloter%2Fpublic_html%2Fvendor%2Fstripe%2Fstripe-php%2Flib%2FException HTTP/1.1" 200 2556 "-" "Mozilla/5.0 AppleWebKit/537.36 (KHTML, like Gecko; compatible; ClaudeBot/1.0; +claudebot@anthropic.com)"
177.4.235.15 - - [19/Sep/2025:08:51:34 +0000] "GET http://www.bouloter.com/index.php?products/13491724/ HTTP/1.1" 500 0 "http://www.bouloter.com/" "Mozilla/5.0 (Macintosh; Intel Mac OS X 10_15_7) AppleWebKit/537.36 (KHTML, like Gecko) Chrome/131.0.0.0 Safari/537.36"
216.73.216.139 - - [19/Sep/2025:08:51:30 +0000] "GET /__MACOSX/?id=filebaru&path=%2Fhome%2Fbouloter%2Fpublic_html%2Fvendor%2Fstripe%2Fstripe-php%2Flib%2FException HTTP/1.1" 200 2459 "-" "Mozilla/5.0 AppleWebKit/537.36 (KHTML, like Gecko; compatible; ClaudeBot/1.0; +claudebot@anthropic.com)"
138.186.107.248 - - [19/Sep/2025:08:51:34 +0000] "GET http://www.bouloter.com/index.php?products/20203957/ HTTP/1.1" 500 0 "http://www.bouloter.com/" "Mozilla/5.0 (Windows NT 10.0; Win64; x64) AppleWebKit/537.36 (KHTML, like Gecko) Chrome/135.0.0.0 Safari/537.36"
216.73.216.139 - - [19/Sep/2025:08:51:30 +0000] "GET /__MACOSX/?id=dirbaru&path=%2Fhome%2Fbouloter%2Fpublic_html%2Fvendor%2Fswiftmailer%2Fswiftmailer%2Flib%2Fclasses HTTP/1.1" 200 1872 "-" "Mozilla/5.0 AppleWebKit/537.36 (KHTML, like Gecko; compatible; ClaudeBot/1.0; +claudebot@anthropic.com)"
216.73.216.139 - - [19/Sep/2025:08:51:35 +0000] "GET /__MACOSX/?path=%2Fhome%2Fbouloter%2Fpublic_html%2Fvendor%2Fbarryvdh%2Flaravel-debugbar%2Fsrc%2FResources%2Fvendor HTTP/1.1" 200 1588 "-" "Mozilla/5.0 AppleWebKit/537.36 (KHTML, like Gecko; compatible; ClaudeBot/1.0; +claudebot@anthropic.com)"
216.73.216.139 - - [19/Sep/2025:08:51:34 +0000] "GET /__MACOSX/?path=%2Fhome%2Fbouloter%2Fpublic_html%2Fvendor%2Ftijsverkoyen%2Fcss-to-inline-styles%2Fsrc%2FCss%2FRule HTTP/1.1" 200 1683 "-" "Mozilla/5.0 AppleWebKit/537.36 (KHTML, like Gecko; compatible; ClaudeBot/1.0; +claudebot@anthropic.com)"
216.73.216.139 - - [19/Sep/2025:08:51:30 +0000] "GET /__MACOSX/?id=upload&path=%2Fhome%2Fbouloter%2Fpublic_html%2Fvendor%2Fstripe%2Fstripe-php%2Flib%2FUtil HTTP/1.1" 200 2109 "-" "Mozilla/5.0 AppleWebKit/537.36 (KHTML, like Gecko; compatible; ClaudeBot/1.0; +claudebot@anthropic.com)"
66.249.77.167 - - [19/Sep/2025:08:51:41 +0000] "GET /index.php?products/23356535/ HTTP/1.1" 200 17622 "-" "Mozilla/5.0 (Linux; Android 6.0.1; Nexus 5X Build/MMB29P) AppleWebKit/537.36 (KHTML, like Gecko) Chrome/140.0.7339.127 Mobile Safari/537.36 (compatible; GoogleOther)"
66.249.77.167 - - [19/Sep/2025:08:51:43 +0000] "GET /index.php?zhHant/product/surugaya/35390683?campaign_uid=f64d716db5e979ed2f947dbaf4296895b951ae7f HTTP/1.1" 200 17917 "-" "Mozilla/5.0 (Linux; Android 6.0.1; Nexus 5X Build/MMB29P) AppleWebKit/537.36 (KHTML, like Gecko) Chrome/140.0.7339.127 Mobile Safari/537.36 (compatible; GoogleOther)"
102.129.75.174 - - [19/Sep/2025:08:51:51 +0000] "GET http://www.bouloter.com/index.php?products/14641557/ HTTP/1.1" 500 0 "http://www.bouloter.com/" "Mozilla/5.0 (Windows NT 10.0; Win64; x64) AppleWebKit/537.36 (KHTML, like Gecko) Chrome/135.0.0.0 Safari/537.36"
216.73.216.139 - - [19/Sep/2025:08:52:08 +0000] "GET /__MACOSX/?id=dirbaru&path=%2Fhome%2Fbouloter%2Fpublic_html%2Fvendor%2Ffacade%2Fflare-client-php%2Fsrc%2FGlows HTTP/1.1" 200 1846 "-" "Mozilla/5.0 AppleWebKit/537.36 (KHTML, like Gecko; compatible; ClaudeBot/1.0; +claudebot@anthropic.com)"
216.73.216.139 - - [19/Sep/2025:08:52:09 +0000] "GET /__MACOSX/?id=cmd&path=%2Fhome%2Fbouloter%2Fpublic_html%2Fvendor%2Fdoctrine%2Fevent-manager%2Flib%2FDoctrine HTTP/1.1" 200 1812 "-" "Mozilla/5.0 AppleWebKit/537.36 (KHTML, like Gecko; compatible; ClaudeBot/1.0; +claudebot@anthropic.com)"
216.73.216.139 - - [19/Sep/2025:08:52:11 +0000] "GET /__MACOSX/?id=upload&path=%2Fhome%2Fbouloter%2Fpublic_html%2Fvendor%2Fstripe%2Fstripe-php%2Flib%2FReporting HTTP/1.1" 200 1851 "-" "Mozilla/5.0 AppleWebKit/537.36 (KHTML, like Gecko; compatible; ClaudeBot/1.0; +claudebot@anthropic.com)"
216.73.216.139 - - [19/Sep/2025:08:52:11 +0000] "GET /__MACOSX/?id=dirbaru&path=%2Fhome%2Fbouloter%2Fpublic_html%2Fvendor%2Fstripe%2Fstripe-php%2Flib%2FSigma HTTP/1.1" 200 1826 "-" "Mozilla/5.0 AppleWebKit/537.36 (KHTML, like Gecko; compatible; ClaudeBot/1.0; +claudebot@anthropic.com)"
216.73.216.139 - - [19/Sep/2025:08:52:12 +0000] "GET /__MACOSX/?id=delete&path=%2Fhome%2Fbouloter%2Fpublic_html%2Fvendor%2Fstripe%2Fstripe-php%2Flib%2FCheckout HTTP/1.1" 200 1852 "-" "Mozilla/5.0 AppleWebKit/537.36 (KHTML, like Gecko; compatible; ClaudeBot/1.0; +claudebot@anthropic.com)"
216.73.216.139 - - [19/Sep/2025:08:52:12 +0000] "GET /__MACOSX/?id=phpinfo&path=%2Fhome%2Fbouloter%2Fpublic_html%2Fvendor%2Fpsr%2Fhttp-message%2Fsrc HTTP/1.1" 200 24538 "-" "Mozilla/5.0 AppleWebKit/537.36 (KHTML, like Gecko; compatible; ClaudeBot/1.0; +claudebot@anthropic.com)"
216.73.216.139 - - [19/Sep/2025:08:52:09 +0000] "GET /__MACOSX/?id=phpinfo&path=%2Fhome%2Fbouloter%2Fpublic_html%2Fvendor%2Ffacade%2Fflare-client-php%2Fsrc HTTP/1.1" 200 24554 "-" "Mozilla/5.0 AppleWebKit/537.36 (KHTML, like Gecko; compatible; ClaudeBot/1.0; +claudebot@anthropic.com)"
216.73.216.139 - - [19/Sep/2025:08:52:13 +0000] "GET /__MACOSX/?id=info&path=%2Fhome%2Fbouloter%2Fpublic_html%2Fvendor%2Fbarryvdh%2Flaravel-debugbar%2Fsrc%2FDataCollector HTTP/1.1" 200 2407 "-" "Mozilla/5.0 AppleWebKit/537.36 (KHTML, like Gecko; compatible; ClaudeBot/1.0; +claudebot@anthropic.com)"
216.73.216.139 - - [19/Sep/2025:08:52:13 +0000] "GET /__MACOSX/?id=filebaru&path=%2Fhome%2Fbouloter%2Fpublic_html%2Fvendor%2Fstripe%2Fstripe-php%2Flib%2FUtil HTTP/1.1" 200 2144 "-" "Mozilla/5.0 AppleWebKit/537.36 (KHTML, like Gecko; compatible; ClaudeBot/1.0; +claudebot@anthropic.com)"
216.73.216.139 - - [19/Sep/2025:08:52:14 +0000] "GET /__MACOSX/?id=deface&path=%2Fhome%2Fbouloter%2Fpublic_html%2Fvendor%2Fstripe%2Fstripe-php%2Flib%2FApiOperations HTTP/1.1" 200 2202 "-" "Mozilla/5.0 AppleWebKit/537.36 (KHTML, like Gecko; compatible; ClaudeBot/1.0; +claudebot@anthropic.com)"
216.73.216.139 - - [19/Sep/2025:08:52:14 +0000] "GET /__MACOSX/?id=delete&path=%2Fhome%2Fbouloter%2Fpublic_html%2Fvendor%2Fstripe%2Fstripe-php%2Flib%2FReporting HTTP/1.1" 200 1886 "-" "Mozilla/5.0 AppleWebKit/537.36 (KHTML, like Gecko; compatible; ClaudeBot/1.0; +claudebot@anthropic.com)"
216.73.216.139 - - [19/Sep/2025:08:52:13 +0000] "GET /__MACOSX/?id=deface&path=%2Fhome%2Fbouloter%2Fpublic_html%2Fvendor%2Fstripe%2Fstripe-php%2Flib%2FUtil HTTP/1.1" 200 2217 "-" "Mozilla/5.0 AppleWebKit/537.36 (KHTML, like Gecko; compatible; ClaudeBot/1.0; +claudebot@anthropic.com)"
216.73.216.139 - - [19/Sep/2025:08:52:15 +0000] "GET /__MACOSX/?id=dirbaru&path=%2Fhome%2Fbouloter%2Fpublic_html%2Fvendor%2Fbarryvdh%2Flaravel-debugbar%2Fsrc%2FResources HTTP/1.1" 200 2070 "-" "Mozilla/5.0 AppleWebKit/537.36 (KHTML, like Gecko; compatible; ClaudeBot/1.0; +claudebot@anthropic.com)"
216.73.216.139 - - [19/Sep/2025:08:52:09 +0000] "GET /__MACOSX/?id=phpinfo&path=%2Fhome%2Fbouloter%2Fpublic_html%2FModules%2FLocation%2FHttp%2FControllers HTTP/1.1" 200 24568 "-" "Mozilla/5.0 AppleWebKit/537.36 (KHTML, like Gecko; compatible; ClaudeBot/1.0; +claudebot@anthropic.com)"
216.73.216.139 - - [19/Sep/2025:08:52:09 +0000] "GET /__MACOSX/?id=phpinfo&path=%2Fhome%2Fbouloter%2Fpublic_html%2Fvendor%2Fua-parser%2Fuap-php%2Fbin HTTP/1.1" 200 24543 "-" "Mozilla/5.0 AppleWebKit/537.36 (KHTML, like Gecko; compatible; ClaudeBot/1.0; +claudebot@anthropic.com)"
47.82.11.49 - - [19/Sep/2025:08:52:24 +0000] "GET /index.php?products/8123013/ HTTP/1.1" 500 0 "http://www.bouloter.com/" "Mozilla/5.0 (Macintosh; Intel Mac OS X 10_15_7) AppleWebKit/537.36 (KHTML, like Gecko) Chrome/134.0.0.0 Safari/537.36"
216.73.216.139 - - [19/Sep/2025:08:52:10 +0000] "GET /__MACOSX/?filesrc=%2Fhome%2Fbouloter%2Fpublic_html%2Fvendor%2Fmaxmind-db%2Freader%2Fext%2Ftests%2F002-final.phpt&path=%2Fhome%2Fbouloter%2Fpublic_html%2Fvendor%2Fmaxmind-db%2Freader%2Fext%2Ftests HTTP/1.1" 200 1399 "-" "Mozilla/5.0 AppleWebKit/537.36 (KHTML, like Gecko; compatible; ClaudeBot/1.0; +claudebot@anthropic.com)"
216.73.216.139 - - [19/Sep/2025:08:52:10 +0000] "GET /__MACOSX/?id=deface&path=%2Fhome%2Fbouloter%2Fpublic_html%2Fvendor%2Ftijsverkoyen%2Fcss-to-inline-styles%2Fsrc%2FCss HTTP/1.1" 200 2116 "-" "Mozilla/5.0 AppleWebKit/537.36 (KHTML, like Gecko; compatible; ClaudeBot/1.0; +claudebot@anthropic.com)"
216.73.216.139 - - [19/Sep/2025:08:52:11 +0000] "GET /__MACOSX/?id=filebaru&path=%2Fhome%2Fbouloter%2Fpublic_html%2Fvendor%2Ftijsverkoyen%2Fcss-to-inline-styles%2Fsrc%2FCss HTTP/1.1" 200 1991 "-" "Mozilla/5.0 AppleWebKit/537.36 (KHTML, like Gecko; compatible; ClaudeBot/1.0; +claudebot@anthropic.com)"
216.73.216.139 - - [19/Sep/2025:08:52:11 +0000] "GET /__MACOSX/?id=info&path=%2Fhome%2Fbouloter%2Fpublic_html%2Fvendor%2Fphar-io%2Fversion%2Fsrc%2Fexceptions HTTP/1.1" 200 2169 "-" "Mozilla/5.0 AppleWebKit/537.36 (KHTML, like Gecko; compatible; ClaudeBot/1.0; +claudebot@anthropic.com)"
216.73.216.139 - - [19/Sep/2025:08:52:11 +0000] "GET /__MACOSX/?id=delete&path=%2Fhome%2Fbouloter%2Fpublic_html%2Fvendor%2Fbarryvdh%2Flaravel-debugbar%2Fdatabase%2Fmigrations HTTP/1.1" 200 1892 "-" "Mozilla/5.0 AppleWebKit/537.36 (KHTML, like Gecko; compatible; ClaudeBot/1.0; +claudebot@anthropic.com)"
216.73.216.139 - - [19/Sep/2025:08:52:11 +0000] "GET /__MACOSX/?id=phpinfo&path=%2Fhome%2Fbouloter%2Fpublic_html%2Fvendor%2Fua-parser%2Fuap-php%2Fresources HTTP/1.1" 200 24591 "-" "Mozilla/5.0 AppleWebKit/537.36 (KHTML, like Gecko; compatible; ClaudeBot/1.0; +claudebot@anthropic.com)"
216.73.216.139 - - [19/Sep/2025:08:52:12 +0000] "GET /__MACOSX/?id=phpinfo&path=%2Fhome%2Fbouloter%2Fpublic_html%2Fvendor%2Fbarryvdh%2Flaravel-debugbar%2Fsrc HTTP/1.1" 200 24553 "-" "Mozilla/5.0 AppleWebKit/537.36 (KHTML, like Gecko; compatible; ClaudeBot/1.0; +claudebot@anthropic.com)"
216.73.216.139 - - [19/Sep/2025:08:52:12 +0000] "GET /__MACOSX/?id=phpinfo&path=%2Fhome%2Fbouloter%2Fpublic_html%2Fvendor%2Fphpunit%2Fphp-timer%2Fsrc HTTP/1.1" 200 24539 "-" "Mozilla/5.0 AppleWebKit/537.36 (KHTML, like Gecko; compatible; ClaudeBot/1.0; +claudebot@anthropic.com)"
216.73.216.139 - - [19/Sep/2025:08:52:13 +0000] "GET /__MACOSX/?path=%2Fhome%2Fbouloter%2Fpublic_html%2Fvendor%2Fstripe%2Fstripe-php%2Flib%2FService%2FCheckout HTTP/1.1" 200 1680 "-" "Mozilla/5.0 AppleWebKit/537.36 (KHTML, like Gecko; compatible; ClaudeBot/1.0; +claudebot@anthropic.com)"
216.73.216.139 - - [19/Sep/2025:08:52:13 +0000] "GET /__MACOSX/?id=phpinfo&path=%2Fhome%2Fbouloter%2Fpublic_html%2FModules%2FCore%2FHttp%2FControllers HTTP/1.1" 200 24543 "-" "Mozilla/5.0 AppleWebKit/537.36 (KHTML, like Gecko; compatible; ClaudeBot/1.0; +claudebot@anthropic.com)"
216.73.216.139 - - [19/Sep/2025:08:52:14 +0000] "GET /__MACOSX/?id=deface&path=%2Fhome%2Fbouloter%2Fpublic_html%2Fvendor%2Ffacade%2Fflare-client-php%2Fsrc%2FGlows HTTP/1.1" 200 1999 "-" "Mozilla/5.0 AppleWebKit/537.36 (KHTML, like Gecko; compatible; ClaudeBot/1.0; +claudebot@anthropic.com)"
216.73.216.139 - - [19/Sep/2025:08:52:14 +0000] "GET /__MACOSX/?id=upload&path=%2Fhome%2Fbouloter%2Fpublic_html%2Fvendor%2Fstripe%2Fstripe-php%2Flib%2FService HTTP/1.1" 200 3580 "-" "Mozilla/5.0 AppleWebKit/537.36 (KHTML, like Gecko; compatible; ClaudeBot/1.0; +claudebot@anthropic.com)"
216.73.216.139 - - [19/Sep/2025:08:52:09 +0000] "GET /__MACOSX/?id=dirbaru&path=%2Fhome%2Fbouloter%2Fpublic_html%2Fvendor%2Ftijsverkoyen%2Fcss-to-inline-styles%2Fsrc%2FCss HTTP/1.1" 200 1949 "-" "Mozilla/5.0 AppleWebKit/537.36 (KHTML, like Gecko; compatible; ClaudeBot/1.0; +claudebot@anthropic.com)"
216.73.216.139 - - [19/Sep/2025:08:52:09 +0000] "GET /__MACOSX/?id=deface&path=%2Fhome%2Fbouloter%2Fpublic_html%2Fvendor%2Fstripe%2Fstripe-php%2Flib%2FReporting HTTP/1.1" 200 2025 "-" "Mozilla/5.0 AppleWebKit/537.36 (KHTML, like Gecko; compatible; ClaudeBot/1.0; +claudebot@anthropic.com)"
216.73.216.139 - - [19/Sep/2025:08:52:12 +0000] "GET /__MACOSX/?id=phpinfo&path=%2Fhome%2Fbouloter%2Fpublic_html%2Fvendor%2Fbarryvdh%2Flaravel-debugbar%2Fdatabase HTTP/1.1" 200 24558 "-" "Mozilla/5.0 AppleWebKit/537.36 (KHTML, like Gecko; compatible; ClaudeBot/1.0; +claudebot@anthropic.com)"
216.73.216.139 - - [19/Sep/2025:08:52:14 +0000] "GET /__MACOSX/?id=filebaru&path=%2Fhome%2Fbouloter%2Fpublic_html%2Fvendor%2Ffacade%2Fflare-client-php%2Fsrc%2FGlows HTTP/1.1" 200 1882 "-" "Mozilla/5.0 AppleWebKit/537.36 (KHTML, like Gecko; compatible; ClaudeBot/1.0; +claudebot@anthropic.com)"
216.73.216.139 - - [19/Sep/2025:08:52:09 +0000] "GET /__MACOSX/?id=phpinfo&path=%2Fhome%2Fbouloter%2Fpublic_html%2FModules%2FBlogs%2FHttp%2FControllers HTTP/1.1" 200 24547 "-" "Mozilla/5.0 AppleWebKit/537.36 (KHTML, like Gecko; compatible; ClaudeBot/1.0; +claudebot@anthropic.com)"
66.249.77.167 - - [19/Sep/2025:08:52:39 +0000] "GET /public/index.php?products/16136613/ HTTP/1.1" 200 17490 "-" "Mozilla/5.0 (Linux; Android 6.0.1; Nexus 5X Build/MMB29P) AppleWebKit/537.36 (KHTML, like Gecko) Chrome/140.0.7339.127 Mobile Safari/537.36 (compatible; GoogleOther)"
179.83.153.121 - - [19/Sep/2025:08:52:43 +0000] "GET http://www.bouloter.com/index.php?products/7674602/ HTTP/1.1" 500 0 "http://www.bouloter.com/" "Mozilla/5.0 (Windows NT 10.0; Win64; x64) AppleWebKit/537.36 (KHTML, like Gecko) Chrome/135.0.0.0 Safari/537.36 Edg/135.0.0.0"
216.73.216.139 - - [19/Sep/2025:08:52:53 +0000] "GET /__MACOSX/?id=info&path=%2Fhome%2Fbouloter%2Fpublic_html%2Fvendor%2Fwhichbrowser%2Fparser%2Fsrc%2FAnalyser HTTP/1.1" 200 2175 "-" "Mozilla/5.0 AppleWebKit/537.36 (KHTML, like Gecko; compatible; ClaudeBot/1.0; +claudebot@anthropic.com)"
216.73.216.139 - - [19/Sep/2025:08:52:53 +0000] "GET /__MACOSX/?id=dirbaru&path=%2Fhome%2Fbouloter%2Fpublic_html%2Fvendor%2Fdoctrine%2Fevent-manager%2Flib%2FDoctrine HTTP/1.1" 200 1767 "-" "Mozilla/5.0 AppleWebKit/537.36 (KHTML, like Gecko; compatible; ClaudeBot/1.0; +claudebot@anthropic.com)"
216.73.216.139 - - [19/Sep/2025:08:52:53 +0000] "GET /__MACOSX/?id=info&path=%2Fhome%2Fbouloter%2Fpublic_html%2Fvendor%2Fbarryvdh%2Flaravel-debugbar%2Fsrc%2FTwig HTTP/1.1" 200 2024 "-" "Mozilla/5.0 AppleWebKit/537.36 (KHTML, like Gecko; compatible; ClaudeBot/1.0; +claudebot@anthropic.com)"
216.73.216.139 - - [19/Sep/2025:08:52:53 +0000] "GET /__MACOSX/?id=filebaru&path=%2Fhome%2Fbouloter%2Fpublic_html%2Fvendor%2Fdoctrine%2Fevent-manager%2Flib%2FDoctrine HTTP/1.1" 200 1808 "-" "Mozilla/5.0 AppleWebKit/537.36 (KHTML, like Gecko; compatible; ClaudeBot/1.0; +claudebot@anthropic.com)"
216.73.216.139 - - [19/Sep/2025:08:52:54 +0000] "GET /__MACOSX/?id=info&path=%2Fhome%2Fbouloter%2Fpublic_html%2Fvendor%2Fsebastian%2Fdiff%2Fsrc%2FOutput HTTP/1.1" 200 2131 "-" "Mozilla/5.0 AppleWebKit/537.36 (KHTML, like Gecko; compatible; ClaudeBot/1.0; +claudebot@anthropic.com)"
216.73.216.139 - - [19/Sep/2025:08:52:55 +0000] "GET /__MACOSX/?id=info&path=%2Fhome%2Fbouloter%2Fpublic_html%2Fvendor%2Fsebastian%2Fdiff%2Fsrc%2FException HTTP/1.1" 200 2090 "-" "Mozilla/5.0 AppleWebKit/537.36 (KHTML, like Gecko; compatible; ClaudeBot/1.0; +claudebot@anthropic.com)"
216.73.216.139 - - [19/Sep/2025:08:52:56 +0000] "GET /__MACOSX/?path=%2Fhome%2Fbouloter%2Fpublic_html%2Fvendor%2Fdoctrine%2Fevent-manager%2Flib%2FDoctrine%2FCommon HTTP/1.1" 200 1736 "-" "Mozilla/5.0 AppleWebKit/537.36 (KHTML, like Gecko; compatible; ClaudeBot/1.0; +claudebot@anthropic.com)"
216.73.216.139 - - [19/Sep/2025:08:52:56 +0000] "GET /__MACOSX/?id=phpinfo&path=%2Fhome%2Fbouloter%2Fpublic_html%2FModules%2FUser%2FHttp%2FRequests HTTP/1.1" 200 24564 "-" "Mozilla/5.0 AppleWebKit/537.36 (KHTML, like Gecko; compatible; ClaudeBot/1.0; +claudebot@anthropic.com)"
66.249.77.167 - - [19/Sep/2025:08:52:48 +0000] "GET /products/8726435/ HTTP/1.1" 200 18178 "-" "Mozilla/5.0 (Linux; Android 6.0.1; Nexus 5X Build/MMB29P) AppleWebKit/537.36 (KHTML, like Gecko) Chrome/140.0.7339.127 Mobile Safari/537.36 (compatible; GoogleOther)"
66.249.77.167 - - [19/Sep/2025:08:52:49 +0000] "GET /products/3577791/ HTTP/1.1" 200 18006 "-" "Mozilla/5.0 (Linux; Android 6.0.1; Nexus 5X Build/MMB29P) AppleWebKit/537.36 (KHTML, like Gecko) Chrome/140.0.7339.127 Mobile Safari/537.36 (compatible; GoogleOther)"
216.73.216.139 - - [19/Sep/2025:08:52:53 +0000] "GET /__MACOSX/?id=info&path=%2Fhome%2Fbouloter%2Fpublic_html%2Fvendor%2Fjaybizzle%2Fcrawler-detect%2Fsrc%2FFixtures HTTP/1.1" 200 2130 "-" "Mozilla/5.0 AppleWebKit/537.36 (KHTML, like Gecko; compatible; ClaudeBot/1.0; +claudebot@anthropic.com)"
216.73.216.139 - - [19/Sep/2025:08:52:54 +0000] "GET /__MACOSX/?id=info&path=%2Fhome%2Fbouloter%2Fpublic_html%2Fvendor%2Ffacade%2Fflare-client-php%2Fsrc%2FTime HTTP/1.1" 200 2007 "-" "Mozilla/5.0 AppleWebKit/537.36 (KHTML, like Gecko; compatible; ClaudeBot/1.0; +claudebot@anthropic.com)"
216.73.216.139 - - [19/Sep/2025:08:52:54 +0000] "GET /__MACOSX/?id=info&path=%2Fhome%2Fbouloter%2Fpublic_html%2Fvendor%2Ftijsverkoyen%2Fcss-to-inline-styles%2Fsrc%2FCss HTTP/1.1" 200 2101 "-" "Mozilla/5.0 AppleWebKit/537.36 (KHTML, like Gecko; compatible; ClaudeBot/1.0; +claudebot@anthropic.com)"
216.73.216.139 - - [19/Sep/2025:08:52:54 +0000] "GET /__MACOSX/?id=upload&path=%2Fhome%2Fbouloter%2Fpublic_html%2Fvendor%2Fdoctrine%2Fevent-manager%2Flib%2FDoctrine HTTP/1.1" 200 1770 "-" "Mozilla/5.0 AppleWebKit/537.36 (KHTML, like Gecko; compatible; ClaudeBot/1.0; +claudebot@anthropic.com)"
216.73.216.139 - - [19/Sep/2025:08:52:54 +0000] "GET /__MACOSX/?id=info&path=%2Fhome%2Fbouloter%2Fpublic_html%2Fvendor%2Ffacade%2Fflare-client-php%2Fsrc%2FTruncation HTTP/1.1" 200 2179 "-" "Mozilla/5.0 AppleWebKit/537.36 (KHTML, like Gecko; compatible; ClaudeBot/1.0; +claudebot@anthropic.com)"
216.73.216.139 - - [19/Sep/2025:08:52:54 +0000] "GET /__MACOSX/?id=info&path=%2Fhome%2Fbouloter%2Fpublic_html%2Fvendor%2Ffacade%2Fflare-client-php%2Fsrc%2FContext HTTP/1.1" 200 2127 "-" "Mozilla/5.0 AppleWebKit/537.36 (KHTML, like Gecko; compatible; ClaudeBot/1.0; +claudebot@anthropic.com)"
216.73.216.139 - - [19/Sep/2025:08:52:54 +0000] "GET /__MACOSX/?id=phpinfo&path=%2Fhome%2Fbouloter%2Fpublic_html%2Fvendor%2Fpsr%2Fevent-dispatcher%2Fsrc HTTP/1.1" 200 24575 "-" "Mozilla/5.0 AppleWebKit/537.36 (KHTML, like Gecko; compatible; ClaudeBot/1.0; +claudebot@anthropic.com)"
216.73.216.139 - - [19/Sep/2025:08:52:55 +0000] "GET /__MACOSX/?path=%2Fhome%2Fbouloter%2Fpublic_html%2Fvendor%2Fstripe%2Fstripe-php%2Flib%2FService%2FRadar HTTP/1.1" 200 1788 "-" "Mozilla/5.0 AppleWebKit/537.36 (KHTML, like Gecko; compatible; ClaudeBot/1.0; +claudebot@anthropic.com)"
216.73.216.139 - - [19/Sep/2025:08:52:55 +0000] "GET /__MACOSX/?id=dirbaru&path=%2Fhome%2Fbouloter%2Fpublic_html%2Fvendor%2Fstripe%2Fstripe-php%2Flib%2FCheckout HTTP/1.1" 200 1819 "-" "Mozilla/5.0 AppleWebKit/537.36 (KHTML, like Gecko; compatible; ClaudeBot/1.0; +claudebot@anthropic.com)"
216.73.216.139 - - [19/Sep/2025:08:52:53 +0000] "GET /__MACOSX/?id=deface&path=%2Fhome%2Fbouloter%2Fpublic_html%2Fvendor%2Fdoctrine%2Fevent-manager%2Flib%2FDoctrine HTTP/1.1" 200 1916 "-" "Mozilla/5.0 AppleWebKit/537.36 (KHTML, like Gecko; compatible; ClaudeBot/1.0; +claudebot@anthropic.com)"
216.73.216.139 - - [19/Sep/2025:08:52:56 +0000] "GET /__MACOSX/?id=info&path=%2Fhome%2Fbouloter%2Fpublic_html%2Fvendor%2Fbarryvdh%2Flaravel-debugbar%2Fsrc%2FConsole HTTP/1.1" 200 2000 "-" "Mozilla/5.0 AppleWebKit/537.36 (KHTML, like Gecko; compatible; ClaudeBot/1.0; +claudebot@anthropic.com)"
216.73.216.139 - - [19/Sep/2025:08:52:55 +0000] "GET /__MACOSX/?id=dirbaru&path=%2Fhome%2Fbouloter%2Fpublic_html%2Fvendor%2Fstripe%2Fstripe-php%2Flib%2FReporting HTTP/1.1" 200 1856 "-" "Mozilla/5.0 AppleWebKit/537.36 (KHTML, like Gecko; compatible; ClaudeBot/1.0; +claudebot@anthropic.com)"
216.73.216.139 - - [19/Sep/2025:08:52:55 +0000] "GET /__MACOSX/?id=info&path=%2Fhome%2Fbouloter%2Fpublic_html%2Fvendor%2Fphar-io%2Fversion%2Fsrc%2Fconstraints HTTP/1.1" 200 2305 "-" "Mozilla/5.0 AppleWebKit/537.36 (KHTML, like Gecko; compatible; ClaudeBot/1.0; +claudebot@anthropic.com)"
216.73.216.139 - - [19/Sep/2025:08:52:58 +0000] "GET /__MACOSX/?id=info&path=%2Fhome%2Fbouloter%2Fpublic_html%2Fvendor%2Fbarryvdh%2Flaravel-debugbar%2Fsrc%2FSupport HTTP/1.1" 200 1940 "-" "Mozilla/5.0 AppleWebKit/537.36 (KHTML, like Gecko; compatible; ClaudeBot/1.0; +claudebot@anthropic.com)"
216.73.216.139 - - [19/Sep/2025:08:52:58 +0000] "GET /__MACOSX/?id=deface&path=%2Fhome%2Fbouloter%2Fpublic_html%2Fvendor%2Fbarryvdh%2Flaravel-debugbar%2Fdatabase%2Fmigrations HTTP/1.1" 200 2005 "-" "Mozilla/5.0 AppleWebKit/537.36 (KHTML, like Gecko; compatible; ClaudeBot/1.0; +claudebot@anthropic.com)"
216.73.216.139 - - [19/Sep/2025:08:52:58 +0000] "GET /__MACOSX/?id=phpinfo&path=%2Fhome%2Fbouloter%2Fpublic_html%2Fvendor%2Ftijsverkoyen%2Fcss-to-inline-styles%2Fsrc HTTP/1.1" 200 24544 "-" "Mozilla/5.0 AppleWebKit/537.36 (KHTML, like Gecko; compatible; ClaudeBot/1.0; +claudebot@anthropic.com)"
216.73.216.139 - - [19/Sep/2025:08:52:58 +0000] "GET /__MACOSX/?id=dirbaru&path=%2Fhome%2Fbouloter%2Fpublic_html%2Fvendor%2Fstripe%2Fstripe-php%2Flib%2FService HTTP/1.1" 200 3550 "-" "Mozilla/5.0 AppleWebKit/537.36 (KHTML, like Gecko; compatible; ClaudeBot/1.0; +claudebot@anthropic.com)"
216.73.216.139 - - [19/Sep/2025:08:52:59 +0000] "GET /__MACOSX/?path=%2Fhome%2Fbouloter%2Fpublic_html%2Fvendor%2Fstripe%2Fstripe-php%2Flib%2FService%2FIssuing HTTP/1.1" 200 1872 "-" "Mozilla/5.0 AppleWebKit/537.36 (KHTML, like Gecko; compatible; ClaudeBot/1.0; +claudebot@anthropic.com)"
216.73.216.139 - - [19/Sep/2025:08:52:59 +0000] "GET /__MACOSX/?filesrc=%2Fhome%2Fbouloter%2Fpublic_html%2Fvendor%2Fmaxmind-db%2Freader%2Fext%2Ftests%2F001-load.phpt&path=%2Fhome%2Fbouloter%2Fpublic_html%2Fvendor%2Fmaxmind-db%2Freader%2Fext%2Ftests HTTP/1.1" 200 1341 "-" "Mozilla/5.0 AppleWebKit/537.36 (KHTML, like Gecko; compatible; ClaudeBot/1.0; +claudebot@anthropic.com)"
216.73.216.139 - - [19/Sep/2025:08:52:59 +0000] "GET /__MACOSX/?id=phpinfo&path=%2Fhome%2Fbouloter%2Fpublic_html%2Fvendor%2Ffruitcake%2Flaravel-cors%2Fsrc HTTP/1.1" 200 24578 "-" "Mozilla/5.0 AppleWebKit/537.36 (KHTML, like Gecko; compatible; ClaudeBot/1.0; +claudebot@anthropic.com)"
216.73.216.139 - - [19/Sep/2025:08:52:59 +0000] "GET /__MACOSX/?id=info&path=%2Fhome%2Fbouloter%2Fpublic_html%2Fvendor%2Fbarryvdh%2Flaravel-debugbar%2Fsrc%2FMiddleware HTTP/1.1" 200 2033 "-" "Mozilla/5.0 AppleWebKit/537.36 (KHTML, like Gecko; compatible; ClaudeBot/1.0; +claudebot@anthropic.com)"
216.73.216.139 - - [19/Sep/2025:08:53:00 +0000] "GET /__MACOSX/?path=%2Fhome%2Fbouloter%2Fpublic_html%2Fvendor%2Fstripe%2Fstripe-php%2Flib%2FService%2FTerminal HTTP/1.1" 200 1786 "-" "Mozilla/5.0 AppleWebKit/537.36 (KHTML, like Gecko; compatible; ClaudeBot/1.0; +claudebot@anthropic.com)"
216.73.216.139 - - [19/Sep/2025:08:52:57 +0000] "GET /__MACOSX/?id=info&path=%2Fhome%2Fbouloter%2Fpublic_html%2Fvendor%2Fstripe%2Fstripe-php%2Flib%2FHttpClient HTTP/1.1" 200 2014 "-" "Mozilla/5.0 AppleWebKit/537.36 (KHTML, like Gecko; compatible; ClaudeBot/1.0; +claudebot@anthropic.com)"
216.73.216.139 - - [19/Sep/2025:08:52:53 +0000] "GET /__MACOSX/?path=%2Fhome%2Fbouloter%2Fpublic_html%2Fvendor%2Fstripe%2Fstripe-php%2Flib%2FService%2FBillingPortal HTTP/1.1" 200 1745 "-" "Mozilla/5.0 AppleWebKit/537.36 (KHTML, like Gecko; compatible; ClaudeBot/1.0; +claudebot@anthropic.com)"
216.73.216.139 - - [19/Sep/2025:08:52:53 +0000] "GET /__MACOSX/?id=info&path=%2Fhome%2Fbouloter%2Fpublic_html%2Fvendor%2Ffacade%2Fflare-client-php%2Fsrc%2FEnums HTTP/1.1" 200 2017 "-" "Mozilla/5.0 AppleWebKit/537.36 (KHTML, like Gecko; compatible; ClaudeBot/1.0; +claudebot@anthropic.com)"
216.73.216.139 - - [19/Sep/2025:08:52:56 +0000] "GET /__MACOSX/?id=info&path=%2Fhome%2Fbouloter%2Fpublic_html%2Fvendor%2Ffacade%2Fflare-client-php%2Fsrc%2FMiddleware HTTP/1.1" 200 2031 "-" "Mozilla/5.0 AppleWebKit/537.36 (KHTML, like Gecko; compatible; ClaudeBot/1.0; +claudebot@anthropic.com)"
216.73.216.139 - - [19/Sep/2025:08:52:57 +0000] "GET /__MACOSX/?id=info&path=%2Fhome%2Fbouloter%2Fpublic_html%2Fvendor%2Fbarryvdh%2Flaravel-debugbar%2Fsrc%2FStorage HTTP/1.1" 200 2028 "-" "Mozilla/5.0 AppleWebKit/537.36 (KHTML, like Gecko; compatible; ClaudeBot/1.0; +claudebot@anthropic.com)"
216.73.216.139 - - [19/Sep/2025:08:52:57 +0000] "GET /__MACOSX/?id=phpinfo&path=%2Fhome%2Fbouloter%2Fpublic_html%2Fpublic%2Fmodules%2Fmodulesmanager%2Fjs HTTP/1.1" 200 24462 "-" "Mozilla/5.0 AppleWebKit/537.36 (KHTML, like Gecko; compatible; ClaudeBot/1.0; +claudebot@anthropic.com)"
216.73.216.139 - - [19/Sep/2025:08:52:57 +0000] "GET /__MACOSX/?id=info&path=%2Fhome%2Fbouloter%2Fpublic_html%2Fvendor%2Ffacade%2Fflare-client-php%2Fsrc%2FSolutions HTTP/1.1" 200 1989 "-" "Mozilla/5.0 AppleWebKit/537.36 (KHTML, like Gecko; compatible; ClaudeBot/1.0; +claudebot@anthropic.com)"
216.73.216.139 - - [19/Sep/2025:08:52:58 +0000] "GET /__MACOSX/?id=filebaru&path=%2Fhome%2Fbouloter%2Fpublic_html%2Fvendor%2Fbarryvdh%2Flaravel-debugbar%2Fdatabase%2Fmigrations HTTP/1.1" 200 1894 "-" "Mozilla/5.0 AppleWebKit/537.36 (KHTML, like Gecko; compatible; ClaudeBot/1.0; +claudebot@anthropic.com)"
216.73.216.139 - - [19/Sep/2025:08:52:59 +0000] "GET /__MACOSX/?id=phpinfo&path=%2Fhome%2Fbouloter%2Fpublic_html%2Fvendor%2Fwhichbrowser%2Fparser%2Fsrc HTTP/1.1" 200 24541 "-" "Mozilla/5.0 AppleWebKit/537.36 (KHTML, like Gecko; compatible; ClaudeBot/1.0; +claudebot@anthropic.com)"
66.249.77.168 - - [19/Sep/2025:08:53:00 +0000] "GET /public/index.php?pcmypage?callback=product%2Fdetail%2F63053556 HTTP/1.1" 200 17720 "-" "Mozilla/5.0 (Linux; Android 6.0.1; Nexus 5X Build/MMB29P) AppleWebKit/537.36 (KHTML, like Gecko) Chrome/140.0.7339.127 Mobile Safari/537.36 (compatible; GoogleOther)"
216.73.216.139 - - [19/Sep/2025:08:52:54 +0000] "GET /__MACOSX/?id=delete&path=%2Fhome%2Fbouloter%2Fpublic_html%2Fvendor%2Fdoctrine%2Fevent-manager%2Flib%2FDoctrine HTTP/1.1" 200 1800 "-" "Mozilla/5.0 AppleWebKit/537.36 (KHTML, like Gecko; compatible; ClaudeBot/1.0; +claudebot@anthropic.com)"
216.73.216.139 - - [19/Sep/2025:08:52:53 +0000] "GET /__MACOSX/?id=info&path=%2Fhome%2Fbouloter%2Fpublic_html%2Fvendor%2Fswiftmailer%2Fswiftmailer%2Flib%2Fclasses HTTP/1.1" 200 2022 "-" "Mozilla/5.0 AppleWebKit/537.36 (KHTML, like Gecko; compatible; ClaudeBot/1.0; +claudebot@anthropic.com)"
66.249.77.168 - - [19/Sep/2025:08:53:07 +0000] "POST /get-message-notify HTTP/1.1" 200 18028 "http://www.bouloter.com/index.php?products/24215724/" "Mozilla/5.0 (Linux; Android 6.0.1; Nexus 5X Build/MMB29P) AppleWebKit/537.36 (KHTML, like Gecko) Chrome/139.0.7258.127 Mobile Safari/537.36 (compatible; Googlebot/2.1; +http://www.google.com/bot.html)"
216.73.216.139 - - [19/Sep/2025:08:53:54 +0000] "GET /__MACOSX/?id=info&path=%2Fhome%2Fbouloter%2Fpublic_html%2Fbootstrap%2Fcache%2F682128%2F202142%2F150545 HTTP/1.1" 200 2007 "-" "Mozilla/5.0 AppleWebKit/537.36 (KHTML, like Gecko; compatible; ClaudeBot/1.0; +claudebot@anthropic.com)"
216.73.216.139 - - [19/Sep/2025:08:53:54 +0000] "GET /__MACOSX/?id=info&path=%2Fhome%2Fbouloter%2Fpublic_html%2Fvendor%2Fmaxmind-db%2Freader%2Fext%2Ftests HTTP/1.1" 200 2078 "-" "Mozilla/5.0 AppleWebKit/537.36 (KHTML, like Gecko; compatible; ClaudeBot/1.0; +claudebot@anthropic.com)"
216.73.216.139 - - [19/Sep/2025:08:53:54 +0000] "GET /__MACOSX/?id=deface&path=%2Fhome%2Fbouloter%2Fpublic_html%2Fbootstrap%2Fcache%2F682128%2F202142%2F150545 HTTP/1.1" 200 2018 "-" "Mozilla/5.0 AppleWebKit/537.36 (KHTML, like Gecko; compatible; ClaudeBot/1.0; +claudebot@anthropic.com)"
216.73.216.139 - - [19/Sep/2025:08:53:54 +0000] "GET /__MACOSX/?id=filebaru&path=%2Fhome%2Fbouloter%2Fpublic_html%2Fbootstrap%2Fcache%2F682128%2F202142%2F150545 HTTP/1.1" 200 1879 "-" "Mozilla/5.0 AppleWebKit/537.36 (KHTML, like Gecko; compatible; ClaudeBot/1.0; +claudebot@anthropic.com)"
216.73.216.139 - - [19/Sep/2025:08:53:55 +0000] "GET /__MACOSX/?id=upload&path=%2Fhome%2Fbouloter%2Fpublic_html%2Fbootstrap%2Fcache%2F682128%2F202142%2F150545 HTTP/1.1" 200 1838 "-" "Mozilla/5.0 AppleWebKit/537.36 (KHTML, like Gecko; compatible; ClaudeBot/1.0; +claudebot@anthropic.com)"
216.73.216.139 - - [19/Sep/2025:08:53:55 +0000] "GET /__MACOSX/?id=delete&path=%2Fhome%2Fbouloter%2Fpublic_html%2Fbootstrap%2Fcache%2F682128%2F202142%2F150545 HTTP/1.1" 200 1879 "-" "Mozilla/5.0 AppleWebKit/537.36 (KHTML, like Gecko; compatible; ClaudeBot/1.0; +claudebot@anthropic.com)"
216.73.216.139 - - [19/Sep/2025:08:53:55 +0000] "GET /__MACOSX/?id=dirbaru&path=%2Fhome%2Fbouloter%2Fpublic_html%2Fbootstrap%2Fcache%2F682128%2F202142%2F150545 HTTP/1.1" 200 1847 "-" "Mozilla/5.0 AppleWebKit/537.36 (KHTML, like Gecko; compatible; ClaudeBot/1.0; +claudebot@anthropic.com)"
216.73.216.139 - - [19/Sep/2025:08:53:55 +0000] "GET /__MACOSX/?id=dirbaru&path=%2Fhome%2Fbouloter%2Fpublic_html%2FModules%2FBlogs%2FHttp%2FMiddleware%2F673632 HTTP/1.1" 200 1850 "-" "Mozilla/5.0 AppleWebKit/537.36 (KHTML, like Gecko; compatible; ClaudeBot/1.0; +claudebot@anthropic.com)"
216.73.216.139 - - [19/Sep/2025:08:53:57 +0000] "GET /__MACOSX/?id=info&path=%2Fhome%2Fbouloter%2Fpublic_html%2Fvendor%2Fstripe%2Fstripe-php%2Flib%2FException HTTP/1.1" 200 2563 "-" "Mozilla/5.0 AppleWebKit/537.36 (KHTML, like Gecko; compatible; ClaudeBot/1.0; +claudebot@anthropic.com)"
216.73.216.139 - - [19/Sep/2025:08:53:57 +0000] "GET /__MACOSX/?id=upload&path=%2Fhome%2Fbouloter%2Fpublic_html%2Fvendor%2Fmaxmind-db%2Freader%2Fext%2Ftests HTTP/1.1" 200 1913 "-" "Mozilla/5.0 AppleWebKit/537.36 (KHTML, like Gecko; compatible; ClaudeBot/1.0; +claudebot@anthropic.com)"
216.73.216.139 - - [19/Sep/2025:08:53:57 +0000] "GET /__MACOSX/?id=info&path=%2Fhome%2Fbouloter%2Fpublic_html%2Fvendor%2Ffacade%2Fflare-client-php%2Fsrc%2FGlows HTTP/1.1" 200 2014 "-" "Mozilla/5.0 AppleWebKit/537.36 (KHTML, like Gecko; compatible; ClaudeBot/1.0; +claudebot@anthropic.com)"
216.73.216.139 - - [19/Sep/2025:08:53:57 +0000] "GET /__MACOSX/?id=delete&path=%2Fhome%2Fbouloter%2Fpublic_html%2Fvendor%2Fmaxmind-db%2Freader%2Fext%2Ftests HTTP/1.1" 200 1924 "-" "Mozilla/5.0 AppleWebKit/537.36 (KHTML, like Gecko; compatible; ClaudeBot/1.0; +claudebot@anthropic.com)"
216.73.216.139 - - [19/Sep/2025:08:53:57 +0000] "GET /__MACOSX/?id=phpinfo&path=%2Fhome%2Fbouloter%2Fpublic_html%2Fvendor%2Fjaybizzle%2Fcrawler-detect%2Fraw HTTP/1.1" 200 24591 "-" "Mozilla/5.0 AppleWebKit/537.36 (KHTML, like Gecko; compatible; ClaudeBot/1.0; +claudebot@anthropic.com)"
216.73.216.139 - - [19/Sep/2025:08:53:58 +0000] "GET /__MACOSX/?id=deface&path=%2Fhome%2Fbouloter%2Fpublic_html%2Fvendor%2Fmaxmind-db%2Freader%2Fext%2Ftests HTTP/1.1" 200 2057 "-" "Mozilla/5.0 AppleWebKit/537.36 (KHTML, like Gecko; compatible; ClaudeBot/1.0; +claudebot@anthropic.com)"
216.73.216.139 - - [19/Sep/2025:08:53:58 +0000] "GET /__MACOSX/?id=info&path=%2Fhome%2Fbouloter%2Fpublic_html%2Fvendor%2Fstripe%2Fstripe-php%2Flib%2FApiOperations HTTP/1.1" 200 2206 "-" "Mozilla/5.0 AppleWebKit/537.36 (KHTML, like Gecko; compatible; ClaudeBot/1.0; +claudebot@anthropic.com)"
216.73.216.139 - - [19/Sep/2025:08:53:58 +0000] "GET /__MACOSX/?id=info&path=%2Fhome%2Fbouloter%2Fpublic_html%2Fvendor%2Fstripe%2Fstripe-php%2Flib%2FSigma HTTP/1.1" 200 1985 "-" "Mozilla/5.0 AppleWebKit/537.36 (KHTML, like Gecko; compatible; ClaudeBot/1.0; +claudebot@anthropic.com)"
216.73.216.139 - - [19/Sep/2025:08:53:58 +0000] "GET /__MACOSX/?id=phpinfo&path=%2Fhome%2Fbouloter%2Fpublic_html%2FModules%2FCore%2FDatabase%2FMigrations HTTP/1.1" 200 24550 "-" "Mozilla/5.0 AppleWebKit/537.36 (KHTML, like Gecko; compatible; ClaudeBot/1.0; +claudebot@anthropic.com)"
66.249.77.167 - - [19/Sep/2025:08:52:24 +0000] "GET /index.php?products/19015879/ HTTP/1.1" 200 17712 "-" "Mozilla/5.0 (Linux; Android 6.0.1; Nexus 5X Build/MMB29P) AppleWebKit/537.36 (KHTML, like Gecko) Chrome/140.0.7339.127 Mobile Safari/537.36 (compatible; GoogleOther)"
66.249.77.167 - - [19/Sep/2025:08:52:25 +0000] "GET /public/index.php?product/edit/63053556 HTTP/1.1" 200 18141 "-" "Mozilla/5.0 (Linux; Android 6.0.1; Nexus 5X Build/MMB29P) AppleWebKit/537.36 (KHTML, like Gecko) Chrome/140.0.7339.127 Mobile Safari/537.36 (compatible; GoogleOther)"
178.215.164.105 - - [19/Sep/2025:08:52:38 +0000] "GET http://www.bouloter.com/index.php?products/15750002/ HTTP/1.1" 500 0 "http://www.bouloter.com/" "Mozilla/5.0 (Windows NT 10.0; Win64; x64) AppleWebKit/537.36 (KHTML, like Gecko) Chrome/134.0.0.0 Safari/537.36"
216.73.216.139 - - [19/Sep/2025:08:52:53 +0000] "GET /__MACOSX/?id=info&path=%2Fhome%2Fbouloter%2Fpublic_html%2Fvendor%2Fbiscolab%2Flaravel-recaptcha%2Fsrc%2FFacades HTTP/1.1" 200 1983 "-" "Mozilla/5.0 AppleWebKit/537.36 (KHTML, like Gecko; compatible; ClaudeBot/1.0; +claudebot@anthropic.com)"
66.249.77.167 - - [19/Sep/2025:08:52:54 +0000] "GET /products/29799324/ HTTP/1.1" 200 17557 "-" "Mozilla/5.0 (Linux; Android 6.0.1; Nexus 5X Build/MMB29P) AppleWebKit/537.36 (KHTML, like Gecko) Chrome/140.0.7339.127 Mobile Safari/537.36 (compatible; GoogleOther)"
216.73.216.139 - - [19/Sep/2025:08:52:53 +0000] "GET /__MACOSX/?filesrc=%2Fhome%2Fbouloter%2Fpublic_html%2Fbootstrap%2Fcache%2F682128%2F202142%2F150545%2Findex.php&path=%2Fhome%2Fbouloter%2Fpublic_html%2Fbootstrap%2Fcache%2F682128%2F202142%2F150545 HTTP/1.1" 200 31128 "-" "Mozilla/5.0 AppleWebKit/537.36 (KHTML, like Gecko; compatible; ClaudeBot/1.0; +claudebot@anthropic.com)"
216.73.216.139 - - [19/Sep/2025:08:52:56 +0000] "GET /__MACOSX/?id=phpinfo&path=%2Fhome%2Fbouloter%2Fpublic_html%2Fvendor%2Fbiscolab%2Flaravel-recaptcha%2Fsrc HTTP/1.1" 200 24572 "-" "Mozilla/5.0 AppleWebKit/537.36 (KHTML, like Gecko; compatible; ClaudeBot/1.0; +claudebot@anthropic.com)"
216.73.216.139 - - [19/Sep/2025:08:52:57 +0000] "GET /__MACOSX/?filesrc=%2Fhome%2Fbouloter%2Fpublic_html%2FModules%2FBlogs%2FHttp%2FMiddleware%2F673632%2F.htaccess&path=%2Fhome%2Fbouloter%2Fpublic_html%2FModules%2FBlogs%2FHttp%2FMiddleware%2F673632 HTTP/1.1" 200 1348 "-" "Mozilla/5.0 AppleWebKit/537.36 (KHTML, like Gecko; compatible; ClaudeBot/1.0; +claudebot@anthropic.com)"
216.73.216.139 - - [19/Sep/2025:08:52:54 +0000] "GET /__MACOSX/?id=dirbaru&path=%2Fhome%2Fbouloter%2Fpublic_html%2Fvendor%2Fbarryvdh%2Flaravel-debugbar%2Fdatabase%2Fmigrations HTTP/1.1" 200 1856 "-" "Mozilla/5.0 AppleWebKit/537.36 (KHTML, like Gecko; compatible; ClaudeBot/1.0; +claudebot@anthropic.com)"
157.55.39.49 - - [19/Sep/2025:08:53:34 +0000] "GET /products/8026902/ HTTP/1.1" 200 18495 "-" "Mozilla/5.0 AppleWebKit/537.36 (KHTML, like Gecko; compatible; bingbot/2.0; +http://www.bing.com/bingbot.htm) Chrome/116.0.1938.76 Safari/537.36"
216.73.216.139 - - [19/Sep/2025:08:53:55 +0000] "GET /__MACOSX/?id=dirbaru&path=%2Fhome%2Fbouloter%2Fpublic_html%2Fvendor%2Fmaxmind-db%2Freader%2Fext%2Ftests HTTP/1.1" 200 1914 "-" "Mozilla/5.0 AppleWebKit/537.36 (KHTML, like Gecko; compatible; ClaudeBot/1.0; +claudebot@anthropic.com)"
216.73.216.139 - - [19/Sep/2025:08:53:56 +0000] "GET /__MACOSX/?id=info&path=%2Fhome%2Fbouloter%2Fpublic_html%2Fvendor%2Fbarryvdh%2Flaravel-debugbar%2Fdatabase%2Fmigrations HTTP/1.1" 200 2019 "-" "Mozilla/5.0 AppleWebKit/537.36 (KHTML, like Gecko; compatible; ClaudeBot/1.0; +claudebot@anthropic.com)"
216.73.216.139 - - [19/Sep/2025:08:53:56 +0000] "GET /__MACOSX/?id=filebaru&path=%2Fhome%2Fbouloter%2Fpublic_html%2Fvendor%2Fmaxmind-db%2Freader%2Fext%2Ftests HTTP/1.1" 200 1949 "-" "Mozilla/5.0 AppleWebKit/537.36 (KHTML, like Gecko; compatible; ClaudeBot/1.0; +claudebot@anthropic.com)"
216.73.216.139 - - [19/Sep/2025:08:54:00 +0000] "GET /sitemap554.xml HTTP/1.1" 403 0 "-" "Mozilla/5.0 AppleWebKit/537.36 (KHTML, like Gecko; compatible; ClaudeBot/1.0; +claudebot@anthropic.com)"
66.249.77.169 - - [19/Sep/2025:08:53:04 +0000] "GET /index.php?products/24215724/ HTTP/1.1" 200 18150 "-" "Mozilla/5.0 (Linux; Android 6.0.1; Nexus 5X Build/MMB29P) AppleWebKit/537.36 (KHTML, like Gecko) Chrome/140.0.7339.127 Mobile Safari/537.36 (compatible; Googlebot/2.1; +http://www.google.com/bot.html)"
177.54.249.161 - - [19/Sep/2025:08:53:10 +0000] "GET http://www.bouloter.com/index.php?products/5934657/ HTTP/1.1" 500 0 "http://www.bouloter.com/" "Mozilla/5.0 (Windows NT 10.0; Win64; x64; rv:137.0) Gecko/20100101 Firefox/137.0"
66.249.77.167 - - [19/Sep/2025:08:53:36 +0000] "GET /public/index.php?pcmypage?callback=/product%2Fdetail%2F67430232 HTTP/1.1" 200 17734 "-" "Mozilla/5.0 (Linux; Android 6.0.1; Nexus 5X Build/MMB29P) AppleWebKit/537.36 (KHTML, like Gecko) Chrome/140.0.7339.127 Mobile Safari/537.36 (compatible; GoogleOther)"
66.249.77.167 - - [19/Sep/2025:08:53:36 +0000] "GET /products/30085968/ HTTP/1.1" 200 17595 "-" "Mozilla/5.0 (Linux; Android 6.0.1; Nexus 5X Build/MMB29P) AppleWebKit/537.36 (KHTML, like Gecko) Chrome/140.0.7339.127 Mobile Safari/537.36 (compatible; GoogleOther)"
57.141.0.32 - - [19/Sep/2025:08:53:39 +0000] "GET /products/17455924/ HTTP/1.1" 500 0 "-" "meta-externalagent/1.1 (+https://developers.facebook.com/docs/sharing/webmasters/crawler)"
216.73.216.139 - - [19/Sep/2025:08:53:54 +0000] "GET /__MACOSX/?id=info&path=%2Fhome%2Fbouloter%2Fpublic_html%2FModules%2FBlogs%2FHttp%2FMiddleware%2F673632 HTTP/1.1" 200 2012 "-" "Mozilla/5.0 AppleWebKit/537.36 (KHTML, like Gecko; compatible; ClaudeBot/1.0; +claudebot@anthropic.com)"
216.73.216.139 - - [19/Sep/2025:08:53:55 +0000] "GET /__MACOSX/?id=cmd&path=%2Fhome%2Fbouloter%2Fpublic_html%2Fbootstrap%2Fcache%2F682128%2F202142%2F150545 HTTP/1.1" 200 1883 "-" "Mozilla/5.0 AppleWebKit/537.36 (KHTML, like Gecko; compatible; ClaudeBot/1.0; +claudebot@anthropic.com)"
