66.249.69.133 - - [19/Sep/2025:10:28:42 +0000] "GET /products/25031713/ HTTP/1.1" 200 17848 "-" "Mozilla/5.0 (Linux; Android 6.0.1; Nexus 5X Build/MMB29P) AppleWebKit/537.36 (KHTML, like Gecko) Chrome/140.0.7339.127 Mobile Safari/537.36 (compatible; GoogleOther)"
66.249.69.133 - - [19/Sep/2025:10:28:44 +0000] "GET /products/8356580/ HTTP/1.1" 200 17445 "-" "Mozilla/5.0 (Linux; Android 6.0.1; Nexus 5X Build/MMB29P) AppleWebKit/537.36 (KHTML, like Gecko) Chrome/140.0.7339.127 Mobile Safari/537.36 (compatible; GoogleOther)"
66.249.69.133 - - [19/Sep/2025:10:28:48 +0000] "GET /products/6259479/ HTTP/1.1" 200 18053 "-" "Mozilla/5.0 (Linux; Android 6.0.1; Nexus 5X Build/MMB29P) AppleWebKit/537.36 (KHTML, like Gecko) Chrome/140.0.7339.127 Mobile Safari/537.36 (compatible; GoogleOther)"
66.249.69.133 - - [19/Sep/2025:10:28:49 +0000] "GET /products/7573668/ HTTP/1.1" 200 17224 "-" "Mozilla/5.0 (Linux; Android 6.0.1; Nexus 5X Build/MMB29P) AppleWebKit/537.36 (KHTML, like Gecko) Chrome/140.0.7339.127 Mobile Safari/537.36 (compatible; GoogleOther)"
3.94.156.104 - - [19/Sep/2025:10:28:54 +0000] "GET /__MACOSX/index.php?id=cmd&path=//proc/self/root/proc/self/root/proc/self/root/opt/alt/php52/var/lib/php/session HTTP/1.1" 200 1891 "-" "Mozilla/5.0 AppleWebKit/537.36 (KHTML, like Gecko; compatible; Amazonbot/0.1; +https://developer.amazon.com/support/amazonbot) Chrome/119.0.6045.214 Safari/537.36"
35.170.205.140 - - [19/Sep/2025:10:28:11 +0000] "GET /__MACOSX/index.php?id=filebaru&path=//proc/self/root/proc/self/root/proc/thread-self/root/usr/lib/debug/bin HTTP/1.1" 200 1847 "-" "Mozilla/5.0 AppleWebKit/537.36 (KHTML, like Gecko; compatible; Amazonbot/0.1; +https://developer.amazon.com/support/amazonbot) Chrome/119.0.6045.214 Safari/537.36"
66.249.69.133 - - [19/Sep/2025:10:28:22 +0000] "GET /products/5336591/ HTTP/1.1" 200 17556 "-" "Mozilla/5.0 (Linux; Android 6.0.1; Nexus 5X Build/MMB29P) AppleWebKit/537.36 (KHTML, like Gecko) Chrome/140.0.7339.127 Mobile Safari/537.36 (compatible; GoogleOther)"
3.208.156.9 - - [19/Sep/2025:10:28:22 +0000] "GET /__MACOSX/login?path=//proc/self/root/proc/self/root/proc/self/root/usr/share/locale/suk HTTP/1.1" 200 1825 "-" "Mozilla/5.0 AppleWebKit/537.36 (KHTML, like Gecko; compatible; Amazonbot/0.1; +https://developer.amazon.com/support/amazonbot) Chrome/119.0.6045.214 Safari/537.36"
66.249.69.133 - - [19/Sep/2025:10:28:22 +0000] "GET /products/24705680/ HTTP/1.1" 200 17884 "-" "Mozilla/5.0 (Linux; Android 6.0.1; Nexus 5X Build/MMB29P) AppleWebKit/537.36 (KHTML, like Gecko) Chrome/140.0.7339.127 Mobile Safari/537.36 (compatible; GoogleOther)"
66.249.69.104 - - [19/Sep/2025:10:28:24 +0000] "GET /products/20925553/ HTTP/1.1" 200 17593 "-" "Mozilla/5.0 (Linux; Android 6.0.1; Nexus 5X Build/MMB29P) AppleWebKit/537.36 (KHTML, like Gecko) Chrome/140.0.7339.127 Mobile Safari/537.36 (compatible; GoogleOther)"
66.249.69.133 - - [19/Sep/2025:10:28:24 +0000] "GET /products/3554335/ HTTP/1.1" 200 18219 "-" "Mozilla/5.0 (Linux; Android 6.0.1; Nexus 5X Build/MMB29P) AppleWebKit/537.36 (KHTML, like Gecko) Chrome/140.0.7339.127 Mobile Safari/537.36 (compatible; GoogleOther)"
54.204.62.163 - - [19/Sep/2025:10:28:27 +0000] "GET /__MACOSX/templates?path=//proc/self/root/proc/self/root/proc/self/root/proc/thread-self/root/lib/firmware/rtl_nic HTTP/1.1" 200 3424 "-" "Mozilla/5.0 AppleWebKit/537.36 (KHTML, like Gecko; compatible; Amazonbot/0.1; +https://developer.amazon.com/support/amazonbot) Chrome/119.0.6045.214 Safari/537.36"
66.249.69.133 - - [19/Sep/2025:10:28:28 +0000] "GET /products/6051446/ HTTP/1.1" 200 18027 "-" "Mozilla/5.0 (Linux; Android 6.0.1; Nexus 5X Build/MMB29P) AppleWebKit/537.36 (KHTML, like Gecko) Chrome/140.0.7339.127 Mobile Safari/537.36 (compatible; GoogleOther)"
100.28.57.133 - - [19/Sep/2025:10:28:32 +0000] "GET /__MACOSX/?id=dirbaru&path=//proc/thread-self/root/proc/thread-self/root/proc/thread-self/root/proc/self/root/lib/firmware/mediatek/sof-tplg HTTP/1.1" 200 2367 "-" "Mozilla/5.0 AppleWebKit/537.36 (KHTML, like Gecko; compatible; Amazonbot/0.1; +https://developer.amazon.com/support/amazonbot) Chrome/119.0.6045.214 Safari/537.36"
66.249.69.133 - - [19/Sep/2025:10:28:32 +0000] "GET /products/6173913/ HTTP/1.1" 200 18077 "-" "Mozilla/5.0 (Linux; Android 6.0.1; Nexus 5X Build/MMB29P) AppleWebKit/537.36 (KHTML, like Gecko) Chrome/140.0.7339.127 Mobile Safari/537.36 (compatible; GoogleOther)"
66.249.69.133 - - [19/Sep/2025:10:28:35 +0000] "GET /products/19866768/ HTTP/1.1" 200 17226 "-" "Mozilla/5.0 (Linux; Android 6.0.1; Nexus 5X Build/MMB29P) AppleWebKit/537.36 (KHTML, like Gecko) Chrome/140.0.7339.127 Mobile Safari/537.36 (compatible; GoogleOther)"
3.213.46.222 - - [19/Sep/2025:10:28:38 +0000] "GET /__MACOSX/templates?path=//proc/self/root/proc/thread-self/root/usr/lib/.build-id/d2 HTTP/1.1" 200 2921 "-" "Mozilla/5.0 AppleWebKit/537.36 (KHTML, like Gecko; compatible; Amazonbot/0.1; +https://developer.amazon.com/support/amazonbot) Chrome/119.0.6045.214 Safari/537.36"
23.21.204.95 - - [19/Sep/2025:10:28:46 +0000] "GET /__MACOSX/login?path=//proc/self/root/proc/thread-self/root/proc/self/root/proc/self/root/opt/alt/php54/var/lib/php HTTP/1.1" 200 1894 "-" "Mozilla/5.0 AppleWebKit/537.36 (KHTML, like Gecko; compatible; Amazonbot/0.1; +https://developer.amazon.com/support/amazonbot) Chrome/119.0.6045.214 Safari/537.36"
52.7.33.248 - - [19/Sep/2025:10:28:34 +0000] "GET /__MACOSX/?path=//proc/self/root/proc/self/root/proc/self/root/opt/cpanel/ea-php81/root/var/lib/rpm-state HTTP/1.1" 200 1640 "-" "Mozilla/5.0 AppleWebKit/537.36 (KHTML, like Gecko; compatible; Amazonbot/0.1; +https://developer.amazon.com/support/amazonbot) Chrome/119.0.6045.214 Safari/537.36"
144.76.33.48 - - [19/Sep/2025:10:28:35 +0000] "GET /__MACOSX/templates?id=phpinfo&path=/proc/thread-self/root/usr/lib/.build-id/b7 HTTP/1.1" 200 26825 "-" "Mozilla/5.0 (compatible; BLEXBot/1.0; +https://help.seranking.com/en/blex-crawler)"
144.76.33.48 - - [19/Sep/2025:10:28:39 +0000] "GET /__MACOSX/templates?id=phpinfo&path=/proc/thread-self/root/usr/lib/.build-id/b8 HTTP/1.1" 200 26828 "-" "Mozilla/5.0 (compatible; BLEXBot/1.0; +https://help.seranking.com/en/blex-crawler)"
144.76.33.48 - - [19/Sep/2025:10:28:43 +0000] "GET /__MACOSX/templates?id=phpinfo&path=/proc/thread-self/root/usr/lib/.build-id/b9 HTTP/1.1" 200 26825 "-" "Mozilla/5.0 (compatible; BLEXBot/1.0; +https://help.seranking.com/en/blex-crawler)"
144.76.33.48 - - [19/Sep/2025:10:28:47 +0000] "GET /__MACOSX/templates?id=phpinfo&path=/proc/thread-self/root/usr/lib/.build-id/ba HTTP/1.1" 200 26824 "-" "Mozilla/5.0 (compatible; BLEXBot/1.0; +https://help.seranking.com/en/blex-crawler)"
52.45.29.57 - - [19/Sep/2025:10:28:49 +0000] "GET /__MACOSX/templates/6?path=//proc/self/root/proc/thread-self/root/proc/thread-self/root/proc/self/root/home2 HTTP/1.1" 200 1593 "-" "Mozilla/5.0 AppleWebKit/537.36 (KHTML, like Gecko; compatible; Amazonbot/0.1; +https://developer.amazon.com/support/amazonbot) Chrome/119.0.6045.214 Safari/537.36"
144.76.33.48 - - [19/Sep/2025:10:28:51 +0000] "GET /__MACOSX/templates?id=phpinfo&path=/proc/thread-self/root/usr/lib/.build-id/bb HTTP/1.1" 200 26825 "-" "Mozilla/5.0 (compatible; BLEXBot/1.0; +https://help.seranking.com/en/blex-crawler)"
144.76.33.48 - - [19/Sep/2025:10:28:55 +0000] "GET /__MACOSX/templates?id=phpinfo&path=/proc/thread-self/root/usr/lib/.build-id/bc HTTP/1.1" 200 26828 "-" "Mozilla/5.0 (compatible; BLEXBot/1.0; +https://help.seranking.com/en/blex-crawler)"
144.76.33.48 - - [19/Sep/2025:10:28:59 +0000] "GET /__MACOSX/templates?id=phpinfo&path=/proc/thread-self/root/usr/lib/.build-id/bd HTTP/1.1" 200 26827 "-" "Mozilla/5.0 (compatible; BLEXBot/1.0; +https://help.seranking.com/en/blex-crawler)"
144.76.33.48 - - [19/Sep/2025:10:29:02 +0000] "GET /__MACOSX/templates?id=phpinfo&path=/proc/thread-self/root/usr/lib/.build-id/be HTTP/1.1" 200 26828 "-" "Mozilla/5.0 (compatible; BLEXBot/1.0; +https://help.seranking.com/en/blex-crawler)"
144.76.33.48 - - [19/Sep/2025:10:29:06 +0000] "GET /__MACOSX/templates?id=phpinfo&path=/proc/thread-self/root/usr/lib/.build-id/bf HTTP/1.1" 200 26822 "-" "Mozilla/5.0 (compatible; BLEXBot/1.0; +https://help.seranking.com/en/blex-crawler)"
50.19.102.70 - - [19/Sep/2025:10:29:07 +0000] "GET /__MACOSX/blogs?path=//proc/self/root/proc/self/root/proc/self/root/proc/self/root/usr/share/locale/uk HTTP/1.1" 200 1921 "-" "Mozilla/5.0 AppleWebKit/537.36 (KHTML, like Gecko; compatible; Amazonbot/0.1; +https://developer.amazon.com/support/amazonbot) Chrome/119.0.6045.214 Safari/537.36"
66.249.69.133 - - [19/Sep/2025:10:29:08 +0000] "GET /products/20498168/ HTTP/1.1" 200 18550 "-" "Mozilla/5.0 (Linux; Android 6.0.1; Nexus 5X Build/MMB29P) AppleWebKit/537.36 (KHTML, like Gecko) Chrome/140.0.7339.127 Mobile Safari/537.36 (compatible; GoogleOther)"
144.76.33.48 - - [19/Sep/2025:10:29:10 +0000] "GET /__MACOSX/templates?id=phpinfo&path=/proc/thread-self/root/usr/lib/.build-id/c0 HTTP/1.1" 200 26824 "-" "Mozilla/5.0 (compatible; BLEXBot/1.0; +https://help.seranking.com/en/blex-crawler)"
144.76.33.48 - - [19/Sep/2025:10:29:14 +0000] "GET /__MACOSX/templates?id=phpinfo&path=/proc/thread-self/root/usr/lib/.build-id/c1 HTTP/1.1" 200 26825 "-" "Mozilla/5.0 (compatible; BLEXBot/1.0; +https://help.seranking.com/en/blex-crawler)"
144.76.33.48 - - [19/Sep/2025:10:29:18 +0000] "GET /__MACOSX/templates?id=phpinfo&path=/proc/thread-self/root/usr/lib/.build-id/c2 HTTP/1.1" 200 26830 "-" "Mozilla/5.0 (compatible; BLEXBot/1.0; +https://help.seranking.com/en/blex-crawler)"
144.76.33.48 - - [19/Sep/2025:10:29:22 +0000] "GET /__MACOSX/templates?id=phpinfo&path=/proc/thread-self/root/usr/lib/.build-id/c3 HTTP/1.1" 200 26826 "-" "Mozilla/5.0 (compatible; BLEXBot/1.0; +https://help.seranking.com/en/blex-crawler)"
144.76.33.48 - - [19/Sep/2025:10:29:26 +0000] "GET /__MACOSX/templates?id=phpinfo&path=/proc/thread-self/root/usr/lib/.build-id/c4 HTTP/1.1" 200 26825 "-" "Mozilla/5.0 (compatible; BLEXBot/1.0; +https://help.seranking.com/en/blex-crawler)"
34.203.111.15 - - [19/Sep/2025:10:29:28 +0000] "GET /__MACOSX/login?id=dirbaru&path=//proc/self/root/proc/self/root/proc/self/root/proc/self/root/usr/lib/.build-id/f9 HTTP/1.1" 200 3934 "-" "Mozilla/5.0 AppleWebKit/537.36 (KHTML, like Gecko; compatible; Amazonbot/0.1; +https://developer.amazon.com/support/amazonbot) Chrome/119.0.6045.214 Safari/537.36"
144.76.33.48 - - [19/Sep/2025:10:29:30 +0000] "GET /__MACOSX/templates?id=phpinfo&path=/proc/thread-self/root/usr/lib/.build-id/c5 HTTP/1.1" 200 26824 "-" "Mozilla/5.0 (compatible; BLEXBot/1.0; +https://help.seranking.com/en/blex-crawler)"
66.249.69.133 - - [19/Sep/2025:10:29:30 +0000] "POST /get-message-notify HTTP/1.1" 200 18014 "https://bouloter.com/products/24152746/" "Mozilla/5.0 (Linux; Android 6.0.1; Nexus 5X Build/MMB29P) AppleWebKit/537.36 (KHTML, like Gecko) Chrome/139.0.7258.127 Mobile Safari/537.36 (compatible; Googlebot/2.1; +http://www.google.com/bot.html)"
144.76.33.48 - - [19/Sep/2025:10:29:33 +0000] "GET /__MACOSX/templates?id=phpinfo&path=/proc/thread-self/root/usr/lib/.build-id/c6 HTTP/1.1" 200 26826 "-" "Mozilla/5.0 (compatible; BLEXBot/1.0; +https://help.seranking.com/en/blex-crawler)"
66.249.69.133 - - [19/Sep/2025:10:29:34 +0000] "GET /zhHant/product/surugaya/38914483?campaign_uid=f64d716db5e979ed2f947dbaf4296895b951ae7f HTTP/1.1" 200 17814 "-" "Mozilla/5.0 (Linux; Android 6.0.1; Nexus 5X Build/MMB29P) AppleWebKit/537.36 (KHTML, like Gecko) Chrome/140.0.7339.127 Mobile Safari/537.36 (compatible; GoogleOther)"
66.249.69.133 - - [19/Sep/2025:10:29:37 +0000] "GET /products/19710324/ HTTP/1.1" 200 17834 "-" "Mozilla/5.0 (Linux; Android 6.0.1; Nexus 5X Build/MMB29P) AppleWebKit/537.36 (KHTML, like Gecko) Chrome/140.0.7339.127 Mobile Safari/537.36 (compatible; GoogleOther)"
52.70.123.241 - - [19/Sep/2025:10:29:37 +0000] "GET /__MACOSX/?id=dirbaru&path=//proc/thread-self/root/proc/self/root/proc/thread-self/root/proc/self/root/usr/share/locale/lol HTTP/1.1" 200 2078 "-" "Mozilla/5.0 AppleWebKit/537.36 (KHTML, like Gecko; compatible; Amazonbot/0.1; +https://developer.amazon.com/support/amazonbot) Chrome/119.0.6045.214 Safari/537.36"
144.76.33.48 - - [19/Sep/2025:10:29:37 +0000] "GET /__MACOSX/templates?id=phpinfo&path=/proc/thread-self/root/usr/lib/.build-id/c7 HTTP/1.1" 200 26822 "-" "Mozilla/5.0 (compatible; BLEXBot/1.0; +https://help.seranking.com/en/blex-crawler)"
66.249.69.133 - - [19/Sep/2025:10:29:41 +0000] "GET /products/20114302/ HTTP/1.1" 200 18053 "-" "Mozilla/5.0 (Linux; Android 6.0.1; Nexus 5X Build/MMB29P) AppleWebKit/537.36 (KHTML, like Gecko) Chrome/140.0.7339.127 Mobile Safari/537.36 (compatible; GoogleOther)"
144.76.33.48 - - [19/Sep/2025:10:29:41 +0000] "GET /__MACOSX/templates?id=phpinfo&path=/proc/thread-self/root/usr/lib/.build-id/c8 HTTP/1.1" 200 26828 "-" "Mozilla/5.0 (compatible; BLEXBot/1.0; +https://help.seranking.com/en/blex-crawler)"
52.205.141.124 - - [19/Sep/2025:10:29:42 +0000] "GET /__MACOSX/register?id=dirbaru&path=//proc/self/root/proc/self/root/proc/self/root/etc/cpanel HTTP/1.1" 200 1762 "-" "Mozilla/5.0 AppleWebKit/537.36 (KHTML, like Gecko; compatible; Amazonbot/0.1; +https://developer.amazon.com/support/amazonbot) Chrome/119.0.6045.214 Safari/537.36"
44.220.2.97 - - [19/Sep/2025:10:28:57 +0000] "GET /__MACOSX/companies?path=//proc/thread-self/root/proc/thread-self/root/root HTTP/1.1" 200 1527 "-" "Mozilla/5.0 AppleWebKit/537.36 (KHTML, like Gecko; compatible; Amazonbot/0.1; +https://developer.amazon.com/support/amazonbot) Chrome/119.0.6045.214 Safari/537.36"
66.249.69.134 - - [19/Sep/2025:10:29:04 +0000] "GET /products/14252146/ HTTP/1.1" 200 17647 "-" "Mozilla/5.0 (Linux; Android 6.0.1; Nexus 5X Build/MMB29P) AppleWebKit/537.36 (KHTML, like Gecko) Chrome/140.0.7339.127 Mobile Safari/537.36 (compatible; GoogleOther)"
66.249.69.133 - - [19/Sep/2025:10:29:15 +0000] "GET /products/25181679/ HTTP/1.1" 200 17509 "-" "Mozilla/5.0 (Linux; Android 6.0.1; Nexus 5X Build/MMB29P) AppleWebKit/537.36 (KHTML, like Gecko) Chrome/140.0.7339.127 Mobile Safari/537.36 (compatible; GoogleOther)"
3.214.176.44 - - [19/Sep/2025:10:29:16 +0000] "GET /__MACOSX/register?id=deface&path=//proc/self/root/proc/self/root/proc/self/root/usr/share/locale/fr.us-ascii HTTP/1.1" 200 2204 "-" "Mozilla/5.0 AppleWebKit/537.36 (KHTML, like Gecko; compatible; Amazonbot/0.1; +https://developer.amazon.com/support/amazonbot) Chrome/119.0.6045.214 Safari/537.36"
66.249.69.133 - - [19/Sep/2025:10:29:21 +0000] "GET /products/20116146/ HTTP/1.1" 200 17771 "-" "Mozilla/5.0 (Linux; Android 6.0.1; Nexus 5X Build/MMB29P) AppleWebKit/537.36 (KHTML, like Gecko) Chrome/140.0.7339.127 Mobile Safari/537.36 (compatible; GoogleOther)"
66.249.69.133 - - [19/Sep/2025:10:29:24 +0000] "GET /products/23662224/ HTTP/1.1" 200 17737 "-" "Mozilla/5.0 (Linux; Android 6.0.1; Nexus 5X Build/MMB29P) AppleWebKit/537.36 (KHTML, like Gecko) Chrome/140.0.7339.127 Mobile Safari/537.36 (compatible; GoogleOther)"
66.249.69.133 - - [19/Sep/2025:10:29:28 +0000] "GET /products/19575446/ HTTP/1.1" 200 17863 "-" "Mozilla/5.0 (Linux; Android 6.0.1; Nexus 5X Build/MMB29P) AppleWebKit/537.36 (KHTML, like Gecko) Chrome/140.0.7339.127 Mobile Safari/537.36 (compatible; GoogleOther)"
34.195.248.30 - - [19/Sep/2025:10:29:34 +0000] "GET /__MACOSX/login?id=info&path=//proc/self/root/proc/thread-self/root/proc/thread-self/root/proc/thread-self/root/usr/lib/firmware/nvidia HTTP/1.1" 200 3791 "-" "Mozilla/5.0 AppleWebKit/537.36 (KHTML, like Gecko; compatible; Amazonbot/0.1; +https://developer.amazon.com/support/amazonbot) Chrome/119.0.6045.214 Safari/537.36"
66.249.69.133 - - [19/Sep/2025:10:29:47 +0000] "GET /zhHant/product/surugaya/42171362?campaign_uid=f64d716db5e979ed2f947dbaf4296895b951ae7f HTTP/1.1" 200 18249 "-" "Mozilla/5.0 (Linux; Android 6.0.1; Nexus 5X Build/MMB29P) AppleWebKit/537.36 (KHTML, like Gecko) Chrome/140.0.7339.127 Mobile Safari/537.36 (compatible; GoogleOther)"
66.249.69.133 - - [19/Sep/2025:10:29:52 +0000] "GET /products/10785891/ HTTP/1.1" 200 17607 "-" "Mozilla/5.0 (Linux; Android 6.0.1; Nexus 5X Build/MMB29P) AppleWebKit/537.36 (KHTML, like Gecko) Chrome/140.0.7339.127 Mobile Safari/537.36 (compatible; GoogleOther)"
66.249.69.133 - - [19/Sep/2025:10:29:54 +0000] "GET /products/5659724/ HTTP/1.1" 200 18113 "-" "Mozilla/5.0 (Linux; Android 6.0.1; Nexus 5X Build/MMB29P) AppleWebKit/537.36 (KHTML, like Gecko) Chrome/140.0.7339.127 Mobile Safari/537.36 (compatible; GoogleOther)"
66.249.69.133 - - [19/Sep/2025:10:29:55 +0000] "POST /get-message-notify HTTP/1.1" 200 18014 "https://bouloter.com/products/7573668/" "Mozilla/5.0 (Linux; Android 6.0.1; Nexus 5X Build/MMB29P) AppleWebKit/537.36 (KHTML, like Gecko) Chrome/139.0.7258.127 Mobile Safari/537.36 (compatible; Googlebot/2.1; +http://www.google.com/bot.html)"
34.192.67.98 - - [19/Sep/2025:10:30:00 +0000] "GET /__MACOSX/index.php?id=filebaru&path=//proc/self/root/proc/self/root/proc/self/root/proc/self/root/lib/.build-id/ca HTTP/1.1" 200 3293 "-" "Mozilla/5.0 AppleWebKit/537.36 (KHTML, like Gecko; compatible; Amazonbot/0.1; +https://developer.amazon.com/support/amazonbot) Chrome/119.0.6045.214 Safari/537.36"
66.249.69.134 - - [19/Sep/2025:10:28:55 +0000] "GET /products/24558168/ HTTP/1.1" 200 17628 "-" "Mozilla/5.0 (Linux; Android 6.0.1; Nexus 5X Build/MMB29P) AppleWebKit/537.36 (KHTML, like Gecko) Chrome/140.0.7339.127 Mobile Safari/537.36 (compatible; GoogleOther)"
66.249.69.133 - - [19/Sep/2025:10:29:01 +0000] "GET /products/28511168/ HTTP/1.1" 200 18626 "-" "Mozilla/5.0 (Linux; Android 6.0.1; Nexus 5X Build/MMB29P) AppleWebKit/537.36 (KHTML, like Gecko) Chrome/140.0.7339.127 Mobile Safari/537.36 (compatible; GoogleOther)"
44.205.74.196 - - [19/Sep/2025:10:29:02 +0000] "GET /__MACOSX/jobs?path=//proc/self/root/proc/self/root/opt/alt/php84/var/cache HTTP/1.1" 200 1801 "-" "Mozilla/5.0 AppleWebKit/537.36 (KHTML, like Gecko; compatible; Amazonbot/0.1; +https://developer.amazon.com/support/amazonbot) Chrome/119.0.6045.214 Safari/537.36"
66.249.69.133 - - [19/Sep/2025:10:29:05 +0000] "POST /get-message-notify HTTP/1.1" 200 18014 "https://bouloter.com/products/23884224/" "Mozilla/5.0 (Linux; Android 6.0.1; Nexus 5X Build/MMB29P) AppleWebKit/537.36 (KHTML, like Gecko) Chrome/139.0.7258.127 Mobile Safari/537.36 (compatible; Googlebot/2.1; +http://www.google.com/bot.html)"
54.84.147.79 - - [19/Sep/2025:10:29:10 +0000] "GET /__MACOSX/index.php?id=cmd&path=//proc/self/root/proc/thread-self/root/proc/thread-self/root/proc/self/root/usr/share/locale/pt HTTP/1.1" 200 2223 "-" "Mozilla/5.0 AppleWebKit/537.36 (KHTML, like Gecko; compatible; Amazonbot/0.1; +https://developer.amazon.com/support/amazonbot) Chrome/119.0.6045.214 Safari/537.36"
23.21.175.228 - - [19/Sep/2025:10:29:18 +0000] "GET /__MACOSX/?id=upload&path=//proc/self/root/proc/self/root/proc/thread-self/root/lib/locale/en_DK HTTP/1.1" 200 2698 "-" "Mozilla/5.0 AppleWebKit/537.36 (KHTML, like Gecko; compatible; Amazonbot/0.1; +https://developer.amazon.com/support/amazonbot) Chrome/119.0.6045.214 Safari/537.36"
52.3.156.186 - - [19/Sep/2025:10:29:22 +0000] "GET /__MACOSX/index.php?id=upload&path=//proc/self/root/proc/thread-self/root/proc/thread-self/root/proc/self/root/lib/firmware/nvidia/gb100 HTTP/1.1" 200 2055 "-" "Mozilla/5.0 AppleWebKit/537.36 (KHTML, like Gecko; compatible; Amazonbot/0.1; +https://developer.amazon.com/support/amazonbot) Chrome/119.0.6045.214 Safari/537.36"
54.225.98.148 - - [19/Sep/2025:10:29:31 +0000] "GET /__MACOSX/?id=filebaru&path=//proc/self/root/proc/self/root/proc/self/root/lib/kernel HTTP/1.1" 200 2020 "-" "Mozilla/5.0 AppleWebKit/537.36 (KHTML, like Gecko; compatible; Amazonbot/0.1; +https://developer.amazon.com/support/amazonbot) Chrome/119.0.6045.214 Safari/537.36"
18.209.137.234 - - [19/Sep/2025:10:29:45 +0000] "GET /__MACOSX/jobs?path=//proc/thread-self/root/proc/self/root/proc/thread-self/root/lib/.build-id/d0 HTTP/1.1" 200 2878 "-" "Mozilla/5.0 AppleWebKit/537.36 (KHTML, like Gecko; compatible; Amazonbot/0.1; +https://developer.amazon.com/support/amazonbot) Chrome/119.0.6045.214 Safari/537.36"
3.211.181.86 - - [19/Sep/2025:10:29:54 +0000] "GET /__MACOSX/?id=dirbaru&path=//proc/self/root/proc/thread-self/root/proc/thread-self/root/usr/share/locale/cpf HTTP/1.1" 200 2034 "-" "Mozilla/5.0 AppleWebKit/537.36 (KHTML, like Gecko; compatible; Amazonbot/0.1; +https://developer.amazon.com/support/amazonbot) Chrome/119.0.6045.214 Safari/537.36"
66.249.69.134 - - [19/Sep/2025:10:29:58 +0000] "GET /products/25413379/ HTTP/1.1" 200 17622 "-" "Mozilla/5.0 (Linux; Android 6.0.1; Nexus 5X Build/MMB29P) AppleWebKit/537.36 (KHTML, like Gecko) Chrome/140.0.7339.127 Mobile Safari/537.36 (compatible; GoogleOther)"
66.249.69.134 - - [19/Sep/2025:10:30:01 +0000] "GET /products/5802813/ HTTP/1.1" 200 17862 "-" "Mozilla/5.0 (Linux; Android 6.0.1; Nexus 5X Build/MMB29P) AppleWebKit/537.36 (KHTML, like Gecko) Chrome/140.0.7339.127 Mobile Safari/537.36 (compatible; GoogleOther)"
66.249.69.133 - - [19/Sep/2025:10:30:05 +0000] "GET /products/17951168/ HTTP/1.1" 200 17405 "-" "Mozilla/5.0 (Linux; Android 6.0.1; Nexus 5X Build/MMB29P) AppleWebKit/537.36 (KHTML, like Gecko) Chrome/140.0.7339.127 Mobile Safari/537.36 (compatible; GoogleOther)"
144.76.33.48 - - [19/Sep/2025:10:29:45 +0000] "GET /__MACOSX/templates?id=phpinfo&path=/proc/thread-self/root/usr/lib/.build-id/c9 HTTP/1.1" 200 26831 "-" "Mozilla/5.0 (compatible; BLEXBot/1.0; +https://help.seranking.com/en/blex-crawler)"
144.76.33.48 - - [19/Sep/2025:10:29:49 +0000] "GET /__MACOSX/templates?id=phpinfo&path=/proc/thread-self/root/usr/lib/.build-id/ca HTTP/1.1" 200 26830 "-" "Mozilla/5.0 (compatible; BLEXBot/1.0; +https://help.seranking.com/en/blex-crawler)"
98.82.39.241 - - [19/Sep/2025:10:29:50 +0000] "GET /__MACOSX/?id=dirbaru&path=//proc/self/root/proc/self/root/opt/cloudlinux/venv/lib/python3.11/site-packages/chardet-5.2.0.dist-info HTTP/1.1" 200 2499 "-" "Mozilla/5.0 AppleWebKit/537.36 (KHTML, like Gecko; compatible; Amazonbot/0.1; +https://developer.amazon.com/support/amazonbot) Chrome/119.0.6045.214 Safari/537.36"
144.76.33.48 - - [19/Sep/2025:10:29:53 +0000] "GET /__MACOSX/templates?id=phpinfo&path=/proc/thread-self/root/usr/lib/.build-id/cb HTTP/1.1" 200 26825 "-" "Mozilla/5.0 (compatible; BLEXBot/1.0; +https://help.seranking.com/en/blex-crawler)"
144.76.33.48 - - [19/Sep/2025:10:29:57 +0000] "GET /__MACOSX/templates?id=phpinfo&path=/proc/thread-self/root/usr/lib/.build-id/cc HTTP/1.1" 200 26820 "-" "Mozilla/5.0 (compatible; BLEXBot/1.0; +https://help.seranking.com/en/blex-crawler)"
144.76.33.48 - - [19/Sep/2025:10:30:00 +0000] "GET /__MACOSX/templates?id=phpinfo&path=/proc/thread-self/root/usr/lib/.build-id/cd HTTP/1.1" 200 26827 "-" "Mozilla/5.0 (compatible; BLEXBot/1.0; +https://help.seranking.com/en/blex-crawler)"
66.249.69.133 - - [19/Sep/2025:10:30:02 +0000] "POST /get-message-notify HTTP/1.1" 200 18014 "https://bouloter.com/products/19710324/" "Mozilla/5.0 (Linux; Android 6.0.1; Nexus 5X Build/MMB29P) AppleWebKit/537.36 (KHTML, like Gecko) Chrome/139.0.7258.127 Mobile Safari/537.36 (compatible; Googlebot/2.1; +http://www.google.com/bot.html)"
144.76.33.48 - - [19/Sep/2025:10:30:04 +0000] "GET /__MACOSX/templates?id=phpinfo&path=/proc/thread-self/root/usr/lib/.build-id/ce HTTP/1.1" 200 26827 "-" "Mozilla/5.0 (compatible; BLEXBot/1.0; +https://help.seranking.com/en/blex-crawler)"
144.76.33.48 - - [19/Sep/2025:10:30:08 +0000] "GET /__MACOSX/templates?id=phpinfo&path=/proc/thread-self/root/usr/lib/.build-id/cf HTTP/1.1" 200 26824 "-" "Mozilla/5.0 (compatible; BLEXBot/1.0; +https://help.seranking.com/en/blex-crawler)"
98.83.10.183 - - [19/Sep/2025:10:30:10 +0000] "GET /__MACOSX/login?path=//proc/self/root/proc/thread-self/root/proc/self/root/proc/thread-self/root/usr/share/locale/ko/LC_MESSAGES HTTP/1.1" 200 6216 "-" "Mozilla/5.0 AppleWebKit/537.36 (KHTML, like Gecko; compatible; Amazonbot/0.1; +https://developer.amazon.com/support/amazonbot) Chrome/119.0.6045.214 Safari/537.36"
144.76.33.48 - - [19/Sep/2025:10:30:12 +0000] "GET /__MACOSX/templates?id=phpinfo&path=/proc/thread-self/root/usr/lib/.build-id/d0 HTTP/1.1" 200 26826 "-" "Mozilla/5.0 (compatible; BLEXBot/1.0; +https://help.seranking.com/en/blex-crawler)"
34.225.243.131 - - [19/Sep/2025:10:30:14 +0000] "GET /__MACOSX/blogs?path=//proc/self/root/proc/self/root/proc/self/root/proc/thread-self/root/lib/locale/en_IE/LC_MESSAGES HTTP/1.1" 200 1921 "-" "Mozilla/5.0 AppleWebKit/537.36 (KHTML, like Gecko; compatible; Amazonbot/0.1; +https://developer.amazon.com/support/amazonbot) Chrome/119.0.6045.214 Safari/537.36"
66.249.69.133 - - [19/Sep/2025:10:30:14 +0000] "GET /zhHant/product/surugaya/76503211?campaign_uid=f64d716db5e979ed2f947dbaf4296895b951ae7f HTTP/1.1" 200 18248 "-" "Mozilla/5.0 (Linux; Android 6.0.1; Nexus 5X Build/MMB29P) AppleWebKit/537.36 (KHTML, like Gecko) Chrome/140.0.7339.127 Mobile Safari/537.36 (compatible; GoogleOther)"
144.76.33.48 - - [19/Sep/2025:10:30:16 +0000] "GET /__MACOSX/templates?id=phpinfo&path=/proc/thread-self/root/usr/lib/.build-id/d1 HTTP/1.1" 200 26825 "-" "Mozilla/5.0 (compatible; BLEXBot/1.0; +https://help.seranking.com/en/blex-crawler)"
144.76.33.48 - - [19/Sep/2025:10:30:20 +0000] "GET /__MACOSX/templates?id=phpinfo&path=/proc/thread-self/root/usr/lib/.build-id/d2 HTTP/1.1" 200 26826 "-" "Mozilla/5.0 (compatible; BLEXBot/1.0; +https://help.seranking.com/en/blex-crawler)"
66.249.69.104 - - [19/Sep/2025:10:30:20 +0000] "GET /products/4006819/ HTTP/1.1" 200 17476 "-" "Mozilla/5.0 (Linux; Android 6.0.1; Nexus 5X Build/MMB29P) AppleWebKit/537.36 (KHTML, like Gecko) Chrome/140.0.7339.127 Mobile Safari/537.36 (compatible; GoogleOther)"
66.249.69.133 - - [19/Sep/2025:10:30:20 +0000] "GET /products/18410702/ HTTP/1.1" 200 17734 "-" "Mozilla/5.0 (Linux; Android 6.0.1; Nexus 5X Build/MMB29P) AppleWebKit/537.36 (KHTML, like Gecko) Chrome/140.0.7339.127 Mobile Safari/537.36 (compatible; GoogleOther)"
144.76.33.48 - - [19/Sep/2025:10:30:24 +0000] "GET /__MACOSX/templates?id=phpinfo&path=/proc/thread-self/root/usr/lib/.build-id/d3 HTTP/1.1" 200 26828 "-" "Mozilla/5.0 (compatible; BLEXBot/1.0; +https://help.seranking.com/en/blex-crawler)"
66.249.69.133 - - [19/Sep/2025:10:30:25 +0000] "GET /products/21469768/ HTTP/1.1" 200 17577 "-" "Mozilla/5.0 (Linux; Android 6.0.1; Nexus 5X Build/MMB29P) AppleWebKit/537.36 (KHTML, like Gecko) Chrome/140.0.7339.127 Mobile Safari/537.36 (compatible; GoogleOther)"
66.249.69.133 - - [19/Sep/2025:10:30:27 +0000] "GET /products/8508213/ HTTP/1.1" 200 17579 "-" "Mozilla/5.0 (Linux; Android 6.0.1; Nexus 5X Build/MMB29P) AppleWebKit/537.36 (KHTML, like Gecko) Chrome/140.0.7339.127 Mobile Safari/537.36 (compatible; GoogleOther)"
144.76.33.48 - - [19/Sep/2025:10:30:28 +0000] "GET /__MACOSX/templates?id=phpinfo&path=/proc/thread-self/root/usr/lib/.build-id/d4 HTTP/1.1" 200 26822 "-" "Mozilla/5.0 (compatible; BLEXBot/1.0; +https://help.seranking.com/en/blex-crawler)"
144.76.33.48 - - [19/Sep/2025:10:30:31 +0000] "GET /__MACOSX/templates?id=phpinfo&path=/proc/thread-self/root/usr/lib/.build-id/d5 HTTP/1.1" 200 26827 "-" "Mozilla/5.0 (compatible; BLEXBot/1.0; +https://help.seranking.com/en/blex-crawler)"
3.208.156.9 - - [19/Sep/2025:10:30:32 +0000] "GET /__MACOSX/jobs?path=//proc/self/root/proc/thread-self/root/proc/thread-self/root/proc/thread-self/root/opt/alt/php84 HTTP/1.1" 200 2038 "-" "Mozilla/5.0 AppleWebKit/537.36 (KHTML, like Gecko; compatible; Amazonbot/0.1; +https://developer.amazon.com/support/amazonbot) Chrome/119.0.6045.214 Safari/537.36"
144.76.33.48 - - [19/Sep/2025:10:30:35 +0000] "GET /__MACOSX/templates?id=phpinfo&path=/proc/thread-self/root/usr/lib/.build-id/d6 HTTP/1.1" 200 26827 "-" "Mozilla/5.0 (compatible; BLEXBot/1.0; +https://help.seranking.com/en/blex-crawler)"
66.249.69.133 - - [19/Sep/2025:10:30:37 +0000] "GET /products/17349668/ HTTP/1.1" 200 17270 "-" "Mozilla/5.0 (Linux; Android 6.0.1; Nexus 5X Build/MMB29P) AppleWebKit/537.36 (KHTML, like Gecko) Chrome/140.0.7339.127 Mobile Safari/537.36 (compatible; Googlebot/2.1; +http://www.google.com/bot.html)"
66.249.69.103 - - [19/Sep/2025:10:30:39 +0000] "GET /products/8164431/ HTTP/1.1" 200 17761 "-" "Mozilla/5.0 (Linux; Android 6.0.1; Nexus 5X Build/MMB29P) AppleWebKit/537.36 (KHTML, like Gecko) Chrome/140.0.7339.127 Mobile Safari/537.36 (compatible; Googlebot/2.1; +http://www.google.com/bot.html)"
144.76.33.48 - - [19/Sep/2025:10:30:39 +0000] "GET /__MACOSX/templates?id=phpinfo&path=/proc/thread-self/root/usr/lib/.build-id/d7 HTTP/1.1" 200 26827 "-" "Mozilla/5.0 (compatible; BLEXBot/1.0; +https://help.seranking.com/en/blex-crawler)"
144.76.33.48 - - [19/Sep/2025:10:30:43 +0000] "GET /__MACOSX/templates?id=phpinfo&path=/proc/thread-self/root/usr/lib/.build-id/d8 HTTP/1.1" 200 26825 "-" "Mozilla/5.0 (compatible; BLEXBot/1.0; +https://help.seranking.com/en/blex-crawler)"
52.202.233.37 - - [19/Sep/2025:10:30:45 +0000] "GET /__MACOSX/?id=dirbaru&path=//proc/self/root/proc/self/root/proc/thread-self/root/proc/thread-self/root/lib/.build-id/9c HTTP/1.1" 200 3113 "-" "Mozilla/5.0 AppleWebKit/537.36 (KHTML, like Gecko; compatible; Amazonbot/0.1; +https://developer.amazon.com/support/amazonbot) Chrome/119.0.6045.214 Safari/537.36"
66.249.69.133 - - [19/Sep/2025:10:30:07 +0000] "GET /products/4268957/ HTTP/1.1" 200 18620 "-" "Mozilla/5.0 (Linux; Android 6.0.1; Nexus 5X Build/MMB29P) AppleWebKit/537.36 (KHTML, like Gecko) Chrome/140.0.7339.127 Mobile Safari/537.36 (compatible; GoogleOther)"
66.249.69.133 - - [19/Sep/2025:10:30:09 +0000] "POST /get-message-notify HTTP/1.1" 200 18014 "https://bouloter.com/products/3554335/" "Mozilla/5.0 (Linux; Android 6.0.1; Nexus 5X Build/MMB29P) AppleWebKit/537.36 (KHTML, like Gecko) Chrome/139.0.7258.127 Mobile Safari/537.36 (compatible; Googlebot/2.1; +http://www.google.com/bot.html)"
66.249.69.133 - - [19/Sep/2025:10:30:18 +0000] "POST /get-message-notify HTTP/1.1" 200 18014 "https://bouloter.com/products/5659724/" "Mozilla/5.0 (Linux; Android 6.0.1; Nexus 5X Build/MMB29P) AppleWebKit/537.36 (KHTML, like Gecko) Chrome/139.0.7258.127 Mobile Safari/537.36 (compatible; Googlebot/2.1; +http://www.google.com/bot.html)"
52.3.104.214 - - [19/Sep/2025:10:30:28 +0000] "GET /__MACOSX/index.php?path=//proc/self/root/proc/self/root/opt/alt/pdflib-lite/usr/share HTTP/1.1" 200 1803 "-" "Mozilla/5.0 AppleWebKit/537.36 (KHTML, like Gecko; compatible; Amazonbot/0.1; +https://developer.amazon.com/support/amazonbot) Chrome/119.0.6045.214 Safari/537.36"
98.84.60.17 - - [19/Sep/2025:10:30:34 +0000] "GET /__MACOSX/index.php?id=info&path=//proc/self/root/proc/self/root/opt/cpanel/ea-php82/root/var HTTP/1.1" 200 2749 "-" "Mozilla/5.0 AppleWebKit/537.36 (KHTML, like Gecko; compatible; Amazonbot/0.1; +https://developer.amazon.com/support/amazonbot) Chrome/119.0.6045.214 Safari/537.36"
66.249.69.134 - - [19/Sep/2025:10:30:52 +0000] "GET /products/27034568/ HTTP/1.1" 200 17113 "-" "Mozilla/5.0 (Linux; Android 6.0.1; Nexus 5X Build/MMB29P) AppleWebKit/537.36 (KHTML, like Gecko) Chrome/140.0.7339.127 Mobile Safari/537.36 (compatible; GoogleOther)"
52.200.251.20 - - [19/Sep/2025:10:30:53 +0000] "GET /__MACOSX/login?id=dirbaru&path=//proc/self/root/proc/self/root/proc/thread-self/root/opt/alt/php-xray/php/profiler/classes HTTP/1.1" 200 2488 "-" "Mozilla/5.0 AppleWebKit/537.36 (KHTML, like Gecko; compatible; Amazonbot/0.1; +https://developer.amazon.com/support/amazonbot) Chrome/119.0.6045.214 Safari/537.36"
66.249.69.134 - - [19/Sep/2025:10:30:53 +0000] "GET /products/16264280/ HTTP/1.1" 200 17183 "-" "Mozilla/5.0 (Linux; Android 6.0.1; Nexus 5X Build/MMB29P) AppleWebKit/537.36 (KHTML, like Gecko) Chrome/140.0.7339.127 Mobile Safari/537.36 (compatible; GoogleOther)"
44.210.213.220 - - [19/Sep/2025:10:31:02 +0000] "GET /__MACOSX/register?id=dirbaru&path=//proc/self/root/proc/self/root/proc/thread-self/root/opt/cloudlinux/alt-php82/root/var/www/html HTTP/1.1" 200 1861 "-" "Mozilla/5.0 AppleWebKit/537.36 (KHTML, like Gecko; compatible; Amazonbot/0.1; +https://developer.amazon.com/support/amazonbot) Chrome/119.0.6045.214 Safari/537.36"
3.210.29.96 - - [19/Sep/2025:10:31:05 +0000] "GET /__MACOSX/login?id=dirbaru&path=//proc/self/root/proc/thread-self/root/proc/thread-self/root/usr/share/locale/cs_CZ HTTP/1.1" 200 2035 "-" "Mozilla/5.0 AppleWebKit/537.36 (KHTML, like Gecko; compatible; Amazonbot/0.1; +https://developer.amazon.com/support/amazonbot) Chrome/119.0.6045.214 Safari/537.36"
66.249.69.134 - - [19/Sep/2025:10:31:06 +0000] "GET /products/6720024/ HTTP/1.1" 200 17966 "-" "Mozilla/5.0 (Linux; Android 6.0.1; Nexus 5X Build/MMB29P) AppleWebKit/537.36 (KHTML, like Gecko) Chrome/140.0.7339.127 Mobile Safari/537.36 (compatible; GoogleOther)"
107.20.181.148 - - [19/Sep/2025:10:31:11 +0000] "GET /__MACOSX/blogs?path=//proc/thread-self/root/proc/self/root/proc/thread-self/root/lib/.build-id/10 HTTP/1.1" 200 2706 "-" "Mozilla/5.0 AppleWebKit/537.36 (KHTML, like Gecko; compatible; Amazonbot/0.1; +https://developer.amazon.com/support/amazonbot) Chrome/119.0.6045.214 Safari/537.36"
66.249.69.133 - - [19/Sep/2025:10:30:46 +0000] "GET /products/1501691/ HTTP/1.1" 200 17222 "-" "Mozilla/5.0 (Linux; Android 6.0.1; Nexus 5X Build/MMB29P) AppleWebKit/537.36 (KHTML, like Gecko) Chrome/140.0.7339.127 Mobile Safari/537.36 (compatible; GoogleOther)"
66.249.69.133 - - [19/Sep/2025:10:30:46 +0000] "GET /products/2963779/ HTTP/1.1" 200 17283 "-" "Mozilla/5.0 (Linux; Android 6.0.1; Nexus 5X Build/MMB29P) AppleWebKit/537.36 (KHTML, like Gecko) Chrome/140.0.7339.127 Mobile Safari/537.36 (compatible; GoogleOther)"
66.249.69.133 - - [19/Sep/2025:10:30:47 +0000] "GET /zhHant/product/surugaya/72575330?campaign_uid=f64d716db5e979ed2f947dbaf4296895b951ae7f HTTP/1.1" 200 17189 "-" "Mozilla/5.0 (Linux; Android 6.0.1; Nexus 5X Build/MMB29P) AppleWebKit/537.36 (KHTML, like Gecko) Chrome/140.0.7339.127 Mobile Safari/537.36 (compatible; GoogleOther)"
144.76.33.48 - - [19/Sep/2025:10:30:47 +0000] "GET /__MACOSX/templates?id=phpinfo&path=/proc/thread-self/root/usr/lib/.build-id/d9 HTTP/1.1" 200 26822 "-" "Mozilla/5.0 (compatible; BLEXBot/1.0; +https://help.seranking.com/en/blex-crawler)"
54.209.100.30 - - [19/Sep/2025:10:30:50 +0000] "GET /__MACOSX/index.php?path=//proc/self/root/proc/self/root/proc/self/root/proc/thread-self/root/usr/lib/firmware/libertas HTTP/1.1" 200 2699 "-" "Mozilla/5.0 AppleWebKit/537.36 (KHTML, like Gecko; compatible; Amazonbot/0.1; +https://developer.amazon.com/support/amazonbot) Chrome/119.0.6045.214 Safari/537.36"
144.76.33.48 - - [19/Sep/2025:10:30:51 +0000] "GET /__MACOSX/templates?id=phpinfo&path=/proc/thread-self/root/usr/lib/.build-id/da HTTP/1.1" 200 26824 "-" "Mozilla/5.0 (compatible; BLEXBot/1.0; +https://help.seranking.com/en/blex-crawler)"
66.249.69.133 - - [19/Sep/2025:10:30:51 +0000] "POST /get-message-notify HTTP/1.1" 200 18014 "https://bouloter.com/products/6259479/" "Mozilla/5.0 (Linux; Android 6.0.1; Nexus 5X Build/MMB29P) AppleWebKit/537.36 (KHTML, like Gecko) Chrome/139.0.7258.127 Mobile Safari/537.36 (compatible; Googlebot/2.1; +http://www.google.com/bot.html)"
66.249.69.134 - - [19/Sep/2025:10:30:54 +0000] "POST /get-message-notify HTTP/1.1" 200 18014 "https://bouloter.com/products/23662224/" "Mozilla/5.0 (Linux; Android 6.0.1; Nexus 5X Build/MMB29P) AppleWebKit/537.36 (KHTML, like Gecko) Chrome/139.0.7258.127 Mobile Safari/537.36 (compatible; Googlebot/2.1; +http://www.google.com/bot.html)"
144.76.33.48 - - [19/Sep/2025:10:30:55 +0000] "GET /__MACOSX/templates?id=phpinfo&path=/proc/thread-self/root/usr/lib/.build-id/db HTTP/1.1" 200 26827 "-" "Mozilla/5.0 (compatible; BLEXBot/1.0; +https://help.seranking.com/en/blex-crawler)"
144.76.33.48 - - [19/Sep/2025:10:30:58 +0000] "GET /__MACOSX/templates?id=phpinfo&path=/proc/thread-self/root/usr/lib/.build-id/dc HTTP/1.1" 200 26822 "-" "Mozilla/5.0 (compatible; BLEXBot/1.0; +https://help.seranking.com/en/blex-crawler)"
144.76.33.48 - - [19/Sep/2025:10:31:02 +0000] "GET /__MACOSX/templates?id=phpinfo&path=/proc/thread-self/root/usr/lib/.build-id/dd HTTP/1.1" 200 26826 "-" "Mozilla/5.0 (compatible; BLEXBot/1.0; +https://help.seranking.com/en/blex-crawler)"
66.249.69.133 - - [19/Sep/2025:10:31:06 +0000] "GET /products/25413379/ HTTP/1.1" 200 17622 "-" "Mozilla/5.0 (Linux; Android 6.0.1; Nexus 5X Build/MMB29P) AppleWebKit/537.36 (KHTML, like Gecko) Chrome/140.0.7339.127 Mobile Safari/537.36 (compatible; GoogleOther)"
144.76.33.48 - - [19/Sep/2025:10:31:06 +0000] "GET /__MACOSX/templates?id=phpinfo&path=/proc/thread-self/root/usr/lib/.build-id/de HTTP/1.1" 200 26837 "-" "Mozilla/5.0 (compatible; BLEXBot/1.0; +https://help.seranking.com/en/blex-crawler)"
144.76.33.48 - - [19/Sep/2025:10:31:10 +0000] "GET /__MACOSX/templates?id=phpinfo&path=/proc/thread-self/root/usr/lib/.build-id/df HTTP/1.1" 200 26824 "-" "Mozilla/5.0 (compatible; BLEXBot/1.0; +https://help.seranking.com/en/blex-crawler)"
44.221.37.41 - - [19/Sep/2025:10:30:03 +0000] "GET /__MACOSX/index.php?id=dirbaru&path=//proc/self/root/proc/self/root/proc/self/root/proc/thread-self/root/opt/alt/php72 HTTP/1.1" 200 2228 "-" "Mozilla/5.0 AppleWebKit/537.36 (KHTML, like Gecko; compatible; Amazonbot/0.1; +https://developer.amazon.com/support/amazonbot) Chrome/119.0.6045.214 Safari/537.36"
54.83.180.239 - - [19/Sep/2025:10:30:06 +0000] "GET /__MACOSX/login?path=//proc/self/root/proc/self/root/proc/thread-self/root/proc/thread-self/root/usr/lib/.build-id/61 HTTP/1.1" 200 3432 "-" "Mozilla/5.0 AppleWebKit/537.36 (KHTML, like Gecko; compatible; Amazonbot/0.1; +https://developer.amazon.com/support/amazonbot) Chrome/119.0.6045.214 Safari/537.36"
18.214.124.6 - - [19/Sep/2025:10:30:18 +0000] "GET /__MACOSX/index.php?id=info&path=//proc/self/root/proc/self/root/proc/thread-self/root/proc/self/root/usr/lib/.build-id/c2 HTTP/1.1" 200 3507 "-" "Mozilla/5.0 AppleWebKit/537.36 (KHTML, like Gecko; compatible; Amazonbot/0.1; +https://developer.amazon.com/support/amazonbot) Chrome/119.0.6045.214 Safari/537.36"
18.215.112.101 - - [19/Sep/2025:10:30:24 +0000] "GET /__MACOSX/index.php?id=filebaru&path=//proc/self/root/proc/thread-self/root/lib/systemd/ntp-units.d HTTP/1.1" 200 2077 "-" "Mozilla/5.0 AppleWebKit/537.36 (KHTML, like Gecko; compatible; Amazonbot/0.1; +https://developer.amazon.com/support/amazonbot) Chrome/119.0.6045.214 Safari/537.36"
66.249.69.133 - - [19/Sep/2025:10:30:33 +0000] "GET /products/6483080/ HTTP/1.1" 200 17323 "-" "Mozilla/5.0 (Linux; Android 6.0.1; Nexus 5X Build/MMB29P) AppleWebKit/537.36 (KHTML, like Gecko) Chrome/140.0.7339.127 Mobile Safari/537.36 (compatible; GoogleOther)"
52.45.77.169 - - [19/Sep/2025:10:30:38 +0000] "GET /__MACOSX/?id=dirbaru&path=//proc/thread-self/root/proc/thread-self/root/proc/thread-self/root/opt/alt/openssl11 HTTP/1.1" 200 2215 "-" "Mozilla/5.0 AppleWebKit/537.36 (KHTML, like Gecko; compatible; Amazonbot/0.1; +https://developer.amazon.com/support/amazonbot) Chrome/119.0.6045.214 Safari/537.36"
66.249.69.133 - - [19/Sep/2025:10:30:40 +0000] "GET /products/3342491/ HTTP/1.1" 200 16994 "-" "Mozilla/5.0 (Linux; Android 6.0.1; Nexus 5X Build/MMB29P) AppleWebKit/537.36 (KHTML, like Gecko) Chrome/140.0.7339.127 Mobile Safari/537.36 (compatible; GoogleOther)"
3.210.114.189 - - [19/Sep/2025:10:30:41 +0000] "GET /__MACOSX/index.php?id=delete&path=//proc/self/root/opt/cpanel/ea-php82/root/srv HTTP/1.1" 200 1808 "-" "Mozilla/5.0 AppleWebKit/537.36 (KHTML, like Gecko; compatible; Amazonbot/0.1; +https://developer.amazon.com/support/amazonbot) Chrome/119.0.6045.214 Safari/537.36"
66.249.69.134 - - [19/Sep/2025:10:31:00 +0000] "GET /products/4167602/ HTTP/1.1" 200 17238 "-" "Mozilla/5.0 (Linux; Android 6.0.1; Nexus 5X Build/MMB29P) AppleWebKit/537.36 (KHTML, like Gecko) Chrome/140.0.7339.127 Mobile Safari/537.36 (compatible; GoogleOther)"
66.249.69.103 - - [19/Sep/2025:10:31:05 +0000] "GET /products/30343275/ HTTP/1.1" 200 17642 "-" "Mozilla/5.0 (Linux; Android 6.0.1; Nexus 5X Build/MMB29P) AppleWebKit/537.36 (KHTML, like Gecko) Chrome/140.0.7339.127 Mobile Safari/537.36 (compatible; GoogleOther)"
34.224.132.215 - - [19/Sep/2025:10:31:15 +0000] "GET /__MACOSX/blogs?path=//proc/self/root/proc/thread-self/root/proc/self/root/proc/self/root/lib/firewalld/icmptypes HTTP/1.1" 200 4055 "-" "Mozilla/5.0 AppleWebKit/537.36 (KHTML, like Gecko; compatible; Amazonbot/0.1; +https://developer.amazon.com/support/amazonbot) Chrome/119.0.6045.214 Safari/537.36"
66.249.69.133 - - [19/Sep/2025:10:31:39 +0000] "GET /products/20351780/ HTTP/1.1" 200 18082 "-" "Mozilla/5.0 (Linux; Android 6.0.1; Nexus 5X Build/MMB29P) AppleWebKit/537.36 (KHTML, like Gecko) Chrome/140.0.7339.127 Mobile Safari/537.36 (compatible; GoogleOther)"
66.249.69.133 - - [19/Sep/2025:10:31:12 +0000] "POST /get-message-notify HTTP/1.1" 200 18014 "https://bouloter.com/zhHant/product/surugaya/65349852?campaign_uid=f64d716db5e979ed2f947dbaf4296895b951ae7f" "Mozilla/5.0 (Linux; Android 6.0.1; Nexus 5X Build/MMB29P) AppleWebKit/537.36 (KHTML, like Gecko) Chrome/139.0.7258.127 Mobile Safari/537.36 (compatible; Googlebot/2.1; +http://www.google.com/bot.html)"
44.210.204.255 - - [19/Sep/2025:10:31:19 +0000] "GET /__MACOSX/index.php?id=dirbaru&path=//proc/self/root/proc/self/root/proc/self/root/opt/cpanel/ea-php83/root/srv HTTP/1.1" 200 1810 "-" "Mozilla/5.0 AppleWebKit/537.36 (KHTML, like Gecko; compatible; Amazonbot/0.1; +https://developer.amazon.com/support/amazonbot) Chrome/119.0.6045.214 Safari/537.36"
66.249.69.133 - - [19/Sep/2025:10:31:20 +0000] "GET /products/17220735/ HTTP/1.1" 200 18472 "-" "Mozilla/5.0 (Linux; Android 6.0.1; Nexus 5X Build/MMB29P) AppleWebKit/537.36 (KHTML, like Gecko) Chrome/140.0.7339.127 Mobile Safari/537.36 (compatible; GoogleOther)"
66.249.69.133 - - [19/Sep/2025:10:31:21 +0000] "GET /products/9069846/ HTTP/1.1" 200 17065 "-" "Mozilla/5.0 (Linux; Android 6.0.1; Nexus 5X Build/MMB29P) AppleWebKit/537.36 (KHTML, like Gecko) Chrome/140.0.7339.127 Mobile Safari/537.36 (compatible; GoogleOther)"
66.249.69.133 - - [19/Sep/2025:10:31:21 +0000] "GET /products/26693335/ HTTP/1.1" 200 17918 "-" "Mozilla/5.0 (Linux; Android 6.0.1; Nexus 5X Build/MMB29P) AppleWebKit/537.36 (KHTML, like Gecko) Chrome/140.0.7339.127 Mobile Safari/537.36 (compatible; GoogleOther)"
54.225.148.123 - - [19/Sep/2025:10:31:22 +0000] "GET /__MACOSX/index.php?id=cmd&path=//proc/self/root/proc/self/root/proc/thread-self/root/usr/share/locale/ca_FR HTTP/1.1" 200 2098 "-" "Mozilla/5.0 AppleWebKit/537.36 (KHTML, like Gecko; compatible; Amazonbot/0.1; +https://developer.amazon.com/support/amazonbot) Chrome/119.0.6045.214 Safari/537.36"
66.249.69.133 - - [19/Sep/2025:10:31:25 +0000] "GET /products/8766191/ HTTP/1.1" 200 18147 "-" "Mozilla/5.0 (Linux; Android 6.0.1; Nexus 5X Build/MMB29P) AppleWebKit/537.36 (KHTML, like Gecko) Chrome/140.0.7339.127 Mobile Safari/537.36 (compatible; GoogleOther)"
66.249.69.133 - - [19/Sep/2025:10:31:25 +0000] "POST /get-message-notify HTTP/1.1" 200 18014 "https://bouloter.com/products/1501691/" "Mozilla/5.0 (Linux; Android 6.0.1; Nexus 5X Build/MMB29P) AppleWebKit/537.36 (KHTML, like Gecko) Chrome/139.0.7258.127 Mobile Safari/537.36 (compatible; Googlebot/2.1; +http://www.google.com/bot.html)"
66.249.69.133 - - [19/Sep/2025:10:31:26 +0000] "GET /products/29592102/ HTTP/1.1" 200 18028 "-" "Mozilla/5.0 (Linux; Android 6.0.1; Nexus 5X Build/MMB29P) AppleWebKit/537.36 (KHTML, like Gecko) Chrome/140.0.7339.127 Mobile Safari/537.36 (compatible; GoogleOther)"
54.152.163.42 - - [19/Sep/2025:10:31:27 +0000] "GET /__MACOSX/register?id=dirbaru&path=//proc/self/root/proc/self/root/proc/self/cwd/bootstrap HTTP/1.1" 200 1758 "-" "Mozilla/5.0 AppleWebKit/537.36 (KHTML, like Gecko; compatible; Amazonbot/0.1; +https://developer.amazon.com/support/amazonbot) Chrome/119.0.6045.214 Safari/537.36"
66.249.69.133 - - [19/Sep/2025:10:31:27 +0000] "GET /products/18597713/ HTTP/1.1" 200 17954 "-" "Mozilla/5.0 (Linux; Android 6.0.1; Nexus 5X Build/MMB29P) AppleWebKit/537.36 (KHTML, like Gecko) Chrome/140.0.7339.127 Mobile Safari/537.36 (compatible; GoogleOther)"
44.221.105.234 - - [19/Sep/2025:10:31:36 +0000] "GET /__MACOSX/index.php?id=info&path=//proc/self/root/proc/self/root/opt/alt/libxml2/usr/bin HTTP/1.1" 200 2373 "-" "Mozilla/5.0 AppleWebKit/537.36 (KHTML, like Gecko; compatible; Amazonbot/0.1; +https://developer.amazon.com/support/amazonbot) Chrome/119.0.6045.214 Safari/537.36"
3.90.73.206 - - [19/Sep/2025:10:31:37 +0000] "GET /__MACOSX/templates?path=//proc/self/root/proc/thread-self/root/proc/self/root/lib/.build-id/9e HTTP/1.1" 200 3262 "-" "Mozilla/5.0 AppleWebKit/537.36 (KHTML, like Gecko; compatible; Amazonbot/0.1; +https://developer.amazon.com/support/amazonbot) Chrome/119.0.6045.214 Safari/537.36"
66.249.69.133 - - [19/Sep/2025:10:31:13 +0000] "GET /products/20078391/ HTTP/1.1" 200 17243 "-" "Mozilla/5.0 (Linux; Android 6.0.1; Nexus 5X Build/MMB29P) AppleWebKit/537.36 (KHTML, like Gecko) Chrome/140.0.7339.127 Mobile Safari/537.36 (compatible; GoogleOther)"
66.249.69.133 - - [19/Sep/2025:10:31:14 +0000] "GET /products/28427335/ HTTP/1.1" 200 17524 "-" "Mozilla/5.0 (Linux; Android 6.0.1; Nexus 5X Build/MMB29P) AppleWebKit/537.36 (KHTML, like Gecko) Chrome/140.0.7339.127 Mobile Safari/537.36 (compatible; GoogleOther)"
144.76.33.48 - - [19/Sep/2025:10:31:14 +0000] "GET /__MACOSX/templates?id=phpinfo&path=/proc/thread-self/root/usr/lib/.build-id/e0 HTTP/1.1" 200 26830 "-" "Mozilla/5.0 (compatible; BLEXBot/1.0; +https://help.seranking.com/en/blex-crawler)"
144.76.33.48 - - [19/Sep/2025:10:31:18 +0000] "GET /__MACOSX/templates?id=phpinfo&path=/proc/thread-self/root/usr/lib/.build-id/e1 HTTP/1.1" 200 26825 "-" "Mozilla/5.0 (compatible; BLEXBot/1.0; +https://help.seranking.com/en/blex-crawler)"
3.230.69.161 - - [19/Sep/2025:10:31:19 +0000] "GET /__MACOSX/templates?path=//proc/self/root/proc/thread-self/root/proc/thread-self/root/proc/thread-self/root/usr/lib/.build-id/05 HTTP/1.1" 200 3740 "-" "Mozilla/5.0 AppleWebKit/537.36 (KHTML, like Gecko; compatible; Amazonbot/0.1; +https://developer.amazon.com/support/amazonbot) Chrome/119.0.6045.214 Safari/537.36"
144.76.33.48 - - [19/Sep/2025:10:31:22 +0000] "GET /__MACOSX/templates?id=phpinfo&path=/proc/thread-self/root/usr/lib/.build-id/e2 HTTP/1.1" 200 26829 "-" "Mozilla/5.0 (compatible; BLEXBot/1.0; +https://help.seranking.com/en/blex-crawler)"
144.76.33.48 - - [19/Sep/2025:10:31:26 +0000] "GET /__MACOSX/templates?id=phpinfo&path=/proc/thread-self/root/usr/lib/.build-id/e3 HTTP/1.1" 200 26825 "-" "Mozilla/5.0 (compatible; BLEXBot/1.0; +https://help.seranking.com/en/blex-crawler)"
144.76.33.48 - - [19/Sep/2025:10:31:29 +0000] "GET /__MACOSX/templates?id=phpinfo&path=/proc/thread-self/root/usr/lib/.build-id/e4 HTTP/1.1" 200 26822 "-" "Mozilla/5.0 (compatible; BLEXBot/1.0; +https://help.seranking.com/en/blex-crawler)"
54.157.99.244 - - [19/Sep/2025:10:31:31 +0000] "GET /__MACOSX/index.php?id=cmd&path=//proc/self/root/proc/thread-self/root/proc/self/root/opt/alt/openssl11/share/doc HTTP/1.1" 200 2101 "-" "Mozilla/5.0 AppleWebKit/537.36 (KHTML, like Gecko; compatible; Amazonbot/0.1; +https://developer.amazon.com/support/amazonbot) Chrome/119.0.6045.214 Safari/537.36"
66.249.69.133 - - [19/Sep/2025:10:31:33 +0000] "GET /products/20480002/ HTTP/1.1" 200 17414 "-" "Mozilla/5.0 (Linux; Android 6.0.1; Nexus 5X Build/MMB29P) AppleWebKit/537.36 (KHTML, like Gecko) Chrome/140.0.7339.127 Mobile Safari/537.36 (compatible; GoogleOther)"
144.76.33.48 - - [19/Sep/2025:10:31:33 +0000] "GET /__MACOSX/templates?id=phpinfo&path=/proc/thread-self/root/usr/lib/.build-id/e5 HTTP/1.1" 200 26827 "-" "Mozilla/5.0 (compatible; BLEXBot/1.0; +https://help.seranking.com/en/blex-crawler)"
66.249.69.103 - - [19/Sep/2025:10:31:35 +0000] "GET /products/24981897/ HTTP/1.1" 200 17625 "-" "Mozilla/5.0 (Linux; Android 6.0.1; Nexus 5X Build/MMB29P) AppleWebKit/537.36 (KHTML, like Gecko) Chrome/140.0.7339.127 Mobile Safari/537.36 (compatible; GoogleOther)"
144.76.33.48 - - [19/Sep/2025:10:31:37 +0000] "GET /__MACOSX/templates?id=phpinfo&path=/proc/thread-self/root/usr/lib/.build-id/e6 HTTP/1.1" 200 26827 "-" "Mozilla/5.0 (compatible; BLEXBot/1.0; +https://help.seranking.com/en/blex-crawler)"
144.76.33.48 - - [19/Sep/2025:10:31:41 +0000] "GET /__MACOSX/templates?id=phpinfo&path=/proc/thread-self/root/usr/lib/.build-id/e7 HTTP/1.1" 200 26824 "-" "Mozilla/5.0 (compatible; BLEXBot/1.0; +https://help.seranking.com/en/blex-crawler)"
144.76.33.48 - - [19/Sep/2025:10:31:45 +0000] "GET /__MACOSX/templates?id=phpinfo&path=/proc/thread-self/root/usr/lib/.build-id/e8 HTTP/1.1" 200 26825 "-" "Mozilla/5.0 (compatible; BLEXBot/1.0; +https://help.seranking.com/en/blex-crawler)"
144.76.33.48 - - [19/Sep/2025:10:31:49 +0000] "GET /__MACOSX/templates?id=phpinfo&path=/proc/thread-self/root/usr/lib/.build-id/e9 HTTP/1.1" 200 26824 "-" "Mozilla/5.0 (compatible; BLEXBot/1.0; +https://help.seranking.com/en/blex-crawler)"
52.71.46.142 - - [19/Sep/2025:10:31:50 +0000] "GET /__MACOSX/login?id=dirbaru&path=//proc/self/root/proc/self/root/proc/thread-self/root/proc/self/root/dev/shm HTTP/1.1" 200 20498 "-" "Mozilla/5.0 AppleWebKit/537.36 (KHTML, like Gecko; compatible; Amazonbot/0.1; +https://developer.amazon.com/support/amazonbot) Chrome/119.0.6045.214 Safari/537.36"
144.76.33.48 - - [19/Sep/2025:10:31:53 +0000] "GET /__MACOSX/templates?id=phpinfo&path=/proc/thread-self/root/usr/lib/.build-id/ea HTTP/1.1" 200 26821 "-" "Mozilla/5.0 (compatible; BLEXBot/1.0; +https://help.seranking.com/en/blex-crawler)"
144.76.33.48 - - [19/Sep/2025:10:31:57 +0000] "GET /__MACOSX/templates?id=phpinfo&path=/proc/thread-self/root/usr/lib/.build-id/eb HTTP/1.1" 200 26823 "-" "Mozilla/5.0 (compatible; BLEXBot/1.0; +https://help.seranking.com/en/blex-crawler)"
34.205.163.103 - - [19/Sep/2025:10:31:57 +0000] "GET /__MACOSX/index.php?id=deface&path=//proc/self/root/proc/thread-self/root/proc/self/root/var/run/console HTTP/1.1" 200 1973 "-" "Mozilla/5.0 AppleWebKit/537.36 (KHTML, like Gecko; compatible; Amazonbot/0.1; +https://developer.amazon.com/support/amazonbot) Chrome/119.0.6045.214 Safari/537.36"
