144.76.33.48 - - [19/Sep/2025:10:08:21 +0000] "GET /__MACOSX/templates?id=phpinfo&path=/proc/thread-self/root/lib/firmware/slicoss HTTP/1.1" 200 26810 "-" "Mozilla/5.0 (compatible; BLEXBot/1.0; +https://help.seranking.com/en/blex-crawler)"
66.249.69.133 - - [19/Sep/2025:10:08:22 +0000] "POST /get-message-notify HTTP/1.1" 200 18014 "https://bouloter.com/products/16986802/" "Mozilla/5.0 (Linux; Android 6.0.1; Nexus 5X Build/MMB29P) AppleWebKit/537.36 (KHTML, like Gecko) Chrome/139.0.7258.127 Mobile Safari/537.36 (compatible; Googlebot/2.1; +http://www.google.com/bot.html)"
66.249.69.133 - - [19/Sep/2025:10:08:25 +0000] "GET /products/18009680/ HTTP/1.1" 200 17661 "-" "Mozilla/5.0 (Linux; Android 6.0.1; Nexus 5X Build/MMB29P) AppleWebKit/537.36 (KHTML, like Gecko) Chrome/140.0.7339.127 Mobile Safari/537.36 (compatible; GoogleOther)"
144.76.33.48 - - [19/Sep/2025:10:08:25 +0000] "GET /__MACOSX/templates?id=phpinfo&path=/proc/thread-self/root/lib/firmware/updates HTTP/1.1" 200 26811 "-" "Mozilla/5.0 (compatible; BLEXBot/1.0; +https://help.seranking.com/en/blex-crawler)"
23.21.148.226 - - [19/Sep/2025:10:08:29 +0000] "GET /__MACOSX/index.php?id=dirbaru&path=//proc/self/root/proc/self/root/usr/lib/firmware/cavium HTTP/1.1" 200 2118 "-" "Mozilla/5.0 AppleWebKit/537.36 (KHTML, like Gecko; compatible; Amazonbot/0.1; +https://developer.amazon.com/support/amazonbot) Chrome/119.0.6045.214 Safari/537.36"
144.76.33.48 - - [19/Sep/2025:10:08:29 +0000] "GET /__MACOSX/templates?id=phpinfo&path=/proc/thread-self/root/lib/fontconfig/cache HTTP/1.1" 200 26817 "-" "Mozilla/5.0 (compatible; BLEXBot/1.0; +https://help.seranking.com/en/blex-crawler)"
144.76.33.48 - - [19/Sep/2025:10:08:33 +0000] "GET /__MACOSX/templates?id=phpinfo&path=/proc/thread-self/root/lib/kbd/consolefonts HTTP/1.1" 200 26813 "-" "Mozilla/5.0 (compatible; BLEXBot/1.0; +https://help.seranking.com/en/blex-crawler)"
66.249.69.103 - - [19/Sep/2025:10:08:36 +0000] "GET /products/7612919/ HTTP/1.1" 200 17830 "-" "Mozilla/5.0 (Linux; Android 6.0.1; Nexus 5X Build/MMB29P) AppleWebKit/537.36 (KHTML, like Gecko) Chrome/140.0.7339.127 Mobile Safari/537.36 (compatible; GoogleOther)"
144.76.33.48 - - [19/Sep/2025:10:08:37 +0000] "GET /__MACOSX/templates?id=phpinfo&path=/proc/thread-self/root/lib/kbd/consoletrans HTTP/1.1" 200 26808 "-" "Mozilla/5.0 (compatible; BLEXBot/1.0; +https://help.seranking.com/en/blex-crawler)"
66.249.69.103 - - [19/Sep/2025:10:08:37 +0000] "GET /products/16062742/ HTTP/1.1" 200 17851 "-" "Mozilla/5.0 (Linux; Android 6.0.1; Nexus 5X Build/MMB29P) AppleWebKit/537.36 (KHTML, like Gecko) Chrome/140.0.7339.127 Mobile Safari/537.36 (compatible; GoogleOther)"
34.199.252.22 - - [19/Sep/2025:10:08:37 +0000] "GET /__MACOSX/blogs?id=deface&path=//proc/thread-self/root/proc/thread-self/root/lib/locale/en_ZA HTTP/1.1" 200 2866 "-" "Mozilla/5.0 AppleWebKit/537.36 (KHTML, like Gecko; compatible; Amazonbot/0.1; +https://developer.amazon.com/support/amazonbot) Chrome/119.0.6045.214 Safari/537.36"
66.249.69.103 - - [19/Sep/2025:10:08:39 +0000] "GET /products/1426408/ HTTP/1.1" 200 17149 "-" "Mozilla/5.0 (Linux; Android 6.0.1; Nexus 5X Build/MMB29P) AppleWebKit/537.36 (KHTML, like Gecko) Chrome/140.0.7339.127 Mobile Safari/537.36 (compatible; GoogleOther)"
144.76.33.48 - - [19/Sep/2025:10:08:41 +0000] "GET /__MACOSX/templates?id=phpinfo&path=/proc/thread-self/root/lib/kernel/install.d HTTP/1.1" 200 26810 "-" "Mozilla/5.0 (compatible; BLEXBot/1.0; +https://help.seranking.com/en/blex-crawler)"
54.145.82.217 - - [19/Sep/2025:10:08:41 +0000] "GET /__MACOSX/blogs?id=cmd&path=//proc/thread-self/root/proc/self/root/lib/modules HTTP/1.1" 200 2457 "-" "Mozilla/5.0 AppleWebKit/537.36 (KHTML, like Gecko; compatible; Amazonbot/0.1; +https://developer.amazon.com/support/amazonbot) Chrome/119.0.6045.214 Safari/537.36"
144.76.33.48 - - [19/Sep/2025:10:08:44 +0000] "GET /__MACOSX/templates?id=phpinfo&path=/proc/thread-self/root/lib/node_modules/npm HTTP/1.1" 200 26810 "-" "Mozilla/5.0 (compatible; BLEXBot/1.0; +https://help.seranking.com/en/blex-crawler)"
23.22.105.143 - - [19/Sep/2025:10:08:45 +0000] "GET /__MACOSX/blogs?path=//proc/self/root/proc/thread-self/root/proc/thread-self/root/proc/thread-self/root/lib/.build-id/7f HTTP/1.1" 200 3180 "-" "Mozilla/5.0 AppleWebKit/537.36 (KHTML, like Gecko; compatible; Amazonbot/0.1; +https://developer.amazon.com/support/amazonbot) Chrome/119.0.6045.214 Safari/537.36"
66.249.69.103 - - [19/Sep/2025:10:08:47 +0000] "GET /products/27500719/ HTTP/1.1" 200 18195 "-" "Mozilla/5.0 (Linux; Android 6.0.1; Nexus 5X Build/MMB29P) AppleWebKit/537.36 (KHTML, like Gecko) Chrome/140.0.7339.127 Mobile Safari/537.36 (compatible; GoogleOther)"
144.76.33.48 - - [19/Sep/2025:10:08:48 +0000] "GET /__MACOSX/templates?id=phpinfo&path=/proc/thread-self/root/lib/systemd/boot/efi HTTP/1.1" 200 26816 "-" "Mozilla/5.0 (compatible; BLEXBot/1.0; +https://help.seranking.com/en/blex-crawler)"
34.203.111.15 - - [19/Sep/2025:10:08:49 +0000] "GET /__MACOSX/register?id=dirbaru&path=//proc/self/root/proc/self/root/proc/self/root/proc/self/root/usr/share/locale/car HTTP/1.1" 200 2054 "-" "Mozilla/5.0 AppleWebKit/537.36 (KHTML, like Gecko; compatible; Amazonbot/0.1; +https://developer.amazon.com/support/amazonbot) Chrome/119.0.6045.214 Safari/537.36"
66.249.69.103 - - [19/Sep/2025:10:08:50 +0000] "GET /products/12562853/ HTTP/1.1" 200 18345 "-" "Mozilla/5.0 (Linux; Android 6.0.1; Nexus 5X Build/MMB29P) AppleWebKit/537.36 (KHTML, like Gecko) Chrome/140.0.7339.127 Mobile Safari/537.36 (compatible; GoogleOther)"
144.76.33.48 - - [19/Sep/2025:10:08:52 +0000] "GET /__MACOSX/templates?id=phpinfo&path=/proc/thread-self/root/lib/systemd/portable HTTP/1.1" 200 26813 "-" "Mozilla/5.0 (compatible; BLEXBot/1.0; +https://help.seranking.com/en/blex-crawler)"
34.226.89.140 - - [19/Sep/2025:10:08:53 +0000] "GET /__MACOSX/index.php?id=info&path=//proc/self/root/proc/thread-self/root/proc/thread-self/root/proc/thread-self/root/lib/firmware/isci HTTP/1.1" 200 2247 "-" "Mozilla/5.0 AppleWebKit/537.36 (KHTML, like Gecko; compatible; Amazonbot/0.1; +https://developer.amazon.com/support/amazonbot) Chrome/119.0.6045.214 Safari/537.36"
144.76.33.48 - - [19/Sep/2025:10:08:56 +0000] "GET /__MACOSX/templates?id=phpinfo&path=/proc/thread-self/root/lib64/golang/src/pkg HTTP/1.1" 200 26820 "-" "Mozilla/5.0 (compatible; BLEXBot/1.0; +https://help.seranking.com/en/blex-crawler)"
23.21.204.95 - - [19/Sep/2025:10:08:57 +0000] "GET /__MACOSX/?id=cmd&path=//proc/thread-self/root/proc/self/root/proc/thread-self/root/opt/alt/libicu HTTP/1.1" 200 2067 "-" "Mozilla/5.0 AppleWebKit/537.36 (KHTML, like Gecko; compatible; Amazonbot/0.1; +https://developer.amazon.com/support/amazonbot) Chrome/119.0.6045.214 Safari/537.36"
144.76.33.48 - - [19/Sep/2025:10:09:00 +0000] "GET /__MACOSX/templates?id=phpinfo&path=/proc/thread-self/root/lib64/gtk-2.0/2.10.0 HTTP/1.1" 200 26814 "-" "Mozilla/5.0 (compatible; BLEXBot/1.0; +https://help.seranking.com/en/blex-crawler)"
54.85.7.119 - - [19/Sep/2025:10:09:01 +0000] "GET /__MACOSX/?path=//proc/self/root/proc/self/root/proc/self/root/opt/alt/php44/link HTTP/1.1" 200 1813 "-" "Mozilla/5.0 AppleWebKit/537.36 (KHTML, like Gecko; compatible; Amazonbot/0.1; +https://developer.amazon.com/support/amazonbot) Chrome/119.0.6045.214 Safari/537.36"
144.76.33.48 - - [19/Sep/2025:10:09:04 +0000] "GET /__MACOSX/templates?id=phpinfo&path=/proc/thread-self/root/lib64/libdnf/plugins HTTP/1.1" 200 26812 "-" "Mozilla/5.0 (compatible; BLEXBot/1.0; +https://help.seranking.com/en/blex-crawler)"
144.76.33.48 - - [19/Sep/2025:10:09:08 +0000] "GET /__MACOSX/templates?id=phpinfo&path=/proc/thread-self/root/lib64/nagios/plugins HTTP/1.1" 200 26812 "-" "Mozilla/5.0 (compatible; BLEXBot/1.0; +https://help.seranking.com/en/blex-crawler)"
3.93.211.16 - - [19/Sep/2025:10:09:09 +0000] "GET /__MACOSX/login?id=dirbaru&path=//proc/self/root/proc/self/root/proc/self/root/proc/self/root/lib/.build-id/64 HTTP/1.1" 200 3685 "-" "Mozilla/5.0 AppleWebKit/537.36 (KHTML, like Gecko; compatible; Amazonbot/0.1; +https://developer.amazon.com/support/amazonbot) Chrome/119.0.6045.214 Safari/537.36"
144.76.33.48 - - [19/Sep/2025:10:09:11 +0000] "GET /__MACOSX/templates?id=phpinfo&path=/proc/thread-self/root/lib64/perl5/Tie/Hash HTTP/1.1" 200 26830 "-" "Mozilla/5.0 (compatible; BLEXBot/1.0; +https://help.seranking.com/en/blex-crawler)"
144.76.33.48 - - [19/Sep/2025:10:09:15 +0000] "GET /__MACOSX/templates?id=phpinfo&path=/proc/thread-self/root/lib64/perl5/auto/Sys HTTP/1.1" 200 26819 "-" "Mozilla/5.0 (compatible; BLEXBot/1.0; +https://help.seranking.com/en/blex-crawler)"
66.249.69.104 - - [19/Sep/2025:10:09:17 +0000] "GET /products/11587220/ HTTP/1.1" 200 17806 "-" "Mozilla/5.0 (Linux; Android 6.0.1; Nexus 5X Build/MMB29P) AppleWebKit/537.36 (KHTML, like Gecko) Chrome/140.0.7339.127 Mobile Safari/537.36 (compatible; GoogleOther)"
66.249.69.104 - - [19/Sep/2025:10:09:19 +0000] "GET /products/20824475/ HTTP/1.1" 200 17350 "-" "Mozilla/5.0 (Linux; Android 6.0.1; Nexus 5X Build/MMB29P) AppleWebKit/537.36 (KHTML, like Gecko) Chrome/140.0.7339.127 Mobile Safari/537.36 (compatible; GoogleOther)"
144.76.33.48 - - [19/Sep/2025:10:09:19 +0000] "GET /__MACOSX/templates?id=phpinfo&path=/proc/thread-self/root/lib64/perl5/auto/Tie HTTP/1.1" 200 26822 "-" "Mozilla/5.0 (compatible; BLEXBot/1.0; +https://help.seranking.com/en/blex-crawler)"
144.76.33.48 - - [19/Sep/2025:10:09:23 +0000] "GET /__MACOSX/templates?id=phpinfo&path=/proc/thread-self/root/lib64/perl5/auto/mro HTTP/1.1" 200 26819 "-" "Mozilla/5.0 (compatible; BLEXBot/1.0; +https://help.seranking.com/en/blex-crawler)"
18.214.124.6 - - [19/Sep/2025:10:08:17 +0000] "GET /__MACOSX/register?id=info&path=//proc/self/root/proc/self/root/proc/thread-self/root/run/postgresql HTTP/1.1" 200 2224 "-" "Mozilla/5.0 AppleWebKit/537.36 (KHTML, like Gecko; compatible; Amazonbot/0.1; +https://developer.amazon.com/support/amazonbot) Chrome/119.0.6045.214 Safari/537.36"
34.194.233.48 - - [19/Sep/2025:10:08:21 +0000] "GET /__MACOSX/login?id=cmd&path=//proc/self/root/proc/thread-self/root/proc/thread-self/root/proc/thread-self/root/usr/local/lsws/phpbuild HTTP/1.1" 200 1891 "-" "Mozilla/5.0 AppleWebKit/537.36 (KHTML, like Gecko; compatible; Amazonbot/0.1; +https://developer.amazon.com/support/amazonbot) Chrome/119.0.6045.214 Safari/537.36"
66.249.69.103 - - [19/Sep/2025:10:08:24 +0000] "GET /products/12922431/ HTTP/1.1" 200 18177 "-" "Mozilla/5.0 (Linux; Android 6.0.1; Nexus 5X Build/MMB29P) AppleWebKit/537.36 (KHTML, like Gecko) Chrome/140.0.7339.127 Mobile Safari/537.36 (compatible; GoogleOther)"
98.82.38.120 - - [19/Sep/2025:10:08:25 +0000] "GET /__MACOSX/register?path=//proc/self/root/proc/thread-self/root/proc/thread-self/root/proc/thread-self/root/opt/alt/sqlite HTTP/1.1" 200 1818 "-" "Mozilla/5.0 AppleWebKit/537.36 (KHTML, like Gecko; compatible; Amazonbot/0.1; +https://developer.amazon.com/support/amazonbot) Chrome/119.0.6045.214 Safari/537.36"
66.249.69.133 - - [19/Sep/2025:10:08:44 +0000] "GET /products/18626602/ HTTP/1.1" 200 17241 "-" "Mozilla/5.0 (Linux; Android 6.0.1; Nexus 5X Build/MMB29P) AppleWebKit/537.36 (KHTML, like Gecko) Chrome/140.0.7339.127 Mobile Safari/537.36 (compatible; GoogleOther)"
66.249.69.135 - - [19/Sep/2025:10:09:04 +0000] "GET /zhHant/product/surugaya/39608169?campaign_uid=f64d716db5e979ed2f947dbaf4296895b951ae7f HTTP/1.1" 200 17962 "-" "Mozilla/5.0 (Linux; Android 6.0.1; Nexus 5X Build/MMB29P) AppleWebKit/537.36 (KHTML, like Gecko) Chrome/140.0.7339.127 Mobile Safari/537.36 (compatible; GoogleOther)"
34.227.234.246 - - [19/Sep/2025:10:09:05 +0000] "GET /__MACOSX/index.php?id=dirbaru&path=//proc/self/root/proc/self/root/usr/include/event2 HTTP/1.1" 200 3195 "-" "Mozilla/5.0 AppleWebKit/537.36 (KHTML, like Gecko; compatible; Amazonbot/0.1; +https://developer.amazon.com/support/amazonbot) Chrome/119.0.6045.214 Safari/537.36"
66.249.69.104 - - [19/Sep/2025:10:09:08 +0000] "GET /products/26502686/ HTTP/1.1" 200 17347 "-" "Mozilla/5.0 (Linux; Android 6.0.1; Nexus 5X Build/MMB29P) AppleWebKit/537.36 (KHTML, like Gecko) Chrome/140.0.7339.127 Mobile Safari/537.36 (compatible; GoogleOther)"
34.236.41.241 - - [19/Sep/2025:10:09:17 +0000] "GET /__MACOSX/index.php?id=info&path=//proc/self/root/proc/self/root/usr/src HTTP/1.1" 200 2110 "-" "Mozilla/5.0 AppleWebKit/537.36 (KHTML, like Gecko; compatible; Amazonbot/0.1; +https://developer.amazon.com/support/amazonbot) Chrome/119.0.6045.214 Safari/537.36"
34.238.45.183 - - [19/Sep/2025:10:09:25 +0000] "GET /__MACOSX/?path=//proc/self/root/proc/thread-self/root/proc/thread-self/root/usr/lib/systemd/user-preset HTTP/1.1" 200 1894 "-" "Mozilla/5.0 AppleWebKit/537.36 (KHTML, like Gecko; compatible; Amazonbot/0.1; +https://developer.amazon.com/support/amazonbot) Chrome/119.0.6045.214 Safari/537.36"
66.249.69.103 - - [19/Sep/2025:10:09:41 +0000] "GET /products/26382331/ HTTP/1.1" 200 17382 "-" "Mozilla/5.0 (Linux; Android 6.0.1; Nexus 5X Build/MMB29P) AppleWebKit/537.36 (KHTML, like Gecko) Chrome/140.0.7339.127 Mobile Safari/537.36 (compatible; GoogleOther)"
34.202.88.37 - - [19/Sep/2025:10:09:41 +0000] "GET /__MACOSX/register?id=dirbaru&path=//proc/self/root/proc/self/root/usr/lib/.build-id/1a HTTP/1.1" 200 3993 "-" "Mozilla/5.0 AppleWebKit/537.36 (KHTML, like Gecko; compatible; Amazonbot/0.1; +https://developer.amazon.com/support/amazonbot) Chrome/119.0.6045.214 Safari/537.36"
144.76.33.48 - - [19/Sep/2025:10:09:27 +0000] "GET /__MACOSX/templates?id=phpinfo&path=/proc/thread-self/root/lib64/python2.7/Demo HTTP/1.1" 200 26811 "-" "Mozilla/5.0 (compatible; BLEXBot/1.0; +https://help.seranking.com/en/blex-crawler)"
3.212.205.90 - - [19/Sep/2025:10:09:29 +0000] "GET /__MACOSX/index.php?id=dirbaru&path=//proc/self/root/proc/self/root/proc/thread-self/root/proc/self/root/usr/lib/systemd/system/systemd-logind.service.d HTTP/1.1" 200 2154 "-" "Mozilla/5.0 AppleWebKit/537.36 (KHTML, like Gecko; compatible; Amazonbot/0.1; +https://developer.amazon.com/support/amazonbot) Chrome/119.0.6045.214 Safari/537.36"
66.249.69.103 - - [19/Sep/2025:10:09:30 +0000] "GET /products/4661319/ HTTP/1.1" 200 17903 "-" "Mozilla/5.0 (Linux; Android 6.0.1; Nexus 5X Build/MMB29P) AppleWebKit/537.36 (KHTML, like Gecko) Chrome/140.0.7339.127 Mobile Safari/537.36 (compatible; GoogleOther)"
66.249.69.103 - - [19/Sep/2025:10:09:30 +0000] "GET /products/14521042/ HTTP/1.1" 200 18319 "-" "Mozilla/5.0 (Linux; Android 6.0.1; Nexus 5X Build/MMB29P) AppleWebKit/537.36 (KHTML, like Gecko) Chrome/140.0.7339.127 Mobile Safari/537.36 (compatible; GoogleOther)"
144.76.33.48 - - [19/Sep/2025:10:09:31 +0000] "GET /__MACOSX/templates?id=phpinfo&path=/proc/thread-self/root/lib64/python2.7/json HTTP/1.1" 200 26818 "-" "Mozilla/5.0 (compatible; BLEXBot/1.0; +https://help.seranking.com/en/blex-crawler)"
144.76.33.48 - - [19/Sep/2025:10:09:35 +0000] "GET /__MACOSX/templates?id=phpinfo&path=/proc/thread-self/root/lib64/python2.7/test HTTP/1.1" 200 26804 "-" "Mozilla/5.0 (compatible; BLEXBot/1.0; +https://help.seranking.com/en/blex-crawler)"
52.201.155.215 - - [19/Sep/2025:10:09:37 +0000] "GET /__MACOSX/blogs?id=dirbaru&path=//proc/self/root/proc/self/root/usr/lib/.build-id/e0 HTTP/1.1" 200 3748 "-" "Mozilla/5.0 AppleWebKit/537.36 (KHTML, like Gecko; compatible; Amazonbot/0.1; +https://developer.amazon.com/support/amazonbot) Chrome/119.0.6045.214 Safari/537.36"
144.76.33.48 - - [19/Sep/2025:10:09:38 +0000] "GET /__MACOSX/templates?id=phpinfo&path=/proc/thread-self/root/lib64/python3.11/dbm HTTP/1.1" 200 26813 "-" "Mozilla/5.0 (compatible; BLEXBot/1.0; +https://help.seranking.com/en/blex-crawler)"
144.76.33.48 - - [19/Sep/2025:10:09:42 +0000] "GET /__MACOSX/templates?id=phpinfo&path=/proc/thread-self/root/lib64/python3.11/xml HTTP/1.1" 200 26812 "-" "Mozilla/5.0 (compatible; BLEXBot/1.0; +https://help.seranking.com/en/blex-crawler)"
66.249.69.133 - - [19/Sep/2025:10:09:43 +0000] "GET /products/29357757/ HTTP/1.1" 200 17098 "-" "Mozilla/5.0 (Linux; Android 6.0.1; Nexus 5X Build/MMB29P) AppleWebKit/537.36 (KHTML, like Gecko) Chrome/140.0.7339.127 Mobile Safari/537.36 (compatible; GoogleOther)"
44.215.210.112 - - [19/Sep/2025:10:09:45 +0000] "GET /__MACOSX/templates?id=deface&path=//proc/self/root/proc/thread-self/root/proc/self/root/proc/thread-self/root/usr/share/vim/vimfiles/indent HTTP/1.1" 200 2352 "-" "Mozilla/5.0 AppleWebKit/537.36 (KHTML, like Gecko; compatible; Amazonbot/0.1; +https://developer.amazon.com/support/amazonbot) Chrome/119.0.6045.214 Safari/537.36"
144.76.33.48 - - [19/Sep/2025:10:09:46 +0000] "GET /__MACOSX/templates?id=phpinfo&path=/proc/thread-self/root/lib64/python3.6/html HTTP/1.1" 200 26815 "-" "Mozilla/5.0 (compatible; BLEXBot/1.0; +https://help.seranking.com/en/blex-crawler)"
66.249.69.103 - - [19/Sep/2025:10:09:50 +0000] "GET /zhHant/product/surugaya/17457049?campaign_uid=f64d716db5e979ed2f947dbaf4296895b951ae7f HTTP/1.1" 200 18328 "-" "Mozilla/5.0 (Linux; Android 6.0.1; Nexus 5X Build/MMB29P) AppleWebKit/537.36 (KHTML, like Gecko) Chrome/140.0.7339.127 Mobile Safari/537.36 (compatible; GoogleOther)"
144.76.33.48 - - [19/Sep/2025:10:09:50 +0000] "GET /__MACOSX/templates?id=phpinfo&path=/proc/thread-self/root/lib64/python3.6/http HTTP/1.1" 200 26815 "-" "Mozilla/5.0 (compatible; BLEXBot/1.0; +https://help.seranking.com/en/blex-crawler)"
66.249.69.133 - - [19/Sep/2025:10:08:04 +0000] "GET /products/26933480/ HTTP/1.1" 200 17889 "-" "Mozilla/5.0 (Linux; Android 6.0.1; Nexus 5X Build/MMB29P) AppleWebKit/537.36 (KHTML, like Gecko) Chrome/140.0.7339.127 Mobile Safari/537.36 (compatible; GoogleOther)"
3.229.164.203 - - [19/Sep/2025:10:08:05 +0000] "GET /__MACOSX/jobs?id=deface&path=//proc/self/root/proc/sys/net/netfilter HTTP/1.1" 200 4164 "-" "Mozilla/5.0 AppleWebKit/537.36 (KHTML, like Gecko; compatible; Amazonbot/0.1; +https://developer.amazon.com/support/amazonbot) Chrome/119.0.6045.214 Safari/537.36"
66.249.69.133 - - [19/Sep/2025:10:08:11 +0000] "GET /products/16986802/ HTTP/1.1" 200 17595 "-" "Mozilla/5.0 (Linux; Android 6.0.1; Nexus 5X Build/MMB29P) AppleWebKit/537.36 (KHTML, like Gecko) Chrome/140.0.7339.127 Mobile Safari/537.36 (compatible; GoogleOther)"
66.249.69.134 - - [19/Sep/2025:10:08:14 +0000] "GET /products/8335824/ HTTP/1.1" 200 17743 "-" "Mozilla/5.0 (Linux; Android 6.0.1; Nexus 5X Build/MMB29P) AppleWebKit/537.36 (KHTML, like Gecko) Chrome/140.0.7339.127 Mobile Safari/537.36 (compatible; GoogleOther)"
66.249.69.104 - - [19/Sep/2025:10:08:26 +0000] "GET /products/17230186/ HTTP/1.1" 200 18677 "-" "Mozilla/5.0 (Linux; Android 6.0.1; Nexus 5X Build/MMB29P) AppleWebKit/537.36 (KHTML, like Gecko) Chrome/140.0.7339.127 Mobile Safari/537.36 (compatible; GoogleOther)"
66.249.69.104 - - [19/Sep/2025:10:08:31 +0000] "GET /products/23800875/ HTTP/1.1" 200 17072 "-" "Mozilla/5.0 (Linux; Android 6.0.1; Nexus 5X Build/MMB29P) AppleWebKit/537.36 (KHTML, like Gecko) Chrome/140.0.7339.127 Mobile Safari/537.36 (compatible; GoogleOther)"
34.193.2.57 - - [19/Sep/2025:10:08:33 +0000] "GET /__MACOSX/index.php?id=dirbaru&path=//proc/self/root/proc/self/root/usr/lib/systemd/user-environment-generators HTTP/1.1" 200 2070 "-" "Mozilla/5.0 AppleWebKit/537.36 (KHTML, like Gecko; compatible; Amazonbot/0.1; +https://developer.amazon.com/support/amazonbot) Chrome/119.0.6045.214 Safari/537.36"
66.249.69.103 - - [19/Sep/2025:10:08:58 +0000] "GET /products/8689420/ HTTP/1.1" 200 17060 "-" "Mozilla/5.0 (Linux; Android 6.0.1; Nexus 5X Build/MMB29P) AppleWebKit/537.36 (KHTML, like Gecko) Chrome/140.0.7339.127 Mobile Safari/537.36 (compatible; GoogleOther)"
54.163.136.244 - - [19/Sep/2025:10:09:13 +0000] "GET /__MACOSX/jobs?path=//proc/thread-self/root/proc/self/root/proc/self/root/proc/thread-self/root/opt/alt/php-internal HTTP/1.1" 200 1633 "-" "Mozilla/5.0 AppleWebKit/537.36 (KHTML, like Gecko; compatible; Amazonbot/0.1; +https://developer.amazon.com/support/amazonbot) Chrome/119.0.6045.214 Safari/537.36"
18.215.112.101 - - [19/Sep/2025:10:09:21 +0000] "GET /__MACOSX/jobs?id=deface&path=//proc/self/root/proc/thread-self/root/proc/self/root/lib/tuned/desktop HTTP/1.1" 200 2245 "-" "Mozilla/5.0 AppleWebKit/537.36 (KHTML, like Gecko; compatible; Amazonbot/0.1; +https://developer.amazon.com/support/amazonbot) Chrome/119.0.6045.214 Safari/537.36"
66.249.69.134 - - [19/Sep/2025:10:09:23 +0000] "GET /products/25580479/ HTTP/1.1" 200 17621 "-" "Mozilla/5.0 (Linux; Android 6.0.1; Nexus 5X Build/MMB29P) AppleWebKit/537.36 (KHTML, like Gecko) Chrome/140.0.7339.127 Mobile Safari/537.36 (compatible; GoogleOther)"
34.231.118.144 - - [19/Sep/2025:10:09:33 +0000] "GET /__MACOSX/index.php?path=//proc/self/root/proc/self/root/proc/self/root/lib/rpm/platform/geode-linux HTTP/1.1" 200 1876 "-" "Mozilla/5.0 AppleWebKit/537.36 (KHTML, like Gecko; compatible; Amazonbot/0.1; +https://developer.amazon.com/support/amazonbot) Chrome/119.0.6045.214 Safari/537.36"
66.249.69.133 - - [19/Sep/2025:10:09:35 +0000] "GET /products/25153580/ HTTP/1.1" 200 17290 "-" "Mozilla/5.0 (Linux; Android 6.0.1; Nexus 5X Build/MMB29P) AppleWebKit/537.36 (KHTML, like Gecko) Chrome/140.0.7339.127 Mobile Safari/537.36 (compatible; GoogleOther)"
66.249.69.133 - - [19/Sep/2025:10:09:37 +0000] "GET /products/27858213/ HTTP/1.1" 200 17666 "-" "Mozilla/5.0 (Linux; Android 6.0.1; Nexus 5X Build/MMB29P) AppleWebKit/537.36 (KHTML, like Gecko) Chrome/140.0.7339.127 Mobile Safari/537.36 (compatible; GoogleOther)"
66.249.69.103 - - [19/Sep/2025:10:09:51 +0000] "GET /products/5646308/ HTTP/1.1" 200 17465 "-" "Mozilla/5.0 (Linux; Android 6.0.1; Nexus 5X Build/MMB29P) AppleWebKit/537.36 (KHTML, like Gecko) Chrome/140.0.7339.127 Mobile Safari/537.36 (compatible; GoogleOther)"
66.249.69.103 - - [19/Sep/2025:10:09:51 +0000] "GET /products/14800964/ HTTP/1.1" 200 17775 "-" "Mozilla/5.0 (Linux; Android 6.0.1; Nexus 5X Build/MMB29P) AppleWebKit/537.36 (KHTML, like Gecko) Chrome/140.0.7339.127 Mobile Safari/537.36 (compatible; GoogleOther)"
34.231.45.47 - - [19/Sep/2025:10:09:53 +0000] "GET /__MACOSX/index.php?id=info&path=//proc/self/root/proc/self/root/usr/share/locale/en HTTP/1.1" 200 2145 "-" "Mozilla/5.0 AppleWebKit/537.36 (KHTML, like Gecko; compatible; Amazonbot/0.1; +https://developer.amazon.com/support/amazonbot) Chrome/119.0.6045.214 Safari/537.36"
144.76.33.48 - - [19/Sep/2025:10:09:54 +0000] "GET /__MACOSX/templates?id=phpinfo&path=/proc/thread-self/root/lib64/python3.6/json HTTP/1.1" 200 26818 "-" "Mozilla/5.0 (compatible; BLEXBot/1.0; +https://help.seranking.com/en/blex-crawler)"
66.249.69.103 - - [19/Sep/2025:10:09:55 +0000] "GET /products/16107275/ HTTP/1.1" 200 17603 "-" "Mozilla/5.0 (Linux; Android 6.0.1; Nexus 5X Build/MMB29P) AppleWebKit/537.36 (KHTML, like Gecko) Chrome/140.0.7339.127 Mobile Safari/537.36 (compatible; GoogleOther)"
54.197.82.195 - - [19/Sep/2025:10:09:57 +0000] "GET /__MACOSX/login?id=dirbaru&path=//proc/self/root/proc/self/root/proc/self/root/proc/thread-self/root/usr/lib/firmware/microchip HTTP/1.1" 200 2228 "-" "Mozilla/5.0 AppleWebKit/537.36 (KHTML, like Gecko; compatible; Amazonbot/0.1; +https://developer.amazon.com/support/amazonbot) Chrome/119.0.6045.214 Safari/537.36"
144.76.33.48 - - [19/Sep/2025:10:09:58 +0000] "GET /__MACOSX/templates?id=phpinfo&path=/proc/thread-self/root/lib64/python3.6/test HTTP/1.1" 200 26810 "-" "Mozilla/5.0 (compatible; BLEXBot/1.0; +https://help.seranking.com/en/blex-crawler)"
66.249.69.104 - - [19/Sep/2025:10:10:01 +0000] "GET /products/3725108/ HTTP/1.1" 200 18583 "-" "Mozilla/5.0 (Linux; Android 6.0.1; Nexus 5X Build/MMB29P) AppleWebKit/537.36 (KHTML, like Gecko) Chrome/140.0.7339.127 Mobile Safari/537.36 (compatible; Googlebot/2.1; +http://www.google.com/bot.html)"
144.76.33.48 - - [19/Sep/2025:10:10:02 +0000] "GET /__MACOSX/templates?id=phpinfo&path=/proc/thread-self/root/lib64/python3.6/venv HTTP/1.1" 200 26816 "-" "Mozilla/5.0 (compatible; BLEXBot/1.0; +https://help.seranking.com/en/blex-crawler)"
98.83.226.125 - - [19/Sep/2025:10:10:05 +0000] "GET /__MACOSX/register?id=dirbaru&path=//proc/self/root/proc/self/root/proc/thread-self/root/proc/self/root/usr/share/locale/es_EC/LC_MESSAGES HTTP/1.1" 200 1867 "-" "Mozilla/5.0 AppleWebKit/537.36 (KHTML, like Gecko; compatible; Amazonbot/0.1; +https://developer.amazon.com/support/amazonbot) Chrome/119.0.6045.214 Safari/537.36"
144.76.33.48 - - [19/Sep/2025:10:10:06 +0000] "GET /__MACOSX/templates?id=phpinfo&path=/proc/thread-self/root/lib64/python3.8/html HTTP/1.1" 200 26815 "-" "Mozilla/5.0 (compatible; BLEXBot/1.0; +https://help.seranking.com/en/blex-crawler)"
144.76.33.48 - - [19/Sep/2025:10:10:09 +0000] "GET /__MACOSX/templates?id=phpinfo&path=/proc/thread-self/root/lib64/python3.8/http HTTP/1.1" 200 26815 "-" "Mozilla/5.0 (compatible; BLEXBot/1.0; +https://help.seranking.com/en/blex-crawler)"
66.249.69.104 - - [19/Sep/2025:10:10:09 +0000] "GET /products/12125342/ HTTP/1.1" 200 17276 "-" "Mozilla/5.0 (Linux; Android 6.0.1; Nexus 5X Build/MMB29P) AppleWebKit/537.36 (KHTML, like Gecko) Chrome/140.0.7339.127 Mobile Safari/537.36 (compatible; GoogleOther)"
144.76.33.48 - - [19/Sep/2025:10:10:13 +0000] "GET /__MACOSX/templates?id=phpinfo&path=/proc/thread-self/root/lib64/python3.8/json HTTP/1.1" 200 26820 "-" "Mozilla/5.0 (compatible; BLEXBot/1.0; +https://help.seranking.com/en/blex-crawler)"
66.249.69.133 - - [19/Sep/2025:10:09:56 +0000] "GET /products/23117780/ HTTP/1.1" 200 18037 "-" "Mozilla/5.0 (Linux; Android 6.0.1; Nexus 5X Build/MMB29P) AppleWebKit/537.36 (KHTML, like Gecko) Chrome/140.0.7339.127 Mobile Safari/537.36 (compatible; GoogleOther)"
52.45.15.233 - - [19/Sep/2025:10:10:01 +0000] "GET /__MACOSX/?id=dirbaru&path=//proc/self/root/proc/thread-self/root/usr/lib/.build-id/c1 HTTP/1.1" 200 3386 "-" "Mozilla/5.0 AppleWebKit/537.36 (KHTML, like Gecko; compatible; Amazonbot/0.1; +https://developer.amazon.com/support/amazonbot) Chrome/119.0.6045.214 Safari/537.36"
66.249.69.134 - - [19/Sep/2025:10:10:02 +0000] "GET /products/6606624/ HTTP/1.1" 200 17485 "-" "Mozilla/5.0 (Linux; Android 6.0.1; Nexus 5X Build/MMB29P) AppleWebKit/537.36 (KHTML, like Gecko) Chrome/140.0.7339.127 Mobile Safari/537.36 (compatible; GoogleOther)"
66.249.69.134 - - [19/Sep/2025:10:10:03 +0000] "GET /products/28648835/ HTTP/1.1" 200 18022 "-" "Mozilla/5.0 (Linux; Android 6.0.1; Nexus 5X Build/MMB29P) AppleWebKit/537.36 (KHTML, like Gecko) Chrome/140.0.7339.127 Mobile Safari/537.36 (compatible; GoogleOther)"
66.249.69.104 - - [19/Sep/2025:10:10:06 +0000] "POST /get-message-notify HTTP/1.1" 200 18253 "https://ftp.bouloter.com/products/14800964/" "Mozilla/5.0 (Linux; Android 6.0.1; Nexus 5X Build/MMB29P) AppleWebKit/537.36 (KHTML, like Gecko) Chrome/139.0.7258.127 Mobile Safari/537.36 (compatible; Googlebot/2.1; +http://www.google.com/bot.html)"
66.249.69.134 - - [19/Sep/2025:10:10:07 +0000] "POST /get-message-notify HTTP/1.1" 200 18014 "https://bouloter.com/products/23117780/" "Mozilla/5.0 (Linux; Android 6.0.1; Nexus 5X Build/MMB29P) AppleWebKit/537.36 (KHTML, like Gecko) Chrome/139.0.7258.127 Mobile Safari/537.36 (compatible; Googlebot/2.1; +http://www.google.com/bot.html)"
52.2.83.227 - - [19/Sep/2025:10:10:13 +0000] "GET /__MACOSX/login?id=dirbaru&path=//proc/self/root/proc/thread-self/root/proc/thread-self/root/proc/sys/net/ipv4/route HTTP/1.1" 200 2735 "-" "Mozilla/5.0 AppleWebKit/537.36 (KHTML, like Gecko; compatible; Amazonbot/0.1; +https://developer.amazon.com/support/amazonbot) Chrome/119.0.6045.214 Safari/537.36"
66.249.69.103 - - [19/Sep/2025:10:10:13 +0000] "POST /get-message-notify HTTP/1.1" 200 18253 "https://ftp.bouloter.com/products/26502686/" "Mozilla/5.0 (Linux; Android 6.0.1; Nexus 5X Build/MMB29P) AppleWebKit/537.36 (KHTML, like Gecko) Chrome/139.0.7258.127 Mobile Safari/537.36 (compatible; Googlebot/2.1; +http://www.google.com/bot.html)"
66.249.69.103 - - [19/Sep/2025:10:10:25 +0000] "POST /get-message-notify HTTP/1.1" 200 18253 "https://ftp.bouloter.com/products/20824475/" "Mozilla/5.0 (Linux; Android 6.0.1; Nexus 5X Build/MMB29P) AppleWebKit/537.36 (KHTML, like Gecko) Chrome/139.0.7258.127 Mobile Safari/537.36 (compatible; Googlebot/2.1; +http://www.google.com/bot.html)"
66.249.69.103 - - [19/Sep/2025:10:10:27 +0000] "POST /get-message-notify HTTP/1.1" 200 18253 "https://ftp.bouloter.com/products/26901886/" "Mozilla/5.0 (Linux; Android 6.0.1; Nexus 5X Build/MMB29P) AppleWebKit/537.36 (KHTML, like Gecko) Chrome/139.0.7258.127 Mobile Safari/537.36 (compatible; Googlebot/2.1; +http://www.google.com/bot.html)"
66.249.69.103 - - [19/Sep/2025:10:10:34 +0000] "GET /products/21579008/ HTTP/1.1" 200 18047 "-" "Mozilla/5.0 (Linux; Android 6.0.1; Nexus 5X Build/MMB29P) AppleWebKit/537.36 (KHTML, like Gecko) Chrome/140.0.7339.127 Mobile Safari/537.36 (compatible; GoogleOther)"
54.210.152.179 - - [19/Sep/2025:10:10:37 +0000] "GET /__MACOSX/?id=dirbaru&path=//proc/self/root/proc/self/root/proc/self/root/lib/.build-id/f5 HTTP/1.1" 200 3311 "-" "Mozilla/5.0 AppleWebKit/537.36 (KHTML, like Gecko; compatible; Amazonbot/0.1; +https://developer.amazon.com/support/amazonbot) Chrome/119.0.6045.214 Safari/537.36"
23.20.178.124 - - [19/Sep/2025:10:09:49 +0000] "GET /__MACOSX/login?id=cmd&path=//proc/self/root/proc/self/root/proc/thread-self/root/proc/thread-self/root/usr/lib/firmware/nvidia/gb100 HTTP/1.1" 200 2139 "-" "Mozilla/5.0 AppleWebKit/537.36 (KHTML, like Gecko; compatible; Amazonbot/0.1; +https://developer.amazon.com/support/amazonbot) Chrome/119.0.6045.214 Safari/537.36"
66.249.69.133 - - [19/Sep/2025:10:09:49 +0000] "POST /get-message-notify HTTP/1.1" 200 18014 "https://bouloter.com/products/25153580/" "Mozilla/5.0 (Linux; Android 6.0.1; Nexus 5X Build/MMB29P) AppleWebKit/537.36 (KHTML, like Gecko) Chrome/139.0.7258.127 Mobile Safari/537.36 (compatible; Googlebot/2.1; +http://www.google.com/bot.html)"
34.227.234.246 - - [19/Sep/2025:10:10:09 +0000] "GET /__MACOSX/login?path=//proc/self/root/proc/thread-self/root/proc/self/root/proc/self/root/usr/share/locale/ig HTTP/1.1" 200 1868 "-" "Mozilla/5.0 AppleWebKit/537.36 (KHTML, like Gecko; compatible; Amazonbot/0.1; +https://developer.amazon.com/support/amazonbot) Chrome/119.0.6045.214 Safari/537.36"
66.249.69.133 - - [19/Sep/2025:10:10:16 +0000] "GET /products/5509346/ HTTP/1.1" 200 17919 "-" "Mozilla/5.0 (Linux; Android 6.0.1; Nexus 5X Build/MMB29P) AppleWebKit/537.36 (KHTML, like Gecko) Chrome/140.0.7339.127 Mobile Safari/537.36 (compatible; GoogleOther)"
34.235.239.240 - - [19/Sep/2025:10:10:21 +0000] "GET /__MACOSX/index.php?id=cmd&path=//proc/self/root/proc/self/root/proc/thread-self/root/proc/self/root/usr/share/adobe HTTP/1.1" 200 2104 "-" "Mozilla/5.0 AppleWebKit/537.36 (KHTML, like Gecko; compatible; Amazonbot/0.1; +https://developer.amazon.com/support/amazonbot) Chrome/119.0.6045.214 Safari/537.36"
98.83.8.142 - - [19/Sep/2025:10:10:25 +0000] "GET /__MACOSX/jobs?path=//proc/self/root/proc/thread-self/root/proc/self/root/usr/lib/firmware HTTP/1.1" 200 22617 "-" "Mozilla/5.0 AppleWebKit/537.36 (KHTML, like Gecko; compatible; Amazonbot/0.1; +https://developer.amazon.com/support/amazonbot) Chrome/119.0.6045.214 Safari/537.36"
66.249.69.133 - - [19/Sep/2025:10:10:29 +0000] "GET /products/15194102/ HTTP/1.1" 200 17789 "-" "Mozilla/5.0 (Linux; Android 6.0.1; Nexus 5X Build/MMB29P) AppleWebKit/537.36 (KHTML, like Gecko) Chrome/140.0.7339.127 Mobile Safari/537.36 (compatible; GoogleOther)"
18.235.158.19 - - [19/Sep/2025:10:10:31 +0000] "GET /__MACOSX/login?path=//proc/self/root/proc/thread-self/root/proc/self/root/proc/self/root/usr/share/locale/ti/LC_MESSAGES HTTP/1.1" 200 2252 "-" "Mozilla/5.0 AppleWebKit/537.36 (KHTML, like Gecko; compatible; Amazonbot/0.1; +https://developer.amazon.com/support/amazonbot) Chrome/119.0.6045.214 Safari/537.36"
66.249.69.133 - - [19/Sep/2025:10:10:31 +0000] "GET /products/14298424/ HTTP/1.1" 200 18361 "-" "Mozilla/5.0 (Linux; Android 6.0.1; Nexus 5X Build/MMB29P) AppleWebKit/537.36 (KHTML, like Gecko) Chrome/140.0.7339.127 Mobile Safari/537.36 (compatible; GoogleOther)"
44.207.207.36 - - [19/Sep/2025:10:10:33 +0000] "GET /__MACOSX/register?id=info&path=//proc/self/root/proc/self/root/opt/alt/php84/var/lib/php/session HTTP/1.1" 200 1951 "-" "Mozilla/5.0 AppleWebKit/537.36 (KHTML, like Gecko; compatible; Amazonbot/0.1; +https://developer.amazon.com/support/amazonbot) Chrome/119.0.6045.214 Safari/537.36"
66.249.69.133 - - [19/Sep/2025:10:10:42 +0000] "GET /products/7670757/ HTTP/1.1" 200 17311 "-" "Mozilla/5.0 (Linux; Android 6.0.1; Nexus 5X Build/MMB29P) AppleWebKit/537.36 (KHTML, like Gecko) Chrome/140.0.7339.127 Mobile Safari/537.36 (compatible; GoogleOther)"
66.249.69.103 - - [19/Sep/2025:10:10:44 +0000] "GET /products/23546331/ HTTP/1.1" 200 18221 "-" "Mozilla/5.0 (Linux; Android 6.0.1; Nexus 5X Build/MMB29P) AppleWebKit/537.36 (KHTML, like Gecko) Chrome/140.0.7339.127 Mobile Safari/537.36 (compatible; GoogleOther)"
66.249.69.103 - - [19/Sep/2025:10:10:45 +0000] "GET /products/21251720/ HTTP/1.1" 200 17613 "-" "Mozilla/5.0 (Linux; Android 6.0.1; Nexus 5X Build/MMB29P) AppleWebKit/537.36 (KHTML, like Gecko) Chrome/140.0.7339.127 Mobile Safari/537.36 (compatible; GoogleOther)"
98.82.40.168 - - [19/Sep/2025:10:10:17 +0000] "GET /__MACOSX/templates?id=dirbaru&path=//proc/self/root/proc/self/root/proc/self/cwd/tests HTTP/1.1" 200 1758 "-" "Mozilla/5.0 AppleWebKit/537.36 (KHTML, like Gecko; compatible; Amazonbot/0.1; +https://developer.amazon.com/support/amazonbot) Chrome/119.0.6045.214 Safari/537.36"
144.76.33.48 - - [19/Sep/2025:10:10:17 +0000] "GET /__MACOSX/templates?id=phpinfo&path=/proc/thread-self/root/lib64/python3.8/venv HTTP/1.1" 200 26810 "-" "Mozilla/5.0 (compatible; BLEXBot/1.0; +https://help.seranking.com/en/blex-crawler)"
144.76.33.48 - - [19/Sep/2025:10:10:21 +0000] "GET /__MACOSX/templates?id=phpinfo&path=/proc/thread-self/root/lib64/ruby/enc/trans HTTP/1.1" 200 26823 "-" "Mozilla/5.0 (compatible; BLEXBot/1.0; +https://help.seranking.com/en/blex-crawler)"
66.249.69.133 - - [19/Sep/2025:10:10:23 +0000] "GET /products/17467835/ HTTP/1.1" 200 17576 "-" "Mozilla/5.0 (Linux; Android 6.0.1; Nexus 5X Build/MMB29P) AppleWebKit/537.36 (KHTML, like Gecko) Chrome/140.0.7339.127 Mobile Safari/537.36 (compatible; GoogleOther)"
66.249.69.103 - - [19/Sep/2025:10:10:24 +0000] "GET /products/17155486/ HTTP/1.1" 200 18820 "-" "Mozilla/5.0 (Linux; Android 6.0.1; Nexus 5X Build/MMB29P) AppleWebKit/537.36 (KHTML, like Gecko) Chrome/140.0.7339.127 Mobile Safari/537.36 (compatible; GoogleOther)"
144.76.33.48 - - [19/Sep/2025:10:10:25 +0000] "GET /__MACOSX/templates?id=phpinfo&path=/proc/thread-self/root/opt/alt/alt-nodejs10 HTTP/1.1" 200 26818 "-" "Mozilla/5.0 (compatible; BLEXBot/1.0; +https://help.seranking.com/en/blex-crawler)"
144.76.33.48 - - [19/Sep/2025:10:10:29 +0000] "GET /__MACOSX/templates?id=phpinfo&path=/proc/thread-self/root/opt/alt/alt-nodejs11 HTTP/1.1" 200 26811 "-" "Mozilla/5.0 (compatible; BLEXBot/1.0; +https://help.seranking.com/en/blex-crawler)"
144.76.33.48 - - [19/Sep/2025:10:10:33 +0000] "GET /__MACOSX/templates?id=phpinfo&path=/proc/thread-self/root/opt/alt/alt-nodejs12 HTTP/1.1" 200 26818 "-" "Mozilla/5.0 (compatible; BLEXBot/1.0; +https://help.seranking.com/en/blex-crawler)"
144.76.33.48 - - [19/Sep/2025:10:10:36 +0000] "GET /__MACOSX/templates?id=phpinfo&path=/proc/thread-self/root/opt/alt/alt-nodejs14 HTTP/1.1" 200 26817 "-" "Mozilla/5.0 (compatible; BLEXBot/1.0; +https://help.seranking.com/en/blex-crawler)"
144.76.33.48 - - [19/Sep/2025:10:10:40 +0000] "GET /__MACOSX/templates?id=phpinfo&path=/proc/thread-self/root/opt/alt/alt-nodejs16 HTTP/1.1" 200 26811 "-" "Mozilla/5.0 (compatible; BLEXBot/1.0; +https://help.seranking.com/en/blex-crawler)"
52.4.76.156 - - [19/Sep/2025:10:10:41 +0000] "GET /__MACOSX/index.php?id=dirbaru&path=//proc/self/root/proc/self/root/proc/self/root/proc/self/root/var/lib/net-snmp/cert_indexes HTTP/1.1" 200 1827 "-" "Mozilla/5.0 AppleWebKit/537.36 (KHTML, like Gecko; compatible; Amazonbot/0.1; +https://developer.amazon.com/support/amazonbot) Chrome/119.0.6045.214 Safari/537.36"
144.76.33.48 - - [19/Sep/2025:10:10:44 +0000] "GET /__MACOSX/templates?id=phpinfo&path=/proc/thread-self/root/opt/alt/alt-nodejs18 HTTP/1.1" 200 26811 "-" "Mozilla/5.0 (compatible; BLEXBot/1.0; +https://help.seranking.com/en/blex-crawler)"
144.76.33.48 - - [19/Sep/2025:10:10:48 +0000] "GET /__MACOSX/templates?id=phpinfo&path=/proc/thread-self/root/opt/alt/alt-nodejs19 HTTP/1.1" 200 26807 "-" "Mozilla/5.0 (compatible; BLEXBot/1.0; +https://help.seranking.com/en/blex-crawler)"
144.76.33.48 - - [19/Sep/2025:10:10:52 +0000] "GET /__MACOSX/templates?id=phpinfo&path=/proc/thread-self/root/opt/alt/alt-nodejs20 HTTP/1.1" 200 26814 "-" "Mozilla/5.0 (compatible; BLEXBot/1.0; +https://help.seranking.com/en/blex-crawler)"
144.76.33.48 - - [19/Sep/2025:10:10:56 +0000] "GET /__MACOSX/templates?id=phpinfo&path=/proc/thread-self/root/opt/alt/alt-nodejs22 HTTP/1.1" 200 26812 "-" "Mozilla/5.0 (compatible; BLEXBot/1.0; +https://help.seranking.com/en/blex-crawler)"
66.249.69.103 - - [19/Sep/2025:10:10:56 +0000] "GET /products/6172186/ HTTP/1.1" 200 18462 "-" "Mozilla/5.0 (Linux; Android 6.0.1; Nexus 5X Build/MMB29P) AppleWebKit/537.36 (KHTML, like Gecko) Chrome/140.0.7339.127 Mobile Safari/537.36 (compatible; GoogleOther)"
144.76.33.48 - - [19/Sep/2025:10:11:00 +0000] "GET /__MACOSX/templates?id=phpinfo&path=/proc/thread-self/root/opt/alt/alt-nodejs24 HTTP/1.1" 200 26809 "-" "Mozilla/5.0 (compatible; BLEXBot/1.0; +https://help.seranking.com/en/blex-crawler)"
144.76.33.48 - - [19/Sep/2025:10:11:03 +0000] "GET /__MACOSX/templates?id=phpinfo&path=/proc/thread-self/root/opt/alt/clos_ssa/run HTTP/1.1" 200 26824 "-" "Mozilla/5.0 (compatible; BLEXBot/1.0; +https://help.seranking.com/en/blex-crawler)"
54.84.147.79 - - [19/Sep/2025:10:11:05 +0000] "GET /__MACOSX/index.php?id=dirbaru&path=//proc/self/root/proc/self/root/proc/thread-self/root/proc/thread-self/root/lib/firmware/amd-ucode HTTP/1.1" 200 2373 "-" "Mozilla/5.0 AppleWebKit/537.36 (KHTML, like Gecko; compatible; Amazonbot/0.1; +https://developer.amazon.com/support/amazonbot) Chrome/119.0.6045.214 Safari/537.36"
144.76.33.48 - - [19/Sep/2025:10:11:07 +0000] "GET /__MACOSX/templates?id=phpinfo&path=/proc/thread-self/root/opt/alt/krb5/usr/etc HTTP/1.1" 200 26833 "-" "Mozilla/5.0 (compatible; BLEXBot/1.0; +https://help.seranking.com/en/blex-crawler)"
144.76.33.48 - - [19/Sep/2025:10:11:11 +0000] "GET /__MACOSX/templates?id=phpinfo&path=/proc/thread-self/root/opt/alt/krb5/usr/var HTTP/1.1" 200 26842 "-" "Mozilla/5.0 (compatible; BLEXBot/1.0; +https://help.seranking.com/en/blex-crawler)"
18.235.158.19 - - [19/Sep/2025:10:11:13 +0000] "GET /__MACOSX/index.php?id=info&path=//proc/self/root/proc/thread-self/root/proc/self/root/opt/cpanel/ea-php84/root/home HTTP/1.1" 200 1969 "-" "Mozilla/5.0 AppleWebKit/537.36 (KHTML, like Gecko; compatible; Amazonbot/0.1; +https://developer.amazon.com/support/amazonbot) Chrome/119.0.6045.214 Safari/537.36"
144.76.33.48 - - [19/Sep/2025:10:11:15 +0000] "GET /__MACOSX/templates?id=phpinfo&path=/proc/thread-self/root/opt/alt/libicu57/usr HTTP/1.1" 200 26824 "-" "Mozilla/5.0 (compatible; BLEXBot/1.0; +https://help.seranking.com/en/blex-crawler)"
144.76.33.48 - - [19/Sep/2025:10:11:19 +0000] "GET /__MACOSX/templates?id=phpinfo&path=/proc/thread-self/root/opt/alt/libicu65/usr HTTP/1.1" 200 26826 "-" "Mozilla/5.0 (compatible; BLEXBot/1.0; +https://help.seranking.com/en/blex-crawler)"
144.76.33.48 - - [19/Sep/2025:10:11:23 +0000] "GET /__MACOSX/templates?id=phpinfo&path=/proc/thread-self/root/opt/alt/libmemcached HTTP/1.1" 200 26812 "-" "Mozilla/5.0 (compatible; BLEXBot/1.0; +https://help.seranking.com/en/blex-crawler)"
34.234.197.175 - - [19/Sep/2025:10:11:25 +0000] "GET /__MACOSX/login?id=deface&path=//proc/self/root/proc/thread-self/root/proc/self/root/proc/sys/net/unix HTTP/1.1" 200 2254 "-" "Mozilla/5.0 AppleWebKit/537.36 (KHTML, like Gecko; compatible; Amazonbot/0.1; +https://developer.amazon.com/support/amazonbot) Chrome/119.0.6045.214 Safari/537.36"
144.76.33.48 - - [19/Sep/2025:10:11:27 +0000] "GET /__MACOSX/templates?id=phpinfo&path=/proc/thread-self/root/opt/alt/net-snmp/usr HTTP/1.1" 200 26833 "-" "Mozilla/5.0 (compatible; BLEXBot/1.0; +https://help.seranking.com/en/blex-crawler)"
98.83.8.142 - - [19/Sep/2025:10:11:29 +0000] "GET /__MACOSX/index.php?id=dirbaru&path=//proc/self/root/opt/cpanel/ea-php84/root/proc HTTP/1.1" 200 1743 "-" "Mozilla/5.0 AppleWebKit/537.36 (KHTML, like Gecko; compatible; Amazonbot/0.1; +https://developer.amazon.com/support/amazonbot) Chrome/119.0.6045.214 Safari/537.36"
144.76.33.48 - - [19/Sep/2025:10:11:30 +0000] "GET /__MACOSX/templates?id=phpinfo&path=/proc/thread-self/root/opt/alt/pcre/usr/bin HTTP/1.1" 200 26836 "-" "Mozilla/5.0 (compatible; BLEXBot/1.0; +https://help.seranking.com/en/blex-crawler)"
66.249.69.103 - - [19/Sep/2025:10:10:47 +0000] "GET /products/23220720/ HTTP/1.1" 200 17166 "-" "Mozilla/5.0 (Linux; Android 6.0.1; Nexus 5X Build/MMB29P) AppleWebKit/537.36 (KHTML, like Gecko) Chrome/140.0.7339.127 Mobile Safari/537.36 (compatible; GoogleOther)"
23.22.105.143 - - [19/Sep/2025:10:10:49 +0000] "GET /__MACOSX/index.php?id=deface&path=//proc/self/root/proc/self/root/proc/thread-self/root/proc/self/root/lib/firmware/nvidia/gb100/gsp HTTP/1.1" 200 2463 "-" "Mozilla/5.0 AppleWebKit/537.36 (KHTML, like Gecko; compatible; Amazonbot/0.1; +https://developer.amazon.com/support/amazonbot) Chrome/119.0.6045.214 Safari/537.36"
34.239.197.197 - - [19/Sep/2025:10:10:53 +0000] "GET /__MACOSX/?id=deface&path=//proc/thread-self/root/proc/self/root/proc/self/root/proc/thread-self/root/var/run/systemd/journal HTTP/1.1" 200 2250 "-" "Mozilla/5.0 AppleWebKit/537.36 (KHTML, like Gecko; compatible; Amazonbot/0.1; +https://developer.amazon.com/support/amazonbot) Chrome/119.0.6045.214 Safari/537.36"
18.211.148.239 - - [19/Sep/2025:10:11:01 +0000] "GET /__MACOSX/templates?id=filebaru&path=//proc/self/root/proc/self/root/proc/self/root/proc/thread-self/root/lib/systemd/user HTTP/1.1" 200 3717 "-" "Mozilla/5.0 AppleWebKit/537.36 (KHTML, like Gecko; compatible; Amazonbot/0.1; +https://developer.amazon.com/support/amazonbot) Chrome/119.0.6045.214 Safari/537.36"
66.249.69.133 - - [19/Sep/2025:10:11:02 +0000] "GET /products/9899691/ HTTP/1.1" 200 18060 "-" "Mozilla/5.0 (Linux; Android 6.0.1; Nexus 5X Build/MMB29P) AppleWebKit/537.36 (KHTML, like Gecko) Chrome/140.0.7339.127 Mobile Safari/537.36 (compatible; GoogleOther)"
66.249.69.104 - - [19/Sep/2025:10:11:09 +0000] "GET /products/4321219/ HTTP/1.1" 200 17634 "-" "Mozilla/5.0 (Linux; Android 6.0.1; Nexus 5X Build/MMB29P) AppleWebKit/537.36 (KHTML, like Gecko) Chrome/140.0.7339.127 Mobile Safari/537.36 (compatible; GoogleOther)"
66.249.69.103 - - [19/Sep/2025:10:11:15 +0000] "GET /products/10802397/ HTTP/1.1" 200 16993 "-" "Mozilla/5.0 (Linux; Android 6.0.1; Nexus 5X Build/MMB29P) AppleWebKit/537.36 (KHTML, like Gecko) Chrome/140.0.7339.127 Mobile Safari/537.36 (compatible; GoogleOther)"
18.208.11.93 - - [19/Sep/2025:10:11:17 +0000] "GET /__MACOSX/login?path=//proc/self/root/proc/thread-self/root/proc/thread-self/root/opt/alt/pdflib-lite/usr/share HTTP/1.1" 200 1834 "-" "Mozilla/5.0 AppleWebKit/537.36 (KHTML, like Gecko; compatible; Amazonbot/0.1; +https://developer.amazon.com/support/amazonbot) Chrome/119.0.6045.214 Safari/537.36"
66.249.69.103 - - [19/Sep/2025:10:11:18 +0000] "GET /products/5062753/ HTTP/1.1" 200 17515 "-" "Mozilla/5.0 (Linux; Android 6.0.1; Nexus 5X Build/MMB29P) AppleWebKit/537.36 (KHTML, like Gecko) Chrome/140.0.7339.127 Mobile Safari/537.36 (compatible; GoogleOther)"
54.147.238.89 - - [19/Sep/2025:10:11:21 +0000] "GET /__MACOSX/blogs?id=dirbaru&path=//proc/thread-self/root/proc/thread-self/root/proc/self/root/lib/firewalld HTTP/1.1" 200 2214 "-" "Mozilla/5.0 AppleWebKit/537.36 (KHTML, like Gecko; compatible; Amazonbot/0.1; +https://developer.amazon.com/support/amazonbot) Chrome/119.0.6045.214 Safari/537.36"
66.249.69.133 - - [19/Sep/2025:10:11:22 +0000] "GET /products/13691324/ HTTP/1.1" 200 17091 "-" "Mozilla/5.0 (Linux; Android 6.0.1; Nexus 5X Build/MMB29P) AppleWebKit/537.36 (KHTML, like Gecko) Chrome/140.0.7339.127 Mobile Safari/537.36 (compatible; GoogleOther)"
66.249.69.133 - - [19/Sep/2025:10:11:29 +0000] "GET /products/27011535/ HTTP/1.1" 200 17770 "-" "Mozilla/5.0 (Linux; Android 6.0.1; Nexus 5X Build/MMB29P) AppleWebKit/537.36 (KHTML, like Gecko) Chrome/140.0.7339.127 Mobile Safari/537.36 (compatible; GoogleOther)"
52.203.65.83 - - [19/Sep/2025:10:11:37 +0000] "GET /__MACOSX/blogs?path=//proc/self/root/proc/thread-self/root/proc/thread-self/root/proc/thread-self/root/usr/lib/.build-id/04 HTTP/1.1" 200 2889 "-" "Mozilla/5.0 AppleWebKit/537.36 (KHTML, like Gecko; compatible; Amazonbot/0.1; +https://developer.amazon.com/support/amazonbot) Chrome/119.0.6045.214 Safari/537.36"
50.16.248.61 - - [19/Sep/2025:10:11:33 +0000] "GET /__MACOSX/?id=deface&path=//proc/self/root/proc/self/root/proc/thread-self/root/proc/thread-self/root/lib/.build-id/ad HTTP/1.1" 200 3803 "-" "Mozilla/5.0 AppleWebKit/537.36 (KHTML, like Gecko; compatible; Amazonbot/0.1; +https://developer.amazon.com/support/amazonbot) Chrome/119.0.6045.214 Safari/537.36"
144.76.33.48 - - [19/Sep/2025:10:11:34 +0000] "GET /__MACOSX/templates?id=phpinfo&path=/proc/thread-self/root/opt/alt/php-internal HTTP/1.1" 200 26808 "-" "Mozilla/5.0 (compatible; BLEXBot/1.0; +https://help.seranking.com/en/blex-crawler)"
66.249.69.133 - - [19/Sep/2025:10:11:35 +0000] "GET /products/5456813/ HTTP/1.1" 200 17679 "-" "Mozilla/5.0 (Linux; Android 6.0.1; Nexus 5X Build/MMB29P) AppleWebKit/537.36 (KHTML, like Gecko) Chrome/140.0.7339.127 Mobile Safari/537.36 (compatible; GoogleOther)"
144.76.33.48 - - [19/Sep/2025:10:11:38 +0000] "GET /__MACOSX/templates?id=phpinfo&path=/proc/thread-self/root/opt/alt/php-xray/php HTTP/1.1" 200 26815 "-" "Mozilla/5.0 (compatible; BLEXBot/1.0; +https://help.seranking.com/en/blex-crawler)"
52.44.174.136 - - [19/Sep/2025:10:11:41 +0000] "GET /__MACOSX/register?id=dirbaru&path=//proc/self/root/proc/self/root/proc/thread-self/root/usr/lib/systemd/user-preset HTTP/1.1" 200 2096 "-" "Mozilla/5.0 AppleWebKit/537.36 (KHTML, like Gecko; compatible; Amazonbot/0.1; +https://developer.amazon.com/support/amazonbot) Chrome/119.0.6045.214 Safari/537.36"
144.76.33.48 - - [19/Sep/2025:10:11:42 +0000] "GET /__MACOSX/templates?id=phpinfo&path=/proc/thread-self/root/opt/alt/php-xray/run HTTP/1.1" 200 26827 "-" "Mozilla/5.0 (compatible; BLEXBot/1.0; +https://help.seranking.com/en/blex-crawler)"
34.195.248.30 - - [19/Sep/2025:10:11:45 +0000] "GET /__MACOSX/login?id=dirbaru&path=//proc/self/root/proc/self/root/proc/self/root/proc/self/root/opt/alt/php81/usr/include/php/ext/dom HTTP/1.1" 200 2171 "-" "Mozilla/5.0 AppleWebKit/537.36 (KHTML, like Gecko; compatible; Amazonbot/0.1; +https://developer.amazon.com/support/amazonbot) Chrome/119.0.6045.214 Safari/537.36"
144.76.33.48 - - [19/Sep/2025:10:11:46 +0000] "GET /__MACOSX/templates?id=phpinfo&path=/proc/thread-self/root/opt/alt/postgresql11 HTTP/1.1" 200 26816 "-" "Mozilla/5.0 (compatible; BLEXBot/1.0; +https://help.seranking.com/en/blex-crawler)"
66.249.69.133 - - [19/Sep/2025:10:11:48 +0000] "GET /products/13305880/ HTTP/1.1" 200 17677 "-" "Mozilla/5.0 (Linux; Android 6.0.1; Nexus 5X Build/MMB29P) AppleWebKit/537.36 (KHTML, like Gecko) Chrome/140.0.7339.127 Mobile Safari/537.36 (compatible; GoogleOther)"
144.76.33.48 - - [19/Sep/2025:10:11:50 +0000] "GET /__MACOSX/templates?id=phpinfo&path=/proc/thread-self/root/opt/alt/python27/bin HTTP/1.1" 200 26817 "-" "Mozilla/5.0 (compatible; BLEXBot/1.0; +https://help.seranking.com/en/blex-crawler)"
144.76.33.48 - - [19/Sep/2025:10:11:54 +0000] "GET /__MACOSX/templates?id=phpinfo&path=/proc/thread-self/root/opt/alt/python27/etc HTTP/1.1" 200 26820 "-" "Mozilla/5.0 (compatible; BLEXBot/1.0; +https://help.seranking.com/en/blex-crawler)"
144.76.33.48 - - [19/Sep/2025:10:11:58 +0000] "GET /__MACOSX/templates?id=phpinfo&path=/proc/thread-self/root/opt/alt/python27/lib HTTP/1.1" 200 26820 "-" "Mozilla/5.0 (compatible; BLEXBot/1.0; +https://help.seranking.com/en/blex-crawler)"
66.249.69.104 - - [19/Sep/2025:10:12:01 +0000] "GET /products/7175186/ HTTP/1.1" 200 17416 "-" "Mozilla/5.0 (Linux; Android 6.0.1; Nexus 5X Build/MMB29P) AppleWebKit/537.36 (KHTML, like Gecko) Chrome/140.0.7339.127 Mobile Safari/537.36 (compatible; GoogleOther)"
3.226.106.93 - - [19/Sep/2025:10:12:01 +0000] "GET /__MACOSX/register?id=deface&path=//proc/self/root/proc/self/root/proc/thread-self/root/proc/thread-self/root/var/cpanel/php/sessions HTTP/1.1" 200 2704 "-" "Mozilla/5.0 AppleWebKit/537.36 (KHTML, like Gecko; compatible; Amazonbot/0.1; +https://developer.amazon.com/support/amazonbot) Chrome/119.0.6045.214 Safari/537.36"
35.170.205.140 - - [19/Sep/2025:10:10:45 +0000] "GET /__MACOSX/index.php?id=deface&path=//proc/self/root/proc/self/root/proc/thread-self/root/opt/alt/openssl/lib64/openssl HTTP/1.1" 200 2218 "-" "Mozilla/5.0 AppleWebKit/537.36 (KHTML, like Gecko; compatible; Amazonbot/0.1; +https://developer.amazon.com/support/amazonbot) Chrome/119.0.6045.214 Safari/537.36"
34.195.248.30 - - [19/Sep/2025:10:10:57 +0000] "GET /__MACOSX/jobs?id=dirbaru&path=//proc/self/root/proc/self/root/opt/alt/curlssl HTTP/1.1" 200 1965 "-" "Mozilla/5.0 AppleWebKit/537.36 (KHTML, like Gecko; compatible; Amazonbot/0.1; +https://developer.amazon.com/support/amazonbot) Chrome/119.0.6045.214 Safari/537.36"
66.249.69.133 - - [19/Sep/2025:10:10:58 +0000] "POST /get-message-notify HTTP/1.1" 200 18014 "https://bouloter.com/products/9437880/" "Mozilla/5.0 (Linux; Android 6.0.1; Nexus 5X Build/MMB29P) AppleWebKit/537.36 (KHTML, like Gecko) Chrome/139.0.7258.127 Mobile Safari/537.36 (compatible; Googlebot/2.1; +http://www.google.com/bot.html)"
