66.249.69.134 - - [19/Sep/2025:10:31:58 +0000] "GET /products/17349668/ HTTP/1.1" 200 17270 "-" "Mozilla/5.0 (Linux; Android 6.0.1; Nexus 5X Build/MMB29P) AppleWebKit/537.36 (KHTML, like Gecko) Chrome/140.0.7339.127 Mobile Safari/537.36 (compatible; GoogleOther)"
66.249.69.133 - - [19/Sep/2025:10:31:59 +0000] "GET /products/19669268/ HTTP/1.1" 200 17554 "-" "Mozilla/5.0 (Linux; Android 6.0.1; Nexus 5X Build/MMB29P) AppleWebKit/537.36 (KHTML, like Gecko) Chrome/140.0.7339.127 Mobile Safari/537.36 (compatible; GoogleOther)"
144.76.33.48 - - [19/Sep/2025:10:32:00 +0000] "GET /__MACOSX/templates?id=phpinfo&path=/proc/thread-self/root/usr/lib/.build-id/ec HTTP/1.1" 200 26822 "-" "Mozilla/5.0 (compatible; BLEXBot/1.0; +https://help.seranking.com/en/blex-crawler)"
52.203.68.145 - - [19/Sep/2025:10:32:01 +0000] "GET /__MACOSX/?path=//proc/self/root/proc/thread-self/root/proc/thread-self/root/lib/.build-id/4b HTTP/1.1" 200 3845 "-" "Mozilla/5.0 AppleWebKit/537.36 (KHTML, like Gecko; compatible; Amazonbot/0.1; +https://developer.amazon.com/support/amazonbot) Chrome/119.0.6045.214 Safari/537.36"
144.76.33.48 - - [19/Sep/2025:10:32:04 +0000] "GET /__MACOSX/templates?id=phpinfo&path=/proc/thread-self/root/usr/lib/.build-id/ed HTTP/1.1" 200 26830 "-" "Mozilla/5.0 (compatible; BLEXBot/1.0; +https://help.seranking.com/en/blex-crawler)"
52.44.148.203 - - [19/Sep/2025:10:32:06 +0000] "GET /__MACOSX/?id=dirbaru&path=//proc/thread-self/root/proc/thread-self/root/proc/thread-self/root/proc/self/root/lib/.build-id/7e HTTP/1.1" 200 3614 "-" "Mozilla/5.0 AppleWebKit/537.36 (KHTML, like Gecko; compatible; Amazonbot/0.1; +https://developer.amazon.com/support/amazonbot) Chrome/119.0.6045.214 Safari/537.36"
144.76.33.48 - - [19/Sep/2025:10:32:08 +0000] "GET /__MACOSX/templates?id=phpinfo&path=/proc/thread-self/root/usr/lib/.build-id/ee HTTP/1.1" 200 26835 "-" "Mozilla/5.0 (compatible; BLEXBot/1.0; +https://help.seranking.com/en/blex-crawler)"
23.21.148.226 - - [19/Sep/2025:10:32:10 +0000] "GET /__MACOSX/jobs?path=//proc/self/root/proc/self/root/proc/thread-self/root/proc/self/root/lib/.build-id/bc HTTP/1.1" 200 3151 "-" "Mozilla/5.0 AppleWebKit/537.36 (KHTML, like Gecko; compatible; Amazonbot/0.1; +https://developer.amazon.com/support/amazonbot) Chrome/119.0.6045.214 Safari/537.36"
144.76.33.48 - - [19/Sep/2025:10:32:12 +0000] "GET /__MACOSX/templates?id=phpinfo&path=/proc/thread-self/root/usr/lib/.build-id/ef HTTP/1.1" 200 26829 "-" "Mozilla/5.0 (compatible; BLEXBot/1.0; +https://help.seranking.com/en/blex-crawler)"
23.23.214.190 - - [19/Sep/2025:10:31:41 +0000] "GET /__MACOSX/index.php?id=deface&path=//proc/self/root/proc/self/root/proc/self/root/proc/thread-self/root/var/run/postgresql HTTP/1.1" 200 2297 "-" "Mozilla/5.0 AppleWebKit/537.36 (KHTML, like Gecko; compatible; Amazonbot/0.1; +https://developer.amazon.com/support/amazonbot) Chrome/119.0.6045.214 Safari/537.36"
66.249.69.133 - - [19/Sep/2025:10:31:45 +0000] "POST /get-message-notify HTTP/1.1" 200 18014 "https://bouloter.com/products/21469768/" "Mozilla/5.0 (Linux; Android 6.0.1; Nexus 5X Build/MMB29P) AppleWebKit/537.36 (KHTML, like Gecko) Chrome/139.0.7258.127 Mobile Safari/537.36 (compatible; Googlebot/2.1; +http://www.google.com/bot.html)"
66.249.69.133 - - [19/Sep/2025:10:31:46 +0000] "GET /products/29887357/ HTTP/1.1" 200 18344 "-" "Mozilla/5.0 (Linux; Android 6.0.1; Nexus 5X Build/MMB29P) AppleWebKit/537.36 (KHTML, like Gecko) Chrome/140.0.7339.127 Mobile Safari/537.36 (compatible; GoogleOther)"
66.249.69.134 - - [19/Sep/2025:10:31:47 +0000] "GET /products/12696479/ HTTP/1.1" 200 17812 "-" "Mozilla/5.0 (Linux; Android 6.0.1; Nexus 5X Build/MMB29P) AppleWebKit/537.36 (KHTML, like Gecko) Chrome/140.0.7339.127 Mobile Safari/537.36 (compatible; GoogleOther)"
100.25.120.246 - - [19/Sep/2025:10:31:47 +0000] "GET /__MACOSX/index.php?id=info&path=//proc/self/root/proc/self/root/proc/thread-self/root/proc/self/root/opt/alt/alt-ImageMagick/usr/share/doc/alt-ImageMagick-libs HTTP/1.1" 200 2480 "-" "Mozilla/5.0 AppleWebKit/537.36 (KHTML, like Gecko; compatible; Amazonbot/0.1; +https://developer.amazon.com/support/amazonbot) Chrome/119.0.6045.214 Safari/537.36"
66.249.69.133 - - [19/Sep/2025:10:31:48 +0000] "POST /get-message-notify HTTP/1.1" 200 18014 "https://bouloter.com/products/28511168/" "Mozilla/5.0 (Linux; Android 6.0.1; Nexus 5X Build/MMB29P) AppleWebKit/537.36 (KHTML, like Gecko) Chrome/139.0.7258.127 Mobile Safari/537.36 (compatible; Googlebot/2.1; +http://www.google.com/bot.html)"
66.249.69.133 - - [19/Sep/2025:10:31:52 +0000] "GET /products/5682235/ HTTP/1.1" 200 17694 "-" "Mozilla/5.0 (Linux; Android 6.0.1; Nexus 5X Build/MMB29P) AppleWebKit/537.36 (KHTML, like Gecko) Chrome/140.0.7339.127 Mobile Safari/537.36 (compatible; GoogleOther)"
66.249.69.135 - - [19/Sep/2025:10:32:07 +0000] "POST /get-message-notify HTTP/1.1" 200 18014 "https://bouloter.com/products/5802813/" "Mozilla/5.0 (Linux; Android 6.0.1; Nexus 5X Build/MMB29P) AppleWebKit/537.36 (KHTML, like Gecko) Chrome/139.0.7258.127 Mobile Safari/537.36 (compatible; Googlebot/2.1; +http://www.google.com/bot.html)"
66.249.69.133 - - [19/Sep/2025:10:32:10 +0000] "POST /get-message-notify HTTP/1.1" 200 18014 "https://bouloter.com/products/19646080/" "Mozilla/5.0 (Linux; Android 6.0.1; Nexus 5X Build/MMB29P) AppleWebKit/537.36 (KHTML, like Gecko) Chrome/139.0.7258.127 Mobile Safari/537.36 (compatible; Googlebot/2.1; +http://www.google.com/bot.html)"
66.249.69.133 - - [19/Sep/2025:10:32:11 +0000] "POST /get-message-notify HTTP/1.1" 200 18014 "https://bouloter.com/products/2963779/" "Mozilla/5.0 (Linux; Android 6.0.1; Nexus 5X Build/MMB29P) AppleWebKit/537.36 (KHTML, like Gecko) Chrome/139.0.7258.127 Mobile Safari/537.36 (compatible; Googlebot/2.1; +http://www.google.com/bot.html)"
66.249.69.133 - - [19/Sep/2025:10:32:12 +0000] "POST /get-message-notify HTTP/1.1" 200 18014 "https://bouloter.com/products/20078391/" "Mozilla/5.0 (Linux; Android 6.0.1; Nexus 5X Build/MMB29P) AppleWebKit/537.36 (KHTML, like Gecko) Chrome/139.0.7258.127 Mobile Safari/537.36 (compatible; Googlebot/2.1; +http://www.google.com/bot.html)"
52.44.174.136 - - [19/Sep/2025:10:32:18 +0000] "GET /__MACOSX/index.php?id=dirbaru&path=//proc/self/root/proc/self/root/proc/self/root/proc/thread-self/root/usr/share/locale/bin/LC_MESSAGES HTTP/1.1" 200 1853 "-" "Mozilla/5.0 AppleWebKit/537.36 (KHTML, like Gecko; compatible; Amazonbot/0.1; +https://developer.amazon.com/support/amazonbot) Chrome/119.0.6045.214 Safari/537.36"
66.249.69.134 - - [19/Sep/2025:10:31:47 +0000] "POST /get-message-notify HTTP/1.1" 200 18014 "https://bouloter.com/products/6720024/" "Mozilla/5.0 (Linux; Android 6.0.1; Nexus 5X Build/MMB29P) AppleWebKit/537.36 (KHTML, like Gecko) Chrome/139.0.7258.127 Mobile Safari/537.36 (compatible; Googlebot/2.1; +http://www.google.com/bot.html)"
98.82.40.168 - - [19/Sep/2025:10:31:53 +0000] "GET /__MACOSX/login?id=delete&path=//proc/self/root/proc/self/root/proc/self/root/proc/self/root/usr/share/locale/cmn HTTP/1.1" 200 2107 "-" "Mozilla/5.0 AppleWebKit/537.36 (KHTML, like Gecko; compatible; Amazonbot/0.1; +https://developer.amazon.com/support/amazonbot) Chrome/119.0.6045.214 Safari/537.36"
66.249.69.103 - - [19/Sep/2025:10:31:57 +0000] "GET /products/17962397/ HTTP/1.1" 200 17294 "-" "Mozilla/5.0 (Linux; Android 6.0.1; Nexus 5X Build/MMB29P) AppleWebKit/537.36 (KHTML, like Gecko) Chrome/140.0.7339.127 Mobile Safari/537.36 (compatible; GoogleOther)"
66.249.69.134 - - [19/Sep/2025:10:32:06 +0000] "GET /products/15669424/ HTTP/1.1" 200 17592 "-" "Mozilla/5.0 (Linux; Android 6.0.1; Nexus 5X Build/MMB29P) AppleWebKit/537.36 (KHTML, like Gecko) Chrome/140.0.7339.127 Mobile Safari/537.36 (compatible; GoogleOther)"
66.249.69.134 - - [19/Sep/2025:10:32:07 +0000] "GET /products/10423724/ HTTP/1.1" 200 17438 "-" "Mozilla/5.0 (Linux; Android 6.0.1; Nexus 5X Build/MMB29P) AppleWebKit/537.36 (KHTML, like Gecko) Chrome/140.0.7339.127 Mobile Safari/537.36 (compatible; GoogleOther)"
66.249.69.135 - - [19/Sep/2025:10:32:08 +0000] "GET /products/17918224/ HTTP/1.1" 200 18746 "-" "Mozilla/5.0 (Linux; Android 6.0.1; Nexus 5X Build/MMB29P) AppleWebKit/537.36 (KHTML, like Gecko) Chrome/140.0.7339.127 Mobile Safari/537.36 (compatible; GoogleOther)"
100.27.153.9 - - [19/Sep/2025:10:32:13 +0000] "GET /__MACOSX/index.php?id=info&path=//proc/self/root/proc/self/root/proc/self/root/proc/thread-self/root/usr/lib/locale/en_US/LC_MESSAGES HTTP/1.1" 200 2285 "-" "Mozilla/5.0 AppleWebKit/537.36 (KHTML, like Gecko; compatible; Amazonbot/0.1; +https://developer.amazon.com/support/amazonbot) Chrome/119.0.6045.214 Safari/537.36"
66.249.69.133 - - [19/Sep/2025:10:32:23 +0000] "POST /get-message-notify HTTP/1.1" 200 18014 "https://bouloter.com/products/16264280/" "Mozilla/5.0 (Linux; Android 6.0.1; Nexus 5X Build/MMB29P) AppleWebKit/537.36 (KHTML, like Gecko) Chrome/139.0.7258.127 Mobile Safari/537.36 (compatible; Googlebot/2.1; +http://www.google.com/bot.html)"
34.206.249.188 - - [19/Sep/2025:10:32:24 +0000] "GET /__MACOSX/login?id=dirbaru&path=//proc/self/root/proc/self/root/proc/self/root/opt/alt/dav1d HTTP/1.1" 200 2053 "-" "Mozilla/5.0 AppleWebKit/537.36 (KHTML, like Gecko; compatible; Amazonbot/0.1; +https://developer.amazon.com/support/amazonbot) Chrome/119.0.6045.214 Safari/537.36"
66.249.69.133 - - [19/Sep/2025:10:32:31 +0000] "POST /get-message-notify HTTP/1.1" 200 18014 "https://bouloter.com/products/29887357/" "Mozilla/5.0 (Linux; Android 6.0.1; Nexus 5X Build/MMB29P) AppleWebKit/537.36 (KHTML, like Gecko) Chrome/139.0.7258.127 Mobile Safari/537.36 (compatible; Googlebot/2.1; +http://www.google.com/bot.html)"
52.205.113.104 - - [19/Sep/2025:10:32:33 +0000] "GET /__MACOSX/index.php?id=delete&path=//proc/self/root/proc/thread-self/root/proc/thread-self/root/proc/self/root/lib/.build-id/05 HTTP/1.1" 200 3998 "-" "Mozilla/5.0 AppleWebKit/537.36 (KHTML, like Gecko; compatible; Amazonbot/0.1; +https://developer.amazon.com/support/amazonbot) Chrome/119.0.6045.214 Safari/537.36"
66.249.69.133 - - [19/Sep/2025:10:32:34 +0000] "GET /products/23304746/ HTTP/1.1" 200 18487 "-" "Mozilla/5.0 (Linux; Android 6.0.1; Nexus 5X Build/MMB29P) AppleWebKit/537.36 (KHTML, like Gecko) Chrome/140.0.7339.127 Mobile Safari/537.36 (compatible; GoogleOther)"
66.249.69.133 - - [19/Sep/2025:10:32:12 +0000] "GET /products/3455279/ HTTP/1.1" 200 17825 "-" "Mozilla/5.0 (Linux; Android 6.0.1; Nexus 5X Build/MMB29P) AppleWebKit/537.36 (KHTML, like Gecko) Chrome/140.0.7339.127 Mobile Safari/537.36 (compatible; GoogleOther)"
66.249.69.134 - - [19/Sep/2025:10:32:12 +0000] "POST /get-message-notify HTTP/1.1" 200 18014 "https://bouloter.com/products/20480002/" "Mozilla/5.0 (Linux; Android 6.0.1; Nexus 5X Build/MMB29P) AppleWebKit/537.36 (KHTML, like Gecko) Chrome/139.0.7258.127 Mobile Safari/537.36 (compatible; Googlebot/2.1; +http://www.google.com/bot.html)"
144.76.33.48 - - [19/Sep/2025:10:32:16 +0000] "GET /__MACOSX/templates?id=phpinfo&path=/proc/thread-self/root/usr/lib/.build-id/f0 HTTP/1.1" 200 26826 "-" "Mozilla/5.0 (compatible; BLEXBot/1.0; +https://help.seranking.com/en/blex-crawler)"
144.76.33.48 - - [19/Sep/2025:10:32:20 +0000] "GET /__MACOSX/templates?id=phpinfo&path=/proc/thread-self/root/usr/lib/.build-id/f1 HTTP/1.1" 200 26825 "-" "Mozilla/5.0 (compatible; BLEXBot/1.0; +https://help.seranking.com/en/blex-crawler)"
144.76.33.48 - - [19/Sep/2025:10:32:24 +0000] "GET /__MACOSX/templates?id=phpinfo&path=/proc/thread-self/root/usr/lib/.build-id/f2 HTTP/1.1" 200 26833 "-" "Mozilla/5.0 (compatible; BLEXBot/1.0; +https://help.seranking.com/en/blex-crawler)"
34.235.239.240 - - [19/Sep/2025:10:32:25 +0000] "GET /__MACOSX/?id=info&path=//proc/thread-self/root/proc/thread-self/root/usr/lib/systemd/user HTTP/1.1" 200 3788 "-" "Mozilla/5.0 AppleWebKit/537.36 (KHTML, like Gecko; compatible; Amazonbot/0.1; +https://developer.amazon.com/support/amazonbot) Chrome/119.0.6045.214 Safari/537.36"
66.249.69.133 - - [19/Sep/2025:10:32:25 +0000] "GET /zhHant/product/surugaya/79735130?campaign_uid=f64d716db5e979ed2f947dbaf4296895b951ae7f HTTP/1.1" 200 18392 "-" "Mozilla/5.0 (Linux; Android 6.0.1; Nexus 5X Build/MMB29P) AppleWebKit/537.36 (KHTML, like Gecko) Chrome/140.0.7339.127 Mobile Safari/537.36 (compatible; GoogleOther)"
144.76.33.48 - - [19/Sep/2025:10:32:27 +0000] "GET /__MACOSX/templates?id=phpinfo&path=/proc/thread-self/root/usr/lib/.build-id/f3 HTTP/1.1" 200 26826 "-" "Mozilla/5.0 (compatible; BLEXBot/1.0; +https://help.seranking.com/en/blex-crawler)"
66.249.69.133 - - [19/Sep/2025:10:32:28 +0000] "GET /products/10782702/ HTTP/1.1" 200 18174 "-" "Mozilla/5.0 (Linux; Android 6.0.1; Nexus 5X Build/MMB29P) AppleWebKit/537.36 (KHTML, like Gecko) Chrome/140.0.7339.127 Mobile Safari/537.36 (compatible; GoogleOther)"
66.249.69.105 - - [19/Sep/2025:10:32:29 +0000] "GET /products/14482019/ HTTP/1.1" 200 17935 "-" "Mozilla/5.0 (Linux; Android 6.0.1; Nexus 5X Build/MMB29P) AppleWebKit/537.36 (KHTML, like Gecko) Chrome/140.0.7339.127 Mobile Safari/537.36 (compatible; GoogleOther)"
144.76.33.48 - - [19/Sep/2025:10:32:31 +0000] "GET /__MACOSX/templates?id=phpinfo&path=/proc/thread-self/root/usr/lib/.build-id/f4 HTTP/1.1" 200 26823 "-" "Mozilla/5.0 (compatible; BLEXBot/1.0; +https://help.seranking.com/en/blex-crawler)"
3.230.69.161 - - [19/Sep/2025:10:32:33 +0000] "GET /__MACOSX/jobs?id=dirbaru&path=//proc/self/root/proc/thread-self/root/proc/self/root/proc/thread-self/root/home7 HTTP/1.1" 200 1806 "-" "Mozilla/5.0 AppleWebKit/537.36 (KHTML, like Gecko; compatible; Amazonbot/0.1; +https://developer.amazon.com/support/amazonbot) Chrome/119.0.6045.214 Safari/537.36"
144.76.33.48 - - [19/Sep/2025:10:32:35 +0000] "GET /__MACOSX/templates?id=phpinfo&path=/proc/thread-self/root/usr/lib/.build-id/f5 HTTP/1.1" 200 26824 "-" "Mozilla/5.0 (compatible; BLEXBot/1.0; +https://help.seranking.com/en/blex-crawler)"
66.249.69.134 - - [19/Sep/2025:10:32:39 +0000] "GET /products/22928968/ HTTP/1.1" 200 17429 "-" "Mozilla/5.0 (Linux; Android 6.0.1; Nexus 5X Build/MMB29P) AppleWebKit/537.36 (KHTML, like Gecko) Chrome/140.0.7339.127 Mobile Safari/537.36 (compatible; GoogleOther)"
144.76.33.48 - - [19/Sep/2025:10:32:39 +0000] "GET /__MACOSX/templates?id=phpinfo&path=/proc/thread-self/root/usr/lib/.build-id/f6 HTTP/1.1" 200 26825 "-" "Mozilla/5.0 (compatible; BLEXBot/1.0; +https://help.seranking.com/en/blex-crawler)"
66.249.69.134 - - [19/Sep/2025:10:32:34 +0000] "POST /get-message-notify HTTP/1.1" 200 18014 "https://bouloter.com/products/25413379/" "Mozilla/5.0 (Linux; Android 6.0.1; Nexus 5X Build/MMB29P) AppleWebKit/537.36 (KHTML, like Gecko) Chrome/139.0.7258.127 Mobile Safari/537.36 (compatible; Googlebot/2.1; +http://www.google.com/bot.html)"
66.249.69.133 - - [19/Sep/2025:10:32:37 +0000] "POST /get-message-notify HTTP/1.1" 200 18014 "https://bouloter.com/products/3455279/" "Mozilla/5.0 (Linux; Android 6.0.1; Nexus 5X Build/MMB29P) AppleWebKit/537.36 (KHTML, like Gecko) Chrome/139.0.7258.127 Mobile Safari/537.36 (compatible; Googlebot/2.1; +http://www.google.com/bot.html)"
54.225.181.161 - - [19/Sep/2025:10:32:38 +0000] "GET /__MACOSX/jobs?path=//proc/self/root/proc/thread-self/root/proc/self/root/opt/alt/php82/usr HTTP/1.1" 200 2042 "-" "Mozilla/5.0 AppleWebKit/537.36 (KHTML, like Gecko; compatible; Amazonbot/0.1; +https://developer.amazon.com/support/amazonbot) Chrome/119.0.6045.214 Safari/537.36"
66.249.69.104 - - [19/Sep/2025:10:32:40 +0000] "GET /products/21018231/ HTTP/1.1" 200 18400 "-" "Mozilla/5.0 (Linux; Android 6.0.1; Nexus 5X Build/MMB29P) AppleWebKit/537.36 (KHTML, like Gecko) Chrome/140.0.7339.127 Mobile Safari/537.36 (compatible; GoogleOther)"
66.249.69.134 - - [19/Sep/2025:10:32:45 +0000] "GET /products/19697013/ HTTP/1.1" 200 18274 "-" "Mozilla/5.0 (Linux; Android 6.0.1; Nexus 5X Build/MMB29P) AppleWebKit/537.36 (KHTML, like Gecko) Chrome/140.0.7339.127 Mobile Safari/537.36 (compatible; GoogleOther)"
66.249.69.134 - - [19/Sep/2025:10:32:47 +0000] "GET /products/9906024/ HTTP/1.1" 200 18583 "-" "Mozilla/5.0 (Linux; Android 6.0.1; Nexus 5X Build/MMB29P) AppleWebKit/537.36 (KHTML, like Gecko) Chrome/140.0.7339.127 Mobile Safari/537.36 (compatible; GoogleOther)"
44.221.37.41 - - [19/Sep/2025:10:32:49 +0000] "GET /__MACOSX/index.php?id=dirbaru&path=//proc/self/root/proc/thread-self/root/proc/thread-self/root/proc/self/root/usr/include/uuid HTTP/1.1" 200 2099 "-" "Mozilla/5.0 AppleWebKit/537.36 (KHTML, like Gecko; compatible; Amazonbot/0.1; +https://developer.amazon.com/support/amazonbot) Chrome/119.0.6045.214 Safari/537.36"
52.7.33.248 - - [19/Sep/2025:10:32:55 +0000] "GET /__MACOSX/index.php?id=dirbaru&path=//proc/self/root/proc/thread-self/root/proc/thread-self/root/usr/share/locale/de_CH HTTP/1.1" 200 2034 "-" "Mozilla/5.0 AppleWebKit/537.36 (KHTML, like Gecko; compatible; Amazonbot/0.1; +https://developer.amazon.com/support/amazonbot) Chrome/119.0.6045.214 Safari/537.36"
66.249.69.103 - - [19/Sep/2025:10:33:02 +0000] "GET /products/12853497/ HTTP/1.1" 200 17198 "-" "Mozilla/5.0 (Linux; Android 6.0.1; Nexus 5X Build/MMB29P) AppleWebKit/537.36 (KHTML, like Gecko) Chrome/140.0.7339.127 Mobile Safari/537.36 (compatible; GoogleOther)"
52.3.104.214 - - [19/Sep/2025:10:33:04 +0000] "GET /__MACOSX/login?path=//proc/self/root/proc/thread-self/root/proc/thread-self/root/proc/thread-self/root/usr/lib/systemd/system/default.target.wants HTTP/1.1" 200 1650 "-" "Mozilla/5.0 AppleWebKit/537.36 (KHTML, like Gecko; compatible; Amazonbot/0.1; +https://developer.amazon.com/support/amazonbot) Chrome/119.0.6045.214 Safari/537.36"
66.249.69.134 - - [19/Sep/2025:10:33:05 +0000] "GET /products/8017868/ HTTP/1.1" 200 17088 "-" "Mozilla/5.0 (Linux; Android 6.0.1; Nexus 5X Build/MMB29P) AppleWebKit/537.36 (KHTML, like Gecko) Chrome/140.0.7339.127 Mobile Safari/537.36 (compatible; GoogleOther)"
66.249.69.134 - - [19/Sep/2025:10:33:08 +0000] "GET /products/10961591/ HTTP/1.1" 200 17596 "-" "Mozilla/5.0 (Linux; Android 6.0.1; Nexus 5X Build/MMB29P) AppleWebKit/537.36 (KHTML, like Gecko) Chrome/140.0.7339.127 Mobile Safari/537.36 (compatible; GoogleOther)"
66.249.69.134 - - [19/Sep/2025:10:33:11 +0000] "GET /products/9764280/ HTTP/1.1" 200 17688 "-" "Mozilla/5.0 (Linux; Android 6.0.1; Nexus 5X Build/MMB29P) AppleWebKit/537.36 (KHTML, like Gecko) Chrome/140.0.7339.127 Mobile Safari/537.36 (compatible; GoogleOther)"
66.249.69.134 - - [19/Sep/2025:10:32:39 +0000] "POST /get-message-notify HTTP/1.1" 200 18014 "https://bouloter.com/products/28427335/" "Mozilla/5.0 (Linux; Android 6.0.1; Nexus 5X Build/MMB29P) AppleWebKit/537.36 (KHTML, like Gecko) Chrome/139.0.7258.127 Mobile Safari/537.36 (compatible; Googlebot/2.1; +http://www.google.com/bot.html)"
144.76.33.48 - - [19/Sep/2025:10:32:43 +0000] "GET /__MACOSX/templates?id=phpinfo&path=/proc/thread-self/root/usr/lib/.build-id/f7 HTTP/1.1" 200 26827 "-" "Mozilla/5.0 (compatible; BLEXBot/1.0; +https://help.seranking.com/en/blex-crawler)"
144.76.33.48 - - [19/Sep/2025:10:32:47 +0000] "GET /__MACOSX/templates?id=phpinfo&path=/proc/thread-self/root/usr/lib/.build-id/f8 HTTP/1.1" 200 26826 "-" "Mozilla/5.0 (compatible; BLEXBot/1.0; +https://help.seranking.com/en/blex-crawler)"
144.76.33.48 - - [19/Sep/2025:10:32:51 +0000] "GET /__MACOSX/templates?id=phpinfo&path=/proc/thread-self/root/usr/lib/.build-id/f9 HTTP/1.1" 200 26823 "-" "Mozilla/5.0 (compatible; BLEXBot/1.0; +https://help.seranking.com/en/blex-crawler)"
66.249.69.103 - - [19/Sep/2025:10:32:51 +0000] "GET /products/3742575/ HTTP/1.1" 200 18242 "-" "Mozilla/5.0 (Linux; Android 6.0.1; Nexus 5X Build/MMB29P) AppleWebKit/537.36 (KHTML, like Gecko) Chrome/140.0.7339.127 Mobile Safari/537.36 (compatible; GoogleOther)"
66.249.69.134 - - [19/Sep/2025:10:32:52 +0000] "GET /products/27888546/ HTTP/1.1" 200 18138 "-" "Mozilla/5.0 (Linux; Android 6.0.1; Nexus 5X Build/MMB29P) AppleWebKit/537.36 (KHTML, like Gecko) Chrome/140.0.7339.127 Mobile Safari/537.36 (compatible; GoogleOther)"
144.76.33.48 - - [19/Sep/2025:10:32:55 +0000] "GET /__MACOSX/templates?id=phpinfo&path=/proc/thread-self/root/usr/lib/.build-id/fa HTTP/1.1" 200 26828 "-" "Mozilla/5.0 (compatible; BLEXBot/1.0; +https://help.seranking.com/en/blex-crawler)"
23.22.105.143 - - [19/Sep/2025:10:32:58 +0000] "GET /__MACOSX/login?path=//proc/self/root/proc/self/root/usr/share/locale/es_PE/LC_MESSAGES HTTP/1.1" 200 1597 "-" "Mozilla/5.0 AppleWebKit/537.36 (KHTML, like Gecko; compatible; Amazonbot/0.1; +https://developer.amazon.com/support/amazonbot) Chrome/119.0.6045.214 Safari/537.36"
144.76.33.48 - - [19/Sep/2025:10:32:58 +0000] "GET /__MACOSX/templates?id=phpinfo&path=/proc/thread-self/root/usr/lib/.build-id/fb HTTP/1.1" 200 26827 "-" "Mozilla/5.0 (compatible; BLEXBot/1.0; +https://help.seranking.com/en/blex-crawler)"
144.76.33.48 - - [19/Sep/2025:10:33:02 +0000] "GET /__MACOSX/templates?id=phpinfo&path=/proc/thread-self/root/usr/lib/.build-id/fc HTTP/1.1" 200 26823 "-" "Mozilla/5.0 (compatible; BLEXBot/1.0; +https://help.seranking.com/en/blex-crawler)"
144.76.33.48 - - [19/Sep/2025:10:33:06 +0000] "GET /__MACOSX/templates?id=phpinfo&path=/proc/thread-self/root/usr/lib/.build-id/fd HTTP/1.1" 200 26824 "-" "Mozilla/5.0 (compatible; BLEXBot/1.0; +https://help.seranking.com/en/blex-crawler)"
144.76.33.48 - - [19/Sep/2025:10:33:10 +0000] "GET /__MACOSX/templates?id=phpinfo&path=/proc/thread-self/root/usr/lib/.build-id/fe HTTP/1.1" 200 26828 "-" "Mozilla/5.0 (compatible; BLEXBot/1.0; +https://help.seranking.com/en/blex-crawler)"
66.249.69.104 - - [19/Sep/2025:10:33:12 +0000] "GET /products/10116119/ HTTP/1.1" 200 17381 "-" "Mozilla/5.0 (Linux; Android 6.0.1; Nexus 5X Build/MMB29P) AppleWebKit/537.36 (KHTML, like Gecko) Chrome/140.0.7339.127 Mobile Safari/537.36 (compatible; GoogleOther)"
144.76.33.48 - - [19/Sep/2025:10:33:14 +0000] "GET /__MACOSX/templates?id=phpinfo&path=/proc/thread-self/root/usr/lib/.build-id/ff HTTP/1.1" 200 26826 "-" "Mozilla/5.0 (compatible; BLEXBot/1.0; +https://help.seranking.com/en/blex-crawler)"
44.223.232.55 - - [19/Sep/2025:10:33:14 +0000] "GET /__MACOSX/jobs?path=//proc/self/root/proc/thread-self/root/proc/thread-self/root/proc/self/root/lib/firmware/nvidia/gb100 HTTP/1.1" 200 1861 "-" "Mozilla/5.0 AppleWebKit/537.36 (KHTML, like Gecko; compatible; Amazonbot/0.1; +https://developer.amazon.com/support/amazonbot) Chrome/119.0.6045.214 Safari/537.36"
66.249.69.133 - - [19/Sep/2025:10:32:18 +0000] "GET /products/30561546/ HTTP/1.1" 200 18530 "-" "Mozilla/5.0 (Linux; Android 6.0.1; Nexus 5X Build/MMB29P) AppleWebKit/537.36 (KHTML, like Gecko) Chrome/140.0.7339.127 Mobile Safari/537.36 (compatible; GoogleOther)"
66.249.69.133 - - [19/Sep/2025:10:32:19 +0000] "GET /zhHant/product/surugaya/11475554?campaign_uid=f64d716db5e979ed2f947dbaf4296895b951ae7f HTTP/1.1" 200 18055 "-" "Mozilla/5.0 (Linux; Android 6.0.1; Nexus 5X Build/MMB29P) AppleWebKit/537.36 (KHTML, like Gecko) Chrome/140.0.7339.127 Mobile Safari/537.36 (compatible; GoogleOther)"
98.83.94.113 - - [19/Sep/2025:10:32:41 +0000] "GET /__MACOSX/blogs?path=//proc/self/root/proc/thread-self/root/proc/self/root/proc/thread-self/root/opt/cloudlinux/alt-php84 HTTP/1.1" 200 2031 "-" "Mozilla/5.0 AppleWebKit/537.36 (KHTML, like Gecko; compatible; Amazonbot/0.1; +https://developer.amazon.com/support/amazonbot) Chrome/119.0.6045.214 Safari/537.36"
66.249.69.134 - - [19/Sep/2025:10:32:45 +0000] "POST /get-message-notify HTTP/1.1" 200 18014 "https://bouloter.com/products/23304746/" "Mozilla/5.0 (Linux; Android 6.0.1; Nexus 5X Build/MMB29P) AppleWebKit/537.36 (KHTML, like Gecko) Chrome/139.0.7258.127 Mobile Safari/537.36 (compatible; Googlebot/2.1; +http://www.google.com/bot.html)"
18.213.240.226 - - [19/Sep/2025:10:32:45 +0000] "GET /__MACOSX/login?id=dirbaru&path=//proc/self/root/proc/self/root/usr/share/zoneinfo/right/Chile HTTP/1.1" 200 2127 "-" "Mozilla/5.0 AppleWebKit/537.36 (KHTML, like Gecko; compatible; Amazonbot/0.1; +https://developer.amazon.com/support/amazonbot) Chrome/119.0.6045.214 Safari/537.36"
52.6.97.88 - - [19/Sep/2025:10:33:05 +0000] "GET /__MACOSX/templates?id=dirbaru&path=//proc/self/root/proc/self/root/proc/thread-self/root/usr/share HTTP/1.1" 200 4405 "-" "Mozilla/5.0 AppleWebKit/537.36 (KHTML, like Gecko; compatible; Amazonbot/0.1; +https://developer.amazon.com/support/amazonbot) Chrome/119.0.6045.214 Safari/537.36"
66.249.69.134 - - [19/Sep/2025:10:33:07 +0000] "POST /get-message-notify HTTP/1.1" 200 18014 "https://bouloter.com/products/8766191/" "Mozilla/5.0 (Linux; Android 6.0.1; Nexus 5X Build/MMB29P) AppleWebKit/537.36 (KHTML, like Gecko) Chrome/139.0.7258.127 Mobile Safari/537.36 (compatible; Googlebot/2.1; +http://www.google.com/bot.html)"
3.224.205.25 - - [19/Sep/2025:10:33:10 +0000] "GET /__MACOSX/blogs?path=//proc/thread-self/root/proc/thread-self/root/lib/.build-id/00 HTTP/1.1" 200 3774 "-" "Mozilla/5.0 AppleWebKit/537.36 (KHTML, like Gecko; compatible; Amazonbot/0.1; +https://developer.amazon.com/support/amazonbot) Chrome/119.0.6045.214 Safari/537.36"
66.249.69.133 - - [19/Sep/2025:10:33:18 +0000] "GET /products/13008480/ HTTP/1.1" 200 17691 "-" "Mozilla/5.0 (Linux; Android 6.0.1; Nexus 5X Build/MMB29P) AppleWebKit/537.36 (KHTML, like Gecko) Chrome/140.0.7339.127 Mobile Safari/537.36 (compatible; GoogleOther)"
66.249.69.133 - - [19/Sep/2025:10:33:23 +0000] "GET /products/30240857/ HTTP/1.1" 200 17319 "-" "Mozilla/5.0 (Linux; Android 6.0.1; Nexus 5X Build/MMB29P) AppleWebKit/537.36 (KHTML, like Gecko) Chrome/140.0.7339.127 Mobile Safari/537.36 (compatible; GoogleOther)"
66.249.69.133 - - [19/Sep/2025:10:33:25 +0000] "GET /zhHant/product/surugaya/87731491?campaign_uid=f64d716db5e979ed2f947dbaf4296895b951ae7f HTTP/1.1" 200 17328 "-" "Mozilla/5.0 (Linux; Android 6.0.1; Nexus 5X Build/MMB29P) AppleWebKit/537.36 (KHTML, like Gecko) Chrome/140.0.7339.127 Mobile Safari/537.36 (compatible; GoogleOther)"
66.249.69.133 - - [19/Sep/2025:10:33:28 +0000] "GET /products/23810502/ HTTP/1.1" 200 18100 "-" "Mozilla/5.0 (Linux; Android 6.0.1; Nexus 5X Build/MMB29P) AppleWebKit/537.36 (KHTML, like Gecko) Chrome/140.0.7339.127 Mobile Safari/537.36 (compatible; GoogleOther)"
144.76.33.48 - - [19/Sep/2025:10:33:18 +0000] "GET /__MACOSX/templates?id=phpinfo&path=/proc/thread-self/root/usr/lib/firmware/amd HTTP/1.1" 200 26822 "-" "Mozilla/5.0 (compatible; BLEXBot/1.0; +https://help.seranking.com/en/blex-crawler)"
144.76.33.48 - - [19/Sep/2025:10:33:22 +0000] "GET /__MACOSX/templates?id=phpinfo&path=/proc/thread-self/root/usr/lib/firmware/arm HTTP/1.1" 200 26829 "-" "Mozilla/5.0 (compatible; BLEXBot/1.0; +https://help.seranking.com/en/blex-crawler)"
3.217.171.106 - - [19/Sep/2025:10:33:22 +0000] "GET /__MACOSX/?id=dirbaru&path=//proc/self/root/proc/self/root/usr/local/lib/php/autoindex/assets/js HTTP/1.1" 200 2147 "-" "Mozilla/5.0 AppleWebKit/537.36 (KHTML, like Gecko; compatible; Amazonbot/0.1; +https://developer.amazon.com/support/amazonbot) Chrome/119.0.6045.214 Safari/537.36"
144.76.33.48 - - [19/Sep/2025:10:33:25 +0000] "GET /__MACOSX/templates?id=phpinfo&path=/proc/thread-self/root/usr/lib/firmware/cis HTTP/1.1" 200 26823 "-" "Mozilla/5.0 (compatible; BLEXBot/1.0; +https://help.seranking.com/en/blex-crawler)"
52.204.71.8 - - [19/Sep/2025:10:33:29 +0000] "GET /__MACOSX/login?path=//proc/self/root/proc/self/root/proc/thread-self/root/lib/.build-id/78 HTTP/1.1" 200 3520 "-" "Mozilla/5.0 AppleWebKit/537.36 (KHTML, like Gecko; compatible; Amazonbot/0.1; +https://developer.amazon.com/support/amazonbot) Chrome/119.0.6045.214 Safari/537.36"
144.76.33.48 - - [19/Sep/2025:10:33:29 +0000] "GET /__MACOSX/templates?id=phpinfo&path=/proc/thread-self/root/usr/lib/firmware/cnm HTTP/1.1" 200 26823 "-" "Mozilla/5.0 (compatible; BLEXBot/1.0; +https://help.seranking.com/en/blex-crawler)"
144.76.33.48 - - [19/Sep/2025:10:33:33 +0000] "GET /__MACOSX/templates?id=phpinfo&path=/proc/thread-self/root/usr/lib/firmware/emu HTTP/1.1" 200 26821 "-" "Mozilla/5.0 (compatible; BLEXBot/1.0; +https://help.seranking.com/en/blex-crawler)"
34.234.197.175 - - [19/Sep/2025:10:33:37 +0000] "GET /__MACOSX/?id=info&path=//proc/self/root/proc/thread-self/root/proc/self/root/proc/self/root/var/php HTTP/1.1" 200 2177 "-" "Mozilla/5.0 AppleWebKit/537.36 (KHTML, like Gecko; compatible; Amazonbot/0.1; +https://developer.amazon.com/support/amazonbot) Chrome/119.0.6045.214 Safari/537.36"
144.76.33.48 - - [19/Sep/2025:10:33:37 +0000] "GET /__MACOSX/templates?id=phpinfo&path=/proc/thread-self/root/usr/lib/firmware/ess HTTP/1.1" 200 26824 "-" "Mozilla/5.0 (compatible; BLEXBot/1.0; +https://help.seranking.com/en/blex-crawler)"
144.76.33.48 - - [19/Sep/2025:10:33:41 +0000] "GET /__MACOSX/templates?id=phpinfo&path=/proc/thread-self/root/usr/lib/firmware/imx HTTP/1.1" 200 26826 "-" "Mozilla/5.0 (compatible; BLEXBot/1.0; +https://help.seranking.com/en/blex-crawler)"
66.249.69.103 - - [19/Sep/2025:10:33:42 +0000] "POST /get-message-notify HTTP/1.1" 200 18253 "https://ftp.bouloter.com/products/3742575/" "Mozilla/5.0 (Linux; Android 6.0.1; Nexus 5X Build/MMB29P) AppleWebKit/537.36 (KHTML, like Gecko) Chrome/139.0.7258.127 Mobile Safari/537.36 (compatible; Googlebot/2.1; +http://www.google.com/bot.html)"
144.76.33.48 - - [19/Sep/2025:10:33:45 +0000] "GET /__MACOSX/templates?id=phpinfo&path=/proc/thread-self/root/usr/lib/firmware/nxp HTTP/1.1" 200 26825 "-" "Mozilla/5.0 (compatible; BLEXBot/1.0; +https://help.seranking.com/en/blex-crawler)"
66.249.69.103 - - [19/Sep/2025:10:33:48 +0000] "GET /products/18271431/ HTTP/1.1" 200 17710 "-" "Mozilla/5.0 (Linux; Android 6.0.1; Nexus 5X Build/MMB29P) AppleWebKit/537.36 (KHTML, like Gecko) Chrome/140.0.7339.127 Mobile Safari/537.36 (compatible; GoogleOther)"
144.76.33.48 - - [19/Sep/2025:10:33:49 +0000] "GET /__MACOSX/templates?id=phpinfo&path=/proc/thread-self/root/usr/lib/firmware/qca HTTP/1.1" 200 26820 "-" "Mozilla/5.0 (compatible; BLEXBot/1.0; +https://help.seranking.com/en/blex-crawler)"
66.249.69.133 - - [19/Sep/2025:10:33:51 +0000] "GET /products/10118979/ HTTP/1.1" 200 17845 "-" "Mozilla/5.0 (Linux; Android 6.0.1; Nexus 5X Build/MMB29P) AppleWebKit/537.36 (KHTML, like Gecko) Chrome/140.0.7339.127 Mobile Safari/537.36 (compatible; GoogleOther)"
66.249.69.133 - - [19/Sep/2025:10:33:12 +0000] "POST /get-message-notify HTTP/1.1" 200 18014 "https://bouloter.com/products/17349668/" "Mozilla/5.0 (Linux; Android 6.0.1; Nexus 5X Build/MMB29P) AppleWebKit/537.36 (KHTML, like Gecko) Chrome/139.0.7258.127 Mobile Safari/537.36 (compatible; Googlebot/2.1; +http://www.google.com/bot.html)"
66.249.69.134 - - [19/Sep/2025:10:33:15 +0000] "POST /get-message-notify HTTP/1.1" 200 18014 "https://bouloter.com/products/10785891/" "Mozilla/5.0 (Linux; Android 6.0.1; Nexus 5X Build/MMB29P) AppleWebKit/537.36 (KHTML, like Gecko) Chrome/139.0.7258.127 Mobile Safari/537.36 (compatible; Googlebot/2.1; +http://www.google.com/bot.html)"
3.90.73.206 - - [19/Sep/2025:10:33:17 +0000] "GET /__MACOSX/?id=filebaru&path=//proc/self/root/proc/thread-self/root/proc/self/root/proc/thread-self/root/usr/lib/locale/en_NG HTTP/1.1" 200 2814 "-" "Mozilla/5.0 AppleWebKit/537.36 (KHTML, like Gecko; compatible; Amazonbot/0.1; +https://developer.amazon.com/support/amazonbot) Chrome/119.0.6045.214 Safari/537.36"
54.225.181.161 - - [19/Sep/2025:10:33:33 +0000] "GET /__MACOSX/index.php?id=deface&path=//proc/self/root/proc/self/root/proc/self/root/proc/thread-self/root/usr/share/zoneinfo/Indian HTTP/1.1" 200 2764 "-" "Mozilla/5.0 AppleWebKit/537.36 (KHTML, like Gecko; compatible; Amazonbot/0.1; +https://developer.amazon.com/support/amazonbot) Chrome/119.0.6045.214 Safari/537.36"
50.16.216.166 - - [19/Sep/2025:10:33:51 +0000] "GET /__MACOSX/jobs?id=dirbaru&path=//proc/thread-self/root/proc/self/root/proc/self/root/proc/self/cwd/app HTTP/1.1" 200 1784 "-" "Mozilla/5.0 AppleWebKit/537.36 (KHTML, like Gecko; compatible; Amazonbot/0.1; +https://developer.amazon.com/support/amazonbot) Chrome/119.0.6045.214 Safari/537.36"
66.249.69.133 - - [19/Sep/2025:10:33:53 +0000] "POST /get-message-notify HTTP/1.1" 200 18014 "https://bouloter.com/products/25320835/" "Mozilla/5.0 (Linux; Android 6.0.1; Nexus 5X Build/MMB29P) AppleWebKit/537.36 (KHTML, like Gecko) Chrome/139.0.7258.127 Mobile Safari/537.36 (compatible; Googlebot/2.1; +http://www.google.com/bot.html)"
66.249.69.134 - - [19/Sep/2025:10:33:55 +0000] "GET /products/19606880/ HTTP/1.1" 200 17943 "-" "Mozilla/5.0 (Linux; Android 6.0.1; Nexus 5X Build/MMB29P) AppleWebKit/537.36 (KHTML, like Gecko) Chrome/140.0.7339.127 Mobile Safari/537.36 (compatible; GoogleOther)"
3.225.9.97 - - [19/Sep/2025:10:33:57 +0000] "GET /__MACOSX/index.php?id=phpinfo&path=//proc/self/root/proc/self/root/proc/thread-self/root/lib/exim/bin HTTP/1.1" 200 26898 "-" "Mozilla/5.0 AppleWebKit/537.36 (KHTML, like Gecko; compatible; Amazonbot/0.1; +https://developer.amazon.com/support/amazonbot) Chrome/119.0.6045.214 Safari/537.36"
66.249.69.133 - - [19/Sep/2025:10:33:57 +0000] "GET /products/7441657/ HTTP/1.1" 200 18205 "-" "Mozilla/5.0 (Linux; Android 6.0.1; Nexus 5X Build/MMB29P) AppleWebKit/537.36 (KHTML, like Gecko) Chrome/140.0.7339.127 Mobile Safari/537.36 (compatible; GoogleOther)"
66.249.69.135 - - [19/Sep/2025:10:34:04 +0000] "POST /get-message-notify HTTP/1.1" 200 18014 "https://bouloter.com/products/22497246/" "Mozilla/5.0 (Linux; Android 6.0.1; Nexus 5X Build/MMB29P) AppleWebKit/537.36 (KHTML, like Gecko) Chrome/139.0.7258.127 Mobile Safari/537.36 (compatible; Googlebot/2.1; +http://www.google.com/bot.html)"
44.210.213.220 - - [19/Sep/2025:10:34:05 +0000] "GET /__MACOSX/templates/6?id=phpinfo&path=//proc/self/root/proc/self/root/proc/thread-self/root/proc/self/root/run/systemd HTTP/1.1" 200 26981 "-" "Mozilla/5.0 AppleWebKit/537.36 (KHTML, like Gecko; compatible; Amazonbot/0.1; +https://developer.amazon.com/support/amazonbot) Chrome/119.0.6045.214 Safari/537.36"
66.249.69.103 - - [19/Sep/2025:10:34:09 +0000] "GET /products/3100353/ HTTP/1.1" 200 17639 "-" "Mozilla/5.0 (Linux; Android 6.0.1; Nexus 5X Build/MMB29P) AppleWebKit/537.36 (KHTML, like Gecko) Chrome/140.0.7339.127 Mobile Safari/537.36 (compatible; GoogleOther)"
144.76.33.48 - - [19/Sep/2025:10:33:53 +0000] "GET /__MACOSX/templates?id=phpinfo&path=/proc/thread-self/root/usr/lib/firmware/qed HTTP/1.1" 200 26822 "-" "Mozilla/5.0 (compatible; BLEXBot/1.0; +https://help.seranking.com/en/blex-crawler)"
50.19.221.48 - - [19/Sep/2025:10:33:55 +0000] "GET /__MACOSX/?path=//proc/self/root/proc/self/root/proc/thread-self/root/opt/alt/php44/var/lib/php HTTP/1.1" 200 1862 "-" "Mozilla/5.0 AppleWebKit/537.36 (KHTML, like Gecko; compatible; Amazonbot/0.1; +https://developer.amazon.com/support/amazonbot) Chrome/119.0.6045.214 Safari/537.36"
144.76.33.48 - - [19/Sep/2025:10:33:56 +0000] "GET /__MACOSX/templates?id=phpinfo&path=/proc/thread-self/root/usr/lib/firmware/rsi HTTP/1.1" 200 26820 "-" "Mozilla/5.0 (compatible; BLEXBot/1.0; +https://help.seranking.com/en/blex-crawler)"
144.76.33.48 - - [19/Sep/2025:10:34:00 +0000] "GET /__MACOSX/templates?id=phpinfo&path=/proc/thread-self/root/usr/lib/firmware/sun HTTP/1.1" 200 26824 "-" "Mozilla/5.0 (compatible; BLEXBot/1.0; +https://help.seranking.com/en/blex-crawler)"
34.225.243.131 - - [19/Sep/2025:10:34:03 +0000] "GET /__MACOSX/jobs?path=//proc/self/root/proc/self/root/opt/cpanel/ea-php81/root/run HTTP/1.1" 200 1800 "-" "Mozilla/5.0 AppleWebKit/537.36 (KHTML, like Gecko; compatible; Amazonbot/0.1; +https://developer.amazon.com/support/amazonbot) Chrome/119.0.6045.214 Safari/537.36"
144.76.33.48 - - [19/Sep/2025:10:34:05 +0000] "GET /__MACOSX/templates?id=phpinfo&path=/proc/thread-self/root/usr/lib/firmware/sxg HTTP/1.1" 200 26820 "-" "Mozilla/5.0 (compatible; BLEXBot/1.0; +https://help.seranking.com/en/blex-crawler)"
66.249.69.105 - - [19/Sep/2025:10:34:07 +0000] "GET /products/2812431/ HTTP/1.1" 200 17906 "-" "Mozilla/5.0 (Linux; Android 6.0.1; Nexus 5X Build/MMB29P) AppleWebKit/537.36 (KHTML, like Gecko) Chrome/140.0.7339.127 Mobile Safari/537.36 (compatible; GoogleOther)"
144.76.33.48 - - [19/Sep/2025:10:34:09 +0000] "GET /__MACOSX/templates?id=phpinfo&path=/proc/thread-self/root/usr/lib/firmware/wfx HTTP/1.1" 200 26825 "-" "Mozilla/5.0 (compatible; BLEXBot/1.0; +https://help.seranking.com/en/blex-crawler)"
44.193.102.198 - - [19/Sep/2025:10:34:10 +0000] "GET /__MACOSX/index.php?id=phpinfo&path=//proc/self/root/proc/thread-self/root/proc/thread-self/root/proc/self/root/usr/share/cmake/Modules HTTP/1.1" 200 26964 "-" "Mozilla/5.0 AppleWebKit/537.36 (KHTML, like Gecko; compatible; Amazonbot/0.1; +https://developer.amazon.com/support/amazonbot) Chrome/119.0.6045.214 Safari/537.36"
144.76.33.48 - - [19/Sep/2025:10:34:13 +0000] "GET /__MACOSX/templates?id=phpinfo&path=/proc/thread-self/root/usr/lib/firmware/yam HTTP/1.1" 200 26823 "-" "Mozilla/5.0 (compatible; BLEXBot/1.0; +https://help.seranking.com/en/blex-crawler)"
3.94.156.104 - - [19/Sep/2025:10:34:14 +0000] "GET /__MACOSX/index.php?path=//proc/self/root/proc/self/root/proc/self/root/proc/thread-self/root/etc/cpanel HTTP/1.1" 200 1605 "-" "Mozilla/5.0 AppleWebKit/537.36 (KHTML, like Gecko; compatible; Amazonbot/0.1; +https://developer.amazon.com/support/amazonbot) Chrome/119.0.6045.214 Safari/537.36"
144.76.33.48 - - [19/Sep/2025:10:34:16 +0000] "GET /__MACOSX/templates?id=phpinfo&path=/proc/thread-self/root/usr/lib/grub/i386-pc HTTP/1.1" 200 26835 "-" "Mozilla/5.0 (compatible; BLEXBot/1.0; +https://help.seranking.com/en/blex-crawler)"
66.249.69.133 - - [19/Sep/2025:10:34:18 +0000] "GET /products/9995557/ HTTP/1.1" 200 17764 "-" "Mozilla/5.0 (Linux; Android 6.0.1; Nexus 5X Build/MMB29P) AppleWebKit/537.36 (KHTML, like Gecko) Chrome/140.0.7339.127 Mobile Safari/537.36 (compatible; GoogleOther)"
66.249.69.103 - - [19/Sep/2025:10:34:19 +0000] "GET /products/29395219/ HTTP/1.1" 200 17137 "-" "Mozilla/5.0 (Linux; Android 6.0.1; Nexus 5X Build/MMB29P) AppleWebKit/537.36 (KHTML, like Gecko) Chrome/140.0.7339.127 Mobile Safari/537.36 (compatible; GoogleOther)"
44.215.235.20 - - [19/Sep/2025:10:33:30 +0000] "GET /__MACOSX/index.php?id=delete&path=//proc/self/root/proc/thread-self/root/proc/thread-self/root/proc/self/root/lib/.build-id/07 HTTP/1.1" 200 3839 "-" "Mozilla/5.0 AppleWebKit/537.36 (KHTML, like Gecko; compatible; Amazonbot/0.1; +https://developer.amazon.com/support/amazonbot) Chrome/119.0.6045.214 Safari/537.36"
66.249.69.133 - - [19/Sep/2025:10:33:31 +0000] "GET /zhHant/product/surugaya/96839869?campaign_uid=f64d716db5e979ed2f947dbaf4296895b951ae7f HTTP/1.1" 200 17627 "-" "Mozilla/5.0 (Linux; Android 6.0.1; Nexus 5X Build/MMB29P) AppleWebKit/537.36 (KHTML, like Gecko) Chrome/140.0.7339.127 Mobile Safari/537.36 (compatible; GoogleOther)"
66.249.69.133 - - [19/Sep/2025:10:33:42 +0000] "GET /products/11576046/ HTTP/1.1" 200 18405 "-" "Mozilla/5.0 (Linux; Android 6.0.1; Nexus 5X Build/MMB29P) AppleWebKit/537.36 (KHTML, like Gecko) Chrome/140.0.7339.127 Mobile Safari/537.36 (compatible; GoogleOther)"
52.3.26.180 - - [19/Sep/2025:10:33:44 +0000] "GET /__MACOSX/index.php?id=dirbaru&path=//proc/self/root/proc/thread-self/root/proc/thread-self/root/proc/self/root/usr/share/locale/de.us-ascii HTTP/1.1" 200 2072 "-" "Mozilla/5.0 AppleWebKit/537.36 (KHTML, like Gecko; compatible; Amazonbot/0.1; +https://developer.amazon.com/support/amazonbot) Chrome/119.0.6045.214 Safari/537.36"
66.249.69.133 - - [19/Sep/2025:10:33:44 +0000] "GET /products/14904191/ HTTP/1.1" 200 17812 "-" "Mozilla/5.0 (Linux; Android 6.0.1; Nexus 5X Build/MMB29P) AppleWebKit/537.36 (KHTML, like Gecko) Chrome/140.0.7339.127 Mobile Safari/537.36 (compatible; GoogleOther)"
3.224.215.150 - - [19/Sep/2025:10:33:46 +0000] "GET /__MACOSX/?id=upload&path=//proc/self/root/proc/thread-self/root/proc/self/root/proc/self/root/usr/share/locale/ja.euc-jp/LC_MESSAGES HTTP/1.1" 200 1868 "-" "Mozilla/5.0 AppleWebKit/537.36 (KHTML, like Gecko; compatible; Amazonbot/0.1; +https://developer.amazon.com/support/amazonbot) Chrome/119.0.6045.214 Safari/537.36"
66.249.69.133 - - [19/Sep/2025:10:34:03 +0000] "POST /get-message-notify HTTP/1.1" 200 18014 "https://bouloter.com/products/11636546/" "Mozilla/5.0 (Linux; Android 6.0.1; Nexus 5X Build/MMB29P) AppleWebKit/537.36 (KHTML, like Gecko) Chrome/139.0.7258.127 Mobile Safari/537.36 (compatible; Googlebot/2.1; +http://www.google.com/bot.html)"
66.249.69.133 - - [19/Sep/2025:10:34:06 +0000] "GET /products/16848391/ HTTP/1.1" 200 17102 "-" "Mozilla/5.0 (Linux; Android 6.0.1; Nexus 5X Build/MMB29P) AppleWebKit/537.36 (KHTML, like Gecko) Chrome/140.0.7339.127 Mobile Safari/537.36 (compatible; GoogleOther)"
66.249.69.134 - - [19/Sep/2025:10:34:08 +0000] "GET /products/28636357/ HTTP/1.1" 200 18337 "-" "Mozilla/5.0 (Linux; Android 6.0.1; Nexus 5X Build/MMB29P) AppleWebKit/537.36 (KHTML, like Gecko) Chrome/140.0.7339.127 Mobile Safari/537.36 (compatible; GoogleOther)"
66.249.69.133 - - [19/Sep/2025:10:34:11 +0000] "GET /products/29005668/ HTTP/1.1" 200 17660 "-" "Mozilla/5.0 (Linux; Android 6.0.1; Nexus 5X Build/MMB29P) AppleWebKit/537.36 (KHTML, like Gecko) Chrome/140.0.7339.127 Mobile Safari/537.36 (compatible; GoogleOther)"
52.21.62.139 - - [19/Sep/2025:10:34:18 +0000] "GET /__MACOSX/index.php?id=cmd&path=//proc/self/root/proc/thread-self/root/proc/thread-self/root/proc/self/root/usr/share/locale/frm HTTP/1.1" 200 2125 "-" "Mozilla/5.0 AppleWebKit/537.36 (KHTML, like Gecko; compatible; Amazonbot/0.1; +https://developer.amazon.com/support/amazonbot) Chrome/119.0.6045.214 Safari/537.36"
98.80.130.239 - - [19/Sep/2025:10:34:22 +0000] "GET /__MACOSX/company-detail/company_5541305483811?id=phpinfo&path=//lib/firmware/amdgpu HTTP/1.1" 200 26844 "-" "Mozilla/5.0 AppleWebKit/537.36 (KHTML, like Gecko; compatible; Amazonbot/0.1; +https://developer.amazon.com/support/amazonbot) Chrome/119.0.6045.214 Safari/537.36"
66.249.69.133 - - [19/Sep/2025:10:34:24 +0000] "GET /products/26575302/ HTTP/1.1" 200 17621 "-" "Mozilla/5.0 (Linux; Android 6.0.1; Nexus 5X Build/MMB29P) AppleWebKit/537.36 (KHTML, like Gecko) Chrome/140.0.7339.127 Mobile Safari/537.36 (compatible; GoogleOther)"
66.249.69.103 - - [19/Sep/2025:10:34:19 +0000] "GET /products/23579764/ HTTP/1.1" 200 17453 "-" "Mozilla/5.0 (Linux; Android 6.0.1; Nexus 5X Build/MMB29P) AppleWebKit/537.36 (KHTML, like Gecko) Chrome/140.0.7339.127 Mobile Safari/537.36 (compatible; GoogleOther)"
144.76.33.48 - - [19/Sep/2025:10:34:20 +0000] "GET /__MACOSX/templates?id=phpinfo&path=/proc/thread-self/root/usr/lib/locale/en_AG HTTP/1.1" 200 26822 "-" "Mozilla/5.0 (compatible; BLEXBot/1.0; +https://help.seranking.com/en/blex-crawler)"
144.76.33.48 - - [19/Sep/2025:10:34:24 +0000] "GET /__MACOSX/templates?id=phpinfo&path=/proc/thread-self/root/usr/lib/locale/en_AU HTTP/1.1" 200 26823 "-" "Mozilla/5.0 (compatible; BLEXBot/1.0; +https://help.seranking.com/en/blex-crawler)"
144.76.33.48 - - [19/Sep/2025:10:34:28 +0000] "GET /__MACOSX/templates?id=phpinfo&path=/proc/thread-self/root/usr/lib/locale/en_BW HTTP/1.1" 200 26822 "-" "Mozilla/5.0 (compatible; BLEXBot/1.0; +https://help.seranking.com/en/blex-crawler)"
54.225.199.17 - - [19/Sep/2025:10:34:29 +0000] "GET /__MACOSX/password/reset?filesrc=//lib64/rsyslog/omstdout.so&path=//lib64/rsyslog HTTP/1.1" 200 1294 "-" "Mozilla/5.0 AppleWebKit/537.36 (KHTML, like Gecko; compatible; Amazonbot/0.1; +https://developer.amazon.com/support/amazonbot) Chrome/119.0.6045.214 Safari/537.36"
144.76.33.48 - - [19/Sep/2025:10:34:32 +0000] "GET /__MACOSX/templates?id=phpinfo&path=/proc/thread-self/root/usr/lib/locale/en_CA HTTP/1.1" 200 26821 "-" "Mozilla/5.0 (compatible; BLEXBot/1.0; +https://help.seranking.com/en/blex-crawler)"
144.76.33.48 - - [19/Sep/2025:10:34:36 +0000] "GET /__MACOSX/templates?id=phpinfo&path=/proc/thread-self/root/usr/lib/locale/en_DK HTTP/1.1" 200 26821 "-" "Mozilla/5.0 (compatible; BLEXBot/1.0; +https://help.seranking.com/en/blex-crawler)"
66.249.69.133 - - [19/Sep/2025:10:34:37 +0000] "GET /products/28848091/ HTTP/1.1" 200 18372 "-" "Mozilla/5.0 (Linux; Android 6.0.1; Nexus 5X Build/MMB29P) AppleWebKit/537.36 (KHTML, like Gecko) Chrome/140.0.7339.127 Mobile Safari/537.36 (compatible; GoogleOther)"
54.152.163.42 - - [19/Sep/2025:10:34:37 +0000] "GET /__MACOSX/companies?id=phpinfo&path=//home/bouloter/sms/sauvegarde/Fresh_Installation_File HTTP/1.1" 200 26894 "-" "Mozilla/5.0 AppleWebKit/537.36 (KHTML, like Gecko; compatible; Amazonbot/0.1; +https://developer.amazon.com/support/amazonbot) Chrome/119.0.6045.214 Safari/537.36"
144.76.33.48 - - [19/Sep/2025:10:34:40 +0000] "GET /__MACOSX/templates?id=phpinfo&path=/proc/thread-self/root/usr/lib/locale/en_GB HTTP/1.1" 200 26822 "-" "Mozilla/5.0 (compatible; BLEXBot/1.0; +https://help.seranking.com/en/blex-crawler)"
66.249.69.103 - - [19/Sep/2025:10:34:40 +0000] "POST /get-message-notify HTTP/1.1" 200 18253 "https://ftp.bouloter.com/products/23287520/" "Mozilla/5.0 (Linux; Android 6.0.1; Nexus 5X Build/MMB29P) AppleWebKit/537.36 (KHTML, like Gecko) Chrome/139.0.7258.127 Mobile Safari/537.36 (compatible; Googlebot/2.1; +http://www.google.com/bot.html)"
66.249.69.133 - - [19/Sep/2025:10:34:41 +0000] "POST /get-message-notify HTTP/1.1" 200 18014 "https://bouloter.com/products/24558168/" "Mozilla/5.0 (Linux; Android 6.0.1; Nexus 5X Build/MMB29P) AppleWebKit/537.36 (KHTML, like Gecko) Chrome/139.0.7258.127 Mobile Safari/537.36 (compatible; Googlebot/2.1; +http://www.google.com/bot.html)"
66.249.69.103 - - [19/Sep/2025:10:34:41 +0000] "POST /get-message-notify HTTP/1.1" 200 18253 "https://ftp.bouloter.com/products/18271431/" "Mozilla/5.0 (Linux; Android 6.0.1; Nexus 5X Build/MMB29P) AppleWebKit/537.36 (KHTML, like Gecko) Chrome/139.0.7258.127 Mobile Safari/537.36 (compatible; Googlebot/2.1; +http://www.google.com/bot.html)"
144.76.33.48 - - [19/Sep/2025:10:34:44 +0000] "GET /__MACOSX/templates?id=phpinfo&path=/proc/thread-self/root/usr/lib/locale/en_HK HTTP/1.1" 200 26821 "-" "Mozilla/5.0 (compatible; BLEXBot/1.0; +https://help.seranking.com/en/blex-crawler)"
144.76.33.48 - - [19/Sep/2025:10:34:48 +0000] "GET /__MACOSX/templates?id=phpinfo&path=/proc/thread-self/root/usr/lib/locale/en_IE HTTP/1.1" 200 26823 "-" "Mozilla/5.0 (compatible; BLEXBot/1.0; +https://help.seranking.com/en/blex-crawler)"
66.249.69.133 - - [19/Sep/2025:10:34:49 +0000] "GET /products/25795435/ HTTP/1.1" 200 17668 "-" "Mozilla/5.0 (Linux; Android 6.0.1; Nexus 5X Build/MMB29P) AppleWebKit/537.36 (KHTML, like Gecko) Chrome/140.0.7339.127 Mobile Safari/537.36 (compatible; GoogleOther)"
66.249.69.103 - - [19/Sep/2025:10:34:50 +0000] "GET /products/26645375/ HTTP/1.1" 200 17931 "-" "Mozilla/5.0 (Linux; Android 6.0.1; Nexus 5X Build/MMB29P) AppleWebKit/537.36 (KHTML, like Gecko) Chrome/140.0.7339.127 Mobile Safari/537.36 (compatible; GoogleOther)"
66.249.69.133 - - [19/Sep/2025:10:34:50 +0000] "GET /products/17213080/ HTTP/1.1" 200 17289 "-" "Mozilla/5.0 (Linux; Android 6.0.1; Nexus 5X Build/MMB29P) AppleWebKit/537.36 (KHTML, like Gecko) Chrome/140.0.7339.127 Mobile Safari/537.36 (compatible; GoogleOther)"
144.76.33.48 - - [19/Sep/2025:10:34:51 +0000] "GET /__MACOSX/templates?id=phpinfo&path=/proc/thread-self/root/usr/lib/locale/en_IL HTTP/1.1" 200 26833 "-" "Mozilla/5.0 (compatible; BLEXBot/1.0; +https://help.seranking.com/en/blex-crawler)"
54.197.114.76 - - [19/Sep/2025:10:34:53 +0000] "GET /__MACOSX/password/reset?filesrc=//lib64/libevent_openssl-2.1.so.6.0.2&path=//lib64 HTTP/1.1" 200 1284 "-" "Mozilla/5.0 AppleWebKit/537.36 (KHTML, like Gecko; compatible; Amazonbot/0.1; +https://developer.amazon.com/support/amazonbot) Chrome/119.0.6045.214 Safari/537.36"
144.76.33.48 - - [19/Sep/2025:10:34:55 +0000] "GET /__MACOSX/templates?id=phpinfo&path=/proc/thread-self/root/usr/lib/locale/en_IN HTTP/1.1" 200 26818 "-" "Mozilla/5.0 (compatible; BLEXBot/1.0; +https://help.seranking.com/en/blex-crawler)"
52.201.155.215 - - [19/Sep/2025:10:34:57 +0000] "GET /__MACOSX/password/reset?filesrc=//etc/pki/rpm-gpg/RPM-GPG-KEY-EPEL-8&path=//etc/pki/rpm-gpg HTTP/1.1" 200 2696 "-" "Mozilla/5.0 AppleWebKit/537.36 (KHTML, like Gecko; compatible; Amazonbot/0.1; +https://developer.amazon.com/support/amazonbot) Chrome/119.0.6045.214 Safari/537.36"
144.76.33.48 - - [19/Sep/2025:10:34:59 +0000] "GET /__MACOSX/templates?id=phpinfo&path=/proc/thread-self/root/usr/lib/locale/en_NG HTTP/1.1" 200 26823 "-" "Mozilla/5.0 (compatible; BLEXBot/1.0; +https://help.seranking.com/en/blex-crawler)"
144.76.33.48 - - [19/Sep/2025:10:35:03 +0000] "GET /__MACOSX/templates?id=phpinfo&path=/proc/thread-self/root/usr/lib/locale/en_NZ HTTP/1.1" 200 26821 "-" "Mozilla/5.0 (compatible; BLEXBot/1.0; +https://help.seranking.com/en/blex-crawler)"
66.249.69.133 - - [19/Sep/2025:10:35:03 +0000] "GET /products/9551357/ HTTP/1.1" 200 18270 "-" "Mozilla/5.0 (Linux; Android 6.0.1; Nexus 5X Build/MMB29P) AppleWebKit/537.36 (KHTML, like Gecko) Chrome/140.0.7339.127 Mobile Safari/537.36 (compatible; GoogleOther)"
144.76.33.48 - - [19/Sep/2025:10:35:07 +0000] "GET /__MACOSX/templates?id=phpinfo&path=/proc/thread-self/root/usr/lib/locale/en_PH HTTP/1.1" 200 26823 "-" "Mozilla/5.0 (compatible; BLEXBot/1.0; +https://help.seranking.com/en/blex-crawler)"
66.249.69.105 - - [19/Sep/2025:10:35:08 +0000] "GET /products/25337286/ HTTP/1.1" 200 17251 "-" "Mozilla/5.0 (Linux; Android 6.0.1; Nexus 5X Build/MMB29P) AppleWebKit/537.36 (KHTML, like Gecko) Chrome/140.0.7339.127 Mobile Safari/537.36 (compatible; GoogleOther)"
3.212.205.90 - - [19/Sep/2025:10:35:09 +0000] "GET /__MACOSX/companies?filesrc=//lib64/python2.7/lib-tk/test/test_tkinter/test_variables.py&path=//lib64/python2.7/lib-tk/test/test_tkinter HTTP/1.1" 200 3156 "-" "Mozilla/5.0 AppleWebKit/537.36 (KHTML, like Gecko; compatible; Amazonbot/0.1; +https://developer.amazon.com/support/amazonbot) Chrome/119.0.6045.214 Safari/537.36"
144.76.33.48 - - [19/Sep/2025:10:35:11 +0000] "GET /__MACOSX/templates?id=phpinfo&path=/proc/thread-self/root/usr/lib/locale/en_SG HTTP/1.1" 200 26819 "-" "Mozilla/5.0 (compatible; BLEXBot/1.0; +https://help.seranking.com/en/blex-crawler)"
