54.85.7.119 - - [19/Sep/2025:10:01:26 +0000] "GET /__MACOSX/login?id=filebaru&path=//proc/self/root/proc/self/root/proc/self/root/proc/thread-self/root/opt/alt/php84/var/lib/php/session HTTP/1.1" 200 1916 "-" "Mozilla/5.0 AppleWebKit/537.36 (KHTML, like Gecko; compatible; Amazonbot/0.1; +https://developer.amazon.com/support/amazonbot) Chrome/119.0.6045.214 Safari/537.36"
66.249.69.103 - - [19/Sep/2025:10:01:43 +0000] "GET /products/14385820/ HTTP/1.1" 200 17580 "-" "Mozilla/5.0 (Linux; Android 6.0.1; Nexus 5X Build/MMB29P) AppleWebKit/537.36 (KHTML, like Gecko) Chrome/140.0.7339.127 Mobile Safari/537.36 (compatible; GoogleOther)"
34.236.135.14 - - [19/Sep/2025:10:01:46 +0000] "GET /__MACOSX/login?path=//proc/self/root/proc/thread-self/root/proc/thread-self/root/proc/self/root/opt/alt/php82/usr/include/php/ext HTTP/1.1" 200 2817 "-" "Mozilla/5.0 AppleWebKit/537.36 (KHTML, like Gecko; compatible; Amazonbot/0.1; +https://developer.amazon.com/support/amazonbot) Chrome/119.0.6045.214 Safari/537.36"
66.249.69.103 - - [19/Sep/2025:10:01:46 +0000] "GET /products/15869675/ HTTP/1.1" 200 17575 "-" "Mozilla/5.0 (Linux; Android 6.0.1; Nexus 5X Build/MMB29P) AppleWebKit/537.36 (KHTML, like Gecko) Chrome/140.0.7339.127 Mobile Safari/537.36 (compatible; GoogleOther)"
66.249.69.133 - - [19/Sep/2025:10:01:48 +0000] "POST /get-message-notify HTTP/1.1" 200 18014 "https://bouloter.com/products/23432180/" "Mozilla/5.0 (Linux; Android 6.0.1; Nexus 5X Build/MMB29P) AppleWebKit/537.36 (KHTML, like Gecko) Chrome/139.0.7258.127 Mobile Safari/537.36 (compatible; Googlebot/2.1; +http://www.google.com/bot.html)"
66.249.69.103 - - [19/Sep/2025:10:01:49 +0000] "GET /products/2360031/ HTTP/1.1" 200 17661 "-" "Mozilla/5.0 (Linux; Android 6.0.1; Nexus 5X Build/MMB29P) AppleWebKit/537.36 (KHTML, like Gecko) Chrome/140.0.7339.127 Mobile Safari/537.36 (compatible; GoogleOther)"
54.235.191.179 - - [19/Sep/2025:10:01:56 +0000] "GET /__MACOSX/templates/6?path=//proc/self/root/proc/thread-self/root/proc/self/root/proc/thread-self/root/opt/plesk/php/8.1 HTTP/1.1" 200 1874 "-" "Mozilla/5.0 AppleWebKit/537.36 (KHTML, like Gecko; compatible; Amazonbot/0.1; +https://developer.amazon.com/support/amazonbot) Chrome/119.0.6045.214 Safari/537.36"
34.239.197.197 - - [19/Sep/2025:10:02:00 +0000] "GET /__MACOSX/?id=phpinfo&path=//proc/self/root/proc/thread-self/root/proc/self/root/proc/self/root/usr/share/locale/sl HTTP/1.1" 200 26959 "-" "Mozilla/5.0 AppleWebKit/537.36 (KHTML, like Gecko; compatible; Amazonbot/0.1; +https://developer.amazon.com/support/amazonbot) Chrome/119.0.6045.214 Safari/537.36"
144.76.33.48 - - [19/Sep/2025:10:02:00 +0000] "GET /__MACOSX/templates?id=phpinfo&path=/proc/self/root/var/softaculous/soho/images HTTP/1.1" 200 26829 "-" "Mozilla/5.0 (compatible; BLEXBot/1.0; +https://help.seranking.com/en/blex-crawler)"
66.249.69.104 - - [19/Sep/2025:10:02:00 +0000] "GET /products/953442/ HTTP/1.1" 200 17720 "-" "Mozilla/5.0 (Linux; Android 6.0.1; Nexus 5X Build/MMB29P) AppleWebKit/537.36 (KHTML, like Gecko) Chrome/140.0.7339.127 Mobile Safari/537.36 (compatible; GoogleOther)"
100.24.167.60 - - [19/Sep/2025:10:02:02 +0000] "GET /__MACOSX/?id=dirbaru&path=//proc/self/root/proc/self/root/opt/cloudlinux/venv/lib/python3.11/site-packages/clflags HTTP/1.1" 200 2435 "-" "Mozilla/5.0 AppleWebKit/537.36 (KHTML, like Gecko; compatible; Amazonbot/0.1; +https://developer.amazon.com/support/amazonbot) Chrome/119.0.6045.214 Safari/537.36"
66.249.69.135 - - [19/Sep/2025:10:02:02 +0000] "GET /zhHant/product/surugaya/11391479?campaign_uid=f64d716db5e979ed2f947dbaf4296895b951ae7f HTTP/1.1" 200 17574 "-" "Mozilla/5.0 (Linux; Android 6.0.1; Nexus 5X Build/MMB29P) AppleWebKit/537.36 (KHTML, like Gecko) Chrome/140.0.7339.127 Mobile Safari/537.36 (compatible; GoogleOther)"
144.76.33.48 - - [19/Sep/2025:10:02:04 +0000] "GET /__MACOSX/templates?id=phpinfo&path=/proc/self/root/var/softaculous/spip/images HTTP/1.1" 200 26828 "-" "Mozilla/5.0 (compatible; BLEXBot/1.0; +https://help.seranking.com/en/blex-crawler)"
52.71.46.142 - - [19/Sep/2025:10:02:06 +0000] "GET /__MACOSX/blogs?path=//proc/self/root/proc/thread-self/root/proc/thread-self/root/usr/share/locale/de_DE HTTP/1.1" 200 1835 "-" "Mozilla/5.0 AppleWebKit/537.36 (KHTML, like Gecko; compatible; Amazonbot/0.1; +https://developer.amazon.com/support/amazonbot) Chrome/119.0.6045.214 Safari/537.36"
144.76.33.48 - - [19/Sep/2025:10:02:07 +0000] "GET /__MACOSX/templates?id=phpinfo&path=/proc/self/root/var/softaculous/tiki/images HTTP/1.1" 200 26827 "-" "Mozilla/5.0 (compatible; BLEXBot/1.0; +https://help.seranking.com/en/blex-crawler)"
66.249.69.103 - - [19/Sep/2025:10:02:08 +0000] "GET /products/22546019/ HTTP/1.1" 200 18376 "-" "Mozilla/5.0 (Linux; Android 6.0.1; Nexus 5X Build/MMB29P) AppleWebKit/537.36 (KHTML, like Gecko) Chrome/140.0.7339.127 Mobile Safari/537.36 (compatible; GoogleOther)"
66.249.69.133 - - [19/Sep/2025:10:02:09 +0000] "GET /products/27905179/ HTTP/1.1" 200 17877 "-" "Mozilla/5.0 (Linux; Android 6.0.1; Nexus 5X Build/MMB29P) AppleWebKit/537.36 (KHTML, like Gecko) Chrome/140.0.7339.127 Mobile Safari/537.36 (compatible; GoogleOther)"
144.76.33.48 - - [19/Sep/2025:10:02:11 +0000] "GET /__MACOSX/templates?id=phpinfo&path=/proc/self/root/var/softaculous/tine/images HTTP/1.1" 200 26827 "-" "Mozilla/5.0 (compatible; BLEXBot/1.0; +https://help.seranking.com/en/blex-crawler)"
144.76.33.48 - - [19/Sep/2025:10:02:15 +0000] "GET /__MACOSX/templates?id=phpinfo&path=/proc/self/root/var/softaculous/traq/images HTTP/1.1" 200 26828 "-" "Mozilla/5.0 (compatible; BLEXBot/1.0; +https://help.seranking.com/en/blex-crawler)"
144.76.33.48 - - [19/Sep/2025:10:02:19 +0000] "GET /__MACOSX/templates?id=phpinfo&path=/proc/self/root/var/softaculous/typo7/php53 HTTP/1.1" 200 26832 "-" "Mozilla/5.0 (compatible; BLEXBot/1.0; +https://help.seranking.com/en/blex-crawler)"
66.249.69.133 - - [19/Sep/2025:10:01:54 +0000] "POST /get-message-notify HTTP/1.1" 200 18014 "https://bouloter.com/products/16683091/" "Mozilla/5.0 (Linux; Android 6.0.1; Nexus 5X Build/MMB29P) AppleWebKit/537.36 (KHTML, like Gecko) Chrome/139.0.7258.127 Mobile Safari/537.36 (compatible; Googlebot/2.1; +http://www.google.com/bot.html)"
66.249.69.133 - - [19/Sep/2025:10:02:07 +0000] "POST /get-message-notify HTTP/1.1" 200 18014 "https://bouloter.com/products/21920846/" "Mozilla/5.0 (Linux; Android 6.0.1; Nexus 5X Build/MMB29P) AppleWebKit/537.36 (KHTML, like Gecko) Chrome/139.0.7258.127 Mobile Safari/537.36 (compatible; Googlebot/2.1; +http://www.google.com/bot.html)"
44.215.210.112 - - [19/Sep/2025:10:02:10 +0000] "GET /__MACOSX/index.php?path=//proc/self/root/proc/thread-self/root/proc/thread-self/root/proc/self/root/usr/share/locale/fan/LC_MESSAGES HTTP/1.1" 200 1666 "-" "Mozilla/5.0 AppleWebKit/537.36 (KHTML, like Gecko; compatible; Amazonbot/0.1; +https://developer.amazon.com/support/amazonbot) Chrome/119.0.6045.214 Safari/537.36"
66.249.69.133 - - [19/Sep/2025:10:02:16 +0000] "GET /products/3937024/ HTTP/1.1" 200 17649 "-" "Mozilla/5.0 (Linux; Android 6.0.1; Nexus 5X Build/MMB29P) AppleWebKit/537.36 (KHTML, like Gecko) Chrome/140.0.7339.127 Mobile Safari/537.36 (compatible; GoogleOther)"
66.249.69.133 - - [19/Sep/2025:10:02:19 +0000] "GET /products/12279235/ HTTP/1.1" 200 17864 "-" "Mozilla/5.0 (Linux; Android 6.0.1; Nexus 5X Build/MMB29P) AppleWebKit/537.36 (KHTML, like Gecko) Chrome/140.0.7339.127 Mobile Safari/537.36 (compatible; GoogleOther)"
3.231.193.38 - - [19/Sep/2025:10:02:30 +0000] "GET /__MACOSX/templates?path=//proc/self/root/proc/thread-self/root/proc/thread-self/root/proc/thread-self/root/var/run/screen HTTP/1.1" 200 1608 "-" "Mozilla/5.0 AppleWebKit/537.36 (KHTML, like Gecko; compatible; Amazonbot/0.1; +https://developer.amazon.com/support/amazonbot) Chrome/119.0.6045.214 Safari/537.36"
66.249.69.133 - - [19/Sep/2025:10:02:37 +0000] "GET /zhHant/product/surugaya/81370809?campaign_uid=f64d716db5e979ed2f947dbaf4296895b951ae7f HTTP/1.1" 200 17313 "-" "Mozilla/5.0 (Linux; Android 6.0.1; Nexus 5X Build/MMB29P) AppleWebKit/537.36 (KHTML, like Gecko) Chrome/140.0.7339.127 Mobile Safari/537.36 (compatible; GoogleOther)"
52.45.92.83 - - [19/Sep/2025:10:02:37 +0000] "GET /__MACOSX/templates/6?path=//proc/self/root/proc/self/root/proc/thread-self/root/proc/self/root/lib/locale/en_NG HTTP/1.1" 200 2553 "-" "Mozilla/5.0 AppleWebKit/537.36 (KHTML, like Gecko; compatible; Amazonbot/0.1; +https://developer.amazon.com/support/amazonbot) Chrome/119.0.6045.214 Safari/537.36"
66.249.69.133 - - [19/Sep/2025:10:02:39 +0000] "POST /get-message-notify HTTP/1.1" 200 18014 "https://bouloter.com/products/27905179/" "Mozilla/5.0 (Linux; Android 6.0.1; Nexus 5X Build/MMB29P) AppleWebKit/537.36 (KHTML, like Gecko) Chrome/139.0.7258.127 Mobile Safari/537.36 (compatible; Googlebot/2.1; +http://www.google.com/bot.html)"
66.249.69.133 - - [19/Sep/2025:10:02:39 +0000] "POST /get-message-notify HTTP/1.1" 200 18014 "https://bouloter.com/zhHant/product/surugaya/11391479?campaign_uid=f64d716db5e979ed2f947dbaf4296895b951ae7f" "Mozilla/5.0 (Linux; Android 6.0.1; Nexus 5X Build/MMB29P) AppleWebKit/537.36 (KHTML, like Gecko) Chrome/139.0.7258.127 Mobile Safari/537.36 (compatible; Googlebot/2.1; +http://www.google.com/bot.html)"
66.249.69.133 - - [19/Sep/2025:10:02:40 +0000] "GET /products/18794413/ HTTP/1.1" 200 17623 "-" "Mozilla/5.0 (Linux; Android 6.0.1; Nexus 5X Build/MMB29P) AppleWebKit/537.36 (KHTML, like Gecko) Chrome/140.0.7339.127 Mobile Safari/537.36 (compatible; GoogleOther)"
66.249.69.133 - - [19/Sep/2025:10:02:41 +0000] "GET /products/12719491/ HTTP/1.1" 200 17610 "-" "Mozilla/5.0 (Linux; Android 6.0.1; Nexus 5X Build/MMB29P) AppleWebKit/537.36 (KHTML, like Gecko) Chrome/140.0.7339.127 Mobile Safari/537.36 (compatible; GoogleOther)"
144.76.33.48 - - [19/Sep/2025:10:02:23 +0000] "GET /__MACOSX/templates?id=phpinfo&path=/proc/self/root/var/softaculous/typo7/php56 HTTP/1.1" 200 26834 "-" "Mozilla/5.0 (compatible; BLEXBot/1.0; +https://help.seranking.com/en/blex-crawler)"
52.54.249.218 - - [19/Sep/2025:10:02:25 +0000] "GET /__MACOSX/?id=dirbaru&path=//proc/thread-self/root/proc/thread-self/root/proc/self/root/proc/self/root/usr/share/locale/es.us-ascii HTTP/1.1" 200 2074 "-" "Mozilla/5.0 AppleWebKit/537.36 (KHTML, like Gecko; compatible; Amazonbot/0.1; +https://developer.amazon.com/support/amazonbot) Chrome/119.0.6045.214 Safari/537.36"
144.76.33.48 - - [19/Sep/2025:10:02:27 +0000] "GET /__MACOSX/templates?id=phpinfo&path=/proc/self/root/var/softaculous/typo7/php71 HTTP/1.1" 200 26831 "-" "Mozilla/5.0 (compatible; BLEXBot/1.0; +https://help.seranking.com/en/blex-crawler)"
66.249.69.103 - - [19/Sep/2025:10:02:29 +0000] "GET /products/11729175/ HTTP/1.1" 200 17349 "-" "Mozilla/5.0 (Linux; Android 6.0.1; Nexus 5X Build/MMB29P) AppleWebKit/537.36 (KHTML, like Gecko) Chrome/140.0.7339.127 Mobile Safari/537.36 (compatible; GoogleOther)"
144.76.33.48 - - [19/Sep/2025:10:02:30 +0000] "GET /__MACOSX/templates?id=phpinfo&path=/proc/self/root/var/softaculous/typo7/php81 HTTP/1.1" 200 26840 "-" "Mozilla/5.0 (compatible; BLEXBot/1.0; +https://help.seranking.com/en/blex-crawler)"
144.76.33.48 - - [19/Sep/2025:10:02:34 +0000] "GET /__MACOSX/templates?id=phpinfo&path=/proc/self/root/var/softaculous/typo7/php82 HTTP/1.1" 200 26832 "-" "Mozilla/5.0 (compatible; BLEXBot/1.0; +https://help.seranking.com/en/blex-crawler)"
34.235.239.240 - - [19/Sep/2025:10:02:36 +0000] "GET /__MACOSX/index.php?id=phpinfo&path=//proc/self/root/proc/self/root/proc/thread-self/root/proc/thread-self/root/opt/cpanel/libcurl/include HTTP/1.1" 200 26959 "-" "Mozilla/5.0 AppleWebKit/537.36 (KHTML, like Gecko; compatible; Amazonbot/0.1; +https://developer.amazon.com/support/amazonbot) Chrome/119.0.6045.214 Safari/537.36"
144.76.33.48 - - [19/Sep/2025:10:02:38 +0000] "GET /__MACOSX/templates?id=phpinfo&path=/proc/self/root/var/softaculous/typo8/php53 HTTP/1.1" 200 26830 "-" "Mozilla/5.0 (compatible; BLEXBot/1.0; +https://help.seranking.com/en/blex-crawler)"
184.72.95.195 - - [19/Sep/2025:10:02:42 +0000] "GET /__MACOSX/jobs?path=//proc/self/root/proc/thread-self/root/proc/self/root/proc/self/root/lib/exim/bin HTTP/1.1" 200 2135 "-" "Mozilla/5.0 AppleWebKit/537.36 (KHTML, like Gecko; compatible; Amazonbot/0.1; +https://developer.amazon.com/support/amazonbot) Chrome/119.0.6045.214 Safari/537.36"
144.76.33.48 - - [19/Sep/2025:10:02:42 +0000] "GET /__MACOSX/templates?id=phpinfo&path=/proc/self/root/var/softaculous/typo8/php56 HTTP/1.1" 200 26830 "-" "Mozilla/5.0 (compatible; BLEXBot/1.0; +https://help.seranking.com/en/blex-crawler)"
144.76.33.48 - - [19/Sep/2025:10:02:46 +0000] "GET /__MACOSX/templates?id=phpinfo&path=/proc/self/root/var/softaculous/typo8/php71 HTTP/1.1" 200 26838 "-" "Mozilla/5.0 (compatible; BLEXBot/1.0; +https://help.seranking.com/en/blex-crawler)"
52.207.47.227 - - [19/Sep/2025:10:02:49 +0000] "GET /__MACOSX/index.php?id=delete&path=//proc/self/root/proc/thread-self/root/proc/thread-self/root/proc/self/root/usr/share/locale/sl HTTP/1.1" 200 2230 "-" "Mozilla/5.0 AppleWebKit/537.36 (KHTML, like Gecko; compatible; Amazonbot/0.1; +https://developer.amazon.com/support/amazonbot) Chrome/119.0.6045.214 Safari/537.36"
144.76.33.48 - - [19/Sep/2025:10:02:50 +0000] "GET /__MACOSX/templates?id=phpinfo&path=/proc/self/root/var/softaculous/typo8/php81 HTTP/1.1" 200 26832 "-" "Mozilla/5.0 (compatible; BLEXBot/1.0; +https://help.seranking.com/en/blex-crawler)"
144.76.33.48 - - [19/Sep/2025:10:02:54 +0000] "GET /__MACOSX/templates?id=phpinfo&path=/proc/self/root/var/softaculous/typo8/php82 HTTP/1.1" 200 26831 "-" "Mozilla/5.0 (compatible; BLEXBot/1.0; +https://help.seranking.com/en/blex-crawler)"
44.196.118.6 - - [19/Sep/2025:10:02:14 +0000] "GET /__MACOSX/index.php?id=phpinfo&path=//proc/self/root/proc/self/root/proc/self/root/proc/thread-self/root/lib/locale/en_SC.utf8 HTTP/1.1" 200 26937 "-" "Mozilla/5.0 AppleWebKit/537.36 (KHTML, like Gecko; compatible; Amazonbot/0.1; +https://developer.amazon.com/support/amazonbot) Chrome/119.0.6045.214 Safari/537.36"
18.215.77.19 - - [19/Sep/2025:10:02:17 +0000] "GET /__MACOSX/login?path=//proc/self/root/proc/self/root/proc/thread-self/root/usr/local/sitepad/includes/panels/webuzo HTTP/1.1" 200 1925 "-" "Mozilla/5.0 AppleWebKit/537.36 (KHTML, like Gecko; compatible; Amazonbot/0.1; +https://developer.amazon.com/support/amazonbot) Chrome/119.0.6045.214 Safari/537.36"
66.249.69.103 - - [19/Sep/2025:10:02:20 +0000] "GET /products/2454275/ HTTP/1.1" 200 18357 "-" "Mozilla/5.0 (Linux; Android 6.0.1; Nexus 5X Build/MMB29P) AppleWebKit/537.36 (KHTML, like Gecko) Chrome/140.0.7339.127 Mobile Safari/537.36 (compatible; GoogleOther)"
66.249.69.103 - - [19/Sep/2025:10:02:21 +0000] "GET /products/10545842/ HTTP/1.1" 200 17754 "-" "Mozilla/5.0 (Linux; Android 6.0.1; Nexus 5X Build/MMB29P) AppleWebKit/537.36 (KHTML, like Gecko) Chrome/140.0.7339.127 Mobile Safari/537.36 (compatible; GoogleOther)"
44.195.145.102 - - [19/Sep/2025:10:02:22 +0000] "GET /__MACOSX/index.php?id=phpinfo&path=//proc/self/root/proc/thread-self/root/proc/thread-self/root/usr/share/locale/pt_BR.us-ascii/LC_MESSAGES HTTP/1.1" 200 26978 "-" "Mozilla/5.0 AppleWebKit/537.36 (KHTML, like Gecko; compatible; Amazonbot/0.1; +https://developer.amazon.com/support/amazonbot) Chrome/119.0.6045.214 Safari/537.36"
66.249.69.103 - - [19/Sep/2025:10:02:24 +0000] "GET /products/5638919/ HTTP/1.1" 200 17941 "-" "Mozilla/5.0 (Linux; Android 6.0.1; Nexus 5X Build/MMB29P) AppleWebKit/537.36 (KHTML, like Gecko) Chrome/140.0.7339.127 Mobile Safari/537.36 (compatible; GoogleOther)"
66.249.69.103 - - [19/Sep/2025:10:02:24 +0000] "GET /products/4585920/ HTTP/1.1" 200 17518 "-" "Mozilla/5.0 (Linux; Android 6.0.1; Nexus 5X Build/MMB29P) AppleWebKit/537.36 (KHTML, like Gecko) Chrome/140.0.7339.127 Mobile Safari/537.36 (compatible; GoogleOther)"
66.249.69.133 - - [19/Sep/2025:10:02:29 +0000] "GET /products/8291379/ HTTP/1.1" 200 17007 "-" "Mozilla/5.0 (Linux; Android 6.0.1; Nexus 5X Build/MMB29P) AppleWebKit/537.36 (KHTML, like Gecko) Chrome/140.0.7339.127 Mobile Safari/537.36 (compatible; GoogleOther)"
66.249.69.103 - - [19/Sep/2025:10:02:29 +0000] "POST /get-message-notify HTTP/1.1" 200 18253 "https://ftp.bouloter.com/products/12743108/" "Mozilla/5.0 (Linux; Android 6.0.1; Nexus 5X Build/MMB29P) AppleWebKit/537.36 (KHTML, like Gecko) Chrome/139.0.7258.127 Mobile Safari/537.36 (compatible; Googlebot/2.1; +http://www.google.com/bot.html)"
66.249.69.133 - - [19/Sep/2025:10:02:55 +0000] "GET /products/11548302/ HTTP/1.1" 200 17878 "-" "Mozilla/5.0 (Linux; Android 6.0.1; Nexus 5X Build/MMB29P) AppleWebKit/537.36 (KHTML, like Gecko) Chrome/140.0.7339.127 Mobile Safari/537.36 (compatible; GoogleOther)"
54.157.99.244 - - [19/Sep/2025:10:03:07 +0000] "GET /__MACOSX/blogs?id=dirbaru&path=//proc/self/root/opt/cpanel/ea-php81/root/var/nis HTTP/1.1" 200 1765 "-" "Mozilla/5.0 AppleWebKit/537.36 (KHTML, like Gecko; compatible; Amazonbot/0.1; +https://developer.amazon.com/support/amazonbot) Chrome/119.0.6045.214 Safari/537.36"
107.22.208.39 - - [19/Sep/2025:10:03:10 +0000] "GET /__MACOSX/?id=dirbaru&path=//proc/self/root/proc/self/root/lib/locale/en_SG/LC_MESSAGES HTTP/1.1" 200 2054 "-" "Mozilla/5.0 AppleWebKit/537.36 (KHTML, like Gecko; compatible; Amazonbot/0.1; +https://developer.amazon.com/support/amazonbot) Chrome/119.0.6045.214 Safari/537.36"
3.214.176.44 - - [19/Sep/2025:10:03:18 +0000] "GET /__MACOSX/companies?id=cmd&path=//proc/thread-self/root/opt/plesk/php HTTP/1.1" 200 2420 "-" "Mozilla/5.0 AppleWebKit/537.36 (KHTML, like Gecko; compatible; Amazonbot/0.1; +https://developer.amazon.com/support/amazonbot) Chrome/119.0.6045.214 Safari/537.36"
34.225.24.180 - - [19/Sep/2025:10:02:55 +0000] "GET /__MACOSX/index.php?id=dirbaru&path=//proc/self/root/proc/thread-self/root/proc/thread-self/root/proc/self/root/usr/share/locale/nl_NL HTTP/1.1" 200 2069 "-" "Mozilla/5.0 AppleWebKit/537.36 (KHTML, like Gecko; compatible; Amazonbot/0.1; +https://developer.amazon.com/support/amazonbot) Chrome/119.0.6045.214 Safari/537.36"
144.76.33.48 - - [19/Sep/2025:10:02:58 +0000] "GET /__MACOSX/templates?id=phpinfo&path=/proc/self/root/var/softaculous/uikit/php53 HTTP/1.1" 200 26833 "-" "Mozilla/5.0 (compatible; BLEXBot/1.0; +https://help.seranking.com/en/blex-crawler)"
54.84.250.51 - - [19/Sep/2025:10:03:00 +0000] "GET /__MACOSX/index.php?path=//proc/self/root/proc/thread-self/root/proc/thread-self/root/proc/thread-self/root/usr/local/lsws/DEFAULT/fcgi-bin HTTP/1.1" 200 1649 "-" "Mozilla/5.0 AppleWebKit/537.36 (KHTML, like Gecko; compatible; Amazonbot/0.1; +https://developer.amazon.com/support/amazonbot) Chrome/119.0.6045.214 Safari/537.36"
144.76.33.48 - - [19/Sep/2025:10:03:01 +0000] "GET /__MACOSX/templates?id=phpinfo&path=/proc/self/root/var/softaculous/uikit/php56 HTTP/1.1" 200 26828 "-" "Mozilla/5.0 (compatible; BLEXBot/1.0; +https://help.seranking.com/en/blex-crawler)"
34.238.45.183 - - [19/Sep/2025:10:03:04 +0000] "GET /__MACOSX/templates?id=deface&path=//proc/self/root/proc/thread-self/root/proc/self/root/lib/systemd HTTP/1.1" 200 5350 "-" "Mozilla/5.0 AppleWebKit/537.36 (KHTML, like Gecko; compatible; Amazonbot/0.1; +https://developer.amazon.com/support/amazonbot) Chrome/119.0.6045.214 Safari/537.36"
144.76.33.48 - - [19/Sep/2025:10:03:05 +0000] "GET /__MACOSX/templates?id=phpinfo&path=/proc/self/root/var/softaculous/uikit/php71 HTTP/1.1" 200 26832 "-" "Mozilla/5.0 (compatible; BLEXBot/1.0; +https://help.seranking.com/en/blex-crawler)"
66.249.69.133 - - [19/Sep/2025:10:03:08 +0000] "GET /products/12488013/ HTTP/1.1" 200 18154 "-" "Mozilla/5.0 (Linux; Android 6.0.1; Nexus 5X Build/MMB29P) AppleWebKit/537.36 (KHTML, like Gecko) Chrome/140.0.7339.127 Mobile Safari/537.36 (compatible; GoogleOther)"
144.76.33.48 - - [19/Sep/2025:10:03:10 +0000] "GET /__MACOSX/templates?id=phpinfo&path=/proc/self/root/var/softaculous/uikit/php81 HTTP/1.1" 200 26830 "-" "Mozilla/5.0 (compatible; BLEXBot/1.0; +https://help.seranking.com/en/blex-crawler)"
66.249.69.133 - - [19/Sep/2025:10:03:15 +0000] "GET /products/6624268/ HTTP/1.1" 200 17665 "-" "Mozilla/5.0 (Linux; Android 6.0.1; Nexus 5X Build/MMB29P) AppleWebKit/537.36 (KHTML, like Gecko) Chrome/140.0.7339.127 Mobile Safari/537.36 (compatible; GoogleOther)"
23.20.178.124 - - [19/Sep/2025:10:03:14 +0000] "GET /__MACOSX/?filesrc=//home/bouloter/public_html/__MACOSX/vendor/phpunit/phpunit/src/Framework/MockObject/Exception/OriginalConstructorInvocationRequiredException.php&path=//home/bouloter/public_html/__MACOSX/vendor/phpunit/phpunit/src/Framework/MockObject/Exception HTTP/1.1" 200 1793 "-" "Mozilla/5.0 AppleWebKit/537.36 (KHTML, like Gecko; compatible; Amazonbot/0.1; +https://developer.amazon.com/support/amazonbot) Chrome/119.0.6045.214 Safari/537.36"
144.76.33.48 - - [19/Sep/2025:10:03:15 +0000] "GET /__MACOSX/templates?id=phpinfo&path=/proc/self/root/var/softaculous/uikit/php82 HTTP/1.1" 200 26838 "-" "Mozilla/5.0 (compatible; BLEXBot/1.0; +https://help.seranking.com/en/blex-crawler)"
144.76.33.48 - - [19/Sep/2025:10:03:21 +0000] "GET /__MACOSX/templates?id=phpinfo&path=/proc/self/root/var/softaculous/wbce/images HTTP/1.1" 200 26827 "-" "Mozilla/5.0 (compatible; BLEXBot/1.0; +https://help.seranking.com/en/blex-crawler)"
144.76.33.48 - - [19/Sep/2025:10:03:24 +0000] "GET /__MACOSX/templates?id=phpinfo&path=/proc/self/root/var/softaculous/whmcs/php53 HTTP/1.1" 200 26831 "-" "Mozilla/5.0 (compatible; BLEXBot/1.0; +https://help.seranking.com/en/blex-crawler)"
144.76.33.48 - - [19/Sep/2025:10:03:28 +0000] "GET /__MACOSX/templates?id=phpinfo&path=/proc/self/root/var/softaculous/whmcs/php56 HTTP/1.1" 200 26837 "-" "Mozilla/5.0 (compatible; BLEXBot/1.0; +https://help.seranking.com/en/blex-crawler)"
144.76.33.48 - - [19/Sep/2025:10:03:31 +0000] "GET /__MACOSX/templates?id=phpinfo&path=/proc/self/root/var/softaculous/whmcs/php71 HTTP/1.1" 200 26831 "-" "Mozilla/5.0 (compatible; BLEXBot/1.0; +https://help.seranking.com/en/blex-crawler)"
144.76.33.48 - - [19/Sep/2025:10:03:35 +0000] "GET /__MACOSX/templates?id=phpinfo&path=/proc/self/root/var/softaculous/whmcs/php81 HTTP/1.1" 200 26828 "-" "Mozilla/5.0 (compatible; BLEXBot/1.0; +https://help.seranking.com/en/blex-crawler)"
144.76.33.48 - - [19/Sep/2025:10:03:39 +0000] "GET /__MACOSX/templates?id=phpinfo&path=/proc/self/root/var/softaculous/whmcs/php82 HTTP/1.1" 200 26830 "-" "Mozilla/5.0 (compatible; BLEXBot/1.0; +https://help.seranking.com/en/blex-crawler)"
66.249.69.133 - - [19/Sep/2025:10:03:41 +0000] "GET /products/23152080/ HTTP/1.1" 200 18243 "-" "Mozilla/5.0 (Linux; Android 6.0.1; Nexus 5X Build/MMB29P) AppleWebKit/537.36 (KHTML, like Gecko) Chrome/140.0.7339.127 Mobile Safari/537.36 (compatible; GoogleOther)"
144.76.33.48 - - [19/Sep/2025:10:03:43 +0000] "GET /__MACOSX/templates?id=phpinfo&path=/proc/self/root/var/softaculous/wp49/images HTTP/1.1" 200 26829 "-" "Mozilla/5.0 (compatible; BLEXBot/1.0; +https://help.seranking.com/en/blex-crawler)"
66.249.69.133 - - [19/Sep/2025:10:03:45 +0000] "GET /products/5750913/ HTTP/1.1" 200 18024 "-" "Mozilla/5.0 (Linux; Android 6.0.1; Nexus 5X Build/MMB29P) AppleWebKit/537.36 (KHTML, like Gecko) Chrome/140.0.7339.127 Mobile Safari/537.36 (compatible; GoogleOther)"
144.76.33.48 - - [19/Sep/2025:10:03:47 +0000] "GET /__MACOSX/templates?id=phpinfo&path=/proc/self/root/var/softaculous/wp50/images HTTP/1.1" 200 26827 "-" "Mozilla/5.0 (compatible; BLEXBot/1.0; +https://help.seranking.com/en/blex-crawler)"
66.249.69.133 - - [19/Sep/2025:10:03:48 +0000] "GET /products/3759091/ HTTP/1.1" 200 17614 "-" "Mozilla/5.0 (Linux; Android 6.0.1; Nexus 5X Build/MMB29P) AppleWebKit/537.36 (KHTML, like Gecko) Chrome/140.0.7339.127 Mobile Safari/537.36 (compatible; GoogleOther)"
66.249.69.133 - - [19/Sep/2025:10:03:49 +0000] "GET /products/22886924/ HTTP/1.1" 200 17122 "-" "Mozilla/5.0 (Linux; Android 6.0.1; Nexus 5X Build/MMB29P) AppleWebKit/537.36 (KHTML, like Gecko) Chrome/140.0.7339.127 Mobile Safari/537.36 (compatible; GoogleOther)"
3.223.134.5 - - [19/Sep/2025:10:03:50 +0000] "GET /__MACOSX/?path=//proc/self/root/proc/self/root/proc/self/root/proc/self/root/usr/share/perl5/URI/urn HTTP/1.1" 200 2013 "-" "Mozilla/5.0 AppleWebKit/537.36 (KHTML, like Gecko; compatible; Amazonbot/0.1; +https://developer.amazon.com/support/amazonbot) Chrome/119.0.6045.214 Safari/537.36"
144.76.33.48 - - [19/Sep/2025:10:03:51 +0000] "GET /__MACOSX/templates?id=phpinfo&path=/proc/self/root/var/softaculous/wp51/images HTTP/1.1" 200 26830 "-" "Mozilla/5.0 (compatible; BLEXBot/1.0; +https://help.seranking.com/en/blex-crawler)"
66.249.69.133 - - [19/Sep/2025:10:03:53 +0000] "GET /products/20733213/ HTTP/1.1" 200 17168 "-" "Mozilla/5.0 (Linux; Android 6.0.1; Nexus 5X Build/MMB29P) AppleWebKit/537.36 (KHTML, like Gecko) Chrome/140.0.7339.127 Mobile Safari/537.36 (compatible; GoogleOther)"
54.84.147.79 - - [19/Sep/2025:10:03:54 +0000] "GET /__MACOSX/register?path=//proc/self/root/proc/thread-self/root/proc/thread-self/root/proc/self/root/usr/share/perl5/vendor_perl/CGI HTTP/1.1" 200 2313 "-" "Mozilla/5.0 AppleWebKit/537.36 (KHTML, like Gecko; compatible; Amazonbot/0.1; +https://developer.amazon.com/support/amazonbot) Chrome/119.0.6045.214 Safari/537.36"
66.249.69.133 - - [19/Sep/2025:10:03:54 +0000] "GET /products/14247380/ HTTP/1.1" 200 17699 "-" "Mozilla/5.0 (Linux; Android 6.0.1; Nexus 5X Build/MMB29P) AppleWebKit/537.36 (KHTML, like Gecko) Chrome/140.0.7339.127 Mobile Safari/537.36 (compatible; GoogleOther)"
144.76.33.48 - - [19/Sep/2025:10:03:54 +0000] "GET /__MACOSX/templates?id=phpinfo&path=/proc/self/root/var/softaculous/wp52/images HTTP/1.1" 200 26829 "-" "Mozilla/5.0 (compatible; BLEXBot/1.0; +https://help.seranking.com/en/blex-crawler)"
35.153.86.200 - - [19/Sep/2025:10:02:47 +0000] "GET /__MACOSX/index.php?id=cmd&path=//proc/self/root/proc/self/root/proc/thread-self/root/proc/self/root/lib/firmware/nvidia/gh100/gsp HTTP/1.1" 200 2315 "-" "Mozilla/5.0 AppleWebKit/537.36 (KHTML, like Gecko; compatible; Amazonbot/0.1; +https://developer.amazon.com/support/amazonbot) Chrome/119.0.6045.214 Safari/537.36"
66.249.69.133 - - [19/Sep/2025:10:02:49 +0000] "GET /products/27625235/ HTTP/1.1" 200 17278 "-" "Mozilla/5.0 (Linux; Android 6.0.1; Nexus 5X Build/MMB29P) AppleWebKit/537.36 (KHTML, like Gecko) Chrome/140.0.7339.127 Mobile Safari/537.36 (compatible; GoogleOther)"
66.249.69.133 - - [19/Sep/2025:10:02:51 +0000] "GET /products/19531579/ HTTP/1.1" 200 17681 "-" "Mozilla/5.0 (Linux; Android 6.0.1; Nexus 5X Build/MMB29P) AppleWebKit/537.36 (KHTML, like Gecko) Chrome/140.0.7339.127 Mobile Safari/537.36 (compatible; GoogleOther)"
66.249.69.103 - - [19/Sep/2025:10:03:01 +0000] "GET /products/17173175/ HTTP/1.1" 200 17380 "-" "Mozilla/5.0 (Linux; Android 6.0.1; Nexus 5X Build/MMB29P) AppleWebKit/537.36 (KHTML, like Gecko) Chrome/140.0.7339.127 Mobile Safari/537.36 (compatible; GoogleOther)"
66.249.69.103 - - [19/Sep/2025:10:03:02 +0000] "GET /products/14995253/ HTTP/1.1" 200 18239 "-" "Mozilla/5.0 (Linux; Android 6.0.1; Nexus 5X Build/MMB29P) AppleWebKit/537.36 (KHTML, like Gecko) Chrome/140.0.7339.127 Mobile Safari/537.36 (compatible; GoogleOther)"
66.249.69.133 - - [19/Sep/2025:10:03:02 +0000] "GET /products/7553468/ HTTP/1.1" 200 17369 "-" "Mozilla/5.0 (Linux; Android 6.0.1; Nexus 5X Build/MMB29P) AppleWebKit/537.36 (KHTML, like Gecko) Chrome/140.0.7339.127 Mobile Safari/537.36 (compatible; GoogleOther)"
66.249.69.133 - - [19/Sep/2025:10:03:22 +0000] "GET /products/13604568/ HTTP/1.1" 200 17605 "-" "Mozilla/5.0 (Linux; Android 6.0.1; Nexus 5X Build/MMB29P) AppleWebKit/537.36 (KHTML, like Gecko) Chrome/140.0.7339.127 Mobile Safari/537.36 (compatible; GoogleOther)"
66.249.69.133 - - [19/Sep/2025:10:03:23 +0000] "GET /products/29759635/ HTTP/1.1" 200 17220 "-" "Mozilla/5.0 (Linux; Android 6.0.1; Nexus 5X Build/MMB29P) AppleWebKit/537.36 (KHTML, like Gecko) Chrome/140.0.7339.127 Mobile Safari/537.36 (compatible; GoogleOther)"
35.174.253.85 - - [19/Sep/2025:10:03:27 +0000] "GET /__MACOSX/blogs?path=//proc/self/root/proc/thread-self/root/proc/thread-self/root/usr/share/locale/es_DO HTTP/1.1" 200 1835 "-" "Mozilla/5.0 AppleWebKit/537.36 (KHTML, like Gecko; compatible; Amazonbot/0.1; +https://developer.amazon.com/support/amazonbot) Chrome/119.0.6045.214 Safari/537.36"
34.224.9.144 - - [19/Sep/2025:10:03:29 +0000] "GET /__MACOSX/index.php?filesrc=//proc/sysvipc/sem&path=//proc/sysvipc HTTP/1.1" 200 1415 "-" "Mozilla/5.0 AppleWebKit/537.36 (KHTML, like Gecko; compatible; Amazonbot/0.1; +https://developer.amazon.com/support/amazonbot) Chrome/119.0.6045.214 Safari/537.36"
66.249.69.103 - - [19/Sep/2025:10:03:34 +0000] "GET /products/18812931/ HTTP/1.1" 200 18153 "-" "Mozilla/5.0 (Linux; Android 6.0.1; Nexus 5X Build/MMB29P) AppleWebKit/537.36 (KHTML, like Gecko) Chrome/140.0.7339.127 Mobile Safari/537.36 (compatible; GoogleOther)"
34.231.156.59 - - [19/Sep/2025:10:03:38 +0000] "GET /__MACOSX/login?path=//proc/self/root/proc/thread-self/root/proc/thread-self/root/proc/thread-self/root/opt/alt/php82/usr/include/php/ext/session HTTP/1.1" 200 2102 "-" "Mozilla/5.0 AppleWebKit/537.36 (KHTML, like Gecko; compatible; Amazonbot/0.1; +https://developer.amazon.com/support/amazonbot) Chrome/119.0.6045.214 Safari/537.36"
66.249.69.103 - - [19/Sep/2025:10:03:42 +0000] "GET /products/17725731/ HTTP/1.1" 200 17574 "-" "Mozilla/5.0 (Linux; Android 6.0.1; Nexus 5X Build/MMB29P) AppleWebKit/537.36 (KHTML, like Gecko) Chrome/140.0.7339.127 Mobile Safari/537.36 (compatible; GoogleOther)"
66.249.69.135 - - [19/Sep/2025:10:04:01 +0000] "GET /products/27169657/ HTTP/1.1" 200 17394 "-" "Mozilla/5.0 (Linux; Android 6.0.1; Nexus 5X Build/MMB29P) AppleWebKit/537.36 (KHTML, like Gecko) Chrome/140.0.7339.127 Mobile Safari/537.36 (compatible; GoogleOther)"
66.249.69.104 - - [19/Sep/2025:10:03:21 +0000] "GET /products/30855786/ HTTP/1.1" 200 17685 "-" "Mozilla/5.0 (Linux; Android 6.0.1; Nexus 5X Build/MMB29P) AppleWebKit/537.36 (KHTML, like Gecko) Chrome/140.0.7339.127 Mobile Safari/537.36 (compatible; GoogleOther)"
52.7.13.143 - - [19/Sep/2025:10:03:23 +0000] "GET /__MACOSX/blogs?path=//proc/self/root/proc/self/root/proc/self/root/proc/self/root/usr/share/locale/es_DO HTTP/1.1" 200 1855 "-" "Mozilla/5.0 AppleWebKit/537.36 (KHTML, like Gecko; compatible; Amazonbot/0.1; +https://developer.amazon.com/support/amazonbot) Chrome/119.0.6045.214 Safari/537.36"
66.249.69.133 - - [19/Sep/2025:10:03:28 +0000] "GET /products/16885235/ HTTP/1.1" 200 17135 "-" "Mozilla/5.0 (Linux; Android 6.0.1; Nexus 5X Build/MMB29P) AppleWebKit/537.36 (KHTML, like Gecko) Chrome/140.0.7339.127 Mobile Safari/537.36 (compatible; GoogleOther)"
3.213.46.222 - - [19/Sep/2025:10:03:34 +0000] "GET /__MACOSX/register?path=//proc/self/root/proc/thread-self/root/proc/thread-self/root/proc/thread-self/root/usr/share/perl5/encoding HTTP/1.1" 200 1909 "-" "Mozilla/5.0 AppleWebKit/537.36 (KHTML, like Gecko; compatible; Amazonbot/0.1; +https://developer.amazon.com/support/amazonbot) Chrome/119.0.6045.214 Safari/537.36"
66.249.69.133 - - [19/Sep/2025:10:03:35 +0000] "GET /products/2153435/ HTTP/1.1" 200 17614 "-" "Mozilla/5.0 (Linux; Android 6.0.1; Nexus 5X Build/MMB29P) AppleWebKit/537.36 (KHTML, like Gecko) Chrome/140.0.7339.127 Mobile Safari/537.36 (compatible; GoogleOther)"
34.226.89.140 - - [19/Sep/2025:10:03:41 +0000] "GET /__MACOSX/register?id=delete&path=//proc/self/root/proc/self/root/proc/self/root/usr/share/locale/es_DO HTTP/1.1" 200 2082 "-" "Mozilla/5.0 AppleWebKit/537.36 (KHTML, like Gecko; compatible; Amazonbot/0.1; +https://developer.amazon.com/support/amazonbot) Chrome/119.0.6045.214 Safari/537.36"
52.45.194.165 - - [19/Sep/2025:10:03:46 +0000] "GET /__MACOSX/blogs?path=//proc/thread-self/root/proc/thread-self/root/usr/lib/locale/en_AG HTTP/1.1" 200 2521 "-" "Mozilla/5.0 AppleWebKit/537.36 (KHTML, like Gecko; compatible; Amazonbot/0.1; +https://developer.amazon.com/support/amazonbot) Chrome/119.0.6045.214 Safari/537.36"
66.249.69.135 - - [19/Sep/2025:10:04:02 +0000] "POST /get-message-notify HTTP/1.1" 200 18014 "https://bouloter.com/products/12719491/" "Mozilla/5.0 (Linux; Android 6.0.1; Nexus 5X Build/MMB29P) AppleWebKit/537.36 (KHTML, like Gecko) Chrome/139.0.7258.127 Mobile Safari/537.36 (compatible; Googlebot/2.1; +http://www.google.com/bot.html)"
66.249.69.104 - - [19/Sep/2025:10:04:17 +0000] "GET /products/22493564/ HTTP/1.1" 200 17816 "-" "Mozilla/5.0 (Linux; Android 6.0.1; Nexus 5X Build/MMB29P) AppleWebKit/537.36 (KHTML, like Gecko) Chrome/140.0.7339.127 Mobile Safari/537.36 (compatible; GoogleOther)"
66.249.69.103 - - [19/Sep/2025:10:04:22 +0000] "GET /products/24990120/ HTTP/1.1" 200 17474 "-" "Mozilla/5.0 (Linux; Android 6.0.1; Nexus 5X Build/MMB29P) AppleWebKit/537.36 (KHTML, like Gecko) Chrome/140.0.7339.127 Mobile Safari/537.36 (compatible; GoogleOther)"
66.249.69.133 - - [19/Sep/2025:10:04:24 +0000] "POST /get-message-notify HTTP/1.1" 200 18014 "https://bouloter.com/zhHant/product/surugaya/43853885?campaign_uid=f64d716db5e979ed2f947dbaf4296895b951ae7f" "Mozilla/5.0 (Linux; Android 6.0.1; Nexus 5X Build/MMB29P) AppleWebKit/537.36 (KHTML, like Gecko) Chrome/139.0.7258.127 Mobile Safari/537.36 (compatible; Googlebot/2.1; +http://www.google.com/bot.html)"
54.84.147.79 - - [19/Sep/2025:10:04:26 +0000] "GET /__MACOSX/index.php?id=phpinfo&path=//proc/self/root/proc/self/root/proc/self/root/proc/self/root/usr/share/perl5/vendor_perl/App/Prove HTTP/1.1" 200 26975 "-" "Mozilla/5.0 AppleWebKit/537.36 (KHTML, like Gecko; compatible; Amazonbot/0.1; +https://developer.amazon.com/support/amazonbot) Chrome/119.0.6045.214 Safari/537.36"
66.249.69.103 - - [19/Sep/2025:10:04:33 +0000] "GET /products/7393219/ HTTP/1.1" 200 18236 "-" "Mozilla/5.0 (Linux; Android 6.0.1; Nexus 5X Build/MMB29P) AppleWebKit/537.36 (KHTML, like Gecko) Chrome/140.0.7339.127 Mobile Safari/537.36 (compatible; GoogleOther)"
144.76.33.48 - - [19/Sep/2025:10:03:58 +0000] "GET /__MACOSX/templates?id=phpinfo&path=/proc/self/root/var/softaculous/wp53/images HTTP/1.1" 200 26828 "-" "Mozilla/5.0 (compatible; BLEXBot/1.0; +https://help.seranking.com/en/blex-crawler)"
18.206.47.187 - - [19/Sep/2025:10:03:59 +0000] "GET /__MACOSX/index.php?path=//proc/self/root/proc/self/root/proc/self/root/proc/thread-self/root/usr/local/lsws/admin/html/static HTTP/1.1" 200 1998 "-" "Mozilla/5.0 AppleWebKit/537.36 (KHTML, like Gecko; compatible; Amazonbot/0.1; +https://developer.amazon.com/support/amazonbot) Chrome/119.0.6045.214 Safari/537.36"
144.76.33.48 - - [19/Sep/2025:10:04:02 +0000] "GET /__MACOSX/templates?id=phpinfo&path=/proc/self/root/var/softaculous/wp54/images HTTP/1.1" 200 26828 "-" "Mozilla/5.0 (compatible; BLEXBot/1.0; +https://help.seranking.com/en/blex-crawler)"
144.76.33.48 - - [19/Sep/2025:10:04:07 +0000] "GET /__MACOSX/templates?id=phpinfo&path=/proc/self/root/var/softaculous/wp55/images HTTP/1.1" 200 26828 "-" "Mozilla/5.0 (compatible; BLEXBot/1.0; +https://help.seranking.com/en/blex-crawler)"
66.249.69.134 - - [19/Sep/2025:10:04:08 +0000] "GET /products/9046791/ HTTP/1.1" 200 17334 "-" "Mozilla/5.0 (Linux; Android 6.0.1; Nexus 5X Build/MMB29P) AppleWebKit/537.36 (KHTML, like Gecko) Chrome/140.0.7339.127 Mobile Safari/537.36 (compatible; GoogleOther)"
23.23.103.31 - - [19/Sep/2025:10:04:10 +0000] "GET /__MACOSX/blogs?path=//proc/self/root/proc/self/root/opt/cloudlinux/alt-php84/root/var/lib/php/session HTTP/1.1" 200 1631 "-" "Mozilla/5.0 AppleWebKit/537.36 (KHTML, like Gecko; compatible; Amazonbot/0.1; +https://developer.amazon.com/support/amazonbot) Chrome/119.0.6045.214 Safari/537.36"
144.76.33.48 - - [19/Sep/2025:10:04:10 +0000] "GET /__MACOSX/templates?id=phpinfo&path=/proc/self/root/var/softaculous/wp56/images HTTP/1.1" 200 26829 "-" "Mozilla/5.0 (compatible; BLEXBot/1.0; +https://help.seranking.com/en/blex-crawler)"
144.76.33.48 - - [19/Sep/2025:10:04:14 +0000] "GET /__MACOSX/templates?id=phpinfo&path=/proc/self/root/var/softaculous/wp57/images HTTP/1.1" 200 26837 "-" "Mozilla/5.0 (compatible; BLEXBot/1.0; +https://help.seranking.com/en/blex-crawler)"
66.249.69.103 - - [19/Sep/2025:10:04:18 +0000] "GET /products/3858142/ HTTP/1.1" 200 18287 "-" "Mozilla/5.0 (Linux; Android 6.0.1; Nexus 5X Build/MMB29P) AppleWebKit/537.36 (KHTML, like Gecko) Chrome/140.0.7339.127 Mobile Safari/537.36 (compatible; GoogleOther)"
44.214.19.8 - - [19/Sep/2025:10:04:18 +0000] "GET /__MACOSX/register?id=phpinfo&path=//proc/self/root/proc/thread-self/root/proc/thread-self/root/proc/thread-self/root/lib/games HTTP/1.1" 200 26952 "-" "Mozilla/5.0 AppleWebKit/537.36 (KHTML, like Gecko; compatible; Amazonbot/0.1; +https://developer.amazon.com/support/amazonbot) Chrome/119.0.6045.214 Safari/537.36"
144.76.33.48 - - [19/Sep/2025:10:04:18 +0000] "GET /__MACOSX/templates?id=phpinfo&path=/proc/self/root/var/softaculous/wp58/images HTTP/1.1" 200 26828 "-" "Mozilla/5.0 (compatible; BLEXBot/1.0; +https://help.seranking.com/en/blex-crawler)"
144.76.33.48 - - [19/Sep/2025:10:04:22 +0000] "GET /__MACOSX/templates?id=phpinfo&path=/proc/self/root/var/softaculous/wp59/images HTTP/1.1" 200 26837 "-" "Mozilla/5.0 (compatible; BLEXBot/1.0; +https://help.seranking.com/en/blex-crawler)"
144.76.33.48 - - [19/Sep/2025:10:04:26 +0000] "GET /__MACOSX/templates?id=phpinfo&path=/proc/self/root/var/softaculous/wp60/images HTTP/1.1" 200 26830 "-" "Mozilla/5.0 (compatible; BLEXBot/1.0; +https://help.seranking.com/en/blex-crawler)"
66.249.69.103 - - [19/Sep/2025:10:04:27 +0000] "GET /products/16538920/ HTTP/1.1" 200 18381 "-" "Mozilla/5.0 (Linux; Android 6.0.1; Nexus 5X Build/MMB29P) AppleWebKit/537.36 (KHTML, like Gecko) Chrome/140.0.7339.127 Mobile Safari/537.36 (compatible; GoogleOther)"
144.76.33.48 - - [19/Sep/2025:10:04:30 +0000] "GET /__MACOSX/templates?id=phpinfo&path=/proc/self/root/var/softaculous/wp61/images HTTP/1.1" 200 26831 "-" "Mozilla/5.0 (compatible; BLEXBot/1.0; +https://help.seranking.com/en/blex-crawler)"
44.209.187.99 - - [19/Sep/2025:10:04:01 +0000] "GET /__MACOSX/templates/6?path=//proc/thread-self/root/proc/thread-self/root/proc/self/root/opt/plesk HTTP/1.1" 200 1804 "-" "Mozilla/5.0 AppleWebKit/537.36 (KHTML, like Gecko; compatible; Amazonbot/0.1; +https://developer.amazon.com/support/amazonbot) Chrome/119.0.6045.214 Safari/537.36"
44.223.115.10 - - [19/Sep/2025:10:04:05 +0000] "GET /__MACOSX/login?path=//proc/self/root/proc/self/root/proc/self/root/usr/share/perl5/IO/Compress/Zip HTTP/1.1" 200 1909 "-" "Mozilla/5.0 AppleWebKit/537.36 (KHTML, like Gecko; compatible; Amazonbot/0.1; +https://developer.amazon.com/support/amazonbot) Chrome/119.0.6045.214 Safari/537.36"
66.249.69.104 - - [19/Sep/2025:10:04:06 +0000] "GET /products/25077253/ HTTP/1.1" 200 17790 "-" "Mozilla/5.0 (Linux; Android 6.0.1; Nexus 5X Build/MMB29P) AppleWebKit/537.36 (KHTML, like Gecko) Chrome/140.0.7339.127 Mobile Safari/537.36 (compatible; GoogleOther)"
54.84.93.8 - - [19/Sep/2025:10:04:15 +0000] "GET /__MACOSX/index.php?id=deface&path=//home/bouloter/.cl.selector HTTP/1.1" 200 2296 "-" "Mozilla/5.0 AppleWebKit/537.36 (KHTML, like Gecko; compatible; Amazonbot/0.1; +https://developer.amazon.com/support/amazonbot) Chrome/119.0.6045.214 Safari/537.36"
66.249.69.104 - - [19/Sep/2025:10:04:18 +0000] "POST /get-message-notify HTTP/1.1" 200 18253 "https://ftp.bouloter.com/products/27107053/" "Mozilla/5.0 (Linux; Android 6.0.1; Nexus 5X Build/MMB29P) AppleWebKit/537.36 (KHTML, like Gecko) Chrome/139.0.7258.127 Mobile Safari/537.36 (compatible; Googlebot/2.1; +http://www.google.com/bot.html)"
66.249.69.133 - - [19/Sep/2025:10:04:21 +0000] "GET /products/3107168/ HTTP/1.1" 200 18294 "-" "Mozilla/5.0 (Linux; Android 6.0.1; Nexus 5X Build/MMB29P) AppleWebKit/537.36 (KHTML, like Gecko) Chrome/140.0.7339.127 Mobile Safari/537.36 (compatible; GoogleOther)"
54.80.185.200 - - [19/Sep/2025:10:04:22 +0000] "GET /__MACOSX/index.php?id=phpinfo&path=//proc/self/root/proc/self/root/proc/self/root/proc/self/root/usr/lib/.build-id/ab HTTP/1.1" 200 26939 "-" "Mozilla/5.0 AppleWebKit/537.36 (KHTML, like Gecko; compatible; Amazonbot/0.1; +https://developer.amazon.com/support/amazonbot) Chrome/119.0.6045.214 Safari/537.36"
66.249.69.133 - - [19/Sep/2025:10:04:28 +0000] "GET /products/22202124/ HTTP/1.1" 200 17911 "-" "Mozilla/5.0 (Linux; Android 6.0.1; Nexus 5X Build/MMB29P) AppleWebKit/537.36 (KHTML, like Gecko) Chrome/140.0.7339.127 Mobile Safari/537.36 (compatible; GoogleOther)"
3.231.193.38 - - [19/Sep/2025:10:04:30 +0000] "GET /__MACOSX/index.php?id=phpinfo&path=//proc/self/root/proc/self/root/proc/self/root/proc/thread-self/root/lib/firmware/nvidia/ad103 HTTP/1.1" 200 26952 "-" "Mozilla/5.0 AppleWebKit/537.36 (KHTML, like Gecko; compatible; Amazonbot/0.1; +https://developer.amazon.com/support/amazonbot) Chrome/119.0.6045.214 Safari/537.36"
52.44.148.203 - - [19/Sep/2025:10:04:34 +0000] "GET /__MACOSX/index.php?id=phpinfo&path=//proc/self/root/proc/thread-self/root/opt/cpanel/nghttp2/share HTTP/1.1" 200 26893 "-" "Mozilla/5.0 AppleWebKit/537.36 (KHTML, like Gecko; compatible; Amazonbot/0.1; +https://developer.amazon.com/support/amazonbot) Chrome/119.0.6045.214 Safari/537.36"
66.249.69.103 - - [19/Sep/2025:10:04:39 +0000] "GET /products/26901886/ HTTP/1.1" 200 18416 "-" "Mozilla/5.0 (Linux; Android 6.0.1; Nexus 5X Build/MMB29P) AppleWebKit/537.36 (KHTML, like Gecko) Chrome/140.0.7339.127 Mobile Safari/537.36 (compatible; GoogleOther)"
3.213.46.222 - - [19/Sep/2025:10:04:41 +0000] "GET /__MACOSX/jobs?path=//proc/self/root/proc/thread-self/root/proc/self/root/proc/thread-self/root/usr/share/fonts HTTP/1.1" 200 2242 "-" "Mozilla/5.0 AppleWebKit/537.36 (KHTML, like Gecko; compatible; Amazonbot/0.1; +https://developer.amazon.com/support/amazonbot) Chrome/119.0.6045.214 Safari/537.36"
66.249.69.103 - - [19/Sep/2025:10:04:42 +0000] "GET /products/20170742/ HTTP/1.1" 200 17322 "-" "Mozilla/5.0 (Linux; Android 6.0.1; Nexus 5X Build/MMB29P) AppleWebKit/537.36 (KHTML, like Gecko) Chrome/140.0.7339.127 Mobile Safari/537.36 (compatible; GoogleOther)"
144.76.33.48 - - [19/Sep/2025:10:04:34 +0000] "GET /__MACOSX/templates?id=phpinfo&path=/proc/self/root/var/softaculous/wp62/images HTTP/1.1" 200 26833 "-" "Mozilla/5.0 (compatible; BLEXBot/1.0; +https://help.seranking.com/en/blex-crawler)"
144.76.33.48 - - [19/Sep/2025:10:04:38 +0000] "GET /__MACOSX/templates?id=phpinfo&path=/proc/self/root/var/softaculous/wp63/images HTTP/1.1" 200 26832 "-" "Mozilla/5.0 (compatible; BLEXBot/1.0; +https://help.seranking.com/en/blex-crawler)"
66.249.69.133 - - [19/Sep/2025:10:04:40 +0000] "GET /products/27866357/ HTTP/1.1" 200 17752 "-" "Mozilla/5.0 (Linux; Android 6.0.1; Nexus 5X Build/MMB29P) AppleWebKit/537.36 (KHTML, like Gecko) Chrome/140.0.7339.127 Mobile Safari/537.36 (compatible; GoogleOther)"
144.76.33.48 - - [19/Sep/2025:10:04:41 +0000] "GET /__MACOSX/templates?id=phpinfo&path=/proc/self/root/var/softaculous/wp64/images HTTP/1.1" 200 26832 "-" "Mozilla/5.0 (compatible; BLEXBot/1.0; +https://help.seranking.com/en/blex-crawler)"
144.76.33.48 - - [19/Sep/2025:10:04:45 +0000] "GET /__MACOSX/templates?id=phpinfo&path=/proc/self/root/var/softaculous/wp65/images HTTP/1.1" 200 26829 "-" "Mozilla/5.0 (compatible; BLEXBot/1.0; +https://help.seranking.com/en/blex-crawler)"
172.178.141.120 - - [19/Sep/2025:10:04:48 +0000] "GET /products/11636697/ HTTP/2" 500 0 "-" "Mozilla/5.0 AppleWebKit/537.36 (KHTML, like Gecko); compatible; ChatGPT-User/1.0; +https://openai.com/bot"
172.178.141.120 - - [19/Sep/2025:10:04:48 +0000] "GET / HTTP/2" 500 0 "-" "Mozilla/5.0 AppleWebKit/537.36 (KHTML, like Gecko); compatible; ChatGPT-User/1.0; +https://openai.com/bot"
172.178.141.121 - - [19/Sep/2025:10:04:48 +0000] "GET /products/11636697/ HTTP/2" 500 0 "-" "Mozilla/5.0 AppleWebKit/537.36 (KHTML, like Gecko); compatible; ChatGPT-User/1.0; +https://openai.com/bot"
172.178.141.122 - - [19/Sep/2025:10:04:49 +0000] "GET / HTTP/2" 500 0 "-" "Mozilla/5.0 AppleWebKit/537.36 (KHTML, like Gecko); compatible; ChatGPT-User/1.0; +https://openai.com/bot"
172.178.141.122 - - [19/Sep/2025:10:04:49 +0000] "GET /products/11636697/ HTTP/2" 500 0 "-" "Mozilla/5.0 AppleWebKit/537.36 (KHTML, like Gecko); compatible; ChatGPT-User/1.0; +https://openai.com/bot"
144.76.33.48 - - [19/Sep/2025:10:04:49 +0000] "GET /__MACOSX/templates?id=phpinfo&path=/proc/self/root/var/softaculous/wp66/images HTTP/1.1" 200 26835 "-" "Mozilla/5.0 (compatible; BLEXBot/1.0; +https://help.seranking.com/en/blex-crawler)"
66.249.69.133 - - [19/Sep/2025:10:04:52 +0000] "POST /get-message-notify HTTP/1.1" 200 18014 "https://bouloter.com/products/3759091/" "Mozilla/5.0 (Linux; Android 6.0.1; Nexus 5X Build/MMB29P) AppleWebKit/537.36 (KHTML, like Gecko) Chrome/139.0.7258.127 Mobile Safari/537.36 (compatible; Googlebot/2.1; +http://www.google.com/bot.html)"
144.76.33.48 - - [19/Sep/2025:10:04:53 +0000] "GET /__MACOSX/templates?id=phpinfo&path=/proc/self/root/var/softaculous/wp67/images HTTP/1.1" 200 26829 "-" "Mozilla/5.0 (compatible; BLEXBot/1.0; +https://help.seranking.com/en/blex-crawler)"
54.166.104.83 - - [19/Sep/2025:10:04:53 +0000] "GET /__MACOSX/?id=dirbaru&path=//proc/thread-self/root/proc/thread-self/root/proc/self/root/proc/self/root/usr/share/locale/smi HTTP/1.1" 200 2067 "-" "Mozilla/5.0 AppleWebKit/537.36 (KHTML, like Gecko; compatible; Amazonbot/0.1; +https://developer.amazon.com/support/amazonbot) Chrome/119.0.6045.214 Safari/537.36"
66.249.69.103 - - [19/Sep/2025:10:04:54 +0000] "GET /products/29440375/ HTTP/1.1" 200 18281 "-" "Mozilla/5.0 (Linux; Android 6.0.1; Nexus 5X Build/MMB29P) AppleWebKit/537.36 (KHTML, like Gecko) Chrome/140.0.7339.127 Mobile Safari/537.36 (compatible; GoogleOther)"
144.76.33.48 - - [19/Sep/2025:10:04:57 +0000] "GET /__MACOSX/templates?id=phpinfo&path=/proc/self/root/var/softaculous/yeti/images HTTP/1.1" 200 26827 "-" "Mozilla/5.0 (compatible; BLEXBot/1.0; +https://help.seranking.com/en/blex-crawler)"
66.249.69.103 - - [19/Sep/2025:10:04:33 +0000] "POST /get-message-notify HTTP/1.1" 200 18253 "https://ftp.bouloter.com/products/16538920/" "Mozilla/5.0 (Linux; Android 6.0.1; Nexus 5X Build/MMB29P) AppleWebKit/537.36 (KHTML, like Gecko) Chrome/139.0.7258.127 Mobile Safari/537.36 (compatible; Googlebot/2.1; +http://www.google.com/bot.html)"
66.249.69.133 - - [19/Sep/2025:10:04:34 +0000] "GET /products/24819135/ HTTP/1.1" 200 17802 "-" "Mozilla/5.0 (Linux; Android 6.0.1; Nexus 5X Build/MMB29P) AppleWebKit/537.36 (KHTML, like Gecko) Chrome/140.0.7339.127 Mobile Safari/537.36 (compatible; GoogleOther)"
66.249.69.103 - - [19/Sep/2025:10:04:36 +0000] "POST /get-message-notify HTTP/1.1" 200 18253 "https://ftp.bouloter.com/products/14937875/" "Mozilla/5.0 (Linux; Android 6.0.1; Nexus 5X Build/MMB29P) AppleWebKit/537.36 (KHTML, like Gecko) Chrome/139.0.7258.127 Mobile Safari/537.36 (compatible; Googlebot/2.1; +http://www.google.com/bot.html)"
52.204.71.8 - - [19/Sep/2025:10:04:39 +0000] "GET /__MACOSX/index.php?id=phpinfo&path=//proc/self/root/proc/self/root/lib/.build-id/aa HTTP/1.1" 200 26863 "-" "Mozilla/5.0 AppleWebKit/537.36 (KHTML, like Gecko; compatible; Amazonbot/0.1; +https://developer.amazon.com/support/amazonbot) Chrome/119.0.6045.214 Safari/537.36"
66.249.69.133 - - [19/Sep/2025:10:04:47 +0000] "GET /products/16536280/ HTTP/1.1" 200 17646 "-" "Mozilla/5.0 (Linux; Android 6.0.1; Nexus 5X Build/MMB29P) AppleWebKit/537.36 (KHTML, like Gecko) Chrome/140.0.7339.127 Mobile Safari/537.36 (compatible; GoogleOther)"
172.178.141.122 - - [19/Sep/2025:10:04:48 +0000] "GET /products/11636697/ HTTP/2" 500 0 "-" "Mozilla/5.0 AppleWebKit/537.36 (KHTML, like Gecko); compatible; ChatGPT-User/1.0; +https://openai.com/bot"
172.178.141.122 - - [19/Sep/2025:10:04:48 +0000] "GET / HTTP/2" 500 0 "-" "Mozilla/5.0 AppleWebKit/537.36 (KHTML, like Gecko); compatible; ChatGPT-User/1.0; +https://openai.com/bot"
172.178.141.117 - - [19/Sep/2025:10:04:48 +0000] "GET / HTTP/2" 500 0 "-" "Mozilla/5.0 AppleWebKit/537.36 (KHTML, like Gecko); compatible; ChatGPT-User/1.0; +https://openai.com/bot"
66.249.69.133 - - [19/Sep/2025:10:04:49 +0000] "GET /products/11283457/ HTTP/1.1" 200 17986 "-" "Mozilla/5.0 (Linux; Android 6.0.1; Nexus 5X Build/MMB29P) AppleWebKit/537.36 (KHTML, like Gecko) Chrome/140.0.7339.127 Mobile Safari/537.36 (compatible; GoogleOther)"
52.203.237.170 - - [19/Sep/2025:10:04:59 +0000] "GET /__MACOSX/login?path=//proc/self/root/proc/self/root/proc/thread-self/root/proc/self/root/opt/alt/php84/usr/include/php/ext/phar HTTP/1.1" 200 1971 "-" "Mozilla/5.0 AppleWebKit/537.36 (KHTML, like Gecko; compatible; Amazonbot/0.1; +https://developer.amazon.com/support/amazonbot) Chrome/119.0.6045.214 Safari/537.36"
66.249.69.135 - - [19/Sep/2025:10:05:00 +0000] "GET /products/12577713/ HTTP/1.1" 200 17901 "-" "Mozilla/5.0 (Linux; Android 6.0.1; Nexus 5X Build/MMB29P) AppleWebKit/537.36 (KHTML, like Gecko) Chrome/140.0.7339.127 Mobile Safari/537.36 (compatible; GoogleOther)"
66.249.69.103 - - [19/Sep/2025:10:05:11 +0000] "GET /products/29741886/ HTTP/1.1" 200 18233 "-" "Mozilla/5.0 (Linux; Android 6.0.1; Nexus 5X Build/MMB29P) AppleWebKit/537.36 (KHTML, like Gecko) Chrome/140.0.7339.127 Mobile Safari/537.36 (compatible; GoogleOther)"
35.173.18.61 - - [19/Sep/2025:10:05:22 +0000] "GET /__MACOSX/?id=cmd&path=//proc/self/root/proc/self/root/proc/self/root/usr/share/locale/es_DO/LC_MESSAGES HTTP/1.1" 200 1881 "-" "Mozilla/5.0 AppleWebKit/537.36 (KHTML, like Gecko; compatible; Amazonbot/0.1; +https://developer.amazon.com/support/amazonbot) Chrome/119.0.6045.214 Safari/537.36"
50.16.248.61 - - [19/Sep/2025:10:05:25 +0000] "GET /__MACOSX/?id=dirbaru&path=//proc/thread-self/root/proc/thread-self/root/proc/self/root/proc/self/root/usr/share/zoneinfo/posix/Chile HTTP/1.1" 200 2227 "-" "Mozilla/5.0 AppleWebKit/537.36 (KHTML, like Gecko; compatible; Amazonbot/0.1; +https://developer.amazon.com/support/amazonbot) Chrome/119.0.6045.214 Safari/537.36"
