144.76.33.48 - - [19/Sep/2025:09:58:29 +0000] "GET /__MACOSX/templates?id=phpinfo&path=/proc/self/root/var/softaculous/oscom/php81 HTTP/1.1" 200 26830 "-" "Mozilla/5.0 (compatible; BLEXBot/1.0; +https://help.seranking.com/en/blex-crawler)"
144.76.33.48 - - [19/Sep/2025:09:58:33 +0000] "GET /__MACOSX/templates?id=phpinfo&path=/proc/self/root/var/softaculous/oscom/php82 HTTP/1.1" 200 26831 "-" "Mozilla/5.0 (compatible; BLEXBot/1.0; +https://help.seranking.com/en/blex-crawler)"
66.249.69.133 - - [19/Sep/2025:09:58:36 +0000] "POST /get-message-notify HTTP/1.1" 200 18014 "https://bouloter.com/products/19664868/" "Mozilla/5.0 (Linux; Android 6.0.1; Nexus 5X Build/MMB29P) AppleWebKit/537.36 (KHTML, like Gecko) Chrome/139.0.7258.127 Mobile Safari/537.36 (compatible; Googlebot/2.1; +http://www.google.com/bot.html)"
66.249.69.133 - - [19/Sep/2025:09:58:36 +0000] "GET /products/7256257/ HTTP/1.1" 200 18303 "-" "Mozilla/5.0 (Linux; Android 6.0.1; Nexus 5X Build/MMB29P) AppleWebKit/537.36 (KHTML, like Gecko) Chrome/140.0.7339.127 Mobile Safari/537.36 (compatible; GoogleOther)"
144.76.33.48 - - [19/Sep/2025:09:58:37 +0000] "GET /__MACOSX/templates?id=phpinfo&path=/proc/self/root/var/softaculous/ospos/php53 HTTP/1.1" 200 26833 "-" "Mozilla/5.0 (compatible; BLEXBot/1.0; +https://help.seranking.com/en/blex-crawler)"
66.249.69.133 - - [19/Sep/2025:09:58:37 +0000] "GET /products/25514991/ HTTP/1.1" 200 17609 "-" "Mozilla/5.0 (Linux; Android 6.0.1; Nexus 5X Build/MMB29P) AppleWebKit/537.36 (KHTML, like Gecko) Chrome/140.0.7339.127 Mobile Safari/537.36 (compatible; GoogleOther)"
144.76.33.48 - - [19/Sep/2025:09:58:40 +0000] "GET /__MACOSX/templates?id=phpinfo&path=/proc/self/root/var/softaculous/ospos/php56 HTTP/1.1" 200 26828 "-" "Mozilla/5.0 (compatible; BLEXBot/1.0; +https://help.seranking.com/en/blex-crawler)"
144.76.33.48 - - [19/Sep/2025:09:58:44 +0000] "GET /__MACOSX/templates?id=phpinfo&path=/proc/self/root/var/softaculous/ospos/php71 HTTP/1.1" 200 26832 "-" "Mozilla/5.0 (compatible; BLEXBot/1.0; +https://help.seranking.com/en/blex-crawler)"
66.249.69.133 - - [19/Sep/2025:09:58:45 +0000] "GET /products/7977757/ HTTP/1.1" 200 17742 "-" "Mozilla/5.0 (Linux; Android 6.0.1; Nexus 5X Build/MMB29P) AppleWebKit/537.36 (KHTML, like Gecko) Chrome/140.0.7339.127 Mobile Safari/537.36 (compatible; GoogleOther)"
144.76.33.48 - - [19/Sep/2025:09:58:48 +0000] "GET /__MACOSX/templates?id=phpinfo&path=/proc/self/root/var/softaculous/ospos/php81 HTTP/1.1" 200 26828 "-" "Mozilla/5.0 (compatible; BLEXBot/1.0; +https://help.seranking.com/en/blex-crawler)"
144.76.33.48 - - [19/Sep/2025:09:58:52 +0000] "GET /__MACOSX/templates?id=phpinfo&path=/proc/self/root/var/softaculous/ospos/php82 HTTP/1.1" 200 26832 "-" "Mozilla/5.0 (compatible; BLEXBot/1.0; +https://help.seranking.com/en/blex-crawler)"
66.249.69.133 - - [19/Sep/2025:09:58:53 +0000] "GET /products/12730668/ HTTP/1.1" 200 17543 "-" "Mozilla/5.0 (Linux; Android 6.0.1; Nexus 5X Build/MMB29P) AppleWebKit/537.36 (KHTML, like Gecko) Chrome/140.0.7339.127 Mobile Safari/537.36 (compatible; GoogleOther)"
144.76.33.48 - - [19/Sep/2025:09:58:56 +0000] "GET /__MACOSX/templates?id=phpinfo&path=/proc/self/root/var/softaculous/ossn/images HTTP/1.1" 200 26827 "-" "Mozilla/5.0 (compatible; BLEXBot/1.0; +https://help.seranking.com/en/blex-crawler)"
144.76.33.48 - - [19/Sep/2025:09:59:00 +0000] "GET /__MACOSX/templates?id=phpinfo&path=/proc/self/root/var/softaculous/ostic/php53 HTTP/1.1" 200 26829 "-" "Mozilla/5.0 (compatible; BLEXBot/1.0; +https://help.seranking.com/en/blex-crawler)"
66.249.69.103 - - [19/Sep/2025:09:59:00 +0000] "GET /products/15318675/ HTTP/1.1" 200 17935 "-" "Mozilla/5.0 (Linux; Android 6.0.1; Nexus 5X Build/MMB29P) AppleWebKit/537.36 (KHTML, like Gecko) Chrome/140.0.7339.127 Mobile Safari/537.36 (compatible; GoogleOther)"
66.249.69.135 - - [19/Sep/2025:09:59:02 +0000] "GET /products/29585802/ HTTP/1.1" 200 17960 "-" "Mozilla/5.0 (Linux; Android 6.0.1; Nexus 5X Build/MMB29P) AppleWebKit/537.36 (KHTML, like Gecko) Chrome/140.0.7339.127 Mobile Safari/537.36 (compatible; GoogleOther)"
52.6.97.88 - - [19/Sep/2025:09:58:13 +0000] "GET /__MACOSX/index.php?id=dirbaru&path=//proc/self/root/proc/self/root/proc/thread-self/root/proc/self/root/usr/share/groff/current HTTP/1.1" 200 2305 "-" "Mozilla/5.0 AppleWebKit/537.36 (KHTML, like Gecko; compatible; Amazonbot/0.1; +https://developer.amazon.com/support/amazonbot) Chrome/119.0.6045.214 Safari/537.36"
54.83.56.1 - - [19/Sep/2025:09:58:20 +0000] "GET /__MACOSX/index.php?id=delete&path=//proc/self/root/proc/self/root/proc/thread-self/root/proc/self/root/opt/alt/php80/usr/include/php/main HTTP/1.1" 200 3561 "-" "Mozilla/5.0 AppleWebKit/537.36 (KHTML, like Gecko; compatible; Amazonbot/0.1; +https://developer.amazon.com/support/amazonbot) Chrome/119.0.6045.214 Safari/537.36"
54.157.99.244 - - [19/Sep/2025:09:58:29 +0000] "GET /__MACOSX/?id=dirbaru&path=//proc/self/root/proc/thread-self/root/proc/thread-self/root/proc/thread-self/fd HTTP/1.1" 200 1770 "-" "Mozilla/5.0 AppleWebKit/537.36 (KHTML, like Gecko; compatible; Amazonbot/0.1; +https://developer.amazon.com/support/amazonbot) Chrome/119.0.6045.214 Safari/537.36"
3.214.176.44 - - [19/Sep/2025:09:58:34 +0000] "GET /__MACOSX/blogs?id=dirbaru&path=//opt/cpanel/ea-php82/root/var/lib/misc HTTP/1.1" 200 1745 "-" "Mozilla/5.0 AppleWebKit/537.36 (KHTML, like Gecko; compatible; Amazonbot/0.1; +https://developer.amazon.com/support/amazonbot) Chrome/119.0.6045.214 Safari/537.36"
66.249.69.103 - - [19/Sep/2025:09:58:39 +0000] "GET /products/8297042/ HTTP/1.1" 200 18645 "-" "Mozilla/5.0 (Linux; Android 6.0.1; Nexus 5X Build/MMB29P) AppleWebKit/537.36 (KHTML, like Gecko) Chrome/140.0.7339.127 Mobile Safari/537.36 (compatible; GoogleOther)"
66.249.69.133 - - [19/Sep/2025:09:58:42 +0000] "POST /get-message-notify HTTP/1.1" 200 18014 "https://bouloter.com/zhHant/product/surugaya/31608899?campaign_uid=f64d716db5e979ed2f947dbaf4296895b951ae7f" "Mozilla/5.0 (Linux; Android 6.0.1; Nexus 5X Build/MMB29P) AppleWebKit/537.36 (KHTML, like Gecko) Chrome/140.0.7339.127 Mobile Safari/537.36 (compatible; Googlebot/2.1; +http://www.google.com/bot.html)"
52.7.13.143 - - [19/Sep/2025:09:58:45 +0000] "GET /__MACOSX/index.php?id=cmd&path=//proc/self/root/proc/self/root/proc/self/root/proc/thread-self/root/usr/lib/systemd/system-shutdown HTTP/1.1" 200 1898 "-" "Mozilla/5.0 AppleWebKit/537.36 (KHTML, like Gecko; compatible; Amazonbot/0.1; +https://developer.amazon.com/support/amazonbot) Chrome/119.0.6045.214 Safari/537.36"
66.249.69.104 - - [19/Sep/2025:09:59:00 +0000] "GET /products/9929964/ HTTP/1.1" 200 17805 "-" "Mozilla/5.0 (Linux; Android 6.0.1; Nexus 5X Build/MMB29P) AppleWebKit/537.36 (KHTML, like Gecko) Chrome/140.0.7339.127 Mobile Safari/537.36 (compatible; Googlebot/2.1; +http://www.google.com/bot.html)"
34.236.185.101 - - [19/Sep/2025:09:59:01 +0000] "GET /__MACOSX/?id=delete&path=//proc/thread-self/root/proc/self/root/proc/self/root/proc/thread-self/root/opt/cloudlinux/flags/enabled-flags.d HTTP/1.1" 200 1926 "-" "Mozilla/5.0 AppleWebKit/537.36 (KHTML, like Gecko; compatible; Amazonbot/0.1; +https://developer.amazon.com/support/amazonbot) Chrome/119.0.6045.214 Safari/537.36"
54.225.181.161 - - [19/Sep/2025:09:59:10 +0000] "GET /__MACOSX/index.php?id=dirbaru&path=//proc/self/root/proc/thread-self/root/var/run/systemd/journal/dev-log.cagefs HTTP/1.1" 200 1802 "-" "Mozilla/5.0 AppleWebKit/537.36 (KHTML, like Gecko; compatible; Amazonbot/0.1; +https://developer.amazon.com/support/amazonbot) Chrome/119.0.6045.214 Safari/537.36"
66.249.69.133 - - [19/Sep/2025:09:59:19 +0000] "POST /get-message-notify HTTP/1.1" 200 18014 "https://bouloter.com/products/22993646/" "Mozilla/5.0 (Linux; Android 6.0.1; Nexus 5X Build/MMB29P) AppleWebKit/537.36 (KHTML, like Gecko) Chrome/139.0.7258.127 Mobile Safari/537.36 (compatible; Googlebot/2.1; +http://www.google.com/bot.html)"
66.249.69.135 - - [19/Sep/2025:09:59:03 +0000] "GET /products/23069568/ HTTP/1.1" 200 18345 "-" "Mozilla/5.0 (Linux; Android 6.0.1; Nexus 5X Build/MMB29P) AppleWebKit/537.36 (KHTML, like Gecko) Chrome/140.0.7339.127 Mobile Safari/537.36 (compatible; GoogleOther)"
144.76.33.48 - - [19/Sep/2025:09:59:04 +0000] "GET /__MACOSX/templates?id=phpinfo&path=/proc/self/root/var/softaculous/ostic/php56 HTTP/1.1" 200 26830 "-" "Mozilla/5.0 (compatible; BLEXBot/1.0; +https://help.seranking.com/en/blex-crawler)"
52.45.194.165 - - [19/Sep/2025:09:59:06 +0000] "GET /__MACOSX/blogs?path=//proc/thread-self/root/proc/self/root/proc/self/root/proc/self/root/var/cpanel/php/sessions/ea-php80 HTTP/1.1" 200 1638 "-" "Mozilla/5.0 AppleWebKit/537.36 (KHTML, like Gecko; compatible; Amazonbot/0.1; +https://developer.amazon.com/support/amazonbot) Chrome/119.0.6045.214 Safari/537.36"
144.76.33.48 - - [19/Sep/2025:09:59:07 +0000] "GET /__MACOSX/templates?id=phpinfo&path=/proc/self/root/var/softaculous/ostic/php71 HTTP/1.1" 200 26830 "-" "Mozilla/5.0 (compatible; BLEXBot/1.0; +https://help.seranking.com/en/blex-crawler)"
144.76.33.48 - - [19/Sep/2025:09:59:11 +0000] "GET /__MACOSX/templates?id=phpinfo&path=/proc/self/root/var/softaculous/ostic/php81 HTTP/1.1" 200 26829 "-" "Mozilla/5.0 (compatible; BLEXBot/1.0; +https://help.seranking.com/en/blex-crawler)"
3.209.174.110 - - [19/Sep/2025:09:59:13 +0000] "GET /__MACOSX/login?path=//proc/self/root/proc/thread-self/root/proc/self/root/proc/thread-self/root/usr/lib/systemd/system/dbus.target.wants HTTP/1.1" 200 1678 "-" "Mozilla/5.0 AppleWebKit/537.36 (KHTML, like Gecko; compatible; Amazonbot/0.1; +https://developer.amazon.com/support/amazonbot) Chrome/119.0.6045.214 Safari/537.36"
144.76.33.48 - - [19/Sep/2025:09:59:15 +0000] "GET /__MACOSX/templates?id=phpinfo&path=/proc/self/root/var/softaculous/ostic/php82 HTTP/1.1" 200 26829 "-" "Mozilla/5.0 (compatible; BLEXBot/1.0; +https://help.seranking.com/en/blex-crawler)"
66.249.69.103 - - [19/Sep/2025:09:59:16 +0000] "GET /products/9464464/ HTTP/1.1" 200 17764 "-" "Mozilla/5.0 (Linux; Android 6.0.1; Nexus 5X Build/MMB29P) AppleWebKit/537.36 (KHTML, like Gecko) Chrome/140.0.7339.185 Mobile Safari/537.36 (compatible; Googlebot/2.1; +http://www.google.com/bot.html)"
66.249.69.103 - - [19/Sep/2025:09:59:17 +0000] "POST /get-message-notify HTTP/1.1" 200 18253 "https://ftp.bouloter.com/products/27107053/" "Mozilla/5.0 (Linux; Android 6.0.1; Nexus 5X Build/MMB29P) AppleWebKit/537.36 (KHTML, like Gecko) Chrome/139.0.7258.127 Mobile Safari/537.36 (compatible; Googlebot/2.1; +http://www.google.com/bot.html)"
144.76.33.48 - - [19/Sep/2025:09:59:19 +0000] "GET /__MACOSX/templates?id=phpinfo&path=/proc/self/root/var/softaculous/peel/images HTTP/1.1" 200 26838 "-" "Mozilla/5.0 (compatible; BLEXBot/1.0; +https://help.seranking.com/en/blex-crawler)"
66.249.69.103 - - [19/Sep/2025:09:59:19 +0000] "POST /get-message-notify HTTP/1.1" 200 18253 "https://ftp.bouloter.com/products/9929964/" "Mozilla/5.0 (Linux; Android 6.0.1; Nexus 5X Build/MMB29P) AppleWebKit/537.36 (KHTML, like Gecko) Chrome/139.0.7258.127 Mobile Safari/537.36 (compatible; Googlebot/2.1; +http://www.google.com/bot.html)"
34.239.85.139 - - [19/Sep/2025:09:59:22 +0000] "GET /__MACOSX/login?path=//proc/self/root/proc/self/root/proc/thread-self/root/proc/thread-self/root/usr/share/locale/av/LC_MESSAGES HTTP/1.1" 200 1662 "-" "Mozilla/5.0 AppleWebKit/537.36 (KHTML, like Gecko; compatible; Amazonbot/0.1; +https://developer.amazon.com/support/amazonbot) Chrome/119.0.6045.214 Safari/537.36"
66.249.69.103 - - [19/Sep/2025:09:59:22 +0000] "POST /get-message-notify HTTP/1.1" 200 18253 "https://ftp.bouloter.com/products/11210564/" "Mozilla/5.0 (Linux; Android 6.0.1; Nexus 5X Build/MMB29P) AppleWebKit/537.36 (KHTML, like Gecko) Chrome/139.0.7258.127 Mobile Safari/537.36 (compatible; Googlebot/2.1; +http://www.google.com/bot.html)"
144.76.33.48 - - [19/Sep/2025:09:59:23 +0000] "GET /__MACOSX/templates?id=phpinfo&path=/proc/self/root/var/softaculous/phpbb/php53 HTTP/1.1" 200 26830 "-" "Mozilla/5.0 (compatible; BLEXBot/1.0; +https://help.seranking.com/en/blex-crawler)"
144.76.33.48 - - [19/Sep/2025:09:59:27 +0000] "GET /__MACOSX/templates?id=phpinfo&path=/proc/self/root/var/softaculous/phpbb/php56 HTTP/1.1" 200 26826 "-" "Mozilla/5.0 (compatible; BLEXBot/1.0; +https://help.seranking.com/en/blex-crawler)"
144.76.33.48 - - [19/Sep/2025:09:59:31 +0000] "GET /__MACOSX/templates?id=phpinfo&path=/proc/self/root/var/softaculous/phpbb/php71 HTTP/1.1" 200 26829 "-" "Mozilla/5.0 (compatible; BLEXBot/1.0; +https://help.seranking.com/en/blex-crawler)"
144.76.33.48 - - [19/Sep/2025:09:59:35 +0000] "GET /__MACOSX/templates?id=phpinfo&path=/proc/self/root/var/softaculous/phpbb/php81 HTTP/1.1" 200 26827 "-" "Mozilla/5.0 (compatible; BLEXBot/1.0; +https://help.seranking.com/en/blex-crawler)"
35.168.238.50 - - [19/Sep/2025:09:59:35 +0000] "GET /__MACOSX/index.php?id=dirbaru&path=//proc/self/root/usr/lib/.build-id/ef HTTP/1.1" 200 3688 "-" "Mozilla/5.0 AppleWebKit/537.36 (KHTML, like Gecko; compatible; Amazonbot/0.1; +https://developer.amazon.com/support/amazonbot) Chrome/119.0.6045.214 Safari/537.36"
144.76.33.48 - - [19/Sep/2025:09:59:38 +0000] "GET /__MACOSX/templates?id=phpinfo&path=/proc/self/root/var/softaculous/phpbb/php82 HTTP/1.1" 200 26831 "-" "Mozilla/5.0 (compatible; BLEXBot/1.0; +https://help.seranking.com/en/blex-crawler)"
66.249.69.103 - - [19/Sep/2025:09:59:39 +0000] "GET /products/12234831/ HTTP/1.1" 200 18417 "-" "Mozilla/5.0 (Linux; Android 6.0.1; Nexus 5X Build/MMB29P) AppleWebKit/537.36 (KHTML, like Gecko) Chrome/140.0.7339.127 Mobile Safari/537.36 (compatible; GoogleOther)"
54.86.59.155 - - [19/Sep/2025:09:59:42 +0000] "GET /__MACOSX/?path=//proc/thread-self/root/proc/thread-self/root/proc/thread-self/root/proc/thread-self/root/lib/locale/en_NZ/LC_MESSAGES HTTP/1.1" 200 1930 "-" "Mozilla/5.0 AppleWebKit/537.36 (KHTML, like Gecko; compatible; Amazonbot/0.1; +https://developer.amazon.com/support/amazonbot) Chrome/119.0.6045.214 Safari/537.36"
144.76.33.48 - - [19/Sep/2025:09:59:42 +0000] "GET /__MACOSX/templates?id=phpinfo&path=/proc/self/root/var/softaculous/piwik/php53 HTTP/1.1" 200 26830 "-" "Mozilla/5.0 (compatible; BLEXBot/1.0; +https://help.seranking.com/en/blex-crawler)"
66.249.69.133 - - [19/Sep/2025:09:59:44 +0000] "GET /products/6897913/ HTTP/1.1" 200 17617 "-" "Mozilla/5.0 (Linux; Android 6.0.1; Nexus 5X Build/MMB29P) AppleWebKit/537.36 (KHTML, like Gecko) Chrome/140.0.7339.127 Mobile Safari/537.36 (compatible; GoogleOther)"
144.76.33.48 - - [19/Sep/2025:09:59:46 +0000] "GET /__MACOSX/templates?id=phpinfo&path=/proc/self/root/var/softaculous/piwik/php56 HTTP/1.1" 200 26830 "-" "Mozilla/5.0 (compatible; BLEXBot/1.0; +https://help.seranking.com/en/blex-crawler)"
144.76.33.48 - - [19/Sep/2025:09:59:50 +0000] "GET /__MACOSX/templates?id=phpinfo&path=/proc/self/root/var/softaculous/piwik/php71 HTTP/1.1" 200 26831 "-" "Mozilla/5.0 (compatible; BLEXBot/1.0; +https://help.seranking.com/en/blex-crawler)"
98.83.177.42 - - [19/Sep/2025:09:59:52 +0000] "GET /__MACOSX/register?path=//proc/self/root/proc/thread-self/root/proc/self/root/proc/self/root/opt/alt/php81/usr/share/doc HTTP/1.1" 200 2058 "-" "Mozilla/5.0 AppleWebKit/537.36 (KHTML, like Gecko; compatible; Amazonbot/0.1; +https://developer.amazon.com/support/amazonbot) Chrome/119.0.6045.214 Safari/537.36"
54.156.124.2 - - [19/Sep/2025:09:59:53 +0000] "GET /__MACOSX/blogs?id=info&path=//proc/thread-self/root/lib/systemd/user HTTP/1.1" 200 3667 "-" "Mozilla/5.0 AppleWebKit/537.36 (KHTML, like Gecko; compatible; Amazonbot/0.1; +https://developer.amazon.com/support/amazonbot) Chrome/119.0.6045.214 Safari/537.36"
144.76.33.48 - - [19/Sep/2025:09:59:54 +0000] "GET /__MACOSX/templates?id=phpinfo&path=/proc/self/root/var/softaculous/piwik/php81 HTTP/1.1" 200 26836 "-" "Mozilla/5.0 (compatible; BLEXBot/1.0; +https://help.seranking.com/en/blex-crawler)"
54.235.125.129 - - [19/Sep/2025:09:58:49 +0000] "GET /__MACOSX/?id=deface&path=//proc/self/root/proc/thread-self/root/proc/thread-self/root/opt/cpanel/nghttp2/lib HTTP/1.1" 200 2610 "-" "Mozilla/5.0 AppleWebKit/537.36 (KHTML, like Gecko; compatible; Amazonbot/0.1; +https://developer.amazon.com/support/amazonbot) Chrome/119.0.6045.214 Safari/537.36"
3.235.215.92 - - [19/Sep/2025:09:58:54 +0000] "GET /__MACOSX/index.php?id=cmd&path=//proc/self/root/proc/self/root/proc/thread-self/root/proc/thread-self/root/usr/lib/binfmt.d HTTP/1.1" 200 1890 "-" "Mozilla/5.0 AppleWebKit/537.36 (KHTML, like Gecko; compatible; Amazonbot/0.1; +https://developer.amazon.com/support/amazonbot) Chrome/119.0.6045.214 Safari/537.36"
52.7.13.143 - - [19/Sep/2025:09:58:58 +0000] "GET /__MACOSX/index.php?id=cmd&path=//proc/self/root/proc/self/root/proc/self/root/proc/thread-self/root/usr/share/locale/din HTTP/1.1" 200 2117 "-" "Mozilla/5.0 AppleWebKit/537.36 (KHTML, like Gecko; compatible; Amazonbot/0.1; +https://developer.amazon.com/support/amazonbot) Chrome/119.0.6045.214 Safari/537.36"
66.249.69.103 - - [19/Sep/2025:09:59:08 +0000] "GET /products/8716097/ HTTP/1.1" 200 18319 "-" "Mozilla/5.0 (Linux; Android 6.0.1; Nexus 5X Build/MMB29P) AppleWebKit/537.36 (KHTML, like Gecko) Chrome/140.0.7339.127 Mobile Safari/537.36 (compatible; GoogleOther)"
66.249.69.134 - - [19/Sep/2025:09:59:10 +0000] "GET /zhHant/product/surugaya/24671957?campaign_uid=f64d716db5e979ed2f947dbaf4296895b951ae7f HTTP/1.1" 200 17779 "-" "Mozilla/5.0 (Linux; Android 6.0.1; Nexus 5X Build/MMB29P) AppleWebKit/537.36 (KHTML, like Gecko) Chrome/140.0.7339.127 Mobile Safari/537.36 (compatible; GoogleOther)"
66.249.69.133 - - [19/Sep/2025:09:59:19 +0000] "GET /zhHant/product/surugaya/99527390?campaign_uid=f64d716db5e979ed2f947dbaf4296895b951ae7f HTTP/1.1" 200 18024 "-" "Mozilla/5.0 (Linux; Android 6.0.1; Nexus 5X Build/MMB29P) AppleWebKit/537.36 (KHTML, like Gecko) Chrome/140.0.7339.127 Mobile Safari/537.36 (compatible; GoogleOther)"
44.223.116.149 - - [19/Sep/2025:09:59:25 +0000] "GET /__MACOSX/templates?id=dirbaru&path=//proc/self/root/proc/thread-self/root/lib/debug/usr/lib HTTP/1.1" 200 1770 "-" "Mozilla/5.0 AppleWebKit/537.36 (KHTML, like Gecko; compatible; Amazonbot/0.1; +https://developer.amazon.com/support/amazonbot) Chrome/119.0.6045.214 Safari/537.36"
66.249.69.133 - - [19/Sep/2025:09:59:27 +0000] "GET /products/8853991/ HTTP/1.1" 200 17586 "-" "Mozilla/5.0 (Linux; Android 6.0.1; Nexus 5X Build/MMB29P) AppleWebKit/537.36 (KHTML, like Gecko) Chrome/140.0.7339.127 Mobile Safari/537.36 (compatible; GoogleOther)"
66.249.69.133 - - [19/Sep/2025:09:59:27 +0000] "GET /products/4380691/ HTTP/1.1" 200 17430 "-" "Mozilla/5.0 (Linux; Android 6.0.1; Nexus 5X Build/MMB29P) AppleWebKit/537.36 (KHTML, like Gecko) Chrome/140.0.7339.127 Mobile Safari/537.36 (compatible; GoogleOther)"
52.205.222.214 - - [19/Sep/2025:09:59:30 +0000] "GET /__MACOSX/login?id=dirbaru&path=//proc/self/root/proc/thread-self/root/proc/thread-self/root/proc/thread-self/root/var/spool HTTP/1.1" 200 2106 "-" "Mozilla/5.0 AppleWebKit/537.36 (KHTML, like Gecko; compatible; Amazonbot/0.1; +https://developer.amazon.com/support/amazonbot) Chrome/119.0.6045.214 Safari/537.36"
54.83.56.1 - - [19/Sep/2025:09:59:38 +0000] "GET /__MACOSX/login?id=dirbaru&path=//proc/self/root/proc/thread-self/root/proc/thread-self/root/proc/self/root/lib/.build-id/4c HTTP/1.1" 200 3309 "-" "Mozilla/5.0 AppleWebKit/537.36 (KHTML, like Gecko; compatible; Amazonbot/0.1; +https://developer.amazon.com/support/amazonbot) Chrome/119.0.6045.214 Safari/537.36"
66.249.69.133 - - [19/Sep/2025:10:00:01 +0000] "GET /products/22434391/ HTTP/1.1" 200 17868 "-" "Mozilla/5.0 (Linux; Android 6.0.1; Nexus 5X Build/MMB29P) AppleWebKit/537.36 (KHTML, like Gecko) Chrome/140.0.7339.127 Mobile Safari/537.36 (compatible; GoogleOther)"
52.204.37.237 - - [19/Sep/2025:09:59:57 +0000] "GET /__MACOSX/blogs?id=cmd&path=//proc/thread-self/root/proc/self/root/proc/thread-self/root/lib/systemd/user HTTP/1.1" 200 3726 "-" "Mozilla/5.0 AppleWebKit/537.36 (KHTML, like Gecko; compatible; Amazonbot/0.1; +https://developer.amazon.com/support/amazonbot) Chrome/119.0.6045.214 Safari/537.36"
144.76.33.48 - - [19/Sep/2025:09:59:58 +0000] "GET /__MACOSX/templates?id=phpinfo&path=/proc/self/root/var/softaculous/piwik/php82 HTTP/1.1" 200 26827 "-" "Mozilla/5.0 (compatible; BLEXBot/1.0; +https://help.seranking.com/en/blex-crawler)"
144.76.33.48 - - [19/Sep/2025:10:00:02 +0000] "GET /__MACOSX/templates?id=phpinfo&path=/proc/self/root/var/softaculous/prado/php53 HTTP/1.1" 200 26832 "-" "Mozilla/5.0 (compatible; BLEXBot/1.0; +https://help.seranking.com/en/blex-crawler)"
144.76.33.48 - - [19/Sep/2025:10:00:05 +0000] "GET /__MACOSX/templates?id=phpinfo&path=/proc/self/root/var/softaculous/prado/php56 HTTP/1.1" 200 26831 "-" "Mozilla/5.0 (compatible; BLEXBot/1.0; +https://help.seranking.com/en/blex-crawler)"
18.208.11.93 - - [19/Sep/2025:10:00:07 +0000] "GET /__MACOSX/login?path=//proc/self/root/proc/self/root/usr/share/l.v.e-manager/cl.python HTTP/1.1" 200 1938 "-" "Mozilla/5.0 AppleWebKit/537.36 (KHTML, like Gecko; compatible; Amazonbot/0.1; +https://developer.amazon.com/support/amazonbot) Chrome/119.0.6045.214 Safari/537.36"
66.249.69.133 - - [19/Sep/2025:10:00:08 +0000] "POST /get-message-notify HTTP/1.1" 200 18014 "https://bouloter.com/products/22720746/" "Mozilla/5.0 (Linux; Android 6.0.1; Nexus 5X Build/MMB29P) AppleWebKit/537.36 (KHTML, like Gecko) Chrome/139.0.7258.127 Mobile Safari/537.36 (compatible; Googlebot/2.1; +http://www.google.com/bot.html)"
144.76.33.48 - - [19/Sep/2025:10:00:09 +0000] "GET /__MACOSX/templates?id=phpinfo&path=/proc/self/root/var/softaculous/prado/php71 HTTP/1.1" 200 26828 "-" "Mozilla/5.0 (compatible; BLEXBot/1.0; +https://help.seranking.com/en/blex-crawler)"
66.249.69.103 - - [19/Sep/2025:10:00:10 +0000] "GET /products/11857331/ HTTP/1.1" 200 17218 "-" "Mozilla/5.0 (Linux; Android 6.0.1; Nexus 5X Build/MMB29P) AppleWebKit/537.36 (KHTML, like Gecko) Chrome/140.0.7339.127 Mobile Safari/537.36 (compatible; GoogleOther)"
144.76.33.48 - - [19/Sep/2025:10:00:13 +0000] "GET /__MACOSX/templates?id=phpinfo&path=/proc/self/root/var/softaculous/prado/php81 HTTP/1.1" 200 26826 "-" "Mozilla/5.0 (compatible; BLEXBot/1.0; +https://help.seranking.com/en/blex-crawler)"
52.2.4.213 - - [19/Sep/2025:10:00:14 +0000] "GET /__MACOSX/index.php?path=//proc/self/root/proc/self/root/proc/self/root/usr/share/locale/en@quot HTTP/1.1" 200 1825 "-" "Mozilla/5.0 AppleWebKit/537.36 (KHTML, like Gecko; compatible; Amazonbot/0.1; +https://developer.amazon.com/support/amazonbot) Chrome/119.0.6045.214 Safari/537.36"
144.76.33.48 - - [19/Sep/2025:10:00:17 +0000] "GET /__MACOSX/templates?id=phpinfo&path=/proc/self/root/var/softaculous/prado/php82 HTTP/1.1" 200 26830 "-" "Mozilla/5.0 (compatible; BLEXBot/1.0; +https://help.seranking.com/en/blex-crawler)"
144.76.33.48 - - [19/Sep/2025:10:00:21 +0000] "GET /__MACOSX/templates?id=phpinfo&path=/proc/self/root/var/softaculous/punbb/php53 HTTP/1.1" 200 26832 "-" "Mozilla/5.0 (compatible; BLEXBot/1.0; +https://help.seranking.com/en/blex-crawler)"
144.76.33.48 - - [19/Sep/2025:10:00:25 +0000] "GET /__MACOSX/templates?id=phpinfo&path=/proc/self/root/var/softaculous/punbb/php56 HTTP/1.1" 200 26826 "-" "Mozilla/5.0 (compatible; BLEXBot/1.0; +https://help.seranking.com/en/blex-crawler)"
54.84.169.196 - - [19/Sep/2025:10:00:25 +0000] "GET /__MACOSX/index.php?id=deface&path=//proc/self/root/proc/self/root/proc/self/root/proc/self/root/usr/lib/.build-id/d0 HTTP/1.1" 200 3252 "-" "Mozilla/5.0 AppleWebKit/537.36 (KHTML, like Gecko; compatible; Amazonbot/0.1; +https://developer.amazon.com/support/amazonbot) Chrome/119.0.6045.214 Safari/537.36"
66.249.69.133 - - [19/Sep/2025:10:00:27 +0000] "GET /zhHant/product/surugaya/76236233?campaign_uid=f64d716db5e979ed2f947dbaf4296895b951ae7f HTTP/1.1" 200 18189 "-" "Mozilla/5.0 (Linux; Android 6.0.1; Nexus 5X Build/MMB29P) AppleWebKit/537.36 (KHTML, like Gecko) Chrome/140.0.7339.127 Mobile Safari/537.36 (compatible; GoogleOther)"
144.76.33.48 - - [19/Sep/2025:10:00:29 +0000] "GET /__MACOSX/templates?id=phpinfo&path=/proc/self/root/var/softaculous/punbb/php71 HTTP/1.1" 200 26830 "-" "Mozilla/5.0 (compatible; BLEXBot/1.0; +https://help.seranking.com/en/blex-crawler)"
100.25.120.246 - - [19/Sep/2025:10:00:31 +0000] "GET /__MACOSX/login?path=//proc/self/root/proc/self/root/proc/self/root/proc/thread-self/root/usr/share/locale/bs_BA/LC_MESSAGES HTTP/1.1" 200 1654 "-" "Mozilla/5.0 AppleWebKit/537.36 (KHTML, like Gecko; compatible; Amazonbot/0.1; +https://developer.amazon.com/support/amazonbot) Chrome/119.0.6045.214 Safari/537.36"
144.76.33.48 - - [19/Sep/2025:10:00:32 +0000] "GET /__MACOSX/templates?id=phpinfo&path=/proc/self/root/var/softaculous/punbb/php81 HTTP/1.1" 200 26832 "-" "Mozilla/5.0 (compatible; BLEXBot/1.0; +https://help.seranking.com/en/blex-crawler)"
144.76.33.48 - - [19/Sep/2025:10:00:36 +0000] "GET /__MACOSX/templates?id=phpinfo&path=/proc/self/root/var/softaculous/punbb/php82 HTTP/1.1" 200 26833 "-" "Mozilla/5.0 (compatible; BLEXBot/1.0; +https://help.seranking.com/en/blex-crawler)"
52.54.95.127 - - [19/Sep/2025:10:00:38 +0000] "GET /__MACOSX/index.php?path=//proc/self/root/proc/self/root/proc/thread-self/root/proc/thread-self/root/usr/share/locale/tzo/LC_MESSAGES HTTP/1.1" 200 1664 "-" "Mozilla/5.0 AppleWebKit/537.36 (KHTML, like Gecko; compatible; Amazonbot/0.1; +https://developer.amazon.com/support/amazonbot) Chrome/119.0.6045.214 Safari/537.36"
144.76.33.48 - - [19/Sep/2025:10:00:40 +0000] "GET /__MACOSX/templates?id=phpinfo&path=/proc/self/root/var/softaculous/qdpm/images HTTP/1.1" 200 26826 "-" "Mozilla/5.0 (compatible; BLEXBot/1.0; +https://help.seranking.com/en/blex-crawler)"
66.249.69.103 - - [19/Sep/2025:10:00:48 +0000] "POST /get-message-notify HTTP/1.1" 200 18253 "https://ftp.bouloter.com/products/29662475/" "Mozilla/5.0 (Linux; Android 6.0.1; Nexus 5X Build/MMB29P) AppleWebKit/537.36 (KHTML, like Gecko) Chrome/139.0.7258.127 Mobile Safari/537.36 (compatible; Googlebot/2.1; +http://www.google.com/bot.html)"
144.76.33.48 - - [19/Sep/2025:10:00:45 +0000] "GET /__MACOSX/templates?id=phpinfo&path=/proc/self/root/var/softaculous/qtoa/images HTTP/1.1" 200 26830 "-" "Mozilla/5.0 (compatible; BLEXBot/1.0; +https://help.seranking.com/en/blex-crawler)"
34.197.28.78 - - [19/Sep/2025:10:00:46 +0000] "GET /__MACOSX/templates/6?id=info&path=//proc/self/root/proc/self/root/dev/pts HTTP/1.1" 200 1888 "-" "Mozilla/5.0 AppleWebKit/537.36 (KHTML, like Gecko; compatible; Amazonbot/0.1; +https://developer.amazon.com/support/amazonbot) Chrome/119.0.6045.214 Safari/537.36"
44.193.102.198 - - [19/Sep/2025:10:00:51 +0000] "GET /__MACOSX/?id=filebaru&path=//proc/self/root/proc/thread-self/root/proc/self/root/proc/self/root/opt/alt/php82/var/lib/php HTTP/1.1" 200 2133 "-" "Mozilla/5.0 AppleWebKit/537.36 (KHTML, like Gecko; compatible; Amazonbot/0.1; +https://developer.amazon.com/support/amazonbot) Chrome/119.0.6045.214 Safari/537.36"
144.76.33.48 - - [19/Sep/2025:10:00:51 +0000] "GET /__MACOSX/templates?id=phpinfo&path=/proc/self/root/var/softaculous/redax/php53 HTTP/1.1" 200 26833 "-" "Mozilla/5.0 (compatible; BLEXBot/1.0; +https://help.seranking.com/en/blex-crawler)"
66.249.69.133 - - [19/Sep/2025:10:00:52 +0000] "GET /products/16683091/ HTTP/1.1" 200 17682 "-" "Mozilla/5.0 (Linux; Android 6.0.1; Nexus 5X Build/MMB29P) AppleWebKit/537.36 (KHTML, like Gecko) Chrome/140.0.7339.127 Mobile Safari/537.36 (compatible; GoogleOther)"
66.249.69.103 - - [19/Sep/2025:10:00:52 +0000] "GET /products/7713853/ HTTP/1.1" 200 17862 "-" "Mozilla/5.0 (Linux; Android 6.0.1; Nexus 5X Build/MMB29P) AppleWebKit/537.36 (KHTML, like Gecko) Chrome/140.0.7339.127 Mobile Safari/537.36 (compatible; GoogleOther)"
54.84.102.81 - - [19/Sep/2025:09:59:21 +0000] "GET /__MACOSX/register?path=//proc/self/root/proc/self/root/proc/thread-self/root/proc/self/root/usr/share/perl5 HTTP/1.1" 200 5979 "-" "Mozilla/5.0 AppleWebKit/537.36 (KHTML, like Gecko; compatible; Amazonbot/0.1; +https://developer.amazon.com/support/amazonbot) Chrome/119.0.6045.214 Safari/537.36"
66.249.69.103 - - [19/Sep/2025:09:59:24 +0000] "GET /products/28655342/ HTTP/1.1" 200 17906 "-" "Mozilla/5.0 (Linux; Android 6.0.1; Nexus 5X Build/MMB29P) AppleWebKit/537.36 (KHTML, like Gecko) Chrome/140.0.7339.127 Mobile Safari/537.36 (compatible; GoogleOther)"
66.249.69.103 - - [19/Sep/2025:09:59:31 +0000] "POST /get-message-notify HTTP/1.1" 200 18253 "https://ftp.bouloter.com/products/11985075/" "Mozilla/5.0 (Linux; Android 6.0.1; Nexus 5X Build/MMB29P) AppleWebKit/537.36 (KHTML, like Gecko) Chrome/139.0.7258.127 Mobile Safari/537.36 (compatible; Googlebot/2.1; +http://www.google.com/bot.html)"
54.235.172.96 - - [19/Sep/2025:09:59:46 +0000] "GET /__MACOSX/login?id=cmd&path=//proc/self/root/proc/self/root/proc/self/root/usr/include/unicode HTTP/1.1" 200 10030 "-" "Mozilla/5.0 AppleWebKit/537.36 (KHTML, like Gecko; compatible; Amazonbot/0.1; +https://developer.amazon.com/support/amazonbot) Chrome/119.0.6045.214 Safari/537.36"
66.249.69.133 - - [19/Sep/2025:09:59:51 +0000] "GET /products/8671879/ HTTP/1.1" 200 17246 "-" "Mozilla/5.0 (Linux; Android 6.0.1; Nexus 5X Build/MMB29P) AppleWebKit/537.36 (KHTML, like Gecko) Chrome/140.0.7339.127 Mobile Safari/537.36 (compatible; GoogleOther)"
66.249.69.133 - - [19/Sep/2025:09:59:53 +0000] "GET /products/7952980/ HTTP/1.1" 200 17770 "-" "Mozilla/5.0 (Linux; Android 6.0.1; Nexus 5X Build/MMB29P) AppleWebKit/537.36 (KHTML, like Gecko) Chrome/140.0.7339.127 Mobile Safari/537.36 (compatible; GoogleOther)"
66.249.69.133 - - [19/Sep/2025:09:59:57 +0000] "POST /get-message-notify HTTP/1.1" 200 18014 "https://bouloter.com/products/8671879/" "Mozilla/5.0 (Linux; Android 6.0.1; Nexus 5X Build/MMB29P) AppleWebKit/537.36 (KHTML, like Gecko) Chrome/139.0.7258.127 Mobile Safari/537.36 (compatible; Googlebot/2.1; +http://www.google.com/bot.html)"
66.249.69.133 - - [19/Sep/2025:10:00:00 +0000] "GET /__MACOSX/companies?page=17 HTTP/1.1" 200 2890 "-" "Mozilla/5.0 (Linux; Android 6.0.1; Nexus 5X Build/MMB29P) AppleWebKit/537.36 (KHTML, like Gecko) Chrome/140.0.7339.127 Mobile Safari/537.36 (compatible; Googlebot/2.1; +http://www.google.com/bot.html)"
54.84.169.196 - - [19/Sep/2025:10:00:10 +0000] "GET /__MACOSX/index.php?id=cmd&path=//proc/self/root/proc/self/root/proc/thread-self/root/proc/thread-self/root/usr/lib/.build-id/7e HTTP/1.1" 200 3693 "-" "Mozilla/5.0 AppleWebKit/537.36 (KHTML, like Gecko; compatible; Amazonbot/0.1; +https://developer.amazon.com/support/amazonbot) Chrome/119.0.6045.214 Safari/537.36"
18.213.102.186 - - [19/Sep/2025:10:00:24 +0000] "GET /__MACOSX/blogs?id=deface&path=//proc/self/root/proc/thread-self/root/proc/self/root/dev HTTP/1.1" 200 2220 "-" "Mozilla/5.0 AppleWebKit/537.36 (KHTML, like Gecko; compatible; Amazonbot/0.1; +https://developer.amazon.com/support/amazonbot) Chrome/119.0.6045.214 Safari/537.36"
66.249.69.133 - - [19/Sep/2025:10:00:44 +0000] "GET /products/29408013/ HTTP/1.1" 200 17599 "-" "Mozilla/5.0 (Linux; Android 6.0.1; Nexus 5X Build/MMB29P) AppleWebKit/537.36 (KHTML, like Gecko) Chrome/140.0.7339.127 Mobile Safari/537.36 (compatible; GoogleOther)"
34.194.165.45 - - [19/Sep/2025:10:00:42 +0000] "GET /__MACOSX/blogs?id=info&path=//proc/self/root/proc/self/root/opt/alt/tests HTTP/1.1" 200 3391 "-" "Mozilla/5.0 AppleWebKit/537.36 (KHTML, like Gecko; compatible; Amazonbot/0.1; +https://developer.amazon.com/support/amazonbot) Chrome/119.0.6045.214 Safari/537.36"
52.3.155.146 - - [19/Sep/2025:10:00:59 +0000] "GET /__MACOSX/login?id=filebaru&path=//proc/self/root/proc/self/root/opt/alt/alt-ImageMagick/usr HTTP/1.1" 200 2136 "-" "Mozilla/5.0 AppleWebKit/537.36 (KHTML, like Gecko; compatible; Amazonbot/0.1; +https://developer.amazon.com/support/amazonbot) Chrome/119.0.6045.214 Safari/537.36"
3.217.171.106 - - [19/Sep/2025:10:00:03 +0000] "GET /__MACOSX/?id=dirbaru&path=//proc/self/root/proc/self/root/opt/cpanel/libcurl/include HTTP/1.1" 200 1775 "-" "Mozilla/5.0 AppleWebKit/537.36 (KHTML, like Gecko; compatible; Amazonbot/0.1; +https://developer.amazon.com/support/amazonbot) Chrome/119.0.6045.214 Safari/537.36"
66.249.69.133 - - [19/Sep/2025:10:00:15 +0000] "GET /products/9624802/ HTTP/1.1" 200 17072 "-" "Mozilla/5.0 (Linux; Android 6.0.1; Nexus 5X Build/MMB29P) AppleWebKit/537.36 (KHTML, like Gecko) Chrome/140.0.7339.127 Mobile Safari/537.36 (compatible; GoogleOther)"
66.249.69.133 - - [19/Sep/2025:10:00:18 +0000] "GET /products/14936780/ HTTP/1.1" 200 17148 "-" "Mozilla/5.0 (Linux; Android 6.0.1; Nexus 5X Build/MMB29P) AppleWebKit/537.36 (KHTML, like Gecko) Chrome/140.0.7339.127 Mobile Safari/537.36 (compatible; GoogleOther)"
23.20.178.124 - - [19/Sep/2025:10:00:20 +0000] "GET /__MACOSX/?path=//proc/self/root/proc/self/root/proc/self/root/usr/share/locale/pl_PL HTTP/1.1" 200 1827 "-" "Mozilla/5.0 AppleWebKit/537.36 (KHTML, like Gecko; compatible; Amazonbot/0.1; +https://developer.amazon.com/support/amazonbot) Chrome/119.0.6045.214 Safari/537.36"
66.249.69.103 - - [19/Sep/2025:10:00:23 +0000] "GET /products/30057597/ HTTP/1.1" 200 17537 "-" "Mozilla/5.0 (Linux; Android 6.0.1; Nexus 5X Build/MMB29P) AppleWebKit/537.36 (KHTML, like Gecko) Chrome/140.0.7339.127 Mobile Safari/537.36 (compatible; GoogleOther)"
66.249.69.103 - - [19/Sep/2025:10:00:26 +0000] "GET /products/29662475/ HTTP/1.1" 200 18313 "-" "Mozilla/5.0 (Linux; Android 6.0.1; Nexus 5X Build/MMB29P) AppleWebKit/537.36 (KHTML, like Gecko) Chrome/140.0.7339.127 Mobile Safari/537.36 (compatible; GoogleOther)"
52.71.46.142 - - [19/Sep/2025:10:00:34 +0000] "GET /__MACOSX/index.php?id=dirbaru&path=//proc/self/root/proc/self/root/proc/self/root/proc/self/root/usr/lib/systemd/system/systemd-logind.service.d HTTP/1.1" 200 2143 "-" "Mozilla/5.0 AppleWebKit/537.36 (KHTML, like Gecko; compatible; Amazonbot/0.1; +https://developer.amazon.com/support/amazonbot) Chrome/119.0.6045.214 Safari/537.36"
66.249.69.133 - - [19/Sep/2025:10:00:35 +0000] "GET /zhHant/product/surugaya/76938348?campaign_uid=f64d716db5e979ed2f947dbaf4296895b951ae7f HTTP/1.1" 200 18147 "-" "Mozilla/5.0 (Linux; Android 6.0.1; Nexus 5X Build/MMB29P) AppleWebKit/537.36 (KHTML, like Gecko) Chrome/140.0.7339.127 Mobile Safari/537.36 (compatible; GoogleOther)"
66.249.69.133 - - [19/Sep/2025:10:00:39 +0000] "GET /products/4047102/ HTTP/1.1" 200 17315 "-" "Mozilla/5.0 (Linux; Android 6.0.1; Nexus 5X Build/MMB29P) AppleWebKit/537.36 (KHTML, like Gecko) Chrome/140.0.7339.127 Mobile Safari/537.36 (compatible; GoogleOther)"
66.249.69.133 - - [19/Sep/2025:10:01:04 +0000] "GET /products/23432180/ HTTP/1.1" 200 17485 "-" "Mozilla/5.0 (Linux; Android 6.0.1; Nexus 5X Build/MMB29P) AppleWebKit/537.36 (KHTML, like Gecko) Chrome/140.0.7339.127 Mobile Safari/537.36 (compatible; GoogleOther)"
66.249.69.134 - - [19/Sep/2025:10:01:09 +0000] "POST /get-message-notify HTTP/1.1" 200 18014 "https://bouloter.com/products/13969879/" "Mozilla/5.0 (Linux; Android 6.0.1; Nexus 5X Build/MMB29P) AppleWebKit/537.36 (KHTML, like Gecko) Chrome/139.0.7258.127 Mobile Safari/537.36 (compatible; Googlebot/2.1; +http://www.google.com/bot.html)"
66.249.69.134 - - [19/Sep/2025:10:01:10 +0000] "POST /get-message-notify HTTP/1.1" 200 18014 "https://bouloter.com/products/28437179/" "Mozilla/5.0 (Linux; Android 6.0.1; Nexus 5X Build/MMB29P) AppleWebKit/537.36 (KHTML, like Gecko) Chrome/139.0.7258.127 Mobile Safari/537.36 (compatible; Googlebot/2.1; +http://www.google.com/bot.html)"
66.249.69.133 - - [19/Sep/2025:10:01:10 +0000] "GET /products/24084824/ HTTP/1.1" 200 17066 "-" "Mozilla/5.0 (Linux; Android 6.0.1; Nexus 5X Build/MMB29P) AppleWebKit/537.36 (KHTML, like Gecko) Chrome/140.0.7339.127 Mobile Safari/537.36 (compatible; GoogleOther)"
66.249.69.103 - - [19/Sep/2025:10:00:53 +0000] "GET /products/13805864/ HTTP/1.1" 200 17729 "-" "Mozilla/5.0 (Linux; Android 6.0.1; Nexus 5X Build/MMB29P) AppleWebKit/537.36 (KHTML, like Gecko) Chrome/140.0.7339.127 Mobile Safari/537.36 (compatible; GoogleOther)"
66.249.69.103 - - [19/Sep/2025:10:00:53 +0000] "GET /products/2693620/ HTTP/1.1" 200 17631 "-" "Mozilla/5.0 (Linux; Android 6.0.1; Nexus 5X Build/MMB29P) AppleWebKit/537.36 (KHTML, like Gecko) Chrome/140.0.7339.127 Mobile Safari/537.36 (compatible; GoogleOther)"
66.249.69.133 - - [19/Sep/2025:10:00:54 +0000] "GET /products/21920846/ HTTP/1.1" 200 18499 "-" "Mozilla/5.0 (Linux; Android 6.0.1; Nexus 5X Build/MMB29P) AppleWebKit/537.36 (KHTML, like Gecko) Chrome/140.0.7339.127 Mobile Safari/537.36 (compatible; GoogleOther)"
144.76.33.48 - - [19/Sep/2025:10:00:55 +0000] "GET /__MACOSX/templates?id=phpinfo&path=/proc/self/root/var/softaculous/redax/php56 HTTP/1.1" 200 26828 "-" "Mozilla/5.0 (compatible; BLEXBot/1.0; +https://help.seranking.com/en/blex-crawler)"
34.234.200.207 - - [19/Sep/2025:10:00:54 +0000] "GET /__MACOSX/contacts?id=cmd&path=//proc/self/root/proc/self/root/opt/alt/openssl/bin HTTP/1.1" 200 2168 "-" "Mozilla/5.0 AppleWebKit/537.36 (KHTML, like Gecko; compatible; Amazonbot/0.1; +https://developer.amazon.com/support/amazonbot) Chrome/119.0.6045.214 Safari/537.36"
66.249.69.133 - - [19/Sep/2025:10:00:55 +0000] "GET /products/13969879/ HTTP/1.1" 200 17947 "-" "Mozilla/5.0 (Linux; Android 6.0.1; Nexus 5X Build/MMB29P) AppleWebKit/537.36 (KHTML, like Gecko) Chrome/140.0.7339.127 Mobile Safari/537.36 (compatible; GoogleOther)"
66.249.69.133 - - [19/Sep/2025:10:00:57 +0000] "GET /products/23515846/ HTTP/1.1" 200 18058 "-" "Mozilla/5.0 (Linux; Android 6.0.1; Nexus 5X Build/MMB29P) AppleWebKit/537.36 (KHTML, like Gecko) Chrome/140.0.7339.127 Mobile Safari/537.36 (compatible; GoogleOther)"
66.249.69.103 - - [19/Sep/2025:10:00:57 +0000] "POST /get-message-notify HTTP/1.1" 200 18253 "https://ftp.bouloter.com/products/1667564/" "Mozilla/5.0 (Linux; Android 6.0.1; Nexus 5X Build/MMB29P) AppleWebKit/537.36 (KHTML, like Gecko) Chrome/139.0.7258.127 Mobile Safari/537.36 (compatible; Googlebot/2.1; +http://www.google.com/bot.html)"
144.76.33.48 - - [19/Sep/2025:10:00:58 +0000] "GET /__MACOSX/templates?id=phpinfo&path=/proc/self/root/var/softaculous/redax/php71 HTTP/1.1" 200 26832 "-" "Mozilla/5.0 (compatible; BLEXBot/1.0; +https://help.seranking.com/en/blex-crawler)"
66.249.69.133 - - [19/Sep/2025:10:00:59 +0000] "GET /products/14535780/ HTTP/1.1" 200 18111 "-" "Mozilla/5.0 (Linux; Android 6.0.1; Nexus 5X Build/MMB29P) AppleWebKit/537.36 (KHTML, like Gecko) Chrome/140.0.7339.127 Mobile Safari/537.36 (compatible; GoogleOther)"
66.249.69.103 - - [19/Sep/2025:10:01:00 +0000] "GET /products/24829708/ HTTP/1.1" 200 18028 "-" "Mozilla/5.0 (Linux; Android 6.0.1; Nexus 5X Build/MMB29P) AppleWebKit/537.36 (KHTML, like Gecko) Chrome/140.0.7339.127 Mobile Safari/537.36 (compatible; Googlebot/2.1; +http://www.google.com/bot.html)"
144.76.33.48 - - [19/Sep/2025:10:01:02 +0000] "GET /__MACOSX/templates?id=phpinfo&path=/proc/self/root/var/softaculous/redax/php81 HTTP/1.1" 200 26832 "-" "Mozilla/5.0 (compatible; BLEXBot/1.0; +https://help.seranking.com/en/blex-crawler)"
144.76.33.48 - - [19/Sep/2025:10:01:05 +0000] "GET /__MACOSX/templates?id=phpinfo&path=/proc/self/root/var/softaculous/redax/php82 HTTP/1.1" 200 26830 "-" "Mozilla/5.0 (compatible; BLEXBot/1.0; +https://help.seranking.com/en/blex-crawler)"
144.76.33.48 - - [19/Sep/2025:10:01:09 +0000] "GET /__MACOSX/templates?id=phpinfo&path=/proc/self/root/var/softaculous/ruko/images HTTP/1.1" 200 26829 "-" "Mozilla/5.0 (compatible; BLEXBot/1.0; +https://help.seranking.com/en/blex-crawler)"
144.76.33.48 - - [19/Sep/2025:10:01:13 +0000] "GET /__MACOSX/templates?id=phpinfo&path=/proc/self/root/var/softaculous/seed/images HTTP/1.1" 200 26828 "-" "Mozilla/5.0 (compatible; BLEXBot/1.0; +https://help.seranking.com/en/blex-crawler)"
52.4.238.8 - - [19/Sep/2025:10:01:03 +0000] "GET /__MACOSX/index.php?id=cmd&path=//proc/self/root/proc/self/root/proc/thread-self/root/usr/share/cmake/Modules/FortranCInterface HTTP/1.1" 200 2118 "-" "Mozilla/5.0 AppleWebKit/537.36 (KHTML, like Gecko; compatible; Amazonbot/0.1; +https://developer.amazon.com/support/amazonbot) Chrome/119.0.6045.214 Safari/537.36"
66.249.69.103 - - [19/Sep/2025:10:01:03 +0000] "GET /products/12743108/ HTTP/1.1" 200 17517 "-" "Mozilla/5.0 (Linux; Android 6.0.1; Nexus 5X Build/MMB29P) AppleWebKit/537.36 (KHTML, like Gecko) Chrome/140.0.7339.127 Mobile Safari/537.36 (compatible; GoogleOther)"
35.168.238.50 - - [19/Sep/2025:10:01:06 +0000] "GET /__MACOSX/login?id=dirbaru&path=//proc/self/root/proc/thread-self/root/usr/lib/.build-id/b1 HTTP/1.1" 200 3741 "-" "Mozilla/5.0 AppleWebKit/537.36 (KHTML, like Gecko; compatible; Amazonbot/0.1; +https://developer.amazon.com/support/amazonbot) Chrome/119.0.6045.214 Safari/537.36"
66.249.69.103 - - [19/Sep/2025:10:01:09 +0000] "GET /products/14937875/ HTTP/1.1" 200 17989 "-" "Mozilla/5.0 (Linux; Android 6.0.1; Nexus 5X Build/MMB29P) AppleWebKit/537.36 (KHTML, like Gecko) Chrome/140.0.7339.127 Mobile Safari/537.36 (compatible; GoogleOther)"
47.82.11.10 - - [19/Sep/2025:10:01:16 +0000] "GET /products/16942497/ HTTP/1.1" 500 0 "https://ftp.bouloter.com/" "Mozilla/5.0 (Macintosh; Intel Mac OS X 10_15_7) AppleWebKit/537.36 (KHTML, like Gecko) Chrome/135.0.0.0 Safari/537.36"
18.214.124.6 - - [19/Sep/2025:10:01:19 +0000] "GET /__MACOSX/register?path=//proc/self/root/proc/thread-self/root/proc/thread-self/root/proc/thread-self/root/usr/share/zoneinfo/America HTTP/1.1" 200 8627 "-" "Mozilla/5.0 AppleWebKit/537.36 (KHTML, like Gecko; compatible; Amazonbot/0.1; +https://developer.amazon.com/support/amazonbot) Chrome/119.0.6045.214 Safari/537.36"
66.249.69.103 - - [19/Sep/2025:10:01:27 +0000] "GET /products/6015164/ HTTP/1.1" 200 18318 "-" "Mozilla/5.0 (Linux; Android 6.0.1; Nexus 5X Build/MMB29P) AppleWebKit/537.36 (KHTML, like Gecko) Chrome/140.0.7339.127 Mobile Safari/537.36 (compatible; GoogleOther)"
18.215.77.19 - - [19/Sep/2025:10:01:30 +0000] "GET /__MACOSX/register?id=upload&path=//proc/self/root/proc/self/root/proc/thread-self/root/lib/systemd HTTP/1.1" 200 4868 "-" "Mozilla/5.0 AppleWebKit/537.36 (KHTML, like Gecko; compatible; Amazonbot/0.1; +https://developer.amazon.com/support/amazonbot) Chrome/119.0.6045.214 Safari/537.36"
66.249.69.133 - - [19/Sep/2025:10:01:30 +0000] "GET /products/22585668/ HTTP/1.1" 200 18421 "-" "Mozilla/5.0 (Linux; Android 6.0.1; Nexus 5X Build/MMB29P) AppleWebKit/537.36 (KHTML, like Gecko) Chrome/140.0.7339.127 Mobile Safari/537.36 (compatible; GoogleOther)"
52.22.64.232 - - [19/Sep/2025:10:01:34 +0000] "GET /__MACOSX/register?id=dirbaru&path=//proc/self/root/proc/thread-self/root/proc/thread-self/root/proc/self/root/usr/share/locale/ru_RU HTTP/1.1" 200 2069 "-" "Mozilla/5.0 AppleWebKit/537.36 (KHTML, like Gecko; compatible; Amazonbot/0.1; +https://developer.amazon.com/support/amazonbot) Chrome/119.0.6045.214 Safari/537.36"
66.249.69.103 - - [19/Sep/2025:10:01:38 +0000] "GET /products/16681886/ HTTP/1.1" 200 17620 "-" "Mozilla/5.0 (Linux; Android 6.0.1; Nexus 5X Build/MMB29P) AppleWebKit/537.36 (KHTML, like Gecko) Chrome/140.0.7339.127 Mobile Safari/537.36 (compatible; GoogleOther)"
66.249.69.133 - - [19/Sep/2025:10:01:40 +0000] "GET /products/16734579/ HTTP/1.1" 200 17878 "-" "Mozilla/5.0 (Linux; Android 6.0.1; Nexus 5X Build/MMB29P) AppleWebKit/537.36 (KHTML, like Gecko) Chrome/140.0.7339.127 Mobile Safari/537.36 (compatible; GoogleOther)"
54.86.59.155 - - [19/Sep/2025:10:01:43 +0000] "GET /__MACOSX/index.php?id=phpinfo&path=//proc/self/root/proc/self/root/lib/systemd/user/timers.target.wants HTTP/1.1" 200 26910 "-" "Mozilla/5.0 AppleWebKit/537.36 (KHTML, like Gecko; compatible; Amazonbot/0.1; +https://developer.amazon.com/support/amazonbot) Chrome/119.0.6045.214 Safari/537.36"
66.249.69.103 - - [19/Sep/2025:10:01:14 +0000] "GET /products/6730864/ HTTP/1.1" 200 17927 "-" "Mozilla/5.0 (Linux; Android 6.0.1; Nexus 5X Build/MMB29P) AppleWebKit/537.36 (KHTML, like Gecko) Chrome/140.0.7339.127 Mobile Safari/537.36 (compatible; GoogleOther)"
144.76.33.48 - - [19/Sep/2025:10:01:17 +0000] "GET /__MACOSX/templates?id=phpinfo&path=/proc/self/root/var/softaculous/sidu/images HTTP/1.1" 200 26828 "-" "Mozilla/5.0 (compatible; BLEXBot/1.0; +https://help.seranking.com/en/blex-crawler)"
144.76.33.48 - - [19/Sep/2025:10:01:21 +0000] "GET /__MACOSX/templates?id=phpinfo&path=/proc/self/root/var/softaculous/slims/php53 HTTP/1.1" 200 26830 "-" "Mozilla/5.0 (compatible; BLEXBot/1.0; +https://help.seranking.com/en/blex-crawler)"
144.76.33.48 - - [19/Sep/2025:10:01:25 +0000] "GET /__MACOSX/templates?id=phpinfo&path=/proc/self/root/var/softaculous/slims/php56 HTTP/1.1" 200 26829 "-" "Mozilla/5.0 (compatible; BLEXBot/1.0; +https://help.seranking.com/en/blex-crawler)"
144.76.33.48 - - [19/Sep/2025:10:01:29 +0000] "GET /__MACOSX/templates?id=phpinfo&path=/proc/self/root/var/softaculous/slims/php71 HTTP/1.1" 200 26829 "-" "Mozilla/5.0 (compatible; BLEXBot/1.0; +https://help.seranking.com/en/blex-crawler)"
66.249.69.103 - - [19/Sep/2025:10:01:32 +0000] "POST /get-message-notify HTTP/1.1" 500 0 "https://ftp.bouloter.com/products/12226397/" "Mozilla/5.0 (Linux; Android 6.0.1; Nexus 5X Build/MMB29P) AppleWebKit/537.36 (KHTML, like Gecko) Chrome/139.0.7258.127 Mobile Safari/537.36 (compatible; Googlebot/2.1; +http://www.google.com/bot.html)"
144.76.33.48 - - [19/Sep/2025:10:01:33 +0000] "GET /__MACOSX/templates?id=phpinfo&path=/proc/self/root/var/softaculous/slims/php81 HTTP/1.1" 200 26838 "-" "Mozilla/5.0 (compatible; BLEXBot/1.0; +https://help.seranking.com/en/blex-crawler)"
144.76.33.48 - - [19/Sep/2025:10:01:36 +0000] "GET /__MACOSX/templates?id=phpinfo&path=/proc/self/root/var/softaculous/slims/php82 HTTP/1.1" 200 26832 "-" "Mozilla/5.0 (compatible; BLEXBot/1.0; +https://help.seranking.com/en/blex-crawler)"
54.84.102.81 - - [19/Sep/2025:10:01:39 +0000] "GET /__MACOSX/?path=//proc/thread-self/root/proc/thread-self/root/proc/thread-self/root/usr/share/locale/pt_BR HTTP/1.1" 200 1914 "-" "Mozilla/5.0 AppleWebKit/537.36 (KHTML, like Gecko; compatible; Amazonbot/0.1; +https://developer.amazon.com/support/amazonbot) Chrome/119.0.6045.214 Safari/537.36"
144.76.33.48 - - [19/Sep/2025:10:01:40 +0000] "GET /__MACOSX/templates?id=phpinfo&path=/proc/self/root/var/softaculous/smf20/php53 HTTP/1.1" 200 26832 "-" "Mozilla/5.0 (compatible; BLEXBot/1.0; +https://help.seranking.com/en/blex-crawler)"
144.76.33.48 - - [19/Sep/2025:10:01:44 +0000] "GET /__MACOSX/templates?id=phpinfo&path=/proc/self/root/var/softaculous/smf20/php56 HTTP/1.1" 200 26828 "-" "Mozilla/5.0 (compatible; BLEXBot/1.0; +https://help.seranking.com/en/blex-crawler)"
144.76.33.48 - - [19/Sep/2025:10:01:48 +0000] "GET /__MACOSX/templates?id=phpinfo&path=/proc/self/root/var/softaculous/smf20/php71 HTTP/1.1" 200 26829 "-" "Mozilla/5.0 (compatible; BLEXBot/1.0; +https://help.seranking.com/en/blex-crawler)"
100.29.128.75 - - [19/Sep/2025:10:01:51 +0000] "GET /__MACOSX/index.php?id=delete&path=//proc/self/root/proc/self/root/proc/self/root/proc/self/root/usr/local/lsws/admin/html/utility/build_php HTTP/1.1" 200 2879 "-" "Mozilla/5.0 AppleWebKit/537.36 (KHTML, like Gecko; compatible; Amazonbot/0.1; +https://developer.amazon.com/support/amazonbot) Chrome/119.0.6045.214 Safari/537.36"
144.76.33.48 - - [19/Sep/2025:10:01:52 +0000] "GET /__MACOSX/templates?id=phpinfo&path=/proc/self/root/var/softaculous/smf20/php81 HTTP/1.1" 200 26830 "-" "Mozilla/5.0 (compatible; BLEXBot/1.0; +https://help.seranking.com/en/blex-crawler)"
144.76.33.48 - - [19/Sep/2025:10:01:56 +0000] "GET /__MACOSX/templates?id=phpinfo&path=/proc/self/root/var/softaculous/smf20/php82 HTTP/1.1" 200 26832 "-" "Mozilla/5.0 (compatible; BLEXBot/1.0; +https://help.seranking.com/en/blex-crawler)"
52.205.113.104 - - [19/Sep/2025:10:01:10 +0000] "GET /__MACOSX/index.php?id=dirbaru&path=//proc/self/root/proc/self/root/proc/thread-self/root/usr/lib/.build-id/10 HTTP/1.1" 200 2904 "-" "Mozilla/5.0 AppleWebKit/537.36 (KHTML, like Gecko; compatible; Amazonbot/0.1; +https://developer.amazon.com/support/amazonbot) Chrome/119.0.6045.214 Safari/537.36"
52.54.95.127 - - [19/Sep/2025:10:01:15 +0000] "GET /__MACOSX/login?path=//proc/self/root/proc/self/root/proc/thread-self/root/lib/oracle/12.1 HTTP/1.1" 200 1816 "-" "Mozilla/5.0 AppleWebKit/537.36 (KHTML, like Gecko; compatible; Amazonbot/0.1; +https://developer.amazon.com/support/amazonbot) Chrome/119.0.6045.214 Safari/537.36"
66.249.69.133 - - [19/Sep/2025:10:01:16 +0000] "GET /zhHant/product/surugaya/43853885?campaign_uid=f64d716db5e979ed2f947dbaf4296895b951ae7f HTTP/1.1" 200 17788 "-" "Mozilla/5.0 (Linux; Android 6.0.1; Nexus 5X Build/MMB29P) AppleWebKit/537.36 (KHTML, like Gecko) Chrome/140.0.7339.127 Mobile Safari/537.36 (compatible; GoogleOther)"
66.249.69.133 - - [19/Sep/2025:10:01:19 +0000] "GET /products/12611946/ HTTP/1.1" 200 18470 "-" "Mozilla/5.0 (Linux; Android 6.0.1; Nexus 5X Build/MMB29P) AppleWebKit/537.36 (KHTML, like Gecko) Chrome/140.0.7339.127 Mobile Safari/537.36 (compatible; GoogleOther)"
66.249.69.133 - - [19/Sep/2025:10:01:23 +0000] "GET /products/6929168/ HTTP/1.1" 200 17733 "-" "Mozilla/5.0 (Linux; Android 6.0.1; Nexus 5X Build/MMB29P) AppleWebKit/537.36 (KHTML, like Gecko) Chrome/140.0.7339.127 Mobile Safari/537.36 (compatible; GoogleOther)"
66.249.69.133 - - [19/Sep/2025:10:01:25 +0000] "GET /products/27894035/ HTTP/1.1" 200 17911 "-" "Mozilla/5.0 (Linux; Android 6.0.1; Nexus 5X Build/MMB29P) AppleWebKit/537.36 (KHTML, like Gecko) Chrome/140.0.7339.127 Mobile Safari/537.36 (compatible; GoogleOther)"
54.204.62.163 - - [19/Sep/2025:10:01:25 +0000] "GET /__MACOSX/blogs?id=cmd&path=//proc/thread-self/root/proc/self/root/proc/self/root/proc/self/root/bin HTTP/1.1" 200 29221 "-" "Mozilla/5.0 AppleWebKit/537.36 (KHTML, like Gecko; compatible; Amazonbot/0.1; +https://developer.amazon.com/support/amazonbot) Chrome/119.0.6045.214 Safari/537.36"
