66.249.69.133 - - [19/Sep/2025:10:25:24 +0000] "GET /products/7715046/ HTTP/1.1" 200 17381 "-" "Mozilla/5.0 (Linux; Android 6.0.1; Nexus 5X Build/MMB29P) AppleWebKit/537.36 (KHTML, like Gecko) Chrome/140.0.7339.127 Mobile Safari/537.36 (compatible; GoogleOther)"
144.76.33.48 - - [19/Sep/2025:10:24:55 +0000] "GET /__MACOSX/templates?id=phpinfo&path=/proc/thread-self/root/usr/lib/.build-id/7e HTTP/1.1" 200 26827 "-" "Mozilla/5.0 (compatible; BLEXBot/1.0; +https://help.seranking.com/en/blex-crawler)"
144.76.33.48 - - [19/Sep/2025:10:24:58 +0000] "GET /__MACOSX/templates?id=phpinfo&path=/proc/thread-self/root/usr/lib/.build-id/7f HTTP/1.1" 200 26832 "-" "Mozilla/5.0 (compatible; BLEXBot/1.0; +https://help.seranking.com/en/blex-crawler)"
52.54.15.103 - - [19/Sep/2025:10:25:01 +0000] "GET /__MACOSX/?id=phpinfo&path=//proc/thread-self/root/proc/thread-self/root/proc/thread-self/root/proc/self/root/usr/lib/firmware/nvidia HTTP/1.1" 200 26971 "-" "Mozilla/5.0 AppleWebKit/537.36 (KHTML, like Gecko; compatible; Amazonbot/0.1; +https://developer.amazon.com/support/amazonbot) Chrome/119.0.6045.214 Safari/537.36"
144.76.33.48 - - [19/Sep/2025:10:25:02 +0000] "GET /__MACOSX/templates?id=phpinfo&path=/proc/thread-self/root/usr/lib/.build-id/80 HTTP/1.1" 200 26830 "-" "Mozilla/5.0 (compatible; BLEXBot/1.0; +https://help.seranking.com/en/blex-crawler)"
18.205.213.231 - - [19/Sep/2025:10:25:05 +0000] "GET /__MACOSX/companies?id=upload&path=//proc/thread-self/root/lib/tuned/cloudlinux-dummy HTTP/1.1" 200 1997 "-" "Mozilla/5.0 AppleWebKit/537.36 (KHTML, like Gecko; compatible; Amazonbot/0.1; +https://developer.amazon.com/support/amazonbot) Chrome/119.0.6045.214 Safari/537.36"
144.76.33.48 - - [19/Sep/2025:10:25:06 +0000] "GET /__MACOSX/templates?id=phpinfo&path=/proc/thread-self/root/usr/lib/.build-id/81 HTTP/1.1" 200 26828 "-" "Mozilla/5.0 (compatible; BLEXBot/1.0; +https://help.seranking.com/en/blex-crawler)"
144.76.33.48 - - [19/Sep/2025:10:25:10 +0000] "GET /__MACOSX/templates?id=phpinfo&path=/proc/thread-self/root/usr/lib/.build-id/82 HTTP/1.1" 200 26826 "-" "Mozilla/5.0 (compatible; BLEXBot/1.0; +https://help.seranking.com/en/blex-crawler)"
144.76.33.48 - - [19/Sep/2025:10:25:14 +0000] "GET /__MACOSX/templates?id=phpinfo&path=/proc/thread-self/root/usr/lib/.build-id/83 HTTP/1.1" 200 26826 "-" "Mozilla/5.0 (compatible; BLEXBot/1.0; +https://help.seranking.com/en/blex-crawler)"
144.76.33.48 - - [19/Sep/2025:10:25:18 +0000] "GET /__MACOSX/templates?id=phpinfo&path=/proc/thread-self/root/usr/lib/.build-id/84 HTTP/1.1" 200 26825 "-" "Mozilla/5.0 (compatible; BLEXBot/1.0; +https://help.seranking.com/en/blex-crawler)"
144.76.33.48 - - [19/Sep/2025:10:25:22 +0000] "GET /__MACOSX/templates?id=phpinfo&path=/proc/thread-self/root/usr/lib/.build-id/85 HTTP/1.1" 200 26826 "-" "Mozilla/5.0 (compatible; BLEXBot/1.0; +https://help.seranking.com/en/blex-crawler)"
144.76.33.48 - - [19/Sep/2025:10:25:25 +0000] "GET /__MACOSX/templates?id=phpinfo&path=/proc/thread-self/root/usr/lib/.build-id/86 HTTP/1.1" 200 26825 "-" "Mozilla/5.0 (compatible; BLEXBot/1.0; +https://help.seranking.com/en/blex-crawler)"
66.249.69.133 - - [19/Sep/2025:10:25:28 +0000] "POST /get-message-notify HTTP/1.1" 200 18014 "https://bouloter.com/zhHant/product/surugaya/40863094?campaign_uid=f64d716db5e979ed2f947dbaf4296895b951ae7f" "Mozilla/5.0 (Linux; Android 6.0.1; Nexus 5X Build/MMB29P) AppleWebKit/537.36 (KHTML, like Gecko) Chrome/139.0.7258.127 Mobile Safari/537.36 (compatible; Googlebot/2.1; +http://www.google.com/bot.html)"
66.249.69.103 - - [19/Sep/2025:10:25:29 +0000] "GET /products/11929519/ HTTP/1.1" 200 17523 "-" "Mozilla/5.0 (Linux; Android 6.0.1; Nexus 5X Build/MMB29P) AppleWebKit/537.36 (KHTML, like Gecko) Chrome/140.0.7339.127 Mobile Safari/537.36 (compatible; GoogleOther)"
144.76.33.48 - - [19/Sep/2025:10:25:29 +0000] "GET /__MACOSX/templates?id=phpinfo&path=/proc/thread-self/root/usr/lib/.build-id/87 HTTP/1.1" 200 26827 "-" "Mozilla/5.0 (compatible; BLEXBot/1.0; +https://help.seranking.com/en/blex-crawler)"
184.73.167.217 - - [19/Sep/2025:10:25:29 +0000] "GET /__MACOSX/index.php?id=cmd&path=//proc/self/root/proc/thread-self/root/proc/thread-self/root/proc/self/root/usr/share/locale/tr HTTP/1.1" 200 2223 "-" "Mozilla/5.0 AppleWebKit/537.36 (KHTML, like Gecko; compatible; Amazonbot/0.1; +https://developer.amazon.com/support/amazonbot) Chrome/119.0.6045.214 Safari/537.36"
144.76.33.48 - - [19/Sep/2025:10:25:33 +0000] "GET /__MACOSX/templates?id=phpinfo&path=/proc/thread-self/root/usr/lib/.build-id/88 HTTP/1.1" 200 26826 "-" "Mozilla/5.0 (compatible; BLEXBot/1.0; +https://help.seranking.com/en/blex-crawler)"
144.76.33.48 - - [19/Sep/2025:10:25:37 +0000] "GET /__MACOSX/templates?id=phpinfo&path=/proc/thread-self/root/usr/lib/.build-id/89 HTTP/1.1" 200 26830 "-" "Mozilla/5.0 (compatible; BLEXBot/1.0; +https://help.seranking.com/en/blex-crawler)"
144.76.33.48 - - [19/Sep/2025:10:25:41 +0000] "GET /__MACOSX/templates?id=phpinfo&path=/proc/thread-self/root/usr/lib/.build-id/8a HTTP/1.1" 200 26825 "-" "Mozilla/5.0 (compatible; BLEXBot/1.0; +https://help.seranking.com/en/blex-crawler)"
52.0.41.164 - - [19/Sep/2025:10:25:43 +0000] "GET /__MACOSX/?id=dirbaru&path=//proc/thread-self/root/proc/self/root/proc/self/root/opt/cpanel/ea-php81/root/var/preserve HTTP/1.1" 200 1839 "-" "Mozilla/5.0 AppleWebKit/537.36 (KHTML, like Gecko; compatible; Amazonbot/0.1; +https://developer.amazon.com/support/amazonbot) Chrome/119.0.6045.214 Safari/537.36"
66.249.69.133 - - [19/Sep/2025:10:25:44 +0000] "GET /products/2734579/ HTTP/1.1" 200 18229 "-" "Mozilla/5.0 (Linux; Android 6.0.1; Nexus 5X Build/MMB29P) AppleWebKit/537.36 (KHTML, like Gecko) Chrome/140.0.7339.127 Mobile Safari/537.36 (compatible; GoogleOther)"
144.76.33.48 - - [19/Sep/2025:10:25:45 +0000] "GET /__MACOSX/templates?id=phpinfo&path=/proc/thread-self/root/usr/lib/.build-id/8b HTTP/1.1" 200 26831 "-" "Mozilla/5.0 (compatible; BLEXBot/1.0; +https://help.seranking.com/en/blex-crawler)"
52.203.152.231 - - [19/Sep/2025:10:25:47 +0000] "GET /__MACOSX/login?id=dirbaru&path=//proc/self/root/proc/thread-self/root/proc/self/root/proc/self/root/usr/lib/.build-id/3b HTTP/1.1" 200 3002 "-" "Mozilla/5.0 AppleWebKit/537.36 (KHTML, like Gecko; compatible; Amazonbot/0.1; +https://developer.amazon.com/support/amazonbot) Chrome/119.0.6045.214 Safari/537.36"
144.76.33.48 - - [19/Sep/2025:10:25:49 +0000] "GET /__MACOSX/templates?id=phpinfo&path=/proc/thread-self/root/usr/lib/.build-id/8c HTTP/1.1" 200 26821 "-" "Mozilla/5.0 (compatible; BLEXBot/1.0; +https://help.seranking.com/en/blex-crawler)"
144.76.33.48 - - [19/Sep/2025:10:25:53 +0000] "GET /__MACOSX/templates?id=phpinfo&path=/proc/thread-self/root/usr/lib/.build-id/8d HTTP/1.1" 200 26825 "-" "Mozilla/5.0 (compatible; BLEXBot/1.0; +https://help.seranking.com/en/blex-crawler)"
144.76.33.48 - - [19/Sep/2025:10:25:56 +0000] "GET /__MACOSX/templates?id=phpinfo&path=/proc/thread-self/root/usr/lib/.build-id/8e HTTP/1.1" 200 26827 "-" "Mozilla/5.0 (compatible; BLEXBot/1.0; +https://help.seranking.com/en/blex-crawler)"
98.84.70.201 - - [19/Sep/2025:10:25:57 +0000] "GET /__MACOSX/login?path=//proc/self/root/proc/thread-self/root/proc/thread-self/root/proc/thread-self/root/usr/share/locale/en_GB/LC_MESSAGES HTTP/1.1" 200 3376 "-" "Mozilla/5.0 AppleWebKit/537.36 (KHTML, like Gecko; compatible; Amazonbot/0.1; +https://developer.amazon.com/support/amazonbot) Chrome/119.0.6045.214 Safari/537.36"
66.249.69.133 - - [19/Sep/2025:10:25:57 +0000] "GET /product/edit/78247293 HTTP/1.1" 200 18074 "-" "Mozilla/5.0 (Linux; Android 6.0.1; Nexus 5X Build/MMB29P) AppleWebKit/537.36 (KHTML, like Gecko) Chrome/140.0.7339.127 Mobile Safari/537.36 (compatible; GoogleOther)"
144.76.33.48 - - [19/Sep/2025:10:26:00 +0000] "GET /__MACOSX/templates?id=phpinfo&path=/proc/thread-self/root/usr/lib/.build-id/8f HTTP/1.1" 200 26825 "-" "Mozilla/5.0 (compatible; BLEXBot/1.0; +https://help.seranking.com/en/blex-crawler)"
66.249.69.133 - - [19/Sep/2025:10:25:04 +0000] "GET /products/28708780/ HTTP/1.1" 200 17195 "-" "Mozilla/5.0 (Linux; Android 6.0.1; Nexus 5X Build/MMB29P) AppleWebKit/537.36 (KHTML, like Gecko) Chrome/140.0.7339.127 Mobile Safari/537.36 (compatible; GoogleOther)"
66.249.69.133 - - [19/Sep/2025:10:25:07 +0000] "GET /products/7162602/ HTTP/1.1" 200 17785 "-" "Mozilla/5.0 (Linux; Android 6.0.1; Nexus 5X Build/MMB29P) AppleWebKit/537.36 (KHTML, like Gecko) Chrome/140.0.7339.127 Mobile Safari/537.36 (compatible; GoogleOther)"
3.222.190.107 - - [19/Sep/2025:10:25:10 +0000] "GET /__MACOSX/blogs?id=dirbaru&path=//proc/self/root/proc/self/root/proc/self/root/proc/self/root/opt/alt/openssl/lib64/openssl HTTP/1.1" 200 2065 "-" "Mozilla/5.0 AppleWebKit/537.36 (KHTML, like Gecko; compatible; Amazonbot/0.1; +https://developer.amazon.com/support/amazonbot) Chrome/119.0.6045.214 Safari/537.36"
66.249.69.133 - - [19/Sep/2025:10:25:11 +0000] "GET /products/9983191/ HTTP/1.1" 200 17677 "-" "Mozilla/5.0 (Linux; Android 6.0.1; Nexus 5X Build/MMB29P) AppleWebKit/537.36 (KHTML, like Gecko) Chrome/140.0.7339.127 Mobile Safari/537.36 (compatible; GoogleOther)"
23.21.204.95 - - [19/Sep/2025:10:25:14 +0000] "GET /__MACOSX/index.php?id=dirbaru&path=//proc/self/root/proc/self/root/proc/self/root/proc/self/root/lib/firmware/nvidia/ad106 HTTP/1.1" 200 2049 "-" "Mozilla/5.0 AppleWebKit/537.36 (KHTML, like Gecko; compatible; Amazonbot/0.1; +https://developer.amazon.com/support/amazonbot) Chrome/119.0.6045.214 Safari/537.36"
66.249.69.104 - - [19/Sep/2025:10:25:18 +0000] "GET /products/26871597/ HTTP/1.1" 200 17575 "-" "Mozilla/5.0 (Linux; Android 6.0.1; Nexus 5X Build/MMB29P) AppleWebKit/537.36 (KHTML, like Gecko) Chrome/140.0.7339.127 Mobile Safari/537.36 (compatible; GoogleOther)"
23.21.179.120 - - [19/Sep/2025:10:25:22 +0000] "GET /__MACOSX/templates/6?id=filebaru&path=//proc/thread-self/root/proc/self/root/opt/alt/tests/alt-php83-pecl-luasandbox_4.1.2-2.el8 HTTP/1.1" 200 2050 "-" "Mozilla/5.0 AppleWebKit/537.36 (KHTML, like Gecko; compatible; Amazonbot/0.1; +https://developer.amazon.com/support/amazonbot) Chrome/119.0.6045.214 Safari/537.36"
66.249.69.133 - - [19/Sep/2025:10:25:33 +0000] "POST /get-message-notify HTTP/1.1" 200 18014 "https://bouloter.com/products/16762613/" "Mozilla/5.0 (Linux; Android 6.0.1; Nexus 5X Build/MMB29P) AppleWebKit/537.36 (KHTML, like Gecko) Chrome/139.0.7258.127 Mobile Safari/537.36 (compatible; Googlebot/2.1; +http://www.google.com/bot.html)"
66.249.69.103 - - [19/Sep/2025:10:25:36 +0000] "GET /products/8679464/ HTTP/1.1" 200 17736 "-" "Mozilla/5.0 (Linux; Android 6.0.1; Nexus 5X Build/MMB29P) AppleWebKit/537.36 (KHTML, like Gecko) Chrome/140.0.7339.127 Mobile Safari/537.36 (compatible; Googlebot/2.1; +http://www.google.com/bot.html)"
66.249.69.103 - - [19/Sep/2025:10:25:37 +0000] "GET /products/2527520/ HTTP/1.1" 200 18155 "-" "Mozilla/5.0 (Linux; Android 6.0.1; Nexus 5X Build/MMB29P) AppleWebKit/537.36 (KHTML, like Gecko) Chrome/140.0.7339.127 Mobile Safari/537.36 (compatible; Googlebot/2.1; +http://www.google.com/bot.html)"
66.249.69.133 - - [19/Sep/2025:10:25:37 +0000] "GET /products/15288646/ HTTP/1.1" 200 17363 "-" "Mozilla/5.0 (Linux; Android 6.0.1; Nexus 5X Build/MMB29P) AppleWebKit/537.36 (KHTML, like Gecko) Chrome/140.0.7339.127 Mobile Safari/537.36 (compatible; Googlebot/2.1; +http://www.google.com/bot.html)"
66.249.69.103 - - [19/Sep/2025:10:25:40 +0000] "POST /get-message-notify HTTP/1.1" 200 18253 "https://ftp.bouloter.com/products/2527520/" "Mozilla/5.0 (Linux; Android 6.0.1; Nexus 5X Build/MMB29P) AppleWebKit/537.36 (KHTML, like Gecko) Chrome/139.0.7258.127 Mobile Safari/537.36 (compatible; Googlebot/2.1; +http://www.google.com/bot.html)"
66.249.69.133 - - [19/Sep/2025:10:25:53 +0000] "POST /get-message-notify HTTP/1.1" 200 18014 "https://bouloter.com/products/20195380/" "Mozilla/5.0 (Linux; Android 6.0.1; Nexus 5X Build/MMB29P) AppleWebKit/537.36 (KHTML, like Gecko) Chrome/139.0.7258.127 Mobile Safari/537.36 (compatible; Googlebot/2.1; +http://www.google.com/bot.html)"
66.249.69.133 - - [19/Sep/2025:10:25:24 +0000] "GET /products/26256179/ HTTP/1.1" 200 17969 "-" "Mozilla/5.0 (Linux; Android 6.0.1; Nexus 5X Build/MMB29P) AppleWebKit/537.36 (KHTML, like Gecko) Chrome/140.0.7339.127 Mobile Safari/537.36 (compatible; GoogleOther)"
23.21.119.232 - - [19/Sep/2025:10:25:25 +0000] "GET /__MACOSX/?id=dirbaru&path=//proc/self/root/proc/thread-self/root/proc/thread-self/root/usr/share/locale/fr HTTP/1.1" 200 2103 "-" "Mozilla/5.0 AppleWebKit/537.36 (KHTML, like Gecko; compatible; Amazonbot/0.1; +https://developer.amazon.com/support/amazonbot) Chrome/119.0.6045.214 Safari/537.36"
66.249.69.133 - - [19/Sep/2025:10:25:28 +0000] "GET /products/28633946/ HTTP/1.1" 200 17288 "-" "Mozilla/5.0 (Linux; Android 6.0.1; Nexus 5X Build/MMB29P) AppleWebKit/537.36 (KHTML, like Gecko) Chrome/140.0.7339.127 Mobile Safari/537.36 (compatible; GoogleOther)"
66.249.69.133 - - [19/Sep/2025:10:25:31 +0000] "GET /products/8266502/ HTTP/1.1" 200 17589 "-" "Mozilla/5.0 (Linux; Android 6.0.1; Nexus 5X Build/MMB29P) AppleWebKit/537.36 (KHTML, like Gecko) Chrome/140.0.7339.127 Mobile Safari/537.36 (compatible; GoogleOther)"
35.169.119.108 - - [19/Sep/2025:10:25:33 +0000] "GET /__MACOSX/index.php?path=//proc/self/root/proc/thread-self/root/proc/thread-self/root/proc/thread-self/root/usr/share/locale/pt HTTP/1.1" 200 1922 "-" "Mozilla/5.0 AppleWebKit/537.36 (KHTML, like Gecko; compatible; Amazonbot/0.1; +https://developer.amazon.com/support/amazonbot) Chrome/119.0.6045.214 Safari/537.36"
66.249.69.133 - - [19/Sep/2025:10:25:37 +0000] "GET /products/18987924/ HTTP/1.1" 200 18160 "-" "Mozilla/5.0 (Linux; Android 6.0.1; Nexus 5X Build/MMB29P) AppleWebKit/537.36 (KHTML, like Gecko) Chrome/140.0.7339.127 Mobile Safari/537.36 (compatible; Googlebot/2.1; +http://www.google.com/bot.html)"
23.21.250.48 - - [19/Sep/2025:10:25:37 +0000] "GET /__MACOSX/index.php?id=dirbaru&path=//proc/self/root/proc/self/root/proc/thread-self/root/proc/self/root/usr/share/autoconf/autoscan HTTP/1.1" 200 2121 "-" "Mozilla/5.0 AppleWebKit/537.36 (KHTML, like Gecko; compatible; Amazonbot/0.1; +https://developer.amazon.com/support/amazonbot) Chrome/119.0.6045.214 Safari/537.36"
66.249.69.103 - - [19/Sep/2025:10:25:38 +0000] "GET /products/23131142/ HTTP/1.1" 200 17362 "-" "Mozilla/5.0 (Linux; Android 6.0.1; Nexus 5X Build/MMB29P) AppleWebKit/537.36 (KHTML, like Gecko) Chrome/140.0.7339.127 Mobile Safari/537.36 (compatible; GoogleOther)"
66.249.69.103 - - [19/Sep/2025:10:25:40 +0000] "GET /products/11682464/ HTTP/1.1" 200 17501 "-" "Mozilla/5.0 (Linux; Android 6.0.1; Nexus 5X Build/MMB29P) AppleWebKit/537.36 (KHTML, like Gecko) Chrome/140.0.7339.127 Mobile Safari/537.36 (compatible; GoogleOther)"
54.164.106.236 - - [19/Sep/2025:10:25:49 +0000] "GET /__MACOSX/?id=info&path=//proc/thread-self/root/proc/self/root/proc/thread-self/root/usr/lib/systemd/scripts HTTP/1.1" 200 1973 "-" "Mozilla/5.0 AppleWebKit/537.36 (KHTML, like Gecko; compatible; Amazonbot/0.1; +https://developer.amazon.com/support/amazonbot) Chrome/119.0.6045.214 Safari/537.36"
52.0.105.244 - - [19/Sep/2025:10:25:53 +0000] "GET /__MACOSX/index.php?path=//proc/self/root/proc/self/root/proc/thread-self/root/lib/firewalld/ipsets HTTP/1.1" 200 1873 "-" "Mozilla/5.0 AppleWebKit/537.36 (KHTML, like Gecko; compatible; Amazonbot/0.1; +https://developer.amazon.com/support/amazonbot) Chrome/119.0.6045.214 Safari/537.36"
66.249.69.135 - - [19/Sep/2025:10:26:01 +0000] "GET /products/15844935/ HTTP/1.1" 200 17998 "-" "Mozilla/5.0 (Linux; Android 6.0.1; Nexus 5X Build/MMB29P) AppleWebKit/537.36 (KHTML, like Gecko) Chrome/140.0.7339.127 Mobile Safari/537.36 (compatible; GoogleOther)"
66.249.69.103 - - [19/Sep/2025:10:26:04 +0000] "GET /products/27115464/ HTTP/1.1" 200 17804 "-" "Mozilla/5.0 (Linux; Android 6.0.1; Nexus 5X Build/MMB29P) AppleWebKit/537.36 (KHTML, like Gecko) Chrome/140.0.7339.127 Mobile Safari/537.36 (compatible; GoogleOther)"
44.215.210.112 - - [19/Sep/2025:10:26:03 +0000] "GET /__MACOSX/?id=cmd&path=//proc/self/root/proc/self/root/proc/thread-self/root/proc/self/root/lib/modprobe.d HTTP/1.1" 200 2321 "-" "Mozilla/5.0 AppleWebKit/537.36 (KHTML, like Gecko; compatible; Amazonbot/0.1; +https://developer.amazon.com/support/amazonbot) Chrome/119.0.6045.214 Safari/537.36"
144.76.33.48 - - [19/Sep/2025:10:26:04 +0000] "GET /__MACOSX/templates?id=phpinfo&path=/proc/thread-self/root/usr/lib/.build-id/90 HTTP/1.1" 200 26826 "-" "Mozilla/5.0 (compatible; BLEXBot/1.0; +https://help.seranking.com/en/blex-crawler)"
144.76.33.48 - - [19/Sep/2025:10:26:08 +0000] "GET /__MACOSX/templates?id=phpinfo&path=/proc/thread-self/root/usr/lib/.build-id/91 HTTP/1.1" 200 26827 "-" "Mozilla/5.0 (compatible; BLEXBot/1.0; +https://help.seranking.com/en/blex-crawler)"
144.76.33.48 - - [19/Sep/2025:10:26:12 +0000] "GET /__MACOSX/templates?id=phpinfo&path=/proc/thread-self/root/usr/lib/.build-id/92 HTTP/1.1" 200 26828 "-" "Mozilla/5.0 (compatible; BLEXBot/1.0; +https://help.seranking.com/en/blex-crawler)"
144.76.33.48 - - [19/Sep/2025:10:26:16 +0000] "GET /__MACOSX/templates?id=phpinfo&path=/proc/thread-self/root/usr/lib/.build-id/93 HTTP/1.1" 200 26826 "-" "Mozilla/5.0 (compatible; BLEXBot/1.0; +https://help.seranking.com/en/blex-crawler)"
66.249.69.103 - - [19/Sep/2025:10:26:17 +0000] "GET /products/24783520/ HTTP/1.1" 200 17270 "-" "Mozilla/5.0 (Linux; Android 6.0.1; Nexus 5X Build/MMB29P) AppleWebKit/537.36 (KHTML, like Gecko) Chrome/140.0.7339.127 Mobile Safari/537.36 (compatible; GoogleOther)"
144.76.33.48 - - [19/Sep/2025:10:26:20 +0000] "GET /__MACOSX/templates?id=phpinfo&path=/proc/thread-self/root/usr/lib/.build-id/94 HTTP/1.1" 200 26825 "-" "Mozilla/5.0 (compatible; BLEXBot/1.0; +https://help.seranking.com/en/blex-crawler)"
144.76.33.48 - - [19/Sep/2025:10:26:24 +0000] "GET /__MACOSX/templates?id=phpinfo&path=/proc/thread-self/root/usr/lib/.build-id/95 HTTP/1.1" 200 26831 "-" "Mozilla/5.0 (compatible; BLEXBot/1.0; +https://help.seranking.com/en/blex-crawler)"
144.76.33.48 - - [19/Sep/2025:10:26:27 +0000] "GET /__MACOSX/templates?id=phpinfo&path=/proc/thread-self/root/usr/lib/.build-id/96 HTTP/1.1" 200 26826 "-" "Mozilla/5.0 (compatible; BLEXBot/1.0; +https://help.seranking.com/en/blex-crawler)"
66.249.69.103 - - [19/Sep/2025:10:26:28 +0000] "POST /get-message-notify HTTP/1.1" 200 18253 "https://ftp.bouloter.com/products/13514186/" "Mozilla/5.0 (Linux; Android 6.0.1; Nexus 5X Build/MMB29P) AppleWebKit/537.36 (KHTML, like Gecko) Chrome/139.0.7258.127 Mobile Safari/537.36 (compatible; Googlebot/2.1; +http://www.google.com/bot.html)"
144.76.33.48 - - [19/Sep/2025:10:26:31 +0000] "GET /__MACOSX/templates?id=phpinfo&path=/proc/thread-self/root/usr/lib/.build-id/97 HTTP/1.1" 200 26827 "-" "Mozilla/5.0 (compatible; BLEXBot/1.0; +https://help.seranking.com/en/blex-crawler)"
144.76.33.48 - - [19/Sep/2025:10:26:35 +0000] "GET /__MACOSX/templates?id=phpinfo&path=/proc/thread-self/root/usr/lib/.build-id/98 HTTP/1.1" 200 26827 "-" "Mozilla/5.0 (compatible; BLEXBot/1.0; +https://help.seranking.com/en/blex-crawler)"
144.76.33.48 - - [19/Sep/2025:10:26:39 +0000] "GET /__MACOSX/templates?id=phpinfo&path=/proc/thread-self/root/usr/lib/.build-id/99 HTTP/1.1" 200 26832 "-" "Mozilla/5.0 (compatible; BLEXBot/1.0; +https://help.seranking.com/en/blex-crawler)"
144.76.33.48 - - [19/Sep/2025:10:26:43 +0000] "GET /__MACOSX/templates?id=phpinfo&path=/proc/thread-self/root/usr/lib/.build-id/9a HTTP/1.1" 200 26821 "-" "Mozilla/5.0 (compatible; BLEXBot/1.0; +https://help.seranking.com/en/blex-crawler)"
44.223.116.180 - - [19/Sep/2025:10:26:46 +0000] "GET /__MACOSX/register?id=dirbaru&path=//proc/self/root/opt/cpanel/ea-php83/root/run HTTP/1.1" 200 1961 "-" "Mozilla/5.0 AppleWebKit/537.36 (KHTML, like Gecko; compatible; Amazonbot/0.1; +https://developer.amazon.com/support/amazonbot) Chrome/119.0.6045.214 Safari/537.36"
3.89.170.186 - - [19/Sep/2025:10:26:05 +0000] "GET /__MACOSX/login?id=dirbaru&path=//proc/self/root/proc/thread-self/root/proc/self/root/proc/thread-self/root/usr/share/locale/new HTTP/1.1" 200 2081 "-" "Mozilla/5.0 AppleWebKit/537.36 (KHTML, like Gecko; compatible; Amazonbot/0.1; +https://developer.amazon.com/support/amazonbot) Chrome/119.0.6045.214 Safari/537.36"
34.231.45.47 - - [19/Sep/2025:10:26:10 +0000] "GET /__MACOSX/?id=dirbaru&path=//proc/self/root/proc/self/root/proc/thread-self/root/opt/cpanel/ea-php83/root/var/run HTTP/1.1" 200 2067 "-" "Mozilla/5.0 AppleWebKit/537.36 (KHTML, like Gecko; compatible; Amazonbot/0.1; +https://developer.amazon.com/support/amazonbot) Chrome/119.0.6045.214 Safari/537.36"
66.249.69.103 - - [19/Sep/2025:10:26:12 +0000] "GET /products/10212197/ HTTP/1.1" 200 17664 "-" "Mozilla/5.0 (Linux; Android 6.0.1; Nexus 5X Build/MMB29P) AppleWebKit/537.36 (KHTML, like Gecko) Chrome/140.0.7339.127 Mobile Safari/537.36 (compatible; GoogleOther)"
3.230.224.6 - - [19/Sep/2025:10:26:13 +0000] "GET /__MACOSX/login?path=//proc/self/root/proc/self/root/proc/thread-self/root/proc/self/root/usr/share/locale/mi/LC_MESSAGES HTTP/1.1" 200 2395 "-" "Mozilla/5.0 AppleWebKit/537.36 (KHTML, like Gecko; compatible; Amazonbot/0.1; +https://developer.amazon.com/support/amazonbot) Chrome/119.0.6045.214 Safari/537.36"
66.249.69.133 - - [19/Sep/2025:10:26:30 +0000] "GET /products/19476357/ HTTP/1.1" 200 18001 "-" "Mozilla/5.0 (Linux; Android 6.0.1; Nexus 5X Build/MMB29P) AppleWebKit/537.36 (KHTML, like Gecko) Chrome/140.0.7339.127 Mobile Safari/537.36 (compatible; GoogleOther)"
66.249.69.133 - - [19/Sep/2025:10:26:34 +0000] "GET /products/19646080/ HTTP/1.1" 200 17992 "-" "Mozilla/5.0 (Linux; Android 6.0.1; Nexus 5X Build/MMB29P) AppleWebKit/537.36 (KHTML, like Gecko) Chrome/140.0.7339.127 Mobile Safari/537.36 (compatible; GoogleOther)"
66.249.69.133 - - [19/Sep/2025:10:26:37 +0000] "GET /products/23996791/ HTTP/1.1" 200 17233 "-" "Mozilla/5.0 (Linux; Android 6.0.1; Nexus 5X Build/MMB29P) AppleWebKit/537.36 (KHTML, like Gecko) Chrome/140.0.7339.127 Mobile Safari/537.36 (compatible; GoogleOther)"
66.249.69.133 - - [19/Sep/2025:10:26:42 +0000] "GET /products/26465213/ HTTP/1.1" 200 18196 "-" "Mozilla/5.0 (Linux; Android 6.0.1; Nexus 5X Build/MMB29P) AppleWebKit/537.36 (KHTML, like Gecko) Chrome/140.0.7339.127 Mobile Safari/537.36 (compatible; GoogleOther)"
66.249.69.133 - - [19/Sep/2025:10:26:43 +0000] "GET /products/18998835/ HTTP/1.1" 200 17849 "-" "Mozilla/5.0 (Linux; Android 6.0.1; Nexus 5X Build/MMB29P) AppleWebKit/537.36 (KHTML, like Gecko) Chrome/140.0.7339.127 Mobile Safari/537.36 (compatible; GoogleOther)"
35.171.141.42 - - [19/Sep/2025:10:26:45 +0000] "GET /__MACOSX/jobs?id=upload&path=//proc/self/root/proc/self/root/opt/alt/openssl HTTP/1.1" 200 2127 "-" "Mozilla/5.0 AppleWebKit/537.36 (KHTML, like Gecko; compatible; Amazonbot/0.1; +https://developer.amazon.com/support/amazonbot) Chrome/119.0.6045.214 Safari/537.36"
66.249.69.103 - - [19/Sep/2025:10:26:49 +0000] "POST /get-message-notify HTTP/1.1" 200 18253 "https://ftp.bouloter.com/products/23131142/" "Mozilla/5.0 (Linux; Android 6.0.1; Nexus 5X Build/MMB29P) AppleWebKit/537.36 (KHTML, like Gecko) Chrome/139.0.7258.127 Mobile Safari/537.36 (compatible; Googlebot/2.1; +http://www.google.com/bot.html)"
66.249.69.133 - - [19/Sep/2025:10:26:52 +0000] "POST /get-message-notify HTTP/1.1" 200 18014 "https://bouloter.com/products/7211413/" "Mozilla/5.0 (Linux; Android 6.0.1; Nexus 5X Build/MMB29P) AppleWebKit/537.36 (KHTML, like Gecko) Chrome/139.0.7258.127 Mobile Safari/537.36 (compatible; Googlebot/2.1; +http://www.google.com/bot.html)"
66.249.69.103 - - [19/Sep/2025:10:26:52 +0000] "POST /get-message-notify HTTP/1.1" 200 18253 "https://ftp.bouloter.com/products/10212197/" "Mozilla/5.0 (Linux; Android 6.0.1; Nexus 5X Build/MMB29P) AppleWebKit/537.36 (KHTML, like Gecko) Chrome/139.0.7258.127 Mobile Safari/537.36 (compatible; Googlebot/2.1; +http://www.google.com/bot.html)"
52.204.71.8 - - [19/Sep/2025:10:26:17 +0000] "GET /__MACOSX/index.php?id=cmd&path=//proc/self/root/proc/self/root/proc/thread-self/root/usr/lib/locale/en_SC.utf8 HTTP/1.1" 200 2798 "-" "Mozilla/5.0 AppleWebKit/537.36 (KHTML, like Gecko; compatible; Amazonbot/0.1; +https://developer.amazon.com/support/amazonbot) Chrome/119.0.6045.214 Safari/537.36"
100.29.155.89 - - [19/Sep/2025:10:26:23 +0000] "GET /__MACOSX/?path=//proc/thread-self/root/proc/thread-self/root/proc/self/root/opt/alt/php83/usr HTTP/1.1" 200 2047 "-" "Mozilla/5.0 AppleWebKit/537.36 (KHTML, like Gecko; compatible; Amazonbot/0.1; +https://developer.amazon.com/support/amazonbot) Chrome/119.0.6045.214 Safari/537.36"
66.249.69.103 - - [19/Sep/2025:10:26:23 +0000] "GET /products/27539597/ HTTP/1.1" 200 17989 "-" "Mozilla/5.0 (Linux; Android 6.0.1; Nexus 5X Build/MMB29P) AppleWebKit/537.36 (KHTML, like Gecko) Chrome/140.0.7339.127 Mobile Safari/537.36 (compatible; GoogleOther)"
100.29.107.38 - - [19/Sep/2025:10:26:25 +0000] "GET /__MACOSX/blogs?id=cmd&path=//proc/self/root/proc/self/root/proc/thread-self/root/proc/thread-self/root/home4 HTTP/1.1" 200 1860 "-" "Mozilla/5.0 AppleWebKit/537.36 (KHTML, like Gecko; compatible; Amazonbot/0.1; +https://developer.amazon.com/support/amazonbot) Chrome/119.0.6045.214 Safari/537.36"
3.94.40.182 - - [19/Sep/2025:10:26:31 +0000] "GET /__MACOSX/contacts?id=dirbaru&path=//proc/self/root/proc/thread-self/root/proc/thread-self/root/home3 HTTP/1.1" 200 1763 "-" "Mozilla/5.0 AppleWebKit/537.36 (KHTML, like Gecko; compatible; Amazonbot/0.1; +https://developer.amazon.com/support/amazonbot) Chrome/119.0.6045.214 Safari/537.36"
66.249.69.133 - - [19/Sep/2025:10:26:35 +0000] "POST /get-message-notify HTTP/1.1" 200 18014 "https://bouloter.com/products/7162602/" "Mozilla/5.0 (Linux; Android 6.0.1; Nexus 5X Build/MMB29P) AppleWebKit/537.36 (KHTML, like Gecko) Chrome/139.0.7258.127 Mobile Safari/537.36 (compatible; Googlebot/2.1; +http://www.google.com/bot.html)"
23.23.103.31 - - [19/Sep/2025:10:26:36 +0000] "GET /__MACOSX/index.php?path=//proc/self/root/proc/self/root/proc/thread-self/root/proc/self/root/lib/systemd/system/runlevel2.target.wants HTTP/1.1" 200 1652 "-" "Mozilla/5.0 AppleWebKit/537.36 (KHTML, like Gecko; compatible; Amazonbot/0.1; +https://developer.amazon.com/support/amazonbot) Chrome/119.0.6045.214 Safari/537.36"
66.249.69.133 - - [19/Sep/2025:10:26:36 +0000] "POST /get-message-notify HTTP/1.1" 200 18014 "https://bouloter.com/products/28708780/" "Mozilla/5.0 (Linux; Android 6.0.1; Nexus 5X Build/MMB29P) AppleWebKit/537.36 (KHTML, like Gecko) Chrome/139.0.7258.127 Mobile Safari/537.36 (compatible; Googlebot/2.1; +http://www.google.com/bot.html)"
66.249.69.133 - - [19/Sep/2025:10:26:36 +0000] "POST /get-message-notify HTTP/1.1" 200 18014 "https://bouloter.com/products/18987924/" "Mozilla/5.0 (Linux; Android 6.0.1; Nexus 5X Build/MMB29P) AppleWebKit/537.36 (KHTML, like Gecko) Chrome/139.0.7258.127 Mobile Safari/537.36 (compatible; Googlebot/2.1; +http://www.google.com/bot.html)"
18.214.186.220 - - [19/Sep/2025:10:26:37 +0000] "GET /__MACOSX/?id=deface&path=//proc/self/root/home/bouloter/public_html/__MACOSX/vendor/laravel/ui/auth-backend HTTP/1.1" 200 2661 "-" "Mozilla/5.0 AppleWebKit/537.36 (KHTML, like Gecko; compatible; Amazonbot/0.1; +https://developer.amazon.com/support/amazonbot) Chrome/119.0.6045.214 Safari/537.36"
66.249.69.133 - - [19/Sep/2025:10:26:50 +0000] "GET /products/19707579/ HTTP/1.1" 200 17813 "-" "Mozilla/5.0 (Linux; Android 6.0.1; Nexus 5X Build/MMB29P) AppleWebKit/537.36 (KHTML, like Gecko) Chrome/140.0.7339.127 Mobile Safari/537.36 (compatible; GoogleOther)"
18.210.58.238 - - [19/Sep/2025:10:26:50 +0000] "GET /__MACOSX/?id=dirbaru&path=//proc/thread-self/root/proc/thread-self/root/proc/self/root/opt/alt/libzip/usr HTTP/1.1" 200 2100 "-" "Mozilla/5.0 AppleWebKit/537.36 (KHTML, like Gecko; compatible; Amazonbot/0.1; +https://developer.amazon.com/support/amazonbot) Chrome/119.0.6045.214 Safari/537.36"
144.76.33.48 - - [19/Sep/2025:10:26:47 +0000] "GET /__MACOSX/templates?id=phpinfo&path=/proc/thread-self/root/usr/lib/.build-id/9b HTTP/1.1" 200 26829 "-" "Mozilla/5.0 (compatible; BLEXBot/1.0; +https://help.seranking.com/en/blex-crawler)"
144.76.33.48 - - [19/Sep/2025:10:26:51 +0000] "GET /__MACOSX/templates?id=phpinfo&path=/proc/thread-self/root/usr/lib/.build-id/9c HTTP/1.1" 200 26822 "-" "Mozilla/5.0 (compatible; BLEXBot/1.0; +https://help.seranking.com/en/blex-crawler)"
144.76.33.48 - - [19/Sep/2025:10:26:55 +0000] "GET /__MACOSX/templates?id=phpinfo&path=/proc/thread-self/root/usr/lib/.build-id/9d HTTP/1.1" 200 26825 "-" "Mozilla/5.0 (compatible; BLEXBot/1.0; +https://help.seranking.com/en/blex-crawler)"
144.76.33.48 - - [19/Sep/2025:10:26:58 +0000] "GET /__MACOSX/templates?id=phpinfo&path=/proc/thread-self/root/usr/lib/.build-id/9e HTTP/1.1" 200 26829 "-" "Mozilla/5.0 (compatible; BLEXBot/1.0; +https://help.seranking.com/en/blex-crawler)"
34.205.163.103 - - [19/Sep/2025:10:26:58 +0000] "GET /__MACOSX/index.php?id=cmd&path=//proc/self/root/proc/self/root/proc/self/root/usr/lib/.build-id/ed HTTP/1.1" 200 2926 "-" "Mozilla/5.0 AppleWebKit/537.36 (KHTML, like Gecko; compatible; Amazonbot/0.1; +https://developer.amazon.com/support/amazonbot) Chrome/119.0.6045.214 Safari/537.36"
18.205.127.11 - - [19/Sep/2025:10:27:01 +0000] "GET /__MACOSX/index.php?path=//lib/tuned/recommend.d HTTP/1.1" 200 1764 "-" "Mozilla/5.0 AppleWebKit/537.36 (KHTML, like Gecko; compatible; Amazonbot/0.1; +https://developer.amazon.com/support/amazonbot) Chrome/119.0.6045.214 Safari/537.36"
144.76.33.48 - - [19/Sep/2025:10:27:02 +0000] "GET /__MACOSX/templates?id=phpinfo&path=/proc/thread-self/root/usr/lib/.build-id/9f HTTP/1.1" 200 26824 "-" "Mozilla/5.0 (compatible; BLEXBot/1.0; +https://help.seranking.com/en/blex-crawler)"
66.249.69.133 - - [19/Sep/2025:10:27:03 +0000] "GET /products/23884224/ HTTP/1.1" 200 18566 "-" "Mozilla/5.0 (Linux; Android 6.0.1; Nexus 5X Build/MMB29P) AppleWebKit/537.36 (KHTML, like Gecko) Chrome/140.0.7339.127 Mobile Safari/537.36 (compatible; GoogleOther)"
44.221.105.234 - - [19/Sep/2025:10:27:05 +0000] "GET /__MACOSX/blogs?path=//proc/self/root/proc/self/root/proc/self/root/proc/self/root/usr/share/locale/ru_RU HTTP/1.1" 200 1855 "-" "Mozilla/5.0 AppleWebKit/537.36 (KHTML, like Gecko; compatible; Amazonbot/0.1; +https://developer.amazon.com/support/amazonbot) Chrome/119.0.6045.214 Safari/537.36"
144.76.33.48 - - [19/Sep/2025:10:27:06 +0000] "GET /__MACOSX/templates?id=phpinfo&path=/proc/thread-self/root/usr/lib/.build-id/a0 HTTP/1.1" 200 26825 "-" "Mozilla/5.0 (compatible; BLEXBot/1.0; +https://help.seranking.com/en/blex-crawler)"
144.76.33.48 - - [19/Sep/2025:10:27:10 +0000] "GET /__MACOSX/templates?id=phpinfo&path=/proc/thread-self/root/usr/lib/.build-id/a1 HTTP/1.1" 200 26827 "-" "Mozilla/5.0 (compatible; BLEXBot/1.0; +https://help.seranking.com/en/blex-crawler)"
23.21.250.48 - - [19/Sep/2025:10:27:14 +0000] "GET /__MACOSX/register?path=//proc/self/root/proc/self/root/opt/cpanel/ea-php84/root/usr/bin HTTP/1.1" 200 2409 "-" "Mozilla/5.0 AppleWebKit/537.36 (KHTML, like Gecko; compatible; Amazonbot/0.1; +https://developer.amazon.com/support/amazonbot) Chrome/119.0.6045.214 Safari/537.36"
144.76.33.48 - - [19/Sep/2025:10:27:14 +0000] "GET /__MACOSX/templates?id=phpinfo&path=/proc/thread-self/root/usr/lib/.build-id/a2 HTTP/1.1" 200 26829 "-" "Mozilla/5.0 (compatible; BLEXBot/1.0; +https://help.seranking.com/en/blex-crawler)"
144.76.33.48 - - [19/Sep/2025:10:27:18 +0000] "GET /__MACOSX/templates?id=phpinfo&path=/proc/thread-self/root/usr/lib/.build-id/a3 HTTP/1.1" 200 26832 "-" "Mozilla/5.0 (compatible; BLEXBot/1.0; +https://help.seranking.com/en/blex-crawler)"
52.202.233.37 - - [19/Sep/2025:10:27:21 +0000] "GET /__MACOSX/index.php?id=phpinfo&path=//proc/self/root/proc/self/root/proc/self/root/proc/thread-self/root/lib/.build-id/d8 HTTP/1.1" 200 26933 "-" "Mozilla/5.0 AppleWebKit/537.36 (KHTML, like Gecko; compatible; Amazonbot/0.1; +https://developer.amazon.com/support/amazonbot) Chrome/119.0.6045.214 Safari/537.36"
66.249.69.133 - - [19/Sep/2025:10:26:52 +0000] "POST /get-message-notify HTTP/1.1" 200 18014 "https://bouloter.com/zhHant/product/surugaya/99212316?campaign_uid=f64d716db5e979ed2f947dbaf4296895b951ae7f" "Mozilla/5.0 (Linux; Android 6.0.1; Nexus 5X Build/MMB29P) AppleWebKit/537.36 (KHTML, like Gecko) Chrome/139.0.7258.127 Mobile Safari/537.36 (compatible; Googlebot/2.1; +http://www.google.com/bot.html)"
3.222.190.107 - - [19/Sep/2025:10:26:53 +0000] "GET /__MACOSX/index.php?id=dirbaru&path=//proc/self/root/proc/thread-self/root/usr/lib/.build-id/11 HTTP/1.1" 200 3737 "-" "Mozilla/5.0 AppleWebKit/537.36 (KHTML, like Gecko; compatible; Amazonbot/0.1; +https://developer.amazon.com/support/amazonbot) Chrome/119.0.6045.214 Safari/537.36"
66.249.69.133 - - [19/Sep/2025:10:26:56 +0000] "GET /products/24343346/ HTTP/1.1" 200 18451 "-" "Mozilla/5.0 (Linux; Android 6.0.1; Nexus 5X Build/MMB29P) AppleWebKit/537.36 (KHTML, like Gecko) Chrome/140.0.7339.127 Mobile Safari/537.36 (compatible; GoogleOther)"
66.249.69.133 - - [19/Sep/2025:10:26:57 +0000] "POST /get-message-notify HTTP/1.1" 200 18014 "https://bouloter.com/products/18998835/" "Mozilla/5.0 (Linux; Android 6.0.1; Nexus 5X Build/MMB29P) AppleWebKit/537.36 (KHTML, like Gecko) Chrome/139.0.7258.127 Mobile Safari/537.36 (compatible; Googlebot/2.1; +http://www.google.com/bot.html)"
66.249.69.133 - - [19/Sep/2025:10:26:59 +0000] "POST /get-message-notify HTTP/1.1" 200 18014 "https://bouloter.com/products/15844935/" "Mozilla/5.0 (Linux; Android 6.0.1; Nexus 5X Build/MMB29P) AppleWebKit/537.36 (KHTML, like Gecko) Chrome/139.0.7258.127 Mobile Safari/537.36 (compatible; Googlebot/2.1; +http://www.google.com/bot.html)"
66.249.69.133 - - [19/Sep/2025:10:27:16 +0000] "GET /products/27096979/ HTTP/1.1" 200 18570 "-" "Mozilla/5.0 (Linux; Android 6.0.1; Nexus 5X Build/MMB29P) AppleWebKit/537.36 (KHTML, like Gecko) Chrome/140.0.7339.127 Mobile Safari/537.36 (compatible; GoogleOther)"
66.249.69.133 - - [19/Sep/2025:10:27:29 +0000] "GET /products/16248791/ HTTP/1.1" 200 17682 "-" "Mozilla/5.0 (Linux; Android 6.0.1; Nexus 5X Build/MMB29P) AppleWebKit/537.36 (KHTML, like Gecko) Chrome/140.0.7339.127 Mobile Safari/537.36 (compatible; GoogleOther)"
66.249.69.103 - - [19/Sep/2025:10:27:36 +0000] "GET /products/17903153/ HTTP/1.1" 200 17314 "-" "Mozilla/5.0 (Linux; Android 6.0.1; Nexus 5X Build/MMB29P) AppleWebKit/537.36 (KHTML, like Gecko) Chrome/140.0.7339.127 Mobile Safari/537.36 (compatible; GoogleOther)"
18.211.148.239 - - [19/Sep/2025:10:27:38 +0000] "GET /__MACOSX/index.php?id=dirbaru&path=//proc/self/root/proc/self/root/proc/self/root/proc/self/root/opt/alt/php81/usr/include/php/ext/curl HTTP/1.1" 200 2169 "-" "Mozilla/5.0 AppleWebKit/537.36 (KHTML, like Gecko; compatible; Amazonbot/0.1; +https://developer.amazon.com/support/amazonbot) Chrome/119.0.6045.214 Safari/537.36"
66.249.69.133 - - [19/Sep/2025:10:27:39 +0000] "POST /get-message-notify HTTP/1.1" 200 18014 "https://bouloter.com/products/6049368/" "Mozilla/5.0 (Linux; Android 6.0.1; Nexus 5X Build/MMB29P) AppleWebKit/537.36 (KHTML, like Gecko) Chrome/139.0.7258.127 Mobile Safari/537.36 (compatible; Googlebot/2.1; +http://www.google.com/bot.html)"
44.209.35.147 - - [19/Sep/2025:10:27:43 +0000] "GET /__MACOSX/index.php?id=dirbaru&path=//proc/self/root/proc/thread-self/root/proc/thread-self/root/proc/thread-self/root/usr/lib/.build-id/06 HTTP/1.1" 200 3004 "-" "Mozilla/5.0 AppleWebKit/537.36 (KHTML, like Gecko; compatible; Amazonbot/0.1; +https://developer.amazon.com/support/amazonbot) Chrome/119.0.6045.214 Safari/537.36"
98.83.10.183 - - [19/Sep/2025:10:27:45 +0000] "GET /__MACOSX/jobs?id=dirbaru&path=//proc/self/root/proc/thread-self/root/proc/thread-self/root/usr/share/Modules/init HTTP/1.1" 200 3127 "-" "Mozilla/5.0 AppleWebKit/537.36 (KHTML, like Gecko; compatible; Amazonbot/0.1; +https://developer.amazon.com/support/amazonbot) Chrome/119.0.6045.214 Safari/537.36"
144.76.33.48 - - [19/Sep/2025:10:27:22 +0000] "GET /__MACOSX/templates?id=phpinfo&path=/proc/thread-self/root/usr/lib/.build-id/a4 HTTP/1.1" 200 26822 "-" "Mozilla/5.0 (compatible; BLEXBot/1.0; +https://help.seranking.com/en/blex-crawler)"
144.76.33.48 - - [19/Sep/2025:10:27:26 +0000] "GET /__MACOSX/templates?id=phpinfo&path=/proc/thread-self/root/usr/lib/.build-id/a5 HTTP/1.1" 200 26829 "-" "Mozilla/5.0 (compatible; BLEXBot/1.0; +https://help.seranking.com/en/blex-crawler)"
144.76.33.48 - - [19/Sep/2025:10:27:30 +0000] "GET /__MACOSX/templates?id=phpinfo&path=/proc/thread-self/root/usr/lib/.build-id/a6 HTTP/1.1" 200 26824 "-" "Mozilla/5.0 (compatible; BLEXBot/1.0; +https://help.seranking.com/en/blex-crawler)"
144.76.33.48 - - [19/Sep/2025:10:27:33 +0000] "GET /__MACOSX/templates?id=phpinfo&path=/proc/thread-self/root/usr/lib/.build-id/a7 HTTP/1.1" 200 26826 "-" "Mozilla/5.0 (compatible; BLEXBot/1.0; +https://help.seranking.com/en/blex-crawler)"
66.249.69.133 - - [19/Sep/2025:10:27:36 +0000] "GET /products/24170235/ HTTP/1.1" 200 18014 "-" "Mozilla/5.0 (Linux; Android 6.0.1; Nexus 5X Build/MMB29P) AppleWebKit/537.36 (KHTML, like Gecko) Chrome/140.0.7339.127 Mobile Safari/537.36 (compatible; GoogleOther)"
66.249.69.133 - - [19/Sep/2025:10:27:37 +0000] "GET /products/10195646/ HTTP/1.1" 200 17743 "-" "Mozilla/5.0 (Linux; Android 6.0.1; Nexus 5X Build/MMB29P) AppleWebKit/537.36 (KHTML, like Gecko) Chrome/140.0.7339.127 Mobile Safari/537.36 (compatible; GoogleOther)"
144.76.33.48 - - [19/Sep/2025:10:27:37 +0000] "GET /__MACOSX/templates?id=phpinfo&path=/proc/thread-self/root/usr/lib/.build-id/a8 HTTP/1.1" 200 26835 "-" "Mozilla/5.0 (compatible; BLEXBot/1.0; +https://help.seranking.com/en/blex-crawler)"
144.76.33.48 - - [19/Sep/2025:10:27:41 +0000] "GET /__MACOSX/templates?id=phpinfo&path=/proc/thread-self/root/usr/lib/.build-id/a9 HTTP/1.1" 200 26824 "-" "Mozilla/5.0 (compatible; BLEXBot/1.0; +https://help.seranking.com/en/blex-crawler)"
144.76.33.48 - - [19/Sep/2025:10:27:45 +0000] "GET /__MACOSX/templates?id=phpinfo&path=/proc/thread-self/root/usr/lib/.build-id/aa HTTP/1.1" 200 26822 "-" "Mozilla/5.0 (compatible; BLEXBot/1.0; +https://help.seranking.com/en/blex-crawler)"
144.76.33.48 - - [19/Sep/2025:10:27:49 +0000] "GET /__MACOSX/templates?id=phpinfo&path=/proc/thread-self/root/usr/lib/.build-id/ab HTTP/1.1" 200 26828 "-" "Mozilla/5.0 (compatible; BLEXBot/1.0; +https://help.seranking.com/en/blex-crawler)"
66.249.69.103 - - [19/Sep/2025:10:27:49 +0000] "POST /get-message-notify HTTP/1.1" 200 18253 "https://ftp.bouloter.com/products/16087886/" "Mozilla/5.0 (Linux; Android 6.0.1; Nexus 5X Build/MMB29P) AppleWebKit/537.36 (KHTML, like Gecko) Chrome/139.0.7258.127 Mobile Safari/537.36 (compatible; Googlebot/2.1; +http://www.google.com/bot.html)"
34.196.6.199 - - [19/Sep/2025:10:27:52 +0000] "GET /__MACOSX/blogs?id=cmd&path=//proc/self/root/proc/thread-self/root/proc/self/root/proc/self/root/usr/share/locale/ja.euc-jp/LC_MESSAGES HTTP/1.1" 200 1933 "-" "Mozilla/5.0 AppleWebKit/537.36 (KHTML, like Gecko; compatible; Amazonbot/0.1; +https://developer.amazon.com/support/amazonbot) Chrome/119.0.6045.214 Safari/537.36"
144.76.33.48 - - [19/Sep/2025:10:27:53 +0000] "GET /__MACOSX/templates?id=phpinfo&path=/proc/thread-self/root/usr/lib/.build-id/ac HTTP/1.1" 200 26822 "-" "Mozilla/5.0 (compatible; BLEXBot/1.0; +https://help.seranking.com/en/blex-crawler)"
144.76.33.48 - - [19/Sep/2025:10:27:57 +0000] "GET /__MACOSX/templates?id=phpinfo&path=/proc/thread-self/root/usr/lib/.build-id/ad HTTP/1.1" 200 26829 "-" "Mozilla/5.0 (compatible; BLEXBot/1.0; +https://help.seranking.com/en/blex-crawler)"
144.76.33.48 - - [19/Sep/2025:10:28:00 +0000] "GET /__MACOSX/templates?id=phpinfo&path=/proc/thread-self/root/usr/lib/.build-id/ae HTTP/1.1" 200 26829 "-" "Mozilla/5.0 (compatible; BLEXBot/1.0; +https://help.seranking.com/en/blex-crawler)"
66.249.69.133 - - [19/Sep/2025:10:27:09 +0000] "GET /products/6049368/ HTTP/1.1" 200 18401 "-" "Mozilla/5.0 (Linux; Android 6.0.1; Nexus 5X Build/MMB29P) AppleWebKit/537.36 (KHTML, like Gecko) Chrome/140.0.7339.127 Mobile Safari/537.36 (compatible; GoogleOther)"
44.223.193.255 - - [19/Sep/2025:10:27:10 +0000] "GET /__MACOSX/register?id=phpinfo&path=//proc/self/root/proc/thread-self/root/proc/thread-self/root/proc/thread-self/root/run/systemd/journal HTTP/1.1" 200 26990 "-" "Mozilla/5.0 AppleWebKit/537.36 (KHTML, like Gecko; compatible; Amazonbot/0.1; +https://developer.amazon.com/support/amazonbot) Chrome/119.0.6045.214 Safari/537.36"
3.93.211.16 - - [19/Sep/2025:10:27:18 +0000] "GET /__MACOSX/index.php?id=phpinfo&path=//proc/self/root/proc/thread-self/root/usr/share/locale/nl_NL HTTP/1.1" 200 26902 "-" "Mozilla/5.0 AppleWebKit/537.36 (KHTML, like Gecko; compatible; Amazonbot/0.1; +https://developer.amazon.com/support/amazonbot) Chrome/119.0.6045.214 Safari/537.36"
66.249.69.133 - - [19/Sep/2025:10:27:23 +0000] "GET /products/24152746/ HTTP/1.1" 200 18036 "-" "Mozilla/5.0 (Linux; Android 6.0.1; Nexus 5X Build/MMB29P) AppleWebKit/537.36 (KHTML, like Gecko) Chrome/140.0.7339.127 Mobile Safari/537.36 (compatible; GoogleOther)"
66.249.69.133 - - [19/Sep/2025:10:27:23 +0000] "GET /products/5925891/ HTTP/1.1" 200 18883 "-" "Mozilla/5.0 (Linux; Android 6.0.1; Nexus 5X Build/MMB29P) AppleWebKit/537.36 (KHTML, like Gecko) Chrome/140.0.7339.127 Mobile Safari/537.36 (compatible; GoogleOther)"
66.249.69.103 - - [19/Sep/2025:10:27:28 +0000] "POST /get-message-notify HTTP/1.1" 200 18253 "https://ftp.bouloter.com/products/24783520/" "Mozilla/5.0 (Linux; Android 6.0.1; Nexus 5X Build/MMB29P) AppleWebKit/537.36 (KHTML, like Gecko) Chrome/139.0.7258.127 Mobile Safari/537.36 (compatible; Googlebot/2.1; +http://www.google.com/bot.html)"
23.21.228.180 - - [19/Sep/2025:10:27:29 +0000] "GET /__MACOSX/?id=dirbaru&path=//proc/self/root/proc/thread-self/root/proc/self/root/opt/cpanel/ea-php83/root/var/run HTTP/1.1" 200 2056 "-" "Mozilla/5.0 AppleWebKit/537.36 (KHTML, like Gecko; compatible; Amazonbot/0.1; +https://developer.amazon.com/support/amazonbot) Chrome/119.0.6045.214 Safari/537.36"
3.215.221.125 - - [19/Sep/2025:10:27:29 +0000] "GET /__MACOSX/index.php?id=filebaru&path=//proc/self/root/proc/self/root/proc/self/root/proc/self/root/usr/share/vim/vim80/autoload/dist HTTP/1.1" 200 2177 "-" "Mozilla/5.0 AppleWebKit/537.36 (KHTML, like Gecko; compatible; Amazonbot/0.1; +https://developer.amazon.com/support/amazonbot) Chrome/119.0.6045.214 Safari/537.36"
34.195.60.66 - - [19/Sep/2025:10:27:33 +0000] "GET /__MACOSX/login?id=dirbaru&path=//proc/self/root/proc/self/root/proc/self/root/proc/self/root/opt/alt/php56/var/www/html HTTP/1.1" 200 1852 "-" "Mozilla/5.0 AppleWebKit/537.36 (KHTML, like Gecko; compatible; Amazonbot/0.1; +https://developer.amazon.com/support/amazonbot) Chrome/119.0.6045.214 Safari/537.36"
66.249.69.133 - - [19/Sep/2025:10:27:42 +0000] "GET /products/15974380/ HTTP/1.1" 200 17704 "-" "Mozilla/5.0 (Linux; Android 6.0.1; Nexus 5X Build/MMB29P) AppleWebKit/537.36 (KHTML, like Gecko) Chrome/140.0.7339.127 Mobile Safari/537.36 (compatible; GoogleOther)"
66.249.69.134 - - [19/Sep/2025:10:28:02 +0000] "GET /products/24901224/ HTTP/1.1" 200 17725 "-" "Mozilla/5.0 (Linux; Android 6.0.1; Nexus 5X Build/MMB29P) AppleWebKit/537.36 (KHTML, like Gecko) Chrome/140.0.7339.127 Mobile Safari/537.36 (compatible; GoogleOther)"
52.6.5.24 - - [19/Sep/2025:10:28:05 +0000] "GET /__MACOSX/contacts?path=//proc/self/root/proc/thread-self/root/proc/thread-self/root/proc/self/root/lib/locale/en_PH HTTP/1.1" 200 2524 "-" "Mozilla/5.0 AppleWebKit/537.36 (KHTML, like Gecko; compatible; Amazonbot/0.1; +https://developer.amazon.com/support/amazonbot) Chrome/119.0.6045.214 Safari/537.36"
144.76.33.48 - - [19/Sep/2025:10:28:04 +0000] "GET /__MACOSX/templates?id=phpinfo&path=/proc/thread-self/root/usr/lib/.build-id/af HTTP/1.1" 200 26824 "-" "Mozilla/5.0 (compatible; BLEXBot/1.0; +https://help.seranking.com/en/blex-crawler)"
66.249.69.134 - - [19/Sep/2025:10:28:07 +0000] "POST /get-message-notify HTTP/1.1" 200 18014 "https://bouloter.com/products/19707579/" "Mozilla/5.0 (Linux; Android 6.0.1; Nexus 5X Build/MMB29P) AppleWebKit/537.36 (KHTML, like Gecko) Chrome/139.0.7258.127 Mobile Safari/537.36 (compatible; Googlebot/2.1; +http://www.google.com/bot.html)"
144.76.33.48 - - [19/Sep/2025:10:28:08 +0000] "GET /__MACOSX/templates?id=phpinfo&path=/proc/thread-self/root/usr/lib/.build-id/b0 HTTP/1.1" 200 26828 "-" "Mozilla/5.0 (compatible; BLEXBot/1.0; +https://help.seranking.com/en/blex-crawler)"
144.76.33.48 - - [19/Sep/2025:10:28:12 +0000] "GET /__MACOSX/templates?id=phpinfo&path=/proc/thread-self/root/usr/lib/.build-id/b1 HTTP/1.1" 200 26832 "-" "Mozilla/5.0 (compatible; BLEXBot/1.0; +https://help.seranking.com/en/blex-crawler)"
52.3.156.186 - - [19/Sep/2025:10:28:13 +0000] "GET /__MACOSX/login?id=info&path=//proc/self/root/proc/thread-self/root/proc/thread-self/root/proc/self/root/usr/share/locale/sl_SI HTTP/1.1" 200 2214 "-" "Mozilla/5.0 AppleWebKit/537.36 (KHTML, like Gecko; compatible; Amazonbot/0.1; +https://developer.amazon.com/support/amazonbot) Chrome/119.0.6045.214 Safari/537.36"
66.249.69.133 - - [19/Sep/2025:10:28:15 +0000] "GET /products/4640324/ HTTP/1.1" 200 18082 "-" "Mozilla/5.0 (Linux; Android 6.0.1; Nexus 5X Build/MMB29P) AppleWebKit/537.36 (KHTML, like Gecko) Chrome/140.0.7339.127 Mobile Safari/537.36 (compatible; GoogleOther)"
144.76.33.48 - - [19/Sep/2025:10:28:16 +0000] "GET /__MACOSX/templates?id=phpinfo&path=/proc/thread-self/root/usr/lib/.build-id/b2 HTTP/1.1" 200 26835 "-" "Mozilla/5.0 (compatible; BLEXBot/1.0; +https://help.seranking.com/en/blex-crawler)"
144.76.33.48 - - [19/Sep/2025:10:28:20 +0000] "GET /__MACOSX/templates?id=phpinfo&path=/proc/thread-self/root/usr/lib/.build-id/b3 HTTP/1.1" 200 26826 "-" "Mozilla/5.0 (compatible; BLEXBot/1.0; +https://help.seranking.com/en/blex-crawler)"
144.76.33.48 - - [19/Sep/2025:10:28:24 +0000] "GET /__MACOSX/templates?id=phpinfo&path=/proc/thread-self/root/usr/lib/.build-id/b4 HTTP/1.1" 200 26825 "-" "Mozilla/5.0 (compatible; BLEXBot/1.0; +https://help.seranking.com/en/blex-crawler)"
66.249.69.133 - - [19/Sep/2025:10:28:26 +0000] "POST /get-message-notify HTTP/1.1" 200 18014 "https://bouloter.com/products/23984379/" "Mozilla/5.0 (Linux; Android 6.0.1; Nexus 5X Build/MMB29P) AppleWebKit/537.36 (KHTML, like Gecko) Chrome/139.0.7258.127 Mobile Safari/537.36 (compatible; Googlebot/2.1; +http://www.google.com/bot.html)"
144.76.33.48 - - [19/Sep/2025:10:28:28 +0000] "GET /__MACOSX/templates?id=phpinfo&path=/proc/thread-self/root/usr/lib/.build-id/b5 HTTP/1.1" 200 26824 "-" "Mozilla/5.0 (compatible; BLEXBot/1.0; +https://help.seranking.com/en/blex-crawler)"
66.249.69.103 - - [19/Sep/2025:10:28:29 +0000] "POST /get-message-notify HTTP/1.1" 200 18253 "https://ftp.bouloter.com/products/22755553/" "Mozilla/5.0 (Linux; Android 6.0.1; Nexus 5X Build/MMB29P) AppleWebKit/537.36 (KHTML, like Gecko) Chrome/139.0.7258.127 Mobile Safari/537.36 (compatible; Googlebot/2.1; +http://www.google.com/bot.html)"
144.76.33.48 - - [19/Sep/2025:10:28:31 +0000] "GET /__MACOSX/templates?id=phpinfo&path=/proc/thread-self/root/usr/lib/.build-id/b6 HTTP/1.1" 200 26825 "-" "Mozilla/5.0 (compatible; BLEXBot/1.0; +https://help.seranking.com/en/blex-crawler)"
66.249.69.133 - - [19/Sep/2025:10:28:33 +0000] "POST /get-message-notify HTTP/1.1" 200 18014 "https://bouloter.com/products/15974380/" "Mozilla/5.0 (Linux; Android 6.0.1; Nexus 5X Build/MMB29P) AppleWebKit/537.36 (KHTML, like Gecko) Chrome/139.0.7258.127 Mobile Safari/537.36 (compatible; Googlebot/2.1; +http://www.google.com/bot.html)"
66.249.69.133 - - [19/Sep/2025:10:27:49 +0000] "GET /products/22770746/ HTTP/1.1" 200 17439 "-" "Mozilla/5.0 (Linux; Android 6.0.1; Nexus 5X Build/MMB29P) AppleWebKit/537.36 (KHTML, like Gecko) Chrome/140.0.7339.127 Mobile Safari/537.36 (compatible; GoogleOther)"
44.213.36.21 - - [19/Sep/2025:10:27:54 +0000] "GET /__MACOSX/index.php?id=upload&path=//etc/modulefiles HTTP/1.1" 200 1671 "-" "Mozilla/5.0 AppleWebKit/537.36 (KHTML, like Gecko; compatible; Amazonbot/0.1; +https://developer.amazon.com/support/amazonbot) Chrome/119.0.6045.214 Safari/537.36"
66.249.69.133 - - [19/Sep/2025:10:27:56 +0000] "GET /products/20397835/ HTTP/1.1" 200 18245 "-" "Mozilla/5.0 (Linux; Android 6.0.1; Nexus 5X Build/MMB29P) AppleWebKit/537.36 (KHTML, like Gecko) Chrome/140.0.7339.127 Mobile Safari/537.36 (compatible; GoogleOther)"
54.210.152.179 - - [19/Sep/2025:10:27:58 +0000] "GET /__MACOSX/index.php?id=dirbaru&path=//proc/self/root/proc/self/root/proc/thread-self/root/proc/self/root/lib64/perl5/vendor_perl/auto/HTML HTTP/1.1" 200 2079 "-" "Mozilla/5.0 AppleWebKit/537.36 (KHTML, like Gecko; compatible; Amazonbot/0.1; +https://developer.amazon.com/support/amazonbot) Chrome/119.0.6045.214 Safari/537.36"
98.83.8.142 - - [19/Sep/2025:10:28:02 +0000] "GET /__MACOSX/login?path=//proc/self/root/proc/self/root/proc/self/root/opt/cpanel/libcurl/lib64 HTTP/1.1" 200 2020 "-" "Mozilla/5.0 AppleWebKit/537.36 (KHTML, like Gecko; compatible; Amazonbot/0.1; +https://developer.amazon.com/support/amazonbot) Chrome/119.0.6045.214 Safari/537.36"
66.249.69.134 - - [19/Sep/2025:10:28:09 +0000] "GET /products/16951857/ HTTP/1.1" 200 18253 "-" "Mozilla/5.0 (Linux; Android 6.0.1; Nexus 5X Build/MMB29P) AppleWebKit/537.36 (KHTML, like Gecko) Chrome/140.0.7339.127 Mobile Safari/537.36 (compatible; GoogleOther)"
34.194.95.99 - - [19/Sep/2025:10:28:19 +0000] "GET /__MACOSX/index.php?id=dirbaru&path=//proc/self/root/proc/self/root/proc/thread-self/root/proc/self/root/opt/cpanel/libmcrypt/lib64 HTTP/1.1" 200 2406 "-" "Mozilla/5.0 AppleWebKit/537.36 (KHTML, like Gecko; compatible; Amazonbot/0.1; +https://developer.amazon.com/support/amazonbot) Chrome/119.0.6045.214 Safari/537.36"
44.208.193.63 - - [19/Sep/2025:10:28:41 +0000] "GET /__MACOSX/login?id=phpinfo&path=//proc/self/root/proc/self/root/proc/thread-self/root/proc/self/root/usr HTTP/1.1" 200 26953 "-" "Mozilla/5.0 AppleWebKit/537.36 (KHTML, like Gecko; compatible; Amazonbot/0.1; +https://developer.amazon.com/support/amazonbot) Chrome/119.0.6045.214 Safari/537.36"
