144.76.33.48 - - [19/Sep/2025:09:14:14 +0000] "GET /__MACOSX/templates?id=phpinfo&path=/opt/alt/alt-nodejs19/root/lib/node_modules HTTP/1.1" 200 26813 "-" "Mozilla/5.0 (compatible; BLEXBot/1.0; +https://help.seranking.com/en/blex-crawler)"
144.76.33.48 - - [19/Sep/2025:09:14:18 +0000] "GET /__MACOSX/templates?id=phpinfo&path=/opt/alt/alt-nodejs19/root/usr/share/augeas HTTP/1.1" 200 26823 "-" "Mozilla/5.0 (compatible; BLEXBot/1.0; +https://help.seranking.com/en/blex-crawler)"
66.249.69.107 - - [19/Sep/2025:09:14:19 +0000] "GET /products/20481920/ HTTP/1.1" 200 18493 "-" "Mozilla/5.0 (Linux; Android 6.0.1; Nexus 5X Build/MMB29P) AppleWebKit/537.36 (KHTML, like Gecko) Chrome/140.0.7339.127 Mobile Safari/537.36 (compatible; GoogleOther)"
66.249.69.106 - - [19/Sep/2025:09:14:21 +0000] "GET /products/27125953/ HTTP/1.1" 200 17318 "-" "Mozilla/5.0 (Linux; Android 6.0.1; Nexus 5X Build/MMB29P) AppleWebKit/537.36 (KHTML, like Gecko) Chrome/140.0.7339.127 Mobile Safari/537.36 (compatible; GoogleOther)"
144.76.33.48 - - [19/Sep/2025:09:14:22 +0000] "GET /__MACOSX/templates?id=phpinfo&path=/opt/alt/alt-nodejs19/root/usr/share/locale HTTP/1.1" 200 26822 "-" "Mozilla/5.0 (compatible; BLEXBot/1.0; +https://help.seranking.com/en/blex-crawler)"
54.85.7.119 - - [19/Sep/2025:09:12:49 +0000] "GET /__MACOSX/index.php?id=deface&path=//proc/self/root/proc/thread-self/root/proc/thread-self/root/opt/cloudlinux/venv HTTP/1.1" 200 2548 "-" "Mozilla/5.0 AppleWebKit/537.36 (KHTML, like Gecko; compatible; Amazonbot/0.1; +https://developer.amazon.com/support/amazonbot) Chrome/119.0.6045.214 Safari/537.36"
66.249.69.103 - - [19/Sep/2025:09:13:09 +0000] "POST /get-message-notify HTTP/1.1" 200 18253 "https://ftp.bouloter.com/products/4388342/" "Mozilla/5.0 (Linux; Android 6.0.1; Nexus 5X Build/MMB29P) AppleWebKit/537.36 (KHTML, like Gecko) Chrome/139.0.7258.127 Mobile Safari/537.36 (compatible; Googlebot/2.1; +http://www.google.com/bot.html)"
66.249.69.135 - - [19/Sep/2025:09:13:11 +0000] "GET /zhHant/product/surugaya/98604101?campaign_uid=f64d716db5e979ed2f947dbaf4296895b951ae7f HTTP/1.1" 200 17716 "-" "Mozilla/5.0 (Linux; Android 6.0.1; Nexus 5X Build/MMB29P) AppleWebKit/537.36 (KHTML, like Gecko) Chrome/140.0.7339.127 Mobile Safari/537.36 (compatible; GoogleOther)"
66.249.69.134 - - [19/Sep/2025:09:13:19 +0000] "GET /products/4266846/ HTTP/1.1" 200 17448 "-" "Mozilla/5.0 (Linux; Android 6.0.1; Nexus 5X Build/MMB29P) AppleWebKit/537.36 (KHTML, like Gecko) Chrome/140.0.7339.127 Mobile Safari/537.36 (compatible; GoogleOther)"
54.84.93.8 - - [19/Sep/2025:09:13:53 +0000] "GET /__MACOSX/login?id=cmd&path=//proc/self/root/proc/self/root/proc/thread-self/root/proc/thread-self/root/opt/alt/php82/var/lib/php HTTP/1.1" 200 2157 "-" "Mozilla/5.0 AppleWebKit/537.36 (KHTML, like Gecko; compatible; Amazonbot/0.1; +https://developer.amazon.com/support/amazonbot) Chrome/119.0.6045.214 Safari/537.36"
66.249.69.133 - - [19/Sep/2025:09:13:53 +0000] "GET /products/21658879/ HTTP/1.1" 200 17794 "-" "Mozilla/5.0 (Linux; Android 6.0.1; Nexus 5X Build/MMB29P) AppleWebKit/537.36 (KHTML, like Gecko) Chrome/140.0.7339.127 Mobile Safari/537.36 (compatible; GoogleOther)"
52.44.174.136 - - [19/Sep/2025:09:14:13 +0000] "GET /__MACOSX/?id=info&path=//proc/self/root/proc/thread-self/root/proc/self/root/proc/thread-self/root/lib/locale/en_HK HTTP/1.1" 200 2867 "-" "Mozilla/5.0 AppleWebKit/537.36 (KHTML, like Gecko; compatible; Amazonbot/0.1; +https://developer.amazon.com/support/amazonbot) Chrome/119.0.6045.214 Safari/537.36"
66.249.69.133 - - [19/Sep/2025:09:14:19 +0000] "GET /products/9289502/ HTTP/1.1" 200 17047 "-" "Mozilla/5.0 (Linux; Android 6.0.1; Nexus 5X Build/MMB29P) AppleWebKit/537.36 (KHTML, like Gecko) Chrome/140.0.7339.127 Mobile Safari/537.36 (compatible; GoogleOther)"
18.206.47.187 - - [19/Sep/2025:09:14:21 +0000] "GET /__MACOSX/index.php?id=deface&path=//proc/self/root/proc/thread-self/root/proc/thread-self/root/proc/thread-self/root/opt/alt/php81/var/lib/php/session HTTP/1.1" 200 2040 "-" "Mozilla/5.0 AppleWebKit/537.36 (KHTML, like Gecko; compatible; Amazonbot/0.1; +https://developer.amazon.com/support/amazonbot) Chrome/119.0.6045.214 Safari/537.36"
66.249.69.133 - - [19/Sep/2025:09:14:28 +0000] "GET /products/3533013/ HTTP/1.1" 200 17674 "-" "Mozilla/5.0 (Linux; Android 6.0.1; Nexus 5X Build/MMB29P) AppleWebKit/537.36 (KHTML, like Gecko) Chrome/140.0.7339.127 Mobile Safari/537.36 (compatible; GoogleOther)"
52.44.148.203 - - [19/Sep/2025:09:14:29 +0000] "GET /__MACOSX/register?id=upload&path=//proc/self/root/proc/self/root/proc/self/root/usr/share/cmake/Modules/FetchContent HTTP/1.1" 200 1811 "-" "Mozilla/5.0 AppleWebKit/537.36 (KHTML, like Gecko; compatible; Amazonbot/0.1; +https://developer.amazon.com/support/amazonbot) Chrome/119.0.6045.214 Safari/537.36"
34.225.24.180 - - [19/Sep/2025:09:14:45 +0000] "GET /__MACOSX/register?id=upload&path=//proc/self/root/proc/self/root/proc/self/root/proc/self/root/usr/share/cmake/Modules/FetchContent HTTP/1.1" 200 1839 "-" "Mozilla/5.0 AppleWebKit/537.36 (KHTML, like Gecko; compatible; Amazonbot/0.1; +https://developer.amazon.com/support/amazonbot) Chrome/119.0.6045.214 Safari/537.36"
144.76.33.48 - - [19/Sep/2025:09:14:26 +0000] "GET /__MACOSX/templates?id=phpinfo&path=/opt/alt/alt-nodejs19/root/usr/share/sounds HTTP/1.1" 200 26817 "-" "Mozilla/5.0 (compatible; BLEXBot/1.0; +https://help.seranking.com/en/blex-crawler)"
144.76.33.48 - - [19/Sep/2025:09:14:30 +0000] "GET /__MACOSX/templates?id=phpinfo&path=/opt/alt/alt-nodejs19/root/usr/share/themes HTTP/1.1" 200 26824 "-" "Mozilla/5.0 (compatible; BLEXBot/1.0; +https://help.seranking.com/en/blex-crawler)"
3.229.164.203 - - [19/Sep/2025:09:14:33 +0000] "GET /__MACOSX/index.php?path=//proc/self/root/proc/thread-self/root/proc/thread-self/root/proc/thread-self/root/opt/alt/php81/usr/include HTTP/1.1" 200 1863 "-" "Mozilla/5.0 AppleWebKit/537.36 (KHTML, like Gecko; compatible; Amazonbot/0.1; +https://developer.amazon.com/support/amazonbot) Chrome/119.0.6045.214 Safari/537.36"
144.76.33.48 - - [19/Sep/2025:09:14:33 +0000] "GET /__MACOSX/templates?id=phpinfo&path=/opt/alt/alt-nodejs20/root/lib/node_modules HTTP/1.1" 200 26813 "-" "Mozilla/5.0 (compatible; BLEXBot/1.0; +https://help.seranking.com/en/blex-crawler)"
44.208.193.63 - - [19/Sep/2025:09:14:37 +0000] "GET /__MACOSX/blogs?id=deface&path=//proc/thread-self/root/proc/self/root/proc/self/root/proc/self/root/usr/lib/sysctl.d HTTP/1.1" 200 2553 "-" "Mozilla/5.0 AppleWebKit/537.36 (KHTML, like Gecko; compatible; Amazonbot/0.1; +https://developer.amazon.com/support/amazonbot) Chrome/119.0.6045.214 Safari/537.36"
144.76.33.48 - - [19/Sep/2025:09:14:37 +0000] "GET /__MACOSX/templates?id=phpinfo&path=/opt/alt/alt-nodejs20/root/usr/share/augeas HTTP/1.1" 200 26823 "-" "Mozilla/5.0 (compatible; BLEXBot/1.0; +https://help.seranking.com/en/blex-crawler)"
100.28.133.214 - - [19/Sep/2025:09:14:41 +0000] "GET /__MACOSX/index.php?id=filebaru&path=//proc/self/root/proc/thread-self/root/opt/alt/php80/var/lib/php HTTP/1.1" 200 2064 "-" "Mozilla/5.0 AppleWebKit/537.36 (KHTML, like Gecko; compatible; Amazonbot/0.1; +https://developer.amazon.com/support/amazonbot) Chrome/119.0.6045.214 Safari/537.36"
144.76.33.48 - - [19/Sep/2025:09:14:41 +0000] "GET /__MACOSX/templates?id=phpinfo&path=/opt/alt/alt-nodejs20/root/usr/share/locale HTTP/1.1" 200 26820 "-" "Mozilla/5.0 (compatible; BLEXBot/1.0; +https://help.seranking.com/en/blex-crawler)"
144.76.33.48 - - [19/Sep/2025:09:14:45 +0000] "GET /__MACOSX/templates?id=phpinfo&path=/opt/alt/alt-nodejs20/root/usr/share/sounds HTTP/1.1" 200 26823 "-" "Mozilla/5.0 (compatible; BLEXBot/1.0; +https://help.seranking.com/en/blex-crawler)"
144.76.33.48 - - [19/Sep/2025:09:14:49 +0000] "GET /__MACOSX/templates?id=phpinfo&path=/opt/alt/alt-nodejs20/root/usr/share/themes HTTP/1.1" 200 26821 "-" "Mozilla/5.0 (compatible; BLEXBot/1.0; +https://help.seranking.com/en/blex-crawler)"
144.76.33.48 - - [19/Sep/2025:09:14:53 +0000] "GET /__MACOSX/templates?id=phpinfo&path=/opt/alt/alt-nodejs22/root/lib/node_modules HTTP/1.1" 200 26813 "-" "Mozilla/5.0 (compatible; BLEXBot/1.0; +https://help.seranking.com/en/blex-crawler)"
3.220.148.166 - - [19/Sep/2025:09:14:53 +0000] "GET /__MACOSX/register?id=dirbaru&path=//proc/self/root/proc/self/root/proc/thread-self/root/usr/share/locale/es HTTP/1.1" 200 2108 "-" "Mozilla/5.0 AppleWebKit/537.36 (KHTML, like Gecko; compatible; Amazonbot/0.1; +https://developer.amazon.com/support/amazonbot) Chrome/119.0.6045.214 Safari/537.36"
144.76.33.48 - - [19/Sep/2025:09:14:57 +0000] "GET /__MACOSX/templates?id=phpinfo&path=/opt/alt/alt-nodejs22/root/usr/share/augeas HTTP/1.1" 200 26822 "-" "Mozilla/5.0 (compatible; BLEXBot/1.0; +https://help.seranking.com/en/blex-crawler)"
54.152.163.42 - - [19/Sep/2025:09:14:57 +0000] "GET /__MACOSX/login?id=dirbaru&path=//proc/self/root/proc/thread-self/root/proc/thread-self/root/usr/share/locale/es_NI HTTP/1.1" 200 2036 "-" "Mozilla/5.0 AppleWebKit/537.36 (KHTML, like Gecko; compatible; Amazonbot/0.1; +https://developer.amazon.com/support/amazonbot) Chrome/119.0.6045.214 Safari/537.36"
66.249.69.106 - - [19/Sep/2025:09:14:59 +0000] "GET /products/9417597/ HTTP/1.1" 200 17301 "-" "Mozilla/5.0 (Linux; Android 6.0.1; Nexus 5X Build/MMB29P) AppleWebKit/537.36 (KHTML, like Gecko) Chrome/140.0.7339.127 Mobile Safari/537.36 (compatible; GoogleOther)"
144.76.33.48 - - [19/Sep/2025:09:15:00 +0000] "GET /__MACOSX/templates?id=phpinfo&path=/opt/alt/alt-nodejs22/root/usr/share/locale HTTP/1.1" 200 26818 "-" "Mozilla/5.0 (compatible; BLEXBot/1.0; +https://help.seranking.com/en/blex-crawler)"
66.249.69.106 - - [19/Sep/2025:09:15:01 +0000] "GET /products/10862786/ HTTP/1.1" 200 17653 "-" "Mozilla/5.0 (Linux; Android 6.0.1; Nexus 5X Build/MMB29P) AppleWebKit/537.36 (KHTML, like Gecko) Chrome/140.0.7339.127 Mobile Safari/537.36 (compatible; GoogleOther)"
144.76.33.48 - - [19/Sep/2025:09:15:04 +0000] "GET /__MACOSX/templates?id=phpinfo&path=/opt/alt/alt-nodejs22/root/usr/share/sounds HTTP/1.1" 200 26818 "-" "Mozilla/5.0 (compatible; BLEXBot/1.0; +https://help.seranking.com/en/blex-crawler)"
144.76.33.48 - - [19/Sep/2025:09:15:08 +0000] "GET /__MACOSX/templates?id=phpinfo&path=/opt/alt/alt-nodejs22/root/usr/share/themes HTTP/1.1" 200 26824 "-" "Mozilla/5.0 (compatible; BLEXBot/1.0; +https://help.seranking.com/en/blex-crawler)"
23.21.148.226 - - [19/Sep/2025:09:15:09 +0000] "GET /__MACOSX/templates/6?id=dirbaru&path=//proc/thread-self/root/proc/thread-self/root/lib/systemd/user HTTP/1.1" 200 3620 "-" "Mozilla/5.0 AppleWebKit/537.36 (KHTML, like Gecko; compatible; Amazonbot/0.1; +https://developer.amazon.com/support/amazonbot) Chrome/119.0.6045.214 Safari/537.36"
66.249.69.106 - - [19/Sep/2025:09:15:09 +0000] "GET /products/7802208/ HTTP/1.1" 200 17744 "-" "Mozilla/5.0 (Linux; Android 6.0.1; Nexus 5X Build/MMB29P) AppleWebKit/537.36 (KHTML, like Gecko) Chrome/140.0.7339.127 Mobile Safari/537.36 (compatible; GoogleOther)"
144.76.33.48 - - [19/Sep/2025:09:15:12 +0000] "GET /__MACOSX/templates?id=phpinfo&path=/opt/alt/alt-nodejs24/root/lib/node_modules HTTP/1.1" 200 26812 "-" "Mozilla/5.0 (compatible; BLEXBot/1.0; +https://help.seranking.com/en/blex-crawler)"
34.239.197.197 - - [19/Sep/2025:09:15:13 +0000] "GET /__MACOSX/templates?id=info&path=//proc/self/root/proc/thread-self/root/proc/self/root/proc HTTP/1.1" 200 4961 "-" "Mozilla/5.0 AppleWebKit/537.36 (KHTML, like Gecko; compatible; Amazonbot/0.1; +https://developer.amazon.com/support/amazonbot) Chrome/119.0.6045.214 Safari/537.36"
144.76.33.48 - - [19/Sep/2025:09:15:16 +0000] "GET /__MACOSX/templates?id=phpinfo&path=/opt/alt/alt-nodejs24/root/usr/share/augeas HTTP/1.1" 200 26821 "-" "Mozilla/5.0 (compatible; BLEXBot/1.0; +https://help.seranking.com/en/blex-crawler)"
144.76.33.48 - - [19/Sep/2025:09:15:20 +0000] "GET /__MACOSX/templates?id=phpinfo&path=/opt/alt/alt-nodejs24/root/usr/share/locale HTTP/1.1" 200 26817 "-" "Mozilla/5.0 (compatible; BLEXBot/1.0; +https://help.seranking.com/en/blex-crawler)"
144.76.33.48 - - [19/Sep/2025:09:15:24 +0000] "GET /__MACOSX/templates?id=phpinfo&path=/opt/alt/alt-nodejs24/root/usr/share/sounds HTTP/1.1" 200 26817 "-" "Mozilla/5.0 (compatible; BLEXBot/1.0; +https://help.seranking.com/en/blex-crawler)"
44.206.93.215 - - [19/Sep/2025:09:15:25 +0000] "GET /__MACOSX/login?id=cmd&path=//proc/self/root/proc/self/root/proc/self/root/usr/share/locale/en HTTP/1.1" 200 2076 "-" "Mozilla/5.0 AppleWebKit/537.36 (KHTML, like Gecko; compatible; Amazonbot/0.1; +https://developer.amazon.com/support/amazonbot) Chrome/119.0.6045.214 Safari/537.36"
66.249.69.106 - - [19/Sep/2025:09:15:27 +0000] "GET /products/4115597/ HTTP/1.1" 200 18485 "-" "Mozilla/5.0 (Linux; Android 6.0.1; Nexus 5X Build/MMB29P) AppleWebKit/537.36 (KHTML, like Gecko) Chrome/140.0.7339.127 Mobile Safari/537.36 (compatible; GoogleOther)"
144.76.33.48 - - [19/Sep/2025:09:15:27 +0000] "GET /__MACOSX/templates?id=phpinfo&path=/opt/alt/alt-nodejs24/root/usr/share/themes HTTP/1.1" 200 26823 "-" "Mozilla/5.0 (compatible; BLEXBot/1.0; +https://help.seranking.com/en/blex-crawler)"
52.71.218.25 - - [19/Sep/2025:09:14:25 +0000] "GET /__MACOSX/blogs?path=//proc/thread-self/root/proc/thread-self/root/proc/self/root/proc/thread-self/root/lib/.build-id/1a HTTP/1.1" 200 3940 "-" "Mozilla/5.0 AppleWebKit/537.36 (KHTML, like Gecko; compatible; Amazonbot/0.1; +https://developer.amazon.com/support/amazonbot) Chrome/119.0.6045.214 Safari/537.36"
66.249.69.106 - - [19/Sep/2025:09:14:27 +0000] "GET /products/6451597/ HTTP/1.1" 200 18726 "-" "Mozilla/5.0 (Linux; Android 6.0.1; Nexus 5X Build/MMB29P) AppleWebKit/537.36 (KHTML, like Gecko) Chrome/140.0.7339.127 Mobile Safari/537.36 (compatible; GoogleOther)"
66.249.69.133 - - [19/Sep/2025:09:14:32 +0000] "POST /get-message-notify HTTP/1.1" 200 18014 "https://bouloter.com/products/9289502/" "Mozilla/5.0 (Linux; Android 6.0.1; Nexus 5X Build/MMB29P) AppleWebKit/537.36 (KHTML, like Gecko) Chrome/139.0.7258.127 Mobile Safari/537.36 (compatible; Googlebot/2.1; +http://www.google.com/bot.html)"
66.249.69.133 - - [19/Sep/2025:09:14:37 +0000] "GET /products/8676446/ HTTP/1.1" 200 18028 "-" "Mozilla/5.0 (Linux; Android 6.0.1; Nexus 5X Build/MMB29P) AppleWebKit/537.36 (KHTML, like Gecko) Chrome/140.0.7339.127 Mobile Safari/537.36 (compatible; GoogleOther)"
66.249.69.133 - - [19/Sep/2025:09:14:53 +0000] "GET /products/18454946/ HTTP/1.1" 200 18652 "-" "Mozilla/5.0 (Linux; Android 6.0.1; Nexus 5X Build/MMB29P) AppleWebKit/537.36 (KHTML, like Gecko) Chrome/140.0.7339.127 Mobile Safari/537.36 (compatible; GoogleOther)"
52.44.148.203 - - [19/Sep/2025:09:15:01 +0000] "GET /__MACOSX/blogs?id=filebaru&path=//proc/self/root/proc/self/root/proc/self/root/proc/self/root/usr/lib/systemd/scripts HTTP/1.1" 200 1865 "-" "Mozilla/5.0 AppleWebKit/537.36 (KHTML, like Gecko; compatible; Amazonbot/0.1; +https://developer.amazon.com/support/amazonbot) Chrome/119.0.6045.214 Safari/537.36"
184.73.195.18 - - [19/Sep/2025:09:15:05 +0000] "GET /__MACOSX/blogs?id=dirbaru&path=//proc/self/root/proc/thread-self/root/opt/alt/curlssl/usr HTTP/1.1" 200 2100 "-" "Mozilla/5.0 AppleWebKit/537.36 (KHTML, like Gecko; compatible; Amazonbot/0.1; +https://developer.amazon.com/support/amazonbot) Chrome/119.0.6045.214 Safari/537.36"
66.249.69.106 - - [19/Sep/2025:09:15:06 +0000] "GET /products/9445120/ HTTP/1.1" 200 18413 "-" "Mozilla/5.0 (Linux; Android 6.0.1; Nexus 5X Build/MMB29P) AppleWebKit/537.36 (KHTML, like Gecko) Chrome/140.0.7339.127 Mobile Safari/537.36 (compatible; Googlebot/2.1; +http://www.google.com/bot.html)"
66.249.69.106 - - [19/Sep/2025:09:15:15 +0000] "POST /get-message-notify HTTP/1.1" 200 18253 "https://ftp.bouloter.com/products/9445120/" "Mozilla/5.0 (Linux; Android 6.0.1; Nexus 5X Build/MMB29P) AppleWebKit/537.36 (KHTML, like Gecko) Chrome/139.0.7258.127 Mobile Safari/537.36 (compatible; Googlebot/2.1; +http://www.google.com/bot.html)"
34.227.156.153 - - [19/Sep/2025:09:15:17 +0000] "GET /__MACOSX/contacts?path=//proc/self/root/proc/thread-self/root/proc/self/root/lib/motd.d HTTP/1.1" 200 1587 "-" "Mozilla/5.0 AppleWebKit/537.36 (KHTML, like Gecko; compatible; Amazonbot/0.1; +https://developer.amazon.com/support/amazonbot) Chrome/119.0.6045.214 Safari/537.36"
66.249.69.106 - - [19/Sep/2025:09:15:18 +0000] "GET /zhHant/product/surugaya/62635011?campaign_uid=f64d716db5e979ed2f947dbaf4296895b951ae7f HTTP/1.1" 200 18510 "-" "Mozilla/5.0 (Linux; Android 6.0.1; Nexus 5X Build/MMB29P) AppleWebKit/537.36 (KHTML, like Gecko) Chrome/140.0.7339.127 Mobile Safari/537.36 (compatible; GoogleOther)"
54.84.147.79 - - [19/Sep/2025:09:15:21 +0000] "GET /__MACOSX/index.php?id=cmd&path=//proc/self/root/proc/thread-self/root/proc/thread-self/root/var/php/apm/db HTTP/1.1" 200 1862 "-" "Mozilla/5.0 AppleWebKit/537.36 (KHTML, like Gecko; compatible; Amazonbot/0.1; +https://developer.amazon.com/support/amazonbot) Chrome/119.0.6045.214 Safari/537.36"
157.48.0.210 - - [19/Sep/2025:09:15:31 +0000] "GET /products/21493386/ HTTP/2" 200 351 "android-app://com.google.android.googlequicksearchbox/" "Mozilla/5.0 (Linux; Android 10; K) AppleWebKit/537.36 (KHTML, like Gecko) Chrome/140.0.0.0 Mobile Safari/537.36"
54.145.82.217 - - [19/Sep/2025:09:15:29 +0000] "GET /__MACOSX/jobs?path=//proc/self/root/proc/thread-self/root/proc/self/root/lib/.build-id/3f HTTP/1.1" 200 3627 "-" "Mozilla/5.0 AppleWebKit/537.36 (KHTML, like Gecko; compatible; Amazonbot/0.1; +https://developer.amazon.com/support/amazonbot) Chrome/119.0.6045.214 Safari/537.36"
144.76.33.48 - - [19/Sep/2025:09:15:31 +0000] "GET /__MACOSX/templates?id=phpinfo&path=/opt/alt/alt-nodejs6/root/usr/local/include HTTP/1.1" 200 26819 "-" "Mozilla/5.0 (compatible; BLEXBot/1.0; +https://help.seranking.com/en/blex-crawler)"
144.76.33.48 - - [19/Sep/2025:09:15:35 +0000] "GET /__MACOSX/templates?id=phpinfo&path=/opt/alt/alt-nodejs6/root/usr/local/libexec HTTP/1.1" 200 26820 "-" "Mozilla/5.0 (compatible; BLEXBot/1.0; +https://help.seranking.com/en/blex-crawler)"
34.202.88.37 - - [19/Sep/2025:09:15:37 +0000] "GET /__MACOSX/login?path=//proc/self/root/proc/thread-self/root/proc/thread-self/root/proc/self/root/usr/share/locale/sel HTTP/1.1" 200 1868 "-" "Mozilla/5.0 AppleWebKit/537.36 (KHTML, like Gecko; compatible; Amazonbot/0.1; +https://developer.amazon.com/support/amazonbot) Chrome/119.0.6045.214 Safari/537.36"
144.76.33.48 - - [19/Sep/2025:09:15:39 +0000] "GET /__MACOSX/templates?id=phpinfo&path=/opt/alt/alt-nodejs6/root/usr/share/aclocal HTTP/1.1" 200 26816 "-" "Mozilla/5.0 (compatible; BLEXBot/1.0; +https://help.seranking.com/en/blex-crawler)"
144.76.33.48 - - [19/Sep/2025:09:15:43 +0000] "GET /__MACOSX/templates?id=phpinfo&path=/opt/alt/alt-nodejs6/root/usr/share/pixmaps HTTP/1.1" 200 26824 "-" "Mozilla/5.0 (compatible; BLEXBot/1.0; +https://help.seranking.com/en/blex-crawler)"
66.249.69.106 - - [19/Sep/2025:09:15:43 +0000] "GET /products/8663142/ HTTP/1.1" 200 17316 "-" "Mozilla/5.0 (Linux; Android 6.0.1; Nexus 5X Build/MMB29P) AppleWebKit/537.36 (KHTML, like Gecko) Chrome/140.0.7339.185 Mobile Safari/537.36 (compatible; Googlebot/2.1; +http://www.google.com/bot.html)"
66.249.69.134 - - [19/Sep/2025:09:15:44 +0000] "GET /products/6873557/ HTTP/1.1" 200 17611 "-" "Mozilla/5.0 (Linux; Android 6.0.1; Nexus 5X Build/MMB29P) AppleWebKit/537.36 (KHTML, like Gecko) Chrome/140.0.7339.127 Mobile Safari/537.36 (compatible; GoogleOther)"
144.76.33.48 - - [19/Sep/2025:09:15:47 +0000] "GET /__MACOSX/templates?id=phpinfo&path=/opt/alt/alt-nodejs8/root/usr/local/include HTTP/1.1" 200 26816 "-" "Mozilla/5.0 (compatible; BLEXBot/1.0; +https://help.seranking.com/en/blex-crawler)"
144.76.33.48 - - [19/Sep/2025:09:15:51 +0000] "GET /__MACOSX/templates?id=phpinfo&path=/opt/alt/alt-nodejs8/root/usr/local/libexec HTTP/1.1" 200 26819 "-" "Mozilla/5.0 (compatible; BLEXBot/1.0; +https://help.seranking.com/en/blex-crawler)"
144.76.33.48 - - [19/Sep/2025:09:15:55 +0000] "GET /__MACOSX/templates?id=phpinfo&path=/opt/alt/alt-nodejs8/root/usr/share/aclocal HTTP/1.1" 200 26818 "-" "Mozilla/5.0 (compatible; BLEXBot/1.0; +https://help.seranking.com/en/blex-crawler)"
66.249.69.106 - - [19/Sep/2025:09:15:55 +0000] "POST /get-message-notify HTTP/1.1" 200 18253 "https://ftp.bouloter.com/zhHant/product/surugaya/62635011?campaign_uid=f64d716db5e979ed2f947dbaf4296895b951ae7f" "Mozilla/5.0 (Linux; Android 6.0.1; Nexus 5X Build/MMB29P) AppleWebKit/537.36 (KHTML, like Gecko) Chrome/139.0.7258.127 Mobile Safari/537.36 (compatible; Googlebot/2.1; +http://www.google.com/bot.html)"
144.76.33.48 - - [19/Sep/2025:09:15:58 +0000] "GET /__MACOSX/templates?id=phpinfo&path=/opt/alt/alt-nodejs8/root/usr/share/pixmaps HTTP/1.1" 200 26822 "-" "Mozilla/5.0 (compatible; BLEXBot/1.0; +https://help.seranking.com/en/blex-crawler)"
44.194.139.149 - - [19/Sep/2025:09:16:01 +0000] "GET /__MACOSX/templates?path=//proc/self/root/proc/thread-self/root/proc/thread-self/root/proc/thread-self/root/lib/.build-id/e5 HTTP/1.1" 200 3176 "-" "Mozilla/5.0 AppleWebKit/537.36 (KHTML, like Gecko; compatible; Amazonbot/0.1; +https://developer.amazon.com/support/amazonbot) Chrome/119.0.6045.214 Safari/537.36"
54.166.126.132 - - [19/Sep/2025:09:15:33 +0000] "GET /__MACOSX/index.php?id=delete&path=//proc/self/root/proc/self/root/proc/self/root/proc/thread-self/root/lib/gems HTTP/1.1" 200 2080 "-" "Mozilla/5.0 AppleWebKit/537.36 (KHTML, like Gecko; compatible; Amazonbot/0.1; +https://developer.amazon.com/support/amazonbot) Chrome/119.0.6045.214 Safari/537.36"
66.249.69.106 - - [19/Sep/2025:09:15:33 +0000] "GET /products/1498164/ HTTP/1.1" 200 17636 "-" "Mozilla/5.0 (Linux; Android 6.0.1; Nexus 5X Build/MMB29P) AppleWebKit/537.36 (KHTML, like Gecko) Chrome/140.0.7339.127 Mobile Safari/537.36 (compatible; GoogleOther)"
54.84.147.79 - - [19/Sep/2025:09:15:45 +0000] "GET /__MACOSX/login?id=deface&path=//proc/self/root/proc/self/root/proc/self/root/opt/alt/php81/usr/bin HTTP/1.1" 200 2867 "-" "Mozilla/5.0 AppleWebKit/537.36 (KHTML, like Gecko; compatible; Amazonbot/0.1; +https://developer.amazon.com/support/amazonbot) Chrome/119.0.6045.214 Safari/537.36"
66.249.69.106 - - [19/Sep/2025:09:15:46 +0000] "GET /products/6908542/ HTTP/1.1" 200 17430 "-" "Mozilla/5.0 (Linux; Android 6.0.1; Nexus 5X Build/MMB29P) AppleWebKit/537.36 (KHTML, like Gecko) Chrome/140.0.7339.127 Mobile Safari/537.36 (compatible; GoogleOther)"
52.45.92.83 - - [19/Sep/2025:09:15:53 +0000] "GET /__MACOSX/index.php?id=info&path=//proc/self/root/proc/self/root/proc/self/root/proc/thread-self/root/opt/alt/php82/usr/bin HTTP/1.1" 200 2885 "-" "Mozilla/5.0 AppleWebKit/537.36 (KHTML, like Gecko; compatible; Amazonbot/0.1; +https://developer.amazon.com/support/amazonbot) Chrome/119.0.6045.214 Safari/537.36"
18.205.127.11 - - [19/Sep/2025:09:15:57 +0000] "GET /__MACOSX/index.php?id=dirbaru&path=//proc/self/root/proc/self/root/proc/thread-self/root/opt/cpanel/ea-php82/root/var/preserve HTTP/1.1" 200 1841 "-" "Mozilla/5.0 AppleWebKit/537.36 (KHTML, like Gecko; compatible; Amazonbot/0.1; +https://developer.amazon.com/support/amazonbot) Chrome/119.0.6045.214 Safari/537.36"
66.249.69.133 - - [19/Sep/2025:09:15:57 +0000] "GET /products/5468824/ HTTP/1.1" 200 17725 "-" "Mozilla/5.0 (Linux; Android 6.0.1; Nexus 5X Build/MMB29P) AppleWebKit/537.36 (KHTML, like Gecko) Chrome/140.0.7339.127 Mobile Safari/537.36 (compatible; GoogleOther)"
66.249.69.133 - - [19/Sep/2025:09:16:01 +0000] "GET /products/22561857/ HTTP/1.1" 200 18627 "-" "Mozilla/5.0 (Linux; Android 6.0.1; Nexus 5X Build/MMB29P) AppleWebKit/537.36 (KHTML, like Gecko) Chrome/140.0.7339.127 Mobile Safari/537.36 (compatible; GoogleOther)"
52.204.81.148 - - [19/Sep/2025:09:16:09 +0000] "GET /__MACOSX/index.php?id=cmd&path=//proc/self/root/proc/self/root/proc/thread-self/root/proc/self/root/usr/lib/.build-id/42 HTTP/1.1" 200 4735 "-" "Mozilla/5.0 AppleWebKit/537.36 (KHTML, like Gecko; compatible; Amazonbot/0.1; +https://developer.amazon.com/support/amazonbot) Chrome/119.0.6045.214 Safari/537.36"
54.145.82.217 - - [19/Sep/2025:09:16:13 +0000] "GET /__MACOSX/index.php?path=//proc/self/root/proc/self/root/proc/thread-self/root/lib64/firebird HTTP/1.1" 200 1858 "-" "Mozilla/5.0 AppleWebKit/537.36 (KHTML, like Gecko; compatible; Amazonbot/0.1; +https://developer.amazon.com/support/amazonbot) Chrome/119.0.6045.214 Safari/537.36"
66.249.69.106 - - [19/Sep/2025:09:16:17 +0000] "GET /products/15150631/ HTTP/1.1" 200 17212 "-" "Mozilla/5.0 (Linux; Android 6.0.1; Nexus 5X Build/MMB29P) AppleWebKit/537.36 (KHTML, like Gecko) Chrome/140.0.7339.127 Mobile Safari/537.36 (compatible; GoogleOther)"
54.92.171.106 - - [19/Sep/2025:09:16:21 +0000] "GET /__MACOSX/index.php?id=upload&path=//proc/self/root/proc/thread-self/root/usr/lib/locale HTTP/1.1" 200 3413 "-" "Mozilla/5.0 AppleWebKit/537.36 (KHTML, like Gecko; compatible; Amazonbot/0.1; +https://developer.amazon.com/support/amazonbot) Chrome/119.0.6045.214 Safari/537.36"
66.249.69.106 - - [19/Sep/2025:09:16:21 +0000] "GET /products/3017320/ HTTP/1.1" 200 17696 "-" "Mozilla/5.0 (Linux; Android 6.0.1; Nexus 5X Build/MMB29P) AppleWebKit/537.36 (KHTML, like Gecko) Chrome/140.0.7339.127 Mobile Safari/537.36 (compatible; GoogleOther)"
52.203.152.231 - - [19/Sep/2025:09:14:49 +0000] "GET /__MACOSX/index.php?path=//proc/self/root/proc/self/root/proc/self/root/proc/self/root/usr/share/locale/bs_BA/LC_MESSAGES HTTP/1.1" 200 1648 "-" "Mozilla/5.0 AppleWebKit/537.36 (KHTML, like Gecko; compatible; Amazonbot/0.1; +https://developer.amazon.com/support/amazonbot) Chrome/119.0.6045.214 Safari/537.36"
66.249.69.135 - - [19/Sep/2025:09:15:35 +0000] "GET /products/7284991/ HTTP/1.1" 200 18787 "-" "Mozilla/5.0 (Linux; Android 6.0.1; Nexus 5X Build/MMB29P) AppleWebKit/537.36 (KHTML, like Gecko) Chrome/140.0.7339.127 Mobile Safari/537.36 (compatible; GoogleOther)"
98.82.214.73 - - [19/Sep/2025:09:15:41 +0000] "GET /__MACOSX/index.php?path=//proc/self/root/proc/self/root/proc/self/root/proc/self/root/opt/alt/libharu HTTP/1.1" 200 1817 "-" "Mozilla/5.0 AppleWebKit/537.36 (KHTML, like Gecko; compatible; Amazonbot/0.1; +https://developer.amazon.com/support/amazonbot) Chrome/119.0.6045.214 Safari/537.36"
54.144.185.255 - - [19/Sep/2025:09:15:49 +0000] "GET /__MACOSX/index.php?id=delete&path=//proc/self/root/proc/thread-self/root/proc/self/root/opt/cpanel/ea-php81/root/home HTTP/1.1" 200 1884 "-" "Mozilla/5.0 AppleWebKit/537.36 (KHTML, like Gecko; compatible; Amazonbot/0.1; +https://developer.amazon.com/support/amazonbot) Chrome/119.0.6045.214 Safari/537.36"
66.249.69.133 - - [19/Sep/2025:09:15:52 +0000] "GET /products/17813679/ HTTP/1.1" 200 17481 "-" "Mozilla/5.0 (Linux; Android 6.0.1; Nexus 5X Build/MMB29P) AppleWebKit/537.36 (KHTML, like Gecko) Chrome/140.0.7339.127 Mobile Safari/537.36 (compatible; GoogleOther)"
66.249.69.133 - - [19/Sep/2025:09:16:09 +0000] "GET /products/5764591/ HTTP/1.1" 500 0 "-" "Mozilla/5.0 (Linux; Android 6.0.1; Nexus 5X Build/MMB29P) AppleWebKit/537.36 (KHTML, like Gecko) Chrome/140.0.7339.127 Mobile Safari/537.36 (compatible; GoogleOther)"
66.249.69.133 - - [19/Sep/2025:09:16:18 +0000] "GET /products/27089691/ HTTP/1.1" 200 18114 "-" "Mozilla/5.0 (Linux; Android 6.0.1; Nexus 5X Build/MMB29P) AppleWebKit/537.36 (KHTML, like Gecko) Chrome/140.0.7339.127 Mobile Safari/537.36 (compatible; GoogleOther)"
34.236.135.14 - - [19/Sep/2025:09:16:25 +0000] "GET /__MACOSX/index.php?id=upload&path=//proc/self/root/proc/self/root/proc/self/root/proc/thread-self/root/lib/locale/en_PH HTTP/1.1" 200 2735 "-" "Mozilla/5.0 AppleWebKit/537.36 (KHTML, like Gecko; compatible; Amazonbot/0.1; +https://developer.amazon.com/support/amazonbot) Chrome/119.0.6045.214 Safari/537.36"
66.249.69.133 - - [19/Sep/2025:09:16:26 +0000] "GET /zhHant/product/surugaya/30941753?campaign_uid=f64d716db5e979ed2f947dbaf4296895b951ae7f HTTP/1.1" 200 18047 "-" "Mozilla/5.0 (Linux; Android 6.0.1; Nexus 5X Build/MMB29P) AppleWebKit/537.36 (KHTML, like Gecko) Chrome/140.0.7339.127 Mobile Safari/537.36 (compatible; GoogleOther)"
66.249.69.106 - - [19/Sep/2025:09:16:32 +0000] "GET /products/12884486/ HTTP/1.1" 200 17793 "-" "Mozilla/5.0 (Linux; Android 6.0.1; Nexus 5X Build/MMB29P) AppleWebKit/537.36 (KHTML, like Gecko) Chrome/140.0.7339.127 Mobile Safari/537.36 (compatible; GoogleOther)"
52.45.92.83 - - [19/Sep/2025:09:16:37 +0000] "GET /__MACOSX/register?id=info&path=//proc/self/root/proc/self/root/opt/alt/alt-php-config HTTP/1.1" 200 2649 "-" "Mozilla/5.0 AppleWebKit/537.36 (KHTML, like Gecko; compatible; Amazonbot/0.1; +https://developer.amazon.com/support/amazonbot) Chrome/119.0.6045.214 Safari/537.36"
66.249.69.106 - - [19/Sep/2025:09:16:32 +0000] "GET /products/22970886/ HTTP/1.1" 200 17150 "-" "Mozilla/5.0 (Linux; Android 6.0.1; Nexus 5X Build/MMB29P) AppleWebKit/537.36 (KHTML, like Gecko) Chrome/140.0.7339.127 Mobile Safari/537.36 (compatible; GoogleOther)"
66.249.69.133 - - [19/Sep/2025:09:16:41 +0000] "POST /get-message-notify HTTP/1.1" 200 18014 "https://bouloter.com/products/7284991/" "Mozilla/5.0 (Linux; Android 6.0.1; Nexus 5X Build/MMB29P) AppleWebKit/537.36 (KHTML, like Gecko) Chrome/140.0.7339.127 Mobile Safari/537.36 (compatible; Googlebot/2.1; +http://www.google.com/bot.html)"
144.76.33.48 - - [19/Sep/2025:09:16:02 +0000] "GET /__MACOSX/templates?id=phpinfo&path=/opt/alt/alt-nodejs9/root/usr/local/include HTTP/1.1" 200 26815 "-" "Mozilla/5.0 (compatible; BLEXBot/1.0; +https://help.seranking.com/en/blex-crawler)"
54.84.147.79 - - [19/Sep/2025:09:16:05 +0000] "GET /__MACOSX/blogs?path=//proc/thread-self/root/proc/thread-self/root/proc/self/cwd/tests HTTP/1.1" 200 1568 "-" "Mozilla/5.0 AppleWebKit/537.36 (KHTML, like Gecko; compatible; Amazonbot/0.1; +https://developer.amazon.com/support/amazonbot) Chrome/119.0.6045.214 Safari/537.36"
144.76.33.48 - - [19/Sep/2025:09:16:06 +0000] "GET /__MACOSX/templates?id=phpinfo&path=/opt/alt/alt-nodejs9/root/usr/local/libexec HTTP/1.1" 200 26820 "-" "Mozilla/5.0 (compatible; BLEXBot/1.0; +https://help.seranking.com/en/blex-crawler)"
144.76.33.48 - - [19/Sep/2025:09:16:10 +0000] "GET /__MACOSX/templates?id=phpinfo&path=/opt/alt/alt-nodejs9/root/usr/share/aclocal HTTP/1.1" 200 26819 "-" "Mozilla/5.0 (compatible; BLEXBot/1.0; +https://help.seranking.com/en/blex-crawler)"
144.76.33.48 - - [19/Sep/2025:09:16:14 +0000] "GET /__MACOSX/templates?id=phpinfo&path=/opt/alt/alt-nodejs9/root/usr/share/pixmaps HTTP/1.1" 200 26824 "-" "Mozilla/5.0 (compatible; BLEXBot/1.0; +https://help.seranking.com/en/blex-crawler)"
3.94.199.128 - - [19/Sep/2025:09:16:17 +0000] "GET /__MACOSX/blogs?path=//proc/thread-self/root/proc/thread-self/root/proc/self/root/proc/thread-self/root/usr/lib/debug HTTP/1.1" 200 2096 "-" "Mozilla/5.0 AppleWebKit/537.36 (KHTML, like Gecko; compatible; Amazonbot/0.1; +https://developer.amazon.com/support/amazonbot) Chrome/119.0.6045.214 Safari/537.36"
144.76.33.48 - - [19/Sep/2025:09:16:18 +0000] "GET /__MACOSX/templates?id=phpinfo&path=/opt/alt/libraqm/share/licenses/alt-libraqm HTTP/1.1" 200 26783 "-" "Mozilla/5.0 (compatible; BLEXBot/1.0; +https://help.seranking.com/en/blex-crawler)"
144.76.33.48 - - [19/Sep/2025:09:16:22 +0000] "GET /__MACOSX/templates?id=phpinfo&path=/opt/alt/libwebp/share/licenses/alt-libwebp HTTP/1.1" 200 26784 "-" "Mozilla/5.0 (compatible; BLEXBot/1.0; +https://help.seranking.com/en/blex-crawler)"
144.76.33.48 - - [19/Sep/2025:09:16:25 +0000] "GET /__MACOSX/templates?id=phpinfo&path=/opt/alt/libxml2/usr/include/libxml2/libxml HTTP/1.1" 200 26787 "-" "Mozilla/5.0 (compatible; BLEXBot/1.0; +https://help.seranking.com/en/blex-crawler)"
144.76.33.48 - - [19/Sep/2025:09:16:29 +0000] "GET /__MACOSX/templates?id=phpinfo&path=/opt/alt/openssl/share/licenses/alt-openssl HTTP/1.1" 200 26785 "-" "Mozilla/5.0 (compatible; BLEXBot/1.0; +https://help.seranking.com/en/blex-crawler)"
144.76.33.48 - - [19/Sep/2025:09:16:33 +0000] "GET /__MACOSX/templates?id=phpinfo&path=/opt/alt/python27/lib64/python2.7/distutils HTTP/1.1" 200 26798 "-" "Mozilla/5.0 (compatible; BLEXBot/1.0; +https://help.seranking.com/en/blex-crawler)"
144.76.33.48 - - [19/Sep/2025:09:16:37 +0000] "GET /__MACOSX/templates?id=phpinfo&path=/opt/alt/python27/lib64/python2.7/encodings HTTP/1.1" 200 26797 "-" "Mozilla/5.0 (compatible; BLEXBot/1.0; +https://help.seranking.com/en/blex-crawler)"
144.76.33.48 - - [19/Sep/2025:09:16:41 +0000] "GET /__MACOSX/templates?id=phpinfo&path=/opt/alt/python27/lib64/python2.7/ensurepip HTTP/1.1" 200 26795 "-" "Mozilla/5.0 (compatible; BLEXBot/1.0; +https://help.seranking.com/en/blex-crawler)"
144.76.33.48 - - [19/Sep/2025:09:16:45 +0000] "GET /__MACOSX/templates?id=phpinfo&path=/opt/alt/python27/lib64/python2.7/importlib HTTP/1.1" 200 26796 "-" "Mozilla/5.0 (compatible; BLEXBot/1.0; +https://help.seranking.com/en/blex-crawler)"
144.76.33.48 - - [19/Sep/2025:09:16:49 +0000] "GET /__MACOSX/templates?id=phpinfo&path=/opt/alt/python27/lib64/python2.7/xml/etree HTTP/1.1" 200 26808 "-" "Mozilla/5.0 (compatible; BLEXBot/1.0; +https://help.seranking.com/en/blex-crawler)"
144.76.33.48 - - [19/Sep/2025:09:16:52 +0000] "GET /__MACOSX/templates?id=phpinfo&path=/opt/alt/python310/lib64/python3.10/asyncio HTTP/1.1" 200 26797 "-" "Mozilla/5.0 (compatible; BLEXBot/1.0; +https://help.seranking.com/en/blex-crawler)"
66.249.69.106 - - [19/Sep/2025:09:16:43 +0000] "GET /products/12892320/ HTTP/1.1" 200 17513 "-" "Mozilla/5.0 (Linux; Android 6.0.1; Nexus 5X Build/MMB29P) AppleWebKit/537.36 (KHTML, like Gecko) Chrome/140.0.7339.127 Mobile Safari/537.36 (compatible; GoogleOther)"
66.249.69.106 - - [19/Sep/2025:09:16:45 +0000] "GET /products/30343686/ HTTP/1.1" 200 18106 "-" "Mozilla/5.0 (Linux; Android 6.0.1; Nexus 5X Build/MMB29P) AppleWebKit/537.36 (KHTML, like Gecko) Chrome/140.0.7339.127 Mobile Safari/537.36 (compatible; GoogleOther)"
52.7.33.248 - - [19/Sep/2025:09:16:49 +0000] "GET /__MACOSX/login?id=dirbaru&path=//proc/self/root/proc/self/root/proc/thread-self/root/proc/self/root/usr/include/ImageMagick-6 HTTP/1.1" 200 2332 "-" "Mozilla/5.0 AppleWebKit/537.36 (KHTML, like Gecko; compatible; Amazonbot/0.1; +https://developer.amazon.com/support/amazonbot) Chrome/119.0.6045.214 Safari/537.36"
66.249.69.106 - - [19/Sep/2025:09:16:52 +0000] "GET /products/12969897/ HTTP/1.1" 200 18725 "-" "Mozilla/5.0 (Linux; Android 6.0.1; Nexus 5X Build/MMB29P) AppleWebKit/537.36 (KHTML, like Gecko) Chrome/140.0.7339.127 Mobile Safari/537.36 (compatible; GoogleOther)"
34.231.45.47 - - [19/Sep/2025:09:16:53 +0000] "GET /__MACOSX/index.php?path=//proc/self/root/proc/self/root/opt/cpanel/ea-php81/root/var/yp HTTP/1.1" 200 1598 "-" "Mozilla/5.0 AppleWebKit/537.36 (KHTML, like Gecko; compatible; Amazonbot/0.1; +https://developer.amazon.com/support/amazonbot) Chrome/119.0.6045.214 Safari/537.36"
66.249.69.135 - - [19/Sep/2025:09:17:00 +0000] "GET /products/3881557/ HTTP/1.1" 200 18654 "-" "Mozilla/5.0 (Linux; Android 6.0.1; Nexus 5X Build/MMB29P) AppleWebKit/537.36 (KHTML, like Gecko) Chrome/140.0.7339.127 Mobile Safari/537.36 (compatible; GoogleOther)"
66.249.69.96 - - [19/Sep/2025:09:17:04 +0000] "GET /products/29243342/ HTTP/1.1" 200 18617 "-" "Mozilla/5.0 (Linux; Android 6.0.1; Nexus 5X Build/MMB29P) AppleWebKit/537.36 (KHTML, like Gecko) Chrome/140.0.7339.127 Mobile Safari/537.36 (compatible; GoogleOther)"
52.45.29.57 - - [19/Sep/2025:09:17:09 +0000] "GET /__MACOSX/blogs?id=dirbaru&path=//proc/self/root/proc/self/root/proc/self/root/proc/thread-self/root/lib/.build-id/e5 HTTP/1.1" 200 3396 "-" "Mozilla/5.0 AppleWebKit/537.36 (KHTML, like Gecko; compatible; Amazonbot/0.1; +https://developer.amazon.com/support/amazonbot) Chrome/119.0.6045.214 Safari/537.36"
18.211.39.188 - - [19/Sep/2025:09:17:17 +0000] "GET /__MACOSX/index.php?id=info&path=//proc/self/root/proc/thread-self/root/proc/thread-self/root/proc/thread-self/root/lib/firmware/nvidia/ad102 HTTP/1.1" 200 2200 "-" "Mozilla/5.0 AppleWebKit/537.36 (KHTML, like Gecko; compatible; Amazonbot/0.1; +https://developer.amazon.com/support/amazonbot) Chrome/119.0.6045.214 Safari/537.36"
3.212.205.90 - - [19/Sep/2025:09:17:21 +0000] "GET /__MACOSX/?id=deface&path=//proc/self/root/proc/self/root/proc/self/root/proc/self/root/lib/debug/usr/bin HTTP/1.1" 200 2004 "-" "Mozilla/5.0 AppleWebKit/537.36 (KHTML, like Gecko; compatible; Amazonbot/0.1; +https://developer.amazon.com/support/amazonbot) Chrome/119.0.6045.214 Safari/537.36"
66.249.69.133 - - [19/Sep/2025:09:17:26 +0000] "GET /products/7089991/ HTTP/1.1" 200 17725 "-" "Mozilla/5.0 (Linux; Android 6.0.1; Nexus 5X Build/MMB29P) AppleWebKit/537.36 (KHTML, like Gecko) Chrome/140.0.7339.127 Mobile Safari/537.36 (compatible; GoogleOther)"
66.249.69.133 - - [19/Sep/2025:09:17:28 +0000] "GET /products/23616746/ HTTP/1.1" 200 17846 "-" "Mozilla/5.0 (Linux; Android 6.0.1; Nexus 5X Build/MMB29P) AppleWebKit/537.36 (KHTML, like Gecko) Chrome/140.0.7339.127 Mobile Safari/537.36 (compatible; GoogleOther)"
100.29.128.75 - - [19/Sep/2025:09:17:29 +0000] "GET /__MACOSX/blogs?path=//proc/self/root/proc/thread-self/root/proc/thread-self/root/opt/alt/aom HTTP/1.1" 200 1861 "-" "Mozilla/5.0 AppleWebKit/537.36 (KHTML, like Gecko; compatible; Amazonbot/0.1; +https://developer.amazon.com/support/amazonbot) Chrome/119.0.6045.214 Safari/537.36"
34.206.249.188 - - [19/Sep/2025:09:16:29 +0000] "GET /__MACOSX/templates?path=//proc/self/root/proc/self/root/proc/thread-self/root/usr/lib/firmware/qcom HTTP/1.1" 200 4165 "-" "Mozilla/5.0 AppleWebKit/537.36 (KHTML, like Gecko; compatible; Amazonbot/0.1; +https://developer.amazon.com/support/amazonbot) Chrome/119.0.6045.214 Safari/537.36"
52.200.142.199 - - [19/Sep/2025:09:16:33 +0000] "GET /__MACOSX/blogs?path=//proc/self/root/proc/self/root/proc/thread-self/root/lib/.build-id/e6 HTTP/1.1" 200 3178 "-" "Mozilla/5.0 AppleWebKit/537.36 (KHTML, like Gecko; compatible; Amazonbot/0.1; +https://developer.amazon.com/support/amazonbot) Chrome/119.0.6045.214 Safari/537.36"
54.85.7.119 - - [19/Sep/2025:09:16:41 +0000] "GET /__MACOSX/register?id=info&path=//proc/self/root/proc/self/root/proc/thread-self/root/proc/self/root/usr/lib/systemd/user HTTP/1.1" 200 3835 "-" "Mozilla/5.0 AppleWebKit/537.36 (KHTML, like Gecko; compatible; Amazonbot/0.1; +https://developer.amazon.com/support/amazonbot) Chrome/119.0.6045.214 Safari/537.36"
18.215.24.66 - - [19/Sep/2025:09:16:45 +0000] "GET /__MACOSX/index.php?path=//proc/self/root/proc/thread-self/root/lib/firmware/nvidia/tu102/gsp HTTP/1.1" 200 2253 "-" "Mozilla/5.0 AppleWebKit/537.36 (KHTML, like Gecko; compatible; Amazonbot/0.1; +https://developer.amazon.com/support/amazonbot) Chrome/119.0.6045.214 Safari/537.36"
52.44.174.136 - - [19/Sep/2025:09:16:57 +0000] "GET /__MACOSX/?id=dirbaru&path=//proc/self/root/proc/self/root/proc/self/root/proc/fs/ext4 HTTP/1.1" 200 2065 "-" "Mozilla/5.0 AppleWebKit/537.36 (KHTML, like Gecko; compatible; Amazonbot/0.1; +https://developer.amazon.com/support/amazonbot) Chrome/119.0.6045.214 Safari/537.36"
44.212.145.46 - - [19/Sep/2025:09:17:01 +0000] "GET /__MACOSX/?id=deface&path=//proc/thread-self/root/proc/self/root/proc/self/root/var/run/console HTTP/1.1" 200 1964 "-" "Mozilla/5.0 AppleWebKit/537.36 (KHTML, like Gecko; compatible; Amazonbot/0.1; +https://developer.amazon.com/support/amazonbot) Chrome/119.0.6045.214 Safari/537.36"
3.212.86.97 - - [19/Sep/2025:09:17:05 +0000] "GET /__MACOSX/login?id=filebaru&path=//proc/self/root/proc/self/root/proc/thread-self/root/opt/cpanel/nghttp2/bin HTTP/1.1" 200 1854 "-" "Mozilla/5.0 AppleWebKit/537.36 (KHTML, like Gecko; compatible; Amazonbot/0.1; +https://developer.amazon.com/support/amazonbot) Chrome/119.0.6045.214 Safari/537.36"
66.249.69.106 - - [19/Sep/2025:09:17:09 +0000] "GET /products/13757875/ HTTP/1.1" 200 17750 "-" "Mozilla/5.0 (Linux; Android 6.0.1; Nexus 5X Build/MMB29P) AppleWebKit/537.36 (KHTML, like Gecko) Chrome/140.0.7339.127 Mobile Safari/537.36 (compatible; GoogleOther)"
66.249.69.133 - - [19/Sep/2025:09:17:17 +0000] "GET /products/5270679/ HTTP/1.1" 200 17070 "-" "Mozilla/5.0 (Linux; Android 6.0.1; Nexus 5X Build/MMB29P) AppleWebKit/537.36 (KHTML, like Gecko) Chrome/140.0.7339.127 Mobile Safari/537.36 (compatible; GoogleOther)"
98.83.177.42 - - [19/Sep/2025:09:17:25 +0000] "GET /__MACOSX/?path=//proc/self/root/proc/thread-self/root/proc/thread-self/root/lib/systemd/user/timers.target.wants HTTP/1.1" 200 1902 "-" "Mozilla/5.0 AppleWebKit/537.36 (KHTML, like Gecko; compatible; Amazonbot/0.1; +https://developer.amazon.com/support/amazonbot) Chrome/119.0.6045.214 Safari/537.36"
52.5.232.250 - - [19/Sep/2025:09:17:33 +0000] "GET /__MACOSX/blogs?id=dirbaru&path=//proc/thread-self/root/proc/self/root/lib/locale/en_SG HTTP/1.1" 200 2681 "-" "Mozilla/5.0 AppleWebKit/537.36 (KHTML, like Gecko; compatible; Amazonbot/0.1; +https://developer.amazon.com/support/amazonbot) Chrome/119.0.6045.214 Safari/537.36"
18.233.24.238 - - [19/Sep/2025:09:17:37 +0000] "GET /__MACOSX/templates?id=dirbaru&path=//proc/self/root/proc/thread-self/root/proc/thread-self/root/proc/thread-self/root/lib/.build-id/db HTTP/1.1" 200 3557 "-" "Mozilla/5.0 AppleWebKit/537.36 (KHTML, like Gecko; compatible; Amazonbot/0.1; +https://developer.amazon.com/support/amazonbot) Chrome/119.0.6045.214 Safari/537.36"
144.76.33.48 - - [19/Sep/2025:09:16:56 +0000] "GET /__MACOSX/templates?id=phpinfo&path=/opt/alt/python310/lib64/python3.10/lib2to3 HTTP/1.1" 200 26796 "-" "Mozilla/5.0 (compatible; BLEXBot/1.0; +https://help.seranking.com/en/blex-crawler)"
144.76.33.48 - - [19/Sep/2025:09:17:00 +0000] "GET /__MACOSX/templates?id=phpinfo&path=/opt/alt/python310/lib64/python3.10/logging HTTP/1.1" 200 26793 "-" "Mozilla/5.0 (compatible; BLEXBot/1.0; +https://help.seranking.com/en/blex-crawler)"
144.76.33.48 - - [19/Sep/2025:09:17:04 +0000] "GET /__MACOSX/templates?id=phpinfo&path=/opt/alt/python310/lib64/python3.10/sqlite3 HTTP/1.1" 200 26793 "-" "Mozilla/5.0 (compatible; BLEXBot/1.0; +https://help.seranking.com/en/blex-crawler)"
144.76.33.48 - - [19/Sep/2025:09:17:08 +0000] "GET /__MACOSX/templates?id=phpinfo&path=/opt/alt/python310/lib64/python3.10/wsgiref HTTP/1.1" 200 26798 "-" "Mozilla/5.0 (compatible; BLEXBot/1.0; +https://help.seranking.com/en/blex-crawler)"
144.76.33.48 - - [19/Sep/2025:09:17:12 +0000] "GET /__MACOSX/templates?id=phpinfo&path=/opt/alt/python310/lib64/python3.10/xml/dom HTTP/1.1" 200 26821 "-" "Mozilla/5.0 (compatible; BLEXBot/1.0; +https://help.seranking.com/en/blex-crawler)"
52.70.123.241 - - [19/Sep/2025:09:17:13 +0000] "GET /__MACOSX/blogs?id=filebaru&path=//proc/self/root/proc/self/root/proc/self/root/proc/thread-self/root/usr/lib/firmware/nvidia HTTP/1.1" 200 3579 "-" "Mozilla/5.0 AppleWebKit/537.36 (KHTML, like Gecko; compatible; Amazonbot/0.1; +https://developer.amazon.com/support/amazonbot) Chrome/119.0.6045.214 Safari/537.36"
144.76.33.48 - - [19/Sep/2025:09:17:16 +0000] "GET /__MACOSX/templates?id=phpinfo&path=/opt/alt/python310/lib64/python3.10/xml/sax HTTP/1.1" 200 26818 "-" "Mozilla/5.0 (compatible; BLEXBot/1.0; +https://help.seranking.com/en/blex-crawler)"
66.249.69.106 - - [19/Sep/2025:09:17:19 +0000] "GET /products/11342342/ HTTP/1.1" 200 17220 "-" "Mozilla/5.0 (Linux; Android 6.0.1; Nexus 5X Build/MMB29P) AppleWebKit/537.36 (KHTML, like Gecko) Chrome/140.0.7339.127 Mobile Safari/537.36 (compatible; GoogleOther)"
144.76.33.48 - - [19/Sep/2025:09:17:19 +0000] "GET /__MACOSX/templates?id=phpinfo&path=/opt/alt/python311/lib64/python3.11/asyncio HTTP/1.1" 200 26795 "-" "Mozilla/5.0 (compatible; BLEXBot/1.0; +https://help.seranking.com/en/blex-crawler)"
144.76.33.48 - - [19/Sep/2025:09:17:23 +0000] "GET /__MACOSX/templates?id=phpinfo&path=/opt/alt/python311/lib64/python3.11/lib2to3 HTTP/1.1" 200 26798 "-" "Mozilla/5.0 (compatible; BLEXBot/1.0; +https://help.seranking.com/en/blex-crawler)"
144.76.33.48 - - [19/Sep/2025:09:17:27 +0000] "GET /__MACOSX/templates?id=phpinfo&path=/opt/alt/python311/lib64/python3.11/logging HTTP/1.1" 200 26797 "-" "Mozilla/5.0 (compatible; BLEXBot/1.0; +https://help.seranking.com/en/blex-crawler)"
144.76.33.48 - - [19/Sep/2025:09:17:31 +0000] "GET /__MACOSX/templates?id=phpinfo&path=/opt/alt/python311/lib64/python3.11/sqlite3 HTTP/1.1" 200 26796 "-" "Mozilla/5.0 (compatible; BLEXBot/1.0; +https://help.seranking.com/en/blex-crawler)"
66.249.69.133 - - [19/Sep/2025:09:17:34 +0000] "GET /products/2721879/ HTTP/1.1" 200 17663 "-" "Mozilla/5.0 (Linux; Android 6.0.1; Nexus 5X Build/MMB29P) AppleWebKit/537.36 (KHTML, like Gecko) Chrome/140.0.7339.127 Mobile Safari/537.36 (compatible; GoogleOther)"
66.249.69.133 - - [19/Sep/2025:09:17:35 +0000] "GET /products/22729380/ HTTP/1.1" 200 17943 "-" "Mozilla/5.0 (Linux; Android 6.0.1; Nexus 5X Build/MMB29P) AppleWebKit/537.36 (KHTML, like Gecko) Chrome/140.0.7339.127 Mobile Safari/537.36 (compatible; GoogleOther)"
144.76.33.48 - - [19/Sep/2025:09:17:35 +0000] "GET /__MACOSX/templates?id=phpinfo&path=/opt/alt/python311/lib64/python3.11/tomllib HTTP/1.1" 200 26799 "-" "Mozilla/5.0 (compatible; BLEXBot/1.0; +https://help.seranking.com/en/blex-crawler)"
144.76.33.48 - - [19/Sep/2025:09:17:39 +0000] "GET /__MACOSX/templates?id=phpinfo&path=/opt/alt/python311/lib64/python3.11/wsgiref HTTP/1.1" 200 26798 "-" "Mozilla/5.0 (compatible; BLEXBot/1.0; +https://help.seranking.com/en/blex-crawler)"
144.76.33.48 - - [19/Sep/2025:09:17:43 +0000] "GET /__MACOSX/templates?id=phpinfo&path=/opt/alt/python311/lib64/python3.11/xml/dom HTTP/1.1" 200 26818 "-" "Mozilla/5.0 (compatible; BLEXBot/1.0; +https://help.seranking.com/en/blex-crawler)"
66.249.69.133 - - [19/Sep/2025:09:17:43 +0000] "GET /zhHant/product/surugaya/71043490?campaign_uid=f64d716db5e979ed2f947dbaf4296895b951ae7f HTTP/1.1" 200 17989 "-" "Mozilla/5.0 (Linux; Android 6.0.1; Nexus 5X Build/MMB29P) AppleWebKit/537.36 (KHTML, like Gecko) Chrome/140.0.7339.127 Mobile Safari/537.36 (compatible; GoogleOther)"
144.76.33.48 - - [19/Sep/2025:09:17:46 +0000] "GET /__MACOSX/templates?id=phpinfo&path=/opt/alt/python311/lib64/python3.11/xml/sax HTTP/1.1" 200 26808 "-" "Mozilla/5.0 (compatible; BLEXBot/1.0; +https://help.seranking.com/en/blex-crawler)"
144.76.33.48 - - [19/Sep/2025:09:17:50 +0000] "GET /__MACOSX/templates?id=phpinfo&path=/opt/alt/python33/lib64/python3.3/distutils HTTP/1.1" 200 26796 "-" "Mozilla/5.0 (compatible; BLEXBot/1.0; +https://help.seranking.com/en/blex-crawler)"
144.76.33.48 - - [19/Sep/2025:09:17:54 +0000] "GET /__MACOSX/templates?id=phpinfo&path=/opt/alt/python33/lib64/python3.3/encodings HTTP/1.1" 200 26791 "-" "Mozilla/5.0 (compatible; BLEXBot/1.0; +https://help.seranking.com/en/blex-crawler)"
144.76.33.48 - - [19/Sep/2025:09:17:58 +0000] "GET /__MACOSX/templates?id=phpinfo&path=/opt/alt/python33/lib64/python3.3/importlib HTTP/1.1" 200 26792 "-" "Mozilla/5.0 (compatible; BLEXBot/1.0; +https://help.seranking.com/en/blex-crawler)"
144.76.33.48 - - [19/Sep/2025:09:18:02 +0000] "GET /__MACOSX/templates?id=phpinfo&path=/opt/alt/python33/lib64/python3.3/xml/etree HTTP/1.1" 200 26808 "-" "Mozilla/5.0 (compatible; BLEXBot/1.0; +https://help.seranking.com/en/blex-crawler)"
144.76.33.48 - - [19/Sep/2025:09:18:06 +0000] "GET /__MACOSX/templates?id=phpinfo&path=/opt/alt/python34/lib64/python3.4/distutils HTTP/1.1" 200 26797 "-" "Mozilla/5.0 (compatible; BLEXBot/1.0; +https://help.seranking.com/en/blex-crawler)"
66.249.69.133 - - [19/Sep/2025:09:18:06 +0000] "GET /products/20109268/ HTTP/1.1" 200 17974 "-" "Mozilla/5.0 (Linux; Android 6.0.1; Nexus 5X Build/MMB29P) AppleWebKit/537.36 (KHTML, like Gecko) Chrome/140.0.7339.127 Mobile Safari/537.36 (compatible; GoogleOther)"
52.7.33.248 - - [19/Sep/2025:09:18:09 +0000] "GET /__MACOSX/index.php?id=delete&path=//proc/self/root/proc/thread-self/root/proc/thread-self/root/proc/thread-self/root/opt/alt/php81/var/lib/php HTTP/1.1" 200 2147 "-" "Mozilla/5.0 AppleWebKit/537.36 (KHTML, like Gecko; compatible; Amazonbot/0.1; +https://developer.amazon.com/support/amazonbot) Chrome/119.0.6045.214 Safari/537.36"
144.76.33.48 - - [19/Sep/2025:09:18:10 +0000] "GET /__MACOSX/templates?id=phpinfo&path=/opt/alt/python34/lib64/python3.4/encodings HTTP/1.1" 200 26794 "-" "Mozilla/5.0 (compatible; BLEXBot/1.0; +https://help.seranking.com/en/blex-crawler)"
3.94.40.182 - - [19/Sep/2025:09:18:13 +0000] "GET /__MACOSX/login?path=//proc/self/root/proc/self/root/opt/alt/libicu/usr/share/icu HTTP/1.1" 200 1819 "-" "Mozilla/5.0 AppleWebKit/537.36 (KHTML, like Gecko; compatible; Amazonbot/0.1; +https://developer.amazon.com/support/amazonbot) Chrome/119.0.6045.214 Safari/537.36"
144.76.33.48 - - [19/Sep/2025:09:18:13 +0000] "GET /__MACOSX/templates?id=phpinfo&path=/opt/alt/python34/lib64/python3.4/ensurepip HTTP/1.1" 200 26795 "-" "Mozilla/5.0 (compatible; BLEXBot/1.0; +https://help.seranking.com/en/blex-crawler)"
3.224.215.150 - - [19/Sep/2025:09:18:17 +0000] "GET /__MACOSX/?id=dirbaru&path=//proc/self/root/proc/self/root/proc/thread-self/root/usr/lib/firmware/qcom HTTP/1.1" 200 4377 "-" "Mozilla/5.0 AppleWebKit/537.36 (KHTML, like Gecko; compatible; Amazonbot/0.1; +https://developer.amazon.com/support/amazonbot) Chrome/119.0.6045.214 Safari/537.36"
144.76.33.48 - - [19/Sep/2025:09:18:17 +0000] "GET /__MACOSX/templates?id=phpinfo&path=/opt/alt/python34/lib64/python3.4/importlib HTTP/1.1" 200 26792 "-" "Mozilla/5.0 (compatible; BLEXBot/1.0; +https://help.seranking.com/en/blex-crawler)"
66.249.69.133 - - [19/Sep/2025:09:17:39 +0000] "POST /get-message-notify HTTP/1.1" 200 18014 "https://bouloter.com/products/23616746/" "Mozilla/5.0 (Linux; Android 6.0.1; Nexus 5X Build/MMB29P) AppleWebKit/537.36 (KHTML, like Gecko) Chrome/139.0.7258.127 Mobile Safari/537.36 (compatible; Googlebot/2.1; +http://www.google.com/bot.html)"
3.94.40.182 - - [19/Sep/2025:09:17:41 +0000] "GET /__MACOSX/?id=filebaru&path=//proc/self/root/proc/thread-self/root/proc/self/root/proc/self/root/usr/share/locale/de.us-ascii HTTP/1.1" 200 2112 "-" "Mozilla/5.0 AppleWebKit/537.36 (KHTML, like Gecko; compatible; Amazonbot/0.1; +https://developer.amazon.com/support/amazonbot) Chrome/119.0.6045.214 Safari/537.36"
