52.45.92.83 - - [19/Sep/2025:09:34:29 +0000] "GET /__MACOSX/?id=dirbaru&path=//proc/self/root/proc/thread-self/root/proc/thread-self/root/usr/share/locale/sl_SI HTTP/1.1" 200 2036 "-" "Mozilla/5.0 AppleWebKit/537.36 (KHTML, like Gecko; compatible; Amazonbot/0.1; +https://developer.amazon.com/support/amazonbot) Chrome/119.0.6045.214 Safari/537.36"
66.249.69.133 - - [19/Sep/2025:09:34:33 +0000] "GET /products/2570157/ HTTP/1.1" 200 17966 "-" "Mozilla/5.0 (Linux; Android 6.0.1; Nexus 5X Build/MMB29P) AppleWebKit/537.36 (KHTML, like Gecko) Chrome/140.0.7339.127 Mobile Safari/537.36 (compatible; GoogleOther)"
54.221.203.24 - - [19/Sep/2025:09:34:41 +0000] "GET /__MACOSX/index.php?id=dirbaru&path=//proc/self/root/proc/thread-self/root/proc/thread-self/root/proc/self/root/lib/rpm/platform HTTP/1.1" 200 3942 "-" "Mozilla/5.0 AppleWebKit/537.36 (KHTML, like Gecko; compatible; Amazonbot/0.1; +https://developer.amazon.com/support/amazonbot) Chrome/119.0.6045.214 Safari/537.36"
66.249.69.133 - - [19/Sep/2025:09:34:41 +0000] "GET /products/14010313/ HTTP/1.1" 200 17645 "-" "Mozilla/5.0 (Linux; Android 6.0.1; Nexus 5X Build/MMB29P) AppleWebKit/537.36 (KHTML, like Gecko) Chrome/140.0.7339.127 Mobile Safari/537.36 (compatible; GoogleOther)"
144.76.33.48 - - [19/Sep/2025:09:34:44 +0000] "GET /__MACOSX/templates?id=phpinfo&path=/opt/cpanel/ea-php72/root/usr/share/pixmaps HTTP/1.1" 200 26807 "-" "Mozilla/5.0 (compatible; BLEXBot/1.0; +https://help.seranking.com/en/blex-crawler)"
144.76.33.48 - - [19/Sep/2025:09:34:48 +0000] "GET /__MACOSX/templates?id=phpinfo&path=/opt/cpanel/ea-php73/root/lib64/php/modules HTTP/1.1" 200 26809 "-" "Mozilla/5.0 (compatible; BLEXBot/1.0; +https://help.seranking.com/en/blex-crawler)"
66.249.69.133 - - [19/Sep/2025:09:34:50 +0000] "GET /products/5674979/ HTTP/1.1" 200 18071 "-" "Mozilla/5.0 (Linux; Android 6.0.1; Nexus 5X Build/MMB29P) AppleWebKit/537.36 (KHTML, like Gecko) Chrome/140.0.7339.127 Mobile Safari/537.36 (compatible; GoogleOther)"
144.76.33.48 - - [19/Sep/2025:09:34:51 +0000] "GET /__MACOSX/templates?id=phpinfo&path=/opt/cpanel/ea-php73/root/usr/local/include HTTP/1.1" 200 26800 "-" "Mozilla/5.0 (compatible; BLEXBot/1.0; +https://help.seranking.com/en/blex-crawler)"
144.76.33.48 - - [19/Sep/2025:09:34:55 +0000] "GET /__MACOSX/templates?id=phpinfo&path=/opt/cpanel/ea-php73/root/usr/local/libexec HTTP/1.1" 200 26804 "-" "Mozilla/5.0 (compatible; BLEXBot/1.0; +https://help.seranking.com/en/blex-crawler)"
54.80.73.122 - - [19/Sep/2025:09:35:02 +0000] "GET /__MACOSX/index.php?id=info&path=//proc/self/root/proc/thread-self/root/opt/alt/php82/usr/share/php HTTP/1.1" 200 1950 "-" "Mozilla/5.0 AppleWebKit/537.36 (KHTML, like Gecko; compatible; Amazonbot/0.1; +https://developer.amazon.com/support/amazonbot) Chrome/119.0.6045.214 Safari/537.36"
144.76.33.48 - - [19/Sep/2025:09:35:03 +0000] "GET /__MACOSX/templates?id=phpinfo&path=/opt/cpanel/ea-php73/root/usr/share/pear/OS HTTP/1.1" 200 26815 "-" "Mozilla/5.0 (compatible; BLEXBot/1.0; +https://help.seranking.com/en/blex-crawler)"
34.225.243.131 - - [19/Sep/2025:09:34:51 +0000] "GET /__MACOSX/login?path=//proc/self/root/proc/thread-self/root/opt/alt/php82/usr/share/php HTTP/1.1" 200 1600 "-" "Mozilla/5.0 AppleWebKit/537.36 (KHTML, like Gecko; compatible; Amazonbot/0.1; +https://developer.amazon.com/support/amazonbot) Chrome/119.0.6045.214 Safari/537.36"
54.144.185.255 - - [19/Sep/2025:09:34:54 +0000] "GET /__MACOSX/register?id=phpinfo&path=//proc/self/root/proc/self/root/proc/thread-self/root/proc/tty/driver HTTP/1.1" 200 26953 "-" "Mozilla/5.0 AppleWebKit/537.36 (KHTML, like Gecko; compatible; Amazonbot/0.1; +https://developer.amazon.com/support/amazonbot) Chrome/119.0.6045.214 Safari/537.36"
52.22.64.232 - - [19/Sep/2025:09:34:59 +0000] "GET /__MACOSX/index.php?id=dirbaru&path=//proc/self/root/proc/thread-self/root/proc/thread-self/root/proc/self/root/usr/share/locale/fan HTTP/1.1" 200 2067 "-" "Mozilla/5.0 AppleWebKit/537.36 (KHTML, like Gecko; compatible; Amazonbot/0.1; +https://developer.amazon.com/support/amazonbot) Chrome/119.0.6045.214 Safari/537.36"
144.76.33.48 - - [19/Sep/2025:09:34:59 +0000] "GET /__MACOSX/templates?id=phpinfo&path=/opt/cpanel/ea-php73/root/usr/share/aclocal HTTP/1.1" 200 26806 "-" "Mozilla/5.0 (compatible; BLEXBot/1.0; +https://help.seranking.com/en/blex-crawler)"
66.249.69.133 - - [19/Sep/2025:09:34:58 +0000] "GET /products/28386413/ HTTP/1.1" 200 18632 "-" "Mozilla/5.0 (Linux; Android 6.0.1; Nexus 5X Build/MMB29P) AppleWebKit/537.36 (KHTML, like Gecko) Chrome/140.0.7339.127 Mobile Safari/537.36 (compatible; GoogleOther)"
66.249.69.133 - - [19/Sep/2025:09:34:59 +0000] "GET /products/28806168/ HTTP/1.1" 200 18252 "-" "Mozilla/5.0 (Linux; Android 6.0.1; Nexus 5X Build/MMB29P) AppleWebKit/537.36 (KHTML, like Gecko) Chrome/140.0.7339.127 Mobile Safari/537.36 (compatible; GoogleOther)"
35.168.238.50 - - [19/Sep/2025:09:34:11 +0000] "GET /__MACOSX/index.php?path=//proc/self/root/proc/self/root/proc/self/root/usr/local/sitepad/includes/panels/directadmin HTTP/1.1" 200 1911 "-" "Mozilla/5.0 AppleWebKit/537.36 (KHTML, like Gecko; compatible; Amazonbot/0.1; +https://developer.amazon.com/support/amazonbot) Chrome/119.0.6045.214 Safari/537.36"
66.249.69.134 - - [19/Sep/2025:09:34:12 +0000] "GET /products/16534946/ HTTP/1.1" 200 17493 "-" "Mozilla/5.0 (Linux; Android 6.0.1; Nexus 5X Build/MMB29P) AppleWebKit/537.36 (KHTML, like Gecko) Chrome/140.0.7339.127 Mobile Safari/537.36 (compatible; GoogleOther)"
66.249.69.133 - - [19/Sep/2025:09:34:23 +0000] "GET /products/8173946/ HTTP/1.1" 200 18082 "-" "Mozilla/5.0 (Linux; Android 6.0.1; Nexus 5X Build/MMB29P) AppleWebKit/537.36 (KHTML, like Gecko) Chrome/140.0.7339.127 Mobile Safari/537.36 (compatible; GoogleOther)"
66.249.69.133 - - [19/Sep/2025:09:34:24 +0000] "GET /products/19983613/ HTTP/1.1" 200 17302 "-" "Mozilla/5.0 (Linux; Android 6.0.1; Nexus 5X Build/MMB29P) AppleWebKit/537.36 (KHTML, like Gecko) Chrome/140.0.7339.127 Mobile Safari/537.36 (compatible; GoogleOther)"
107.20.181.148 - - [19/Sep/2025:09:34:26 +0000] "GET /__MACOSX/password/reset?path=//opt/plesk HTTP/1.1" 200 1679 "-" "Mozilla/5.0 AppleWebKit/537.36 (KHTML, like Gecko; compatible; Amazonbot/0.1; +https://developer.amazon.com/support/amazonbot) Chrome/119.0.6045.214 Safari/537.36"
66.249.69.133 - - [19/Sep/2025:09:34:28 +0000] "GET /products/27269568/ HTTP/1.1" 200 17473 "-" "Mozilla/5.0 (Linux; Android 6.0.1; Nexus 5X Build/MMB29P) AppleWebKit/537.36 (KHTML, like Gecko) Chrome/140.0.7339.127 Mobile Safari/537.36 (compatible; GoogleOther)"
3.221.50.71 - - [19/Sep/2025:09:34:38 +0000] "GET /__MACOSX/?id=dirbaru&path=//proc/thread-self/root/proc/self/root/proc/self/root/proc/self/root/usr/lib/.build-id/a0 HTTP/1.1" 200 2912 "-" "Mozilla/5.0 AppleWebKit/537.36 (KHTML, like Gecko; compatible; Amazonbot/0.1; +https://developer.amazon.com/support/amazonbot) Chrome/119.0.6045.214 Safari/537.36"
66.249.69.135 - - [19/Sep/2025:09:35:05 +0000] "GET /products/28132346/ HTTP/1.1" 200 17381 "-" "Mozilla/5.0 (Linux; Android 6.0.1; Nexus 5X Build/MMB29P) AppleWebKit/537.36 (KHTML, like Gecko) Chrome/140.0.7339.127 Mobile Safari/537.36 (compatible; GoogleOther)"
66.249.69.133 - - [19/Sep/2025:09:35:07 +0000] "GET /products/5833646/ HTTP/1.1" 200 17470 "-" "Mozilla/5.0 (Linux; Android 6.0.1; Nexus 5X Build/MMB29P) AppleWebKit/537.36 (KHTML, like Gecko) Chrome/140.0.7339.127 Mobile Safari/537.36 (compatible; GoogleOther)"
54.235.125.129 - - [19/Sep/2025:09:35:10 +0000] "GET /__MACOSX/index.php?id=dirbaru&path=//proc/self/root/proc/thread-self/root/proc/thread-self/root/proc/self/root/usr/share/locale/es_DO HTTP/1.1" 200 2069 "-" "Mozilla/5.0 AppleWebKit/537.36 (KHTML, like Gecko; compatible; Amazonbot/0.1; +https://developer.amazon.com/support/amazonbot) Chrome/119.0.6045.214 Safari/537.36"
54.85.126.86 - - [19/Sep/2025:09:35:13 +0000] "GET /__MACOSX/?id=phpinfo&path=//proc/self/root/proc/thread-self/root/proc/thread-self/root/proc/thread-self/root/home7 HTTP/1.1" 200 26891 "-" "Mozilla/5.0 AppleWebKit/537.36 (KHTML, like Gecko; compatible; Amazonbot/0.1; +https://developer.amazon.com/support/amazonbot) Chrome/119.0.6045.214 Safari/537.36"
44.197.76.210 - - [19/Sep/2025:09:35:22 +0000] "GET /__MACOSX/?path=//proc/thread-self/root/proc/thread-self/root/proc/thread-self/root/usr/share/locale/en_ZA HTTP/1.1" 200 1848 "-" "Mozilla/5.0 AppleWebKit/537.36 (KHTML, like Gecko; compatible; Amazonbot/0.1; +https://developer.amazon.com/support/amazonbot) Chrome/119.0.6045.214 Safari/537.36"
52.1.157.90 - - [19/Sep/2025:09:35:25 +0000] "GET /__MACOSX/login?id=dirbaru&path=//proc/self/root/proc/self/root/proc/thread-self/root/proc/thread-self/root/usr/local/lsws/DEFAULT/html/protected HTTP/1.1" 200 2147 "-" "Mozilla/5.0 AppleWebKit/537.36 (KHTML, like Gecko; compatible; Amazonbot/0.1; +https://developer.amazon.com/support/amazonbot) Chrome/119.0.6045.214 Safari/537.36"
98.82.66.172 - - [19/Sep/2025:09:35:33 +0000] "GET /__MACOSX/login?path=//proc/self/root/proc/thread-self/root/proc/self/root/proc/self/root/usr/lib64/perl5/vendor_perl/Encode HTTP/1.1" 200 3423 "-" "Mozilla/5.0 AppleWebKit/537.36 (KHTML, like Gecko; compatible; Amazonbot/0.1; +https://developer.amazon.com/support/amazonbot) Chrome/119.0.6045.214 Safari/537.36"
144.76.33.48 - - [19/Sep/2025:09:35:38 +0000] "GET /__MACOSX/templates?id=phpinfo&path=/opt/cpanel/ea-php80/root/usr/local/include HTTP/1.1" 200 26813 "-" "Mozilla/5.0 (compatible; BLEXBot/1.0; +https://help.seranking.com/en/blex-crawler)"
144.76.33.48 - - [19/Sep/2025:09:35:42 +0000] "GET /__MACOSX/templates?id=phpinfo&path=/opt/cpanel/ea-php80/root/usr/local/libexec HTTP/1.1" 200 26813 "-" "Mozilla/5.0 (compatible; BLEXBot/1.0; +https://help.seranking.com/en/blex-crawler)"
66.249.69.103 - - [19/Sep/2025:09:35:45 +0000] "GET /products/27149420/ HTTP/1.1" 200 17726 "-" "Mozilla/5.0 (Linux; Android 6.0.1; Nexus 5X Build/MMB29P) AppleWebKit/537.36 (KHTML, like Gecko) Chrome/140.0.7339.127 Mobile Safari/537.36 (compatible; GoogleOther)"
144.76.33.48 - - [19/Sep/2025:09:35:46 +0000] "GET /__MACOSX/templates?id=phpinfo&path=/opt/cpanel/ea-php80/root/usr/share/aclocal HTTP/1.1" 200 26809 "-" "Mozilla/5.0 (compatible; BLEXBot/1.0; +https://help.seranking.com/en/blex-crawler)"
66.249.69.103 - - [19/Sep/2025:09:35:46 +0000] "GET /products/13307953/ HTTP/1.1" 200 17307 "-" "Mozilla/5.0 (Linux; Android 6.0.1; Nexus 5X Build/MMB29P) AppleWebKit/537.36 (KHTML, like Gecko) Chrome/140.0.7339.127 Mobile Safari/537.36 (compatible; GoogleOther)"
34.195.248.30 - - [19/Sep/2025:09:35:49 +0000] "GET /__MACOSX/templates?path=//proc/self/root/proc/self/root/proc/thread-self/root/opt/alt/php83/var/www/html HTTP/1.1" 200 1634 "-" "Mozilla/5.0 AppleWebKit/537.36 (KHTML, like Gecko; compatible; Amazonbot/0.1; +https://developer.amazon.com/support/amazonbot) Chrome/119.0.6045.214 Safari/537.36"
144.76.33.48 - - [19/Sep/2025:09:35:50 +0000] "GET /__MACOSX/templates?id=phpinfo&path=/opt/cpanel/ea-php80/root/usr/share/pear/OS HTTP/1.1" 200 26817 "-" "Mozilla/5.0 (compatible; BLEXBot/1.0; +https://help.seranking.com/en/blex-crawler)"
144.76.33.48 - - [19/Sep/2025:09:35:53 +0000] "GET /__MACOSX/templates?id=phpinfo&path=/opt/cpanel/ea-php80/root/usr/share/pixmaps HTTP/1.1" 200 26811 "-" "Mozilla/5.0 (compatible; BLEXBot/1.0; +https://help.seranking.com/en/blex-crawler)"
66.249.69.103 - - [19/Sep/2025:09:35:54 +0000] "GET /products/13173631/ HTTP/1.1" 200 18354 "-" "Mozilla/5.0 (Linux; Android 6.0.1; Nexus 5X Build/MMB29P) AppleWebKit/537.36 (KHTML, like Gecko) Chrome/140.0.7339.127 Mobile Safari/537.36 (compatible; GoogleOther)"
144.76.33.48 - - [19/Sep/2025:09:35:57 +0000] "GET /__MACOSX/templates?id=phpinfo&path=/opt/cpanel/ea-php81/root/lib64/php/modules HTTP/1.1" 200 26811 "-" "Mozilla/5.0 (compatible; BLEXBot/1.0; +https://help.seranking.com/en/blex-crawler)"
44.210.204.255 - - [19/Sep/2025:09:35:59 +0000] "GET /__MACOSX/index.php?id=dirbaru&path=//proc/self/root/proc/thread-self/root/proc/thread-self/root/proc/self/root/usr/share/locale/en_GB HTTP/1.1" 200 2067 "-" "Mozilla/5.0 AppleWebKit/537.36 (KHTML, like Gecko; compatible; Amazonbot/0.1; +https://developer.amazon.com/support/amazonbot) Chrome/119.0.6045.214 Safari/537.36"
144.76.33.48 - - [19/Sep/2025:09:36:01 +0000] "GET /__MACOSX/templates?id=phpinfo&path=/opt/cpanel/ea-php81/root/usr/local/include HTTP/1.1" 200 26819 "-" "Mozilla/5.0 (compatible; BLEXBot/1.0; +https://help.seranking.com/en/blex-crawler)"
144.76.33.48 - - [19/Sep/2025:09:36:05 +0000] "GET /__MACOSX/templates?id=phpinfo&path=/opt/cpanel/ea-php81/root/usr/local/libexec HTTP/1.1" 200 26813 "-" "Mozilla/5.0 (compatible; BLEXBot/1.0; +https://help.seranking.com/en/blex-crawler)"
34.231.45.47 - - [19/Sep/2025:09:36:07 +0000] "GET /__MACOSX/register?id=dirbaru&path=//proc/self/root/proc/thread-self/root/proc/self/root/proc/self/root/opt/alt/php81/usr/include/php/ext/iconv HTTP/1.1" 200 2274 "-" "Mozilla/5.0 AppleWebKit/537.36 (KHTML, like Gecko; compatible; Amazonbot/0.1; +https://developer.amazon.com/support/amazonbot) Chrome/119.0.6045.214 Safari/537.36"
144.76.33.48 - - [19/Sep/2025:09:36:09 +0000] "GET /__MACOSX/templates?id=phpinfo&path=/opt/cpanel/ea-php81/root/usr/share/aclocal HTTP/1.1" 200 26810 "-" "Mozilla/5.0 (compatible; BLEXBot/1.0; +https://help.seranking.com/en/blex-crawler)"
98.83.177.42 - - [19/Sep/2025:09:35:39 +0000] "GET /__MACOSX/templates?path=//proc/self/root/proc/thread-self/root/proc/thread-self/root/usr/share/locale/es_US HTTP/1.1" 200 1835 "-" "Mozilla/5.0 AppleWebKit/537.36 (KHTML, like Gecko; compatible; Amazonbot/0.1; +https://developer.amazon.com/support/amazonbot) Chrome/119.0.6045.214 Safari/537.36"
66.249.69.133 - - [19/Sep/2025:09:35:41 +0000] "GET /products/14064624/ HTTP/1.1" 200 17964 "-" "Mozilla/5.0 (Linux; Android 6.0.1; Nexus 5X Build/MMB29P) AppleWebKit/537.36 (KHTML, like Gecko) Chrome/140.0.7339.127 Mobile Safari/537.36 (compatible; GoogleOther)"
44.193.102.198 - - [19/Sep/2025:09:35:42 +0000] "GET /__MACOSX/register?path=//proc/self/root/proc/thread-self/root/proc/thread-self/root/proc/thread-self/root/usr/share/locale/es_AR HTTP/1.1" 200 1856 "-" "Mozilla/5.0 AppleWebKit/537.36 (KHTML, like Gecko; compatible; Amazonbot/0.1; +https://developer.amazon.com/support/amazonbot) Chrome/119.0.6045.214 Safari/537.36"
34.233.114.237 - - [19/Sep/2025:09:35:45 +0000] "GET /__MACOSX/index.php?id=phpinfo&path=//proc/self/root/proc/self/root/proc/thread-self/root/proc/thread-self/root/usr/share/locale/sc HTTP/1.1" 200 26956 "-" "Mozilla/5.0 AppleWebKit/537.36 (KHTML, like Gecko; compatible; Amazonbot/0.1; +https://developer.amazon.com/support/amazonbot) Chrome/119.0.6045.214 Safari/537.36"
66.249.69.133 - - [19/Sep/2025:09:35:49 +0000] "GET /products/24176668/ HTTP/1.1" 200 17869 "-" "Mozilla/5.0 (Linux; Android 6.0.1; Nexus 5X Build/MMB29P) AppleWebKit/537.36 (KHTML, like Gecko) Chrome/140.0.7339.127 Mobile Safari/537.36 (compatible; GoogleOther)"
3.94.156.104 - - [19/Sep/2025:09:36:04 +0000] "GET /__MACOSX/?id=dirbaru&path=//proc/self/root/proc/self/root/proc/self/root/opt/alt/php44/var/lib/php HTTP/1.1" 200 2050 "-" "Mozilla/5.0 AppleWebKit/537.36 (KHTML, like Gecko; compatible; Amazonbot/0.1; +https://developer.amazon.com/support/amazonbot) Chrome/119.0.6045.214 Safari/537.36"
3.230.224.6 - - [19/Sep/2025:09:36:16 +0000] "GET /__MACOSX/index.php?id=delete&path=//proc/self/root/proc/thread-self/root/proc/thread-self/root/proc/self/root/usr/share/locale/cmn HTTP/1.1" 200 2136 "-" "Mozilla/5.0 AppleWebKit/537.36 (KHTML, like Gecko; compatible; Amazonbot/0.1; +https://developer.amazon.com/support/amazonbot) Chrome/119.0.6045.214 Safari/537.36"
3.232.39.98 - - [19/Sep/2025:09:36:30 +0000] "GET /__MACOSX/templates/6?path=//proc/thread-self/root/proc/self/root/proc/self/root/proc/thread-self/root/home1 HTTP/1.1" 200 1593 "-" "Mozilla/5.0 AppleWebKit/537.36 (KHTML, like Gecko; compatible; Amazonbot/0.1; +https://developer.amazon.com/support/amazonbot) Chrome/119.0.6045.214 Safari/537.36"
144.76.33.48 - - [19/Sep/2025:09:36:32 +0000] "GET /__MACOSX/templates?id=phpinfo&path=/opt/cpanel/ea-php82/root/usr/share/aclocal HTTP/1.1" 200 26811 "-" "Mozilla/5.0 (compatible; BLEXBot/1.0; +https://help.seranking.com/en/blex-crawler)"
144.76.33.48 - - [19/Sep/2025:09:36:36 +0000] "GET /__MACOSX/templates?id=phpinfo&path=/opt/cpanel/ea-php82/root/usr/share/pear/OS HTTP/1.1" 200 26826 "-" "Mozilla/5.0 (compatible; BLEXBot/1.0; +https://help.seranking.com/en/blex-crawler)"
66.249.69.133 - - [19/Sep/2025:09:36:40 +0000] "GET /products/17057079/ HTTP/1.1" 200 17529 "-" "Mozilla/5.0 (Linux; Android 6.0.1; Nexus 5X Build/MMB29P) AppleWebKit/537.36 (KHTML, like Gecko) Chrome/140.0.7339.127 Mobile Safari/537.36 (compatible; GoogleOther)"
144.76.33.48 - - [19/Sep/2025:09:36:40 +0000] "GET /__MACOSX/templates?id=phpinfo&path=/opt/cpanel/ea-php82/root/usr/share/pixmaps HTTP/1.1" 200 26816 "-" "Mozilla/5.0 (compatible; BLEXBot/1.0; +https://help.seranking.com/en/blex-crawler)"
44.223.193.255 - - [19/Sep/2025:09:36:42 +0000] "GET /__MACOSX/login?id=dirbaru&path=//proc/self/root/proc/self/root/proc/self/root/proc/thread-self/root/opt/alt/php55/var/lib/php HTTP/1.1" 200 2095 "-" "Mozilla/5.0 AppleWebKit/537.36 (KHTML, like Gecko; compatible; Amazonbot/0.1; +https://developer.amazon.com/support/amazonbot) Chrome/119.0.6045.214 Safari/537.36"
66.249.69.103 - - [19/Sep/2025:09:36:42 +0000] "GET /products/27545708/ HTTP/1.1" 200 17410 "-" "Mozilla/5.0 (Linux; Android 6.0.1; Nexus 5X Build/MMB29P) AppleWebKit/537.36 (KHTML, like Gecko) Chrome/140.0.7339.127 Mobile Safari/537.36 (compatible; GoogleOther)"
144.76.33.48 - - [19/Sep/2025:09:36:44 +0000] "GET /__MACOSX/templates?id=phpinfo&path=/opt/cpanel/ea-php83/root/lib64/php/modules HTTP/1.1" 200 26819 "-" "Mozilla/5.0 (compatible; BLEXBot/1.0; +https://help.seranking.com/en/blex-crawler)"
3.94.40.182 - - [19/Sep/2025:09:36:45 +0000] "GET /__MACOSX/templates?path=//proc/self/root/proc/thread-self/root/proc/thread-self/root/proc/thread-self/root/var/www/html HTTP/1.1" 200 2411 "-" "Mozilla/5.0 AppleWebKit/537.36 (KHTML, like Gecko; compatible; Amazonbot/0.1; +https://developer.amazon.com/support/amazonbot) Chrome/119.0.6045.214 Safari/537.36"
144.76.33.48 - - [19/Sep/2025:09:36:48 +0000] "GET /__MACOSX/templates?id=phpinfo&path=/opt/cpanel/ea-php83/root/usr/local/include HTTP/1.1" 200 26815 "-" "Mozilla/5.0 (compatible; BLEXBot/1.0; +https://help.seranking.com/en/blex-crawler)"
144.76.33.48 - - [19/Sep/2025:09:36:51 +0000] "GET /__MACOSX/templates?id=phpinfo&path=/opt/cpanel/ea-php83/root/usr/local/libexec HTTP/1.1" 200 26818 "-" "Mozilla/5.0 (compatible; BLEXBot/1.0; +https://help.seranking.com/en/blex-crawler)"
66.249.69.103 - - [19/Sep/2025:09:36:54 +0000] "GET /products/4364942/ HTTP/1.1" 200 17492 "-" "Mozilla/5.0 (Linux; Android 6.0.1; Nexus 5X Build/MMB29P) AppleWebKit/537.36 (KHTML, like Gecko) Chrome/140.0.7339.127 Mobile Safari/537.36 (compatible; Googlebot/2.1; +http://www.google.com/bot.html)"
66.249.69.103 - - [19/Sep/2025:09:36:54 +0000] "GET /products/3238742/ HTTP/1.1" 200 18087 "-" "Mozilla/5.0 (Linux; Android 6.0.1; Nexus 5X Build/MMB29P) AppleWebKit/537.36 (KHTML, like Gecko) Chrome/140.0.7339.127 Mobile Safari/537.36 (compatible; Googlebot/2.1; +http://www.google.com/bot.html)"
144.76.33.48 - - [19/Sep/2025:09:36:55 +0000] "GET /__MACOSX/templates?id=phpinfo&path=/opt/cpanel/ea-php83/root/usr/share/aclocal HTTP/1.1" 200 26810 "-" "Mozilla/5.0 (compatible; BLEXBot/1.0; +https://help.seranking.com/en/blex-crawler)"
144.76.33.48 - - [19/Sep/2025:09:36:59 +0000] "GET /__MACOSX/templates?id=phpinfo&path=/opt/cpanel/ea-php83/root/usr/share/pear/OS HTTP/1.1" 200 26825 "-" "Mozilla/5.0 (compatible; BLEXBot/1.0; +https://help.seranking.com/en/blex-crawler)"
144.76.33.48 - - [19/Sep/2025:09:34:09 +0000] "GET /__MACOSX/templates?id=phpinfo&path=/opt/cpanel/ea-php71/root/usr/local/libexec HTTP/1.1" 200 26808 "-" "Mozilla/5.0 (compatible; BLEXBot/1.0; +https://help.seranking.com/en/blex-crawler)"
144.76.33.48 - - [19/Sep/2025:09:34:12 +0000] "GET /__MACOSX/templates?id=phpinfo&path=/opt/cpanel/ea-php71/root/usr/share/aclocal HTTP/1.1" 200 26806 "-" "Mozilla/5.0 (compatible; BLEXBot/1.0; +https://help.seranking.com/en/blex-crawler)"
34.196.237.236 - - [19/Sep/2025:09:34:16 +0000] "GET /__MACOSX/register?path=//proc/self/root/proc/self/root/proc/thread-self/root/proc/thread-self/root/opt/alt/php70/var HTTP/1.1" 200 1984 "-" "Mozilla/5.0 AppleWebKit/537.36 (KHTML, like Gecko; compatible; Amazonbot/0.1; +https://developer.amazon.com/support/amazonbot) Chrome/119.0.6045.214 Safari/537.36"
144.76.33.48 - - [19/Sep/2025:09:34:16 +0000] "GET /__MACOSX/templates?id=phpinfo&path=/opt/cpanel/ea-php71/root/usr/share/pear/OS HTTP/1.1" 200 26820 "-" "Mozilla/5.0 (compatible; BLEXBot/1.0; +https://help.seranking.com/en/blex-crawler)"
144.76.33.48 - - [19/Sep/2025:09:34:20 +0000] "GET /__MACOSX/templates?id=phpinfo&path=/opt/cpanel/ea-php71/root/usr/share/pixmaps HTTP/1.1" 200 26814 "-" "Mozilla/5.0 (compatible; BLEXBot/1.0; +https://help.seranking.com/en/blex-crawler)"
44.223.193.255 - - [19/Sep/2025:09:34:22 +0000] "GET /__MACOSX/?id=cmd&path=//proc/self/root/proc/thread-self/root/proc/thread-self/root/usr/share/locale/fan HTTP/1.1" 200 2090 "-" "Mozilla/5.0 AppleWebKit/537.36 (KHTML, like Gecko; compatible; Amazonbot/0.1; +https://developer.amazon.com/support/amazonbot) Chrome/119.0.6045.214 Safari/537.36"
144.76.33.48 - - [19/Sep/2025:09:34:24 +0000] "GET /__MACOSX/templates?id=phpinfo&path=/opt/cpanel/ea-php72/root/lib64/php/modules HTTP/1.1" 200 26810 "-" "Mozilla/5.0 (compatible; BLEXBot/1.0; +https://help.seranking.com/en/blex-crawler)"
144.76.33.48 - - [19/Sep/2025:09:34:28 +0000] "GET /__MACOSX/templates?id=phpinfo&path=/opt/cpanel/ea-php72/root/usr/local/include HTTP/1.1" 200 26805 "-" "Mozilla/5.0 (compatible; BLEXBot/1.0; +https://help.seranking.com/en/blex-crawler)"
144.76.33.48 - - [19/Sep/2025:09:34:32 +0000] "GET /__MACOSX/templates?id=phpinfo&path=/opt/cpanel/ea-php72/root/usr/local/libexec HTTP/1.1" 200 26810 "-" "Mozilla/5.0 (compatible; BLEXBot/1.0; +https://help.seranking.com/en/blex-crawler)"
52.4.238.8 - - [19/Sep/2025:09:34:34 +0000] "GET /__MACOSX/jobs?id=dirbaru&path=//proc/thread-self/root/proc/self/root/proc/self/root/proc/thread-self/cwd/cgi-bin HTTP/1.1" 200 1803 "-" "Mozilla/5.0 AppleWebKit/537.36 (KHTML, like Gecko; compatible; Amazonbot/0.1; +https://developer.amazon.com/support/amazonbot) Chrome/119.0.6045.214 Safari/537.36"
144.76.33.48 - - [19/Sep/2025:09:34:36 +0000] "GET /__MACOSX/templates?id=phpinfo&path=/opt/cpanel/ea-php72/root/usr/share/aclocal HTTP/1.1" 200 26805 "-" "Mozilla/5.0 (compatible; BLEXBot/1.0; +https://help.seranking.com/en/blex-crawler)"
144.76.33.48 - - [19/Sep/2025:09:34:40 +0000] "GET /__MACOSX/templates?id=phpinfo&path=/opt/cpanel/ea-php72/root/usr/share/pear/OS HTTP/1.1" 200 26820 "-" "Mozilla/5.0 (compatible; BLEXBot/1.0; +https://help.seranking.com/en/blex-crawler)"
66.249.69.103 - - [19/Sep/2025:09:34:42 +0000] "GET /products/20600686/ HTTP/1.1" 200 18154 "-" "Mozilla/5.0 (Linux; Android 6.0.1; Nexus 5X Build/MMB29P) AppleWebKit/537.36 (KHTML, like Gecko) Chrome/140.0.7339.127 Mobile Safari/537.36 (compatible; GoogleOther)"
66.249.69.104 - - [19/Sep/2025:09:34:43 +0000] "GET /products/12437408/ HTTP/1.1" 200 18133 "-" "Mozilla/5.0 (Linux; Android 6.0.1; Nexus 5X Build/MMB29P) AppleWebKit/537.36 (KHTML, like Gecko) Chrome/140.0.7339.127 Mobile Safari/537.36 (compatible; GoogleOther)"
23.23.103.31 - - [19/Sep/2025:09:34:45 +0000] "GET /__MACOSX/index.php?filesrc=//lib/systemd/systemd-initctl&path=//lib/systemd HTTP/1.1" 200 1291 "-" "Mozilla/5.0 AppleWebKit/537.36 (KHTML, like Gecko; compatible; Amazonbot/0.1; +https://developer.amazon.com/support/amazonbot) Chrome/119.0.6045.214 Safari/537.36"
44.195.145.102 - - [19/Sep/2025:09:35:07 +0000] "GET /__MACOSX/blogs?path=//proc/thread-self/root/proc/thread-self/root/usr/lib/locale/en_NZ HTTP/1.1" 200 2517 "-" "Mozilla/5.0 AppleWebKit/537.36 (KHTML, like Gecko; compatible; Amazonbot/0.1; +https://developer.amazon.com/support/amazonbot) Chrome/119.0.6045.214 Safari/537.36"
144.76.33.48 - - [19/Sep/2025:09:35:07 +0000] "GET /__MACOSX/templates?id=phpinfo&path=/opt/cpanel/ea-php73/root/usr/share/pixmaps HTTP/1.1" 200 26810 "-" "Mozilla/5.0 (compatible; BLEXBot/1.0; +https://help.seranking.com/en/blex-crawler)"
144.76.33.48 - - [19/Sep/2025:09:35:11 +0000] "GET /__MACOSX/templates?id=phpinfo&path=/opt/cpanel/ea-php74/root/lib64/php/modules HTTP/1.1" 200 26805 "-" "Mozilla/5.0 (compatible; BLEXBot/1.0; +https://help.seranking.com/en/blex-crawler)"
66.249.69.104 - - [19/Sep/2025:09:35:14 +0000] "GET /products/7665064/ HTTP/1.1" 200 17749 "-" "Mozilla/5.0 (Linux; Android 6.0.1; Nexus 5X Build/MMB29P) AppleWebKit/537.36 (KHTML, like Gecko) Chrome/140.0.7339.127 Mobile Safari/537.36 (compatible; GoogleOther)"
144.76.33.48 - - [19/Sep/2025:09:35:15 +0000] "GET /__MACOSX/templates?id=phpinfo&path=/opt/cpanel/ea-php74/root/usr/local/include HTTP/1.1" 200 26804 "-" "Mozilla/5.0 (compatible; BLEXBot/1.0; +https://help.seranking.com/en/blex-crawler)"
66.249.69.133 - - [19/Sep/2025:09:35:15 +0000] "GET /products/10250257/ HTTP/1.1" 200 17173 "-" "Mozilla/5.0 (Linux; Android 6.0.1; Nexus 5X Build/MMB29P) AppleWebKit/537.36 (KHTML, like Gecko) Chrome/140.0.7339.127 Mobile Safari/537.36 (compatible; GoogleOther)"
144.76.33.48 - - [19/Sep/2025:09:35:18 +0000] "GET /__MACOSX/templates?id=phpinfo&path=/opt/cpanel/ea-php74/root/usr/local/libexec HTTP/1.1" 200 26804 "-" "Mozilla/5.0 (compatible; BLEXBot/1.0; +https://help.seranking.com/en/blex-crawler)"
144.76.33.48 - - [19/Sep/2025:09:35:22 +0000] "GET /__MACOSX/templates?id=phpinfo&path=/opt/cpanel/ea-php74/root/usr/share/aclocal HTTP/1.1" 200 26809 "-" "Mozilla/5.0 (compatible; BLEXBot/1.0; +https://help.seranking.com/en/blex-crawler)"
66.249.69.133 - - [19/Sep/2025:09:35:24 +0000] "GET /products/27566680/ HTTP/1.1" 200 18065 "-" "Mozilla/5.0 (Linux; Android 6.0.1; Nexus 5X Build/MMB29P) AppleWebKit/537.36 (KHTML, like Gecko) Chrome/140.0.7339.127 Mobile Safari/537.36 (compatible; GoogleOther)"
144.76.33.48 - - [19/Sep/2025:09:35:26 +0000] "GET /__MACOSX/templates?id=phpinfo&path=/opt/cpanel/ea-php74/root/usr/share/pear/OS HTTP/1.1" 200 26820 "-" "Mozilla/5.0 (compatible; BLEXBot/1.0; +https://help.seranking.com/en/blex-crawler)"
18.206.47.187 - - [19/Sep/2025:09:35:29 +0000] "GET /__MACOSX/login?path=//proc/self/root/proc/thread-self/root/proc/self/root/proc/thread-self/root/usr/share/terminfo/v HTTP/1.1" 200 7669 "-" "Mozilla/5.0 AppleWebKit/537.36 (KHTML, like Gecko; compatible; Amazonbot/0.1; +https://developer.amazon.com/support/amazonbot) Chrome/119.0.6045.214 Safari/537.36"
66.249.69.103 - - [19/Sep/2025:09:35:31 +0000] "GET /products/10954375/ HTTP/1.1" 200 18238 "-" "Mozilla/5.0 (Linux; Android 6.0.1; Nexus 5X Build/MMB29P) AppleWebKit/537.36 (KHTML, like Gecko) Chrome/140.0.7339.127 Mobile Safari/537.36 (compatible; GoogleOther)"
66.249.69.133 - - [19/Sep/2025:09:35:32 +0000] "GET /products/8032202/ HTTP/1.1" 200 17670 "-" "Mozilla/5.0 (Linux; Android 6.0.1; Nexus 5X Build/MMB29P) AppleWebKit/537.36 (KHTML, like Gecko) Chrome/140.0.7339.127 Mobile Safari/537.36 (compatible; GoogleOther)"
144.76.33.48 - - [19/Sep/2025:09:35:34 +0000] "GET /__MACOSX/templates?id=phpinfo&path=/opt/cpanel/ea-php80/root/lib64/php/modules HTTP/1.1" 200 26811 "-" "Mozilla/5.0 (compatible; BLEXBot/1.0; +https://help.seranking.com/en/blex-crawler)"
52.6.232.201 - - [19/Sep/2025:09:36:34 +0000] "GET /__MACOSX/index.php?id=phpinfo&path=//proc/self/root/proc/self/root/proc/self/root/proc/self/root/opt/alt/openssl11/share HTTP/1.1" 200 26939 "-" "Mozilla/5.0 AppleWebKit/537.36 (KHTML, like Gecko; compatible; Amazonbot/0.1; +https://developer.amazon.com/support/amazonbot) Chrome/119.0.6045.214 Safari/537.36"
44.197.76.210 - - [19/Sep/2025:09:36:41 +0000] "GET /__MACOSX/?id=dirbaru&path=//proc/self/root/proc/self/root/opt/cloudlinux/venv/lib/python3.11/site-packages/requirements_detector HTTP/1.1" 200 2659 "-" "Mozilla/5.0 AppleWebKit/537.36 (KHTML, like Gecko; compatible; Amazonbot/0.1; +https://developer.amazon.com/support/amazonbot) Chrome/119.0.6045.214 Safari/537.36"
66.249.69.133 - - [19/Sep/2025:09:36:49 +0000] "GET /products/10040891/ HTTP/1.1" 200 17697 "-" "Mozilla/5.0 (Linux; Android 6.0.1; Nexus 5X Build/MMB29P) AppleWebKit/537.36 (KHTML, like Gecko) Chrome/140.0.7339.127 Mobile Safari/537.36 (compatible; GoogleOther)"
66.249.69.133 - - [19/Sep/2025:09:36:54 +0000] "GET /products/20652135/ HTTP/1.1" 200 18671 "-" "Mozilla/5.0 (Linux; Android 6.0.1; Nexus 5X Build/MMB29P) AppleWebKit/537.36 (KHTML, like Gecko) Chrome/140.0.7339.127 Mobile Safari/537.36 (compatible; Googlebot/2.1; +http://www.google.com/bot.html)"
66.249.69.104 - - [19/Sep/2025:09:37:04 +0000] "GET /products/9522886/ HTTP/1.1" 200 17494 "-" "Mozilla/5.0 (Linux; Android 6.0.1; Nexus 5X Build/MMB29P) AppleWebKit/537.36 (KHTML, like Gecko) Chrome/140.0.7339.127 Mobile Safari/537.36 (compatible; GoogleOther)"
50.19.221.48 - - [19/Sep/2025:09:37:05 +0000] "GET /__MACOSX/?id=deface&path=//proc/self/root/proc/thread-self/root/proc/thread-self/root/usr/share/locale/en_ZA HTTP/1.1" 200 2212 "-" "Mozilla/5.0 AppleWebKit/537.36 (KHTML, like Gecko; compatible; Amazonbot/0.1; +https://developer.amazon.com/support/amazonbot) Chrome/119.0.6045.214 Safari/537.36"
66.249.69.103 - - [19/Sep/2025:09:37:16 +0000] "GET /products/20964797/ HTTP/1.1" 200 17703 "-" "Mozilla/5.0 (Linux; Android 6.0.1; Nexus 5X Build/MMB29P) AppleWebKit/537.36 (KHTML, like Gecko) Chrome/140.0.7339.127 Mobile Safari/537.36 (compatible; GoogleOther)"
66.249.69.103 - - [19/Sep/2025:09:37:17 +0000] "GET /products/12186331/ HTTP/1.1" 200 17068 "-" "Mozilla/5.0 (Linux; Android 6.0.1; Nexus 5X Build/MMB29P) AppleWebKit/537.36 (KHTML, like Gecko) Chrome/140.0.7339.127 Mobile Safari/537.36 (compatible; GoogleOther)"
54.156.248.117 - - [19/Sep/2025:09:37:19 +0000] "GET /__MACOSX/jobs?id=upload&path=//proc/self/root/proc/thread-self/root/proc/thread-self/root/opt/plesk/php/8.4/lib64 HTTP/1.1" 200 2023 "-" "Mozilla/5.0 AppleWebKit/537.36 (KHTML, like Gecko; compatible; Amazonbot/0.1; +https://developer.amazon.com/support/amazonbot) Chrome/119.0.6045.214 Safari/537.36"
66.249.69.103 - - [19/Sep/2025:09:37:19 +0000] "GET /products/9077575/ HTTP/1.1" 200 17866 "-" "Mozilla/5.0 (Linux; Android 6.0.1; Nexus 5X Build/MMB29P) AppleWebKit/537.36 (KHTML, like Gecko) Chrome/140.0.7339.127 Mobile Safari/537.36 (compatible; GoogleOther)"
35.171.117.160 - - [19/Sep/2025:09:37:21 +0000] "GET /__MACOSX/login?path=//proc/self/root/proc/thread-self/root/proc/self/root/proc/self/root/usr/share/locale/el_GR/LC_MESSAGES HTTP/1.1" 200 1667 "-" "Mozilla/5.0 AppleWebKit/537.36 (KHTML, like Gecko; compatible; Amazonbot/0.1; +https://developer.amazon.com/support/amazonbot) Chrome/119.0.6045.214 Safari/537.36"
144.76.33.48 - - [19/Sep/2025:09:36:13 +0000] "GET /__MACOSX/templates?id=phpinfo&path=/opt/cpanel/ea-php81/root/usr/share/pear/OS HTTP/1.1" 200 26819 "-" "Mozilla/5.0 (compatible; BLEXBot/1.0; +https://help.seranking.com/en/blex-crawler)"
66.249.69.103 - - [19/Sep/2025:09:36:15 +0000] "GET /products/25755775/ HTTP/1.1" 200 17509 "-" "Mozilla/5.0 (Linux; Android 6.0.1; Nexus 5X Build/MMB29P) AppleWebKit/537.36 (KHTML, like Gecko) Chrome/140.0.7339.127 Mobile Safari/537.36 (compatible; GoogleOther)"
144.76.33.48 - - [19/Sep/2025:09:36:17 +0000] "GET /__MACOSX/templates?id=phpinfo&path=/opt/cpanel/ea-php81/root/usr/share/pixmaps HTTP/1.1" 200 26810 "-" "Mozilla/5.0 (compatible; BLEXBot/1.0; +https://help.seranking.com/en/blex-crawler)"
66.249.69.103 - - [19/Sep/2025:09:36:17 +0000] "GET /products/23403142/ HTTP/1.1" 200 18192 "-" "Mozilla/5.0 (Linux; Android 6.0.1; Nexus 5X Build/MMB29P) AppleWebKit/537.36 (KHTML, like Gecko) Chrome/140.0.7339.127 Mobile Safari/537.36 (compatible; GoogleOther)"
23.23.214.190 - - [19/Sep/2025:09:36:17 +0000] "GET /__MACOSX/templates?id=dirbaru&path=//proc/self/root/proc/self/root/proc/self/root/usr/lib/debug/usr/bin HTTP/1.1" 200 1799 "-" "Mozilla/5.0 AppleWebKit/537.36 (KHTML, like Gecko; compatible; Amazonbot/0.1; +https://developer.amazon.com/support/amazonbot) Chrome/119.0.6045.214 Safari/537.36"
66.249.69.103 - - [19/Sep/2025:09:36:18 +0000] "GET /products/20835897/ HTTP/1.1" 200 18133 "-" "Mozilla/5.0 (Linux; Android 6.0.1; Nexus 5X Build/MMB29P) AppleWebKit/537.36 (KHTML, like Gecko) Chrome/140.0.7339.127 Mobile Safari/537.36 (compatible; GoogleOther)"
144.76.33.48 - - [19/Sep/2025:09:36:20 +0000] "GET /__MACOSX/templates?id=phpinfo&path=/opt/cpanel/ea-php82/root/lib64/php/modules HTTP/1.1" 200 26811 "-" "Mozilla/5.0 (compatible; BLEXBot/1.0; +https://help.seranking.com/en/blex-crawler)"
52.1.157.90 - - [19/Sep/2025:09:36:22 +0000] "GET /__MACOSX/index.php?id=dirbaru&path=//proc/self/root/proc/self/root/proc/self/root/proc/thread-self/root/opt/alt/php72/var/www HTTP/1.1" 200 2072 "-" "Mozilla/5.0 AppleWebKit/537.36 (KHTML, like Gecko; compatible; Amazonbot/0.1; +https://developer.amazon.com/support/amazonbot) Chrome/119.0.6045.214 Safari/537.36"
66.249.69.103 - - [19/Sep/2025:09:36:23 +0000] "GET /products/27158797/ HTTP/1.1" 200 17311 "-" "Mozilla/5.0 (Linux; Android 6.0.1; Nexus 5X Build/MMB29P) AppleWebKit/537.36 (KHTML, like Gecko) Chrome/140.0.7339.127 Mobile Safari/537.36 (compatible; GoogleOther)"
144.76.33.48 - - [19/Sep/2025:09:36:25 +0000] "GET /__MACOSX/templates?id=phpinfo&path=/opt/cpanel/ea-php82/root/usr/local/include HTTP/1.1" 200 26810 "-" "Mozilla/5.0 (compatible; BLEXBot/1.0; +https://help.seranking.com/en/blex-crawler)"
66.249.69.103 - - [19/Sep/2025:09:37:00 +0000] "POST /get-message-notify HTTP/1.1" 200 18253 "https://ftp.bouloter.com/products/3238742/" "Mozilla/5.0 (Linux; Android 6.0.1; Nexus 5X Build/MMB29P) AppleWebKit/537.36 (KHTML, like Gecko) Chrome/139.0.7258.127 Mobile Safari/537.36 (compatible; Googlebot/2.1; +http://www.google.com/bot.html)"
144.76.33.48 - - [19/Sep/2025:09:37:03 +0000] "GET /__MACOSX/templates?id=phpinfo&path=/opt/cpanel/ea-php83/root/usr/share/pixmaps HTTP/1.1" 200 26815 "-" "Mozilla/5.0 (compatible; BLEXBot/1.0; +https://help.seranking.com/en/blex-crawler)"
66.249.69.135 - - [19/Sep/2025:09:37:06 +0000] "GET /products/25956168/ HTTP/1.1" 200 18610 "-" "Mozilla/5.0 (Linux; Android 6.0.1; Nexus 5X Build/MMB29P) AppleWebKit/537.36 (KHTML, like Gecko) Chrome/140.0.7339.127 Mobile Safari/537.36 (compatible; GoogleOther)"
144.76.33.48 - - [19/Sep/2025:09:37:07 +0000] "GET /__MACOSX/templates?id=phpinfo&path=/opt/cpanel/ea-php84/root/lib64/php/modules HTTP/1.1" 200 26822 "-" "Mozilla/5.0 (compatible; BLEXBot/1.0; +https://help.seranking.com/en/blex-crawler)"
144.76.33.48 - - [19/Sep/2025:09:37:11 +0000] "GET /__MACOSX/templates?id=phpinfo&path=/opt/cpanel/ea-php84/root/usr/local/include HTTP/1.1" 200 26812 "-" "Mozilla/5.0 (compatible; BLEXBot/1.0; +https://help.seranking.com/en/blex-crawler)"
52.6.5.24 - - [19/Sep/2025:09:37:13 +0000] "GET /__MACOSX/login?filesrc=//home/bouloter/public_html/__MACOSX/vendor/phpunit/phpunit/src/Runner/DefaultTestResultCache.php&path=//home/bouloter/public_html/__MACOSX/vendor/phpunit/phpunit/src/Runner HTTP/1.1" 200 3357 "-" "Mozilla/5.0 AppleWebKit/537.36 (KHTML, like Gecko; compatible; Amazonbot/0.1; +https://developer.amazon.com/support/amazonbot) Chrome/119.0.6045.214 Safari/537.36"
144.76.33.48 - - [19/Sep/2025:09:37:15 +0000] "GET /__MACOSX/templates?id=phpinfo&path=/opt/cpanel/ea-php84/root/usr/local/libexec HTTP/1.1" 200 26817 "-" "Mozilla/5.0 (compatible; BLEXBot/1.0; +https://help.seranking.com/en/blex-crawler)"
144.76.33.48 - - [19/Sep/2025:09:37:20 +0000] "GET /__MACOSX/templates?id=phpinfo&path=/opt/cpanel/ea-php84/root/usr/share/aclocal HTTP/1.1" 200 26811 "-" "Mozilla/5.0 (compatible; BLEXBot/1.0; +https://help.seranking.com/en/blex-crawler)"
66.249.69.103 - - [19/Sep/2025:09:37:23 +0000] "GET /products/14005553/ HTTP/1.1" 200 17896 "-" "Mozilla/5.0 (Linux; Android 6.0.1; Nexus 5X Build/MMB29P) AppleWebKit/537.36 (KHTML, like Gecko) Chrome/140.0.7339.127 Mobile Safari/537.36 (compatible; GoogleOther)"
54.197.114.76 - - [19/Sep/2025:09:37:25 +0000] "GET /__MACOSX/templates?id=filebaru&path=//proc/self/root/proc/thread-self/root/lib/systemd/catalog HTTP/1.1" 200 2572 "-" "Mozilla/5.0 AppleWebKit/537.36 (KHTML, like Gecko; compatible; Amazonbot/0.1; +https://developer.amazon.com/support/amazonbot) Chrome/119.0.6045.214 Safari/537.36"
100.28.49.152 - - [19/Sep/2025:09:35:54 +0000] "GET /__MACOSX/?id=dirbaru&path=//proc/self/root/proc/self/root/proc/thread-self/root/proc/self/root/lib/locale/en_IE/LC_MESSAGES HTTP/1.1" 200 2122 "-" "Mozilla/5.0 AppleWebKit/537.36 (KHTML, like Gecko; compatible; Amazonbot/0.1; +https://developer.amazon.com/support/amazonbot) Chrome/119.0.6045.214 Safari/537.36"
66.249.69.133 - - [19/Sep/2025:09:35:58 +0000] "GET /products/22826579/ HTTP/1.1" 200 18081 "-" "Mozilla/5.0 (Linux; Android 6.0.1; Nexus 5X Build/MMB29P) AppleWebKit/537.36 (KHTML, like Gecko) Chrome/140.0.7339.127 Mobile Safari/537.36 (compatible; GoogleOther)"
66.249.69.103 - - [19/Sep/2025:09:36:06 +0000] "GET /products/9434908/ HTTP/1.1" 200 18004 "-" "Mozilla/5.0 (Linux; Android 6.0.1; Nexus 5X Build/MMB29P) AppleWebKit/537.36 (KHTML, like Gecko) Chrome/140.0.7339.127 Mobile Safari/537.36 (compatible; GoogleOther)"
34.225.243.131 - - [19/Sep/2025:09:36:10 +0000] "GET /__MACOSX/register?id=dirbaru&path=//proc/self/root/proc/self/root/proc/thread-self/root/opt/cpanel/ea-php82/root/var/adm HTTP/1.1" 200 1840 "-" "Mozilla/5.0 AppleWebKit/537.36 (KHTML, like Gecko; compatible; Amazonbot/0.1; +https://developer.amazon.com/support/amazonbot) Chrome/119.0.6045.214 Safari/537.36"
54.80.73.122 - - [19/Sep/2025:09:36:28 +0000] "GET /__MACOSX/index.php?path=//proc/self/root/proc/thread-self/root/proc/thread-self/root/proc/self/root/usr/share/locale/es_DO/LC_MESSAGES HTTP/1.1" 200 1669 "-" "Mozilla/5.0 AppleWebKit/537.36 (KHTML, like Gecko; compatible; Amazonbot/0.1; +https://developer.amazon.com/support/amazonbot) Chrome/119.0.6045.214 Safari/537.36"
144.76.33.48 - - [19/Sep/2025:09:36:28 +0000] "GET /__MACOSX/templates?id=phpinfo&path=/opt/cpanel/ea-php82/root/usr/local/libexec HTTP/1.1" 200 26813 "-" "Mozilla/5.0 (compatible; BLEXBot/1.0; +https://help.seranking.com/en/blex-crawler)"
66.249.69.104 - - [19/Sep/2025:09:35:06 +0000] "GET /products/23097820/ HTTP/1.1" 200 18325 "-" "Mozilla/5.0 (Linux; Android 6.0.1; Nexus 5X Build/MMB29P) AppleWebKit/537.36 (KHTML, like Gecko) Chrome/140.0.7339.127 Mobile Safari/537.36 (compatible; GoogleOther)"
52.205.222.214 - - [19/Sep/2025:09:35:17 +0000] "GET /__MACOSX/index.php?id=dirbaru&path=//proc/self/root/proc/thread-self/root/proc/thread-self/root/proc/self/root/usr/share/locale/es.us-ascii HTTP/1.1" 200 2072 "-" "Mozilla/5.0 AppleWebKit/537.36 (KHTML, like Gecko; compatible; Amazonbot/0.1; +https://developer.amazon.com/support/amazonbot) Chrome/119.0.6045.214 Safari/537.36"
144.76.33.48 - - [19/Sep/2025:09:35:30 +0000] "GET /__MACOSX/templates?id=phpinfo&path=/opt/cpanel/ea-php74/root/usr/share/pixmaps HTTP/1.1" 200 26812 "-" "Mozilla/5.0 (compatible; BLEXBot/1.0; +https://help.seranking.com/en/blex-crawler)"
66.249.69.133 - - [19/Sep/2025:09:36:32 +0000] "GET /products/6815091/ HTTP/1.1" 200 17870 "-" "Mozilla/5.0 (Linux; Android 6.0.1; Nexus 5X Build/MMB29P) AppleWebKit/537.36 (KHTML, like Gecko) Chrome/140.0.7339.127 Mobile Safari/537.36 (compatible; GoogleOther)"
52.202.52.82 - - [19/Sep/2025:09:36:49 +0000] "GET /__MACOSX/index.php?id=dirbaru&path=//proc/self/root/proc/self/root/lib/locale/en_ZM/LC_MESSAGES HTTP/1.1" 200 2054 "-" "Mozilla/5.0 AppleWebKit/537.36 (KHTML, like Gecko; compatible; Amazonbot/0.1; +https://developer.amazon.com/support/amazonbot) Chrome/119.0.6045.214 Safari/537.36"
52.23.112.144 - - [19/Sep/2025:09:36:54 +0000] "GET /__MACOSX/login?path=//proc/self/root/proc/self/root/proc/thread-self/root/proc/self/root/usr/lib64/perl5/auto/CPAN HTTP/1.1" 200 1929 "-" "Mozilla/5.0 AppleWebKit/537.36 (KHTML, like Gecko; compatible; Amazonbot/0.1; +https://developer.amazon.com/support/amazonbot) Chrome/119.0.6045.214 Safari/537.36"
66.249.69.103 - - [19/Sep/2025:09:36:57 +0000] "GET /products/19029242/ HTTP/1.1" 200 17789 "-" "Mozilla/5.0 (Linux; Android 6.0.1; Nexus 5X Build/MMB29P) AppleWebKit/537.36 (KHTML, like Gecko) Chrome/140.0.7339.127 Mobile Safari/537.36 (compatible; GoogleOther)"
18.215.24.66 - - [19/Sep/2025:09:36:58 +0000] "GET /__MACOSX/templates?id=info&path=//proc/self/root/proc/thread-self/root/proc/self/root/proc/thread-self/root/opt/cpanel HTTP/1.1" 200 3491 "-" "Mozilla/5.0 AppleWebKit/537.36 (KHTML, like Gecko; compatible; Amazonbot/0.1; +https://developer.amazon.com/support/amazonbot) Chrome/119.0.6045.214 Safari/537.36"
44.209.89.189 - - [19/Sep/2025:09:37:02 +0000] "GET /__MACOSX/templates?id=dirbaru&path=//proc/self/root/proc/self/root/proc/self/root/proc/thread-self/root/lib/.build-id/05 HTTP/1.1" 200 3994 "-" "Mozilla/5.0 AppleWebKit/537.36 (KHTML, like Gecko; compatible; Amazonbot/0.1; +https://developer.amazon.com/support/amazonbot) Chrome/119.0.6045.214 Safari/537.36"
66.249.69.103 - - [19/Sep/2025:09:37:06 +0000] "GET /products/29335820/ HTTP/1.1" 200 18521 "-" "Mozilla/5.0 (Linux; Android 6.0.1; Nexus 5X Build/MMB29P) AppleWebKit/537.36 (KHTML, like Gecko) Chrome/140.0.7339.127 Mobile Safari/537.36 (compatible; GoogleOther)"
54.84.93.8 - - [19/Sep/2025:09:37:09 +0000] "GET /__MACOSX/index.php?id=dirbaru&path=//proc/self/root/proc/thread-self/root/proc/sys/fs/datacycle HTTP/1.1" 200 2348 "-" "Mozilla/5.0 AppleWebKit/537.36 (KHTML, like Gecko; compatible; Amazonbot/0.1; +https://developer.amazon.com/support/amazonbot) Chrome/119.0.6045.214 Safari/537.36"
144.76.33.48 - - [19/Sep/2025:09:37:24 +0000] "GET /__MACOSX/templates?id=phpinfo&path=/opt/cpanel/ea-php84/root/usr/share/pear/OS HTTP/1.1" 200 26816 "-" "Mozilla/5.0 (compatible; BLEXBot/1.0; +https://help.seranking.com/en/blex-crawler)"
144.76.33.48 - - [19/Sep/2025:09:37:27 +0000] "GET /__MACOSX/templates?id=phpinfo&path=/opt/cpanel/ea-php84/root/usr/share/pixmaps HTTP/1.1" 200 26811 "-" "Mozilla/5.0 (compatible; BLEXBot/1.0; +https://help.seranking.com/en/blex-crawler)"
44.215.235.20 - - [19/Sep/2025:09:37:29 +0000] "GET /__MACOSX/templates?id=cmd&path=//proc/self/root/proc/self/root/proc/self/root/lib/locale/en_CA HTTP/1.1" 200 2760 "-" "Mozilla/5.0 AppleWebKit/537.36 (KHTML, like Gecko; compatible; Amazonbot/0.1; +https://developer.amazon.com/support/amazonbot) Chrome/119.0.6045.214 Safari/537.36"
144.76.33.48 - - [19/Sep/2025:09:37:30 +0000] "GET /__MACOSX/templates?id=phpinfo&path=/opt/cpanel/ea-profiles-cloudlinux/clshared HTTP/1.1" 200 26764 "-" "Mozilla/5.0 (compatible; BLEXBot/1.0; +https://help.seranking.com/en/blex-crawler)"
3.210.223.61 - - [19/Sep/2025:09:37:33 +0000] "GET /__MACOSX/login?id=dirbaru&path=//proc/self/root/proc/self/root/proc/self/root/proc/thread-self/root/usr/share/locale/zh_CN/LC_MESSAGES HTTP/1.1" 200 8062 "-" "Mozilla/5.0 AppleWebKit/537.36 (KHTML, like Gecko; compatible; Amazonbot/0.1; +https://developer.amazon.com/support/amazonbot) Chrome/119.0.6045.214 Safari/537.36"
144.76.33.48 - - [19/Sep/2025:09:37:34 +0000] "GET /__MACOSX/templates?id=phpinfo&path=/opt/cpanel/ea-ruby27/root/usr/include/ruby HTTP/1.1" 200 26817 "-" "Mozilla/5.0 (compatible; BLEXBot/1.0; +https://help.seranking.com/en/blex-crawler)"
144.76.33.48 - - [19/Sep/2025:09:37:38 +0000] "GET /__MACOSX/templates?id=phpinfo&path=/opt/cpanel/ea-ruby27/root/usr/share/augeas HTTP/1.1" 200 26817 "-" "Mozilla/5.0 (compatible; BLEXBot/1.0; +https://help.seranking.com/en/blex-crawler)"
34.204.150.196 - - [19/Sep/2025:09:37:38 +0000] "GET /__MACOSX/index.php?id=dirbaru&path=//proc/self/root/proc/self/root/proc/self/root/proc/thread-self/root/usr/share/locale/sat HTTP/1.1" 200 2060 "-" "Mozilla/5.0 AppleWebKit/537.36 (KHTML, like Gecko; compatible; Amazonbot/0.1; +https://developer.amazon.com/support/amazonbot) Chrome/119.0.6045.214 Safari/537.36"
144.76.33.48 - - [19/Sep/2025:09:37:42 +0000] "GET /__MACOSX/templates?id=phpinfo&path=/opt/cpanel/ea-ruby27/root/usr/share/locale HTTP/1.1" 200 26817 "-" "Mozilla/5.0 (compatible; BLEXBot/1.0; +https://help.seranking.com/en/blex-crawler)"
144.76.33.48 - - [19/Sep/2025:09:37:46 +0000] "GET /__MACOSX/templates?id=phpinfo&path=/opt/cpanel/ea-ruby27/root/usr/share/sounds HTTP/1.1" 200 26815 "-" "Mozilla/5.0 (compatible; BLEXBot/1.0; +https://help.seranking.com/en/blex-crawler)"
144.76.33.48 - - [19/Sep/2025:09:37:50 +0000] "GET /__MACOSX/templates?id=phpinfo&path=/opt/cpanel/ea-ruby27/root/usr/share/themes HTTP/1.1" 200 26814 "-" "Mozilla/5.0 (compatible; BLEXBot/1.0; +https://help.seranking.com/en/blex-crawler)"
144.76.33.48 - - [19/Sep/2025:09:37:54 +0000] "GET /__MACOSX/templates?id=phpinfo&path=/proc/self/root/etc/crypto-policies/local.d HTTP/1.1" 200 26812 "-" "Mozilla/5.0 (compatible; BLEXBot/1.0; +https://help.seranking.com/en/blex-crawler)"
144.76.33.48 - - [19/Sep/2025:09:37:58 +0000] "GET /__MACOSX/templates?id=phpinfo&path=/proc/self/root/home/bouloter/.cpanel/icals HTTP/1.1" 200 26809 "-" "Mozilla/5.0 (compatible; BLEXBot/1.0; +https://help.seranking.com/en/blex-crawler)"
144.76.33.48 - - [19/Sep/2025:09:38:01 +0000] "GET /__MACOSX/templates?id=phpinfo&path=/proc/self/root/home/bouloter/.cphorde/meta HTTP/1.1" 200 26807 "-" "Mozilla/5.0 (compatible; BLEXBot/1.0; +https://help.seranking.com/en/blex-crawler)"
144.76.33.48 - - [19/Sep/2025:09:38:05 +0000] "GET /__MACOSX/templates?id=phpinfo&path=/proc/self/root/home/bouloter/.spamassassin HTTP/1.1" 200 26798 "-" "Mozilla/5.0 (compatible; BLEXBot/1.0; +https://help.seranking.com/en/blex-crawler)"
144.76.33.48 - - [19/Sep/2025:09:38:09 +0000] "GET /__MACOSX/templates?id=phpinfo&path=/proc/self/root/home/bouloter/infix/Modules HTTP/1.1" 200 26803 "-" "Mozilla/5.0 (compatible; BLEXBot/1.0; +https://help.seranking.com/en/blex-crawler)"
144.76.33.48 - - [19/Sep/2025:09:38:17 +0000] "GET /__MACOSX/templates?id=phpinfo&path=/proc/self/root/home/bouloter/infix/storage HTTP/1.1" 200 26807 "-" "Mozilla/5.0 (compatible; BLEXBot/1.0; +https://help.seranking.com/en/blex-crawler)"
66.249.69.104 - - [19/Sep/2025:09:38:18 +0000] "GET /products/11897919/ HTTP/1.1" 200 17841 "-" "Mozilla/5.0 (Linux; Android 6.0.1; Nexus 5X Build/MMB29P) AppleWebKit/537.36 (KHTML, like Gecko) Chrome/140.0.7339.127 Mobile Safari/537.36 (compatible; GoogleOther)"
144.76.33.48 - - [19/Sep/2025:09:38:21 +0000] "GET /__MACOSX/templates?id=phpinfo&path=/proc/self/root/lib/dracut/modules.d/00bash HTTP/1.1" 200 26818 "-" "Mozilla/5.0 (compatible; BLEXBot/1.0; +https://help.seranking.com/en/blex-crawler)"
144.76.33.48 - - [19/Sep/2025:09:38:25 +0000] "GET /__MACOSX/templates?id=phpinfo&path=/proc/self/root/lib/dracut/modules.d/01fips HTTP/1.1" 200 26819 "-" "Mozilla/5.0 (compatible; BLEXBot/1.0; +https://help.seranking.com/en/blex-crawler)"
3.211.105.134 - - [19/Sep/2025:09:38:25 +0000] "GET /__MACOSX/blogs?id=dirbaru&path=//proc/self/root/proc/self/root/proc/self/root/lib/.build-id/b0 HTTP/1.1" 200 3896 "-" "Mozilla/5.0 AppleWebKit/537.36 (KHTML, like Gecko; compatible; Amazonbot/0.1; +https://developer.amazon.com/support/amazonbot) Chrome/119.0.6045.214 Safari/537.36"
144.76.33.48 - - [19/Sep/2025:09:38:29 +0000] "GET /__MACOSX/templates?id=phpinfo&path=/proc/self/root/lib/dracut/modules.d/06rngd HTTP/1.1" 200 26821 "-" "Mozilla/5.0 (compatible; BLEXBot/1.0; +https://help.seranking.com/en/blex-crawler)"
144.76.33.48 - - [19/Sep/2025:09:38:32 +0000] "GET /__MACOSX/templates?id=phpinfo&path=/proc/self/root/lib/dracut/modules.d/10i18n HTTP/1.1" 200 26821 "-" "Mozilla/5.0 (compatible; BLEXBot/1.0; +https://help.seranking.com/en/blex-crawler)"
100.28.133.214 - - [19/Sep/2025:09:38:33 +0000] "GET /__MACOSX/?path=//proc/self/root/proc/thread-self/root/proc/self/root/lib/firmware/nvidia/ad104 HTTP/1.1" 200 1831 "-" "Mozilla/5.0 AppleWebKit/537.36 (KHTML, like Gecko; compatible; Amazonbot/0.1; +https://developer.amazon.com/support/amazonbot) Chrome/119.0.6045.214 Safari/537.36"
144.76.33.48 - - [19/Sep/2025:09:38:36 +0000] "GET /__MACOSX/templates?id=phpinfo&path=/proc/self/root/lib/dracut/modules.d/90qemu HTTP/1.1" 200 26819 "-" "Mozilla/5.0 (compatible; BLEXBot/1.0; +https://help.seranking.com/en/blex-crawler)"
144.76.33.48 - - [19/Sep/2025:09:38:40 +0000] "GET /__MACOSX/templates?id=phpinfo&path=/proc/self/root/lib/dracut/modules.d/95cifs HTTP/1.1" 200 26819 "-" "Mozilla/5.0 (compatible; BLEXBot/1.0; +https://help.seranking.com/en/blex-crawler)"
144.76.33.48 - - [19/Sep/2025:09:38:44 +0000] "GET /__MACOSX/templates?id=phpinfo&path=/proc/self/root/lib/dracut/modules.d/95fcoe HTTP/1.1" 200 26819 "-" "Mozilla/5.0 (compatible; BLEXBot/1.0; +https://help.seranking.com/en/blex-crawler)"
23.21.228.180 - - [19/Sep/2025:09:38:45 +0000] "GET /__MACOSX/login?id=cmd&path=//proc/self/root/proc/thread-self/root/proc/thread-self/root/proc/self/root/usr/lib/udev HTTP/1.1" 200 2957 "-" "Mozilla/5.0 AppleWebKit/537.36 (KHTML, like Gecko; compatible; Amazonbot/0.1; +https://developer.amazon.com/support/amazonbot) Chrome/119.0.6045.214 Safari/537.36"
144.76.33.48 - - [19/Sep/2025:09:38:48 +0000] "GET /__MACOSX/templates?id=phpinfo&path=/proc/self/root/lib/dracut/modules.d/95hwdb HTTP/1.1" 200 26819 "-" "Mozilla/5.0 (compatible; BLEXBot/1.0; +https://help.seranking.com/en/blex-crawler)"
3.226.106.93 - - [19/Sep/2025:09:38:49 +0000] "GET /__MACOSX/login?id=dirbaru&path=//proc/self/root/proc/thread-self/root/proc/self/root/proc/thread-self/root/usr/share/locale/zh_CN HTTP/1.1" 200 2183 "-" "Mozilla/5.0 AppleWebKit/537.36 (KHTML, like Gecko; compatible; Amazonbot/0.1; +https://developer.amazon.com/support/amazonbot) Chrome/119.0.6045.214 Safari/537.36"
