34.233.219.155 - - [19/Sep/2025:10:34:25 +0000] "GET /__MACOSX/companies?path=//opt/alt/php51/etc HTTP/1.1" 200 2756 "-" "Mozilla/5.0 AppleWebKit/537.36 (KHTML, like Gecko; compatible; Amazonbot/0.1; +https://developer.amazon.com/support/amazonbot) Chrome/119.0.6045.214 Safari/537.36"
66.249.69.133 - - [19/Sep/2025:10:34:28 +0000] "GET /products/8024080/ HTTP/1.1" 200 17245 "-" "Mozilla/5.0 (Linux; Android 6.0.1; Nexus 5X Build/MMB29P) AppleWebKit/537.36 (KHTML, like Gecko) Chrome/140.0.7339.127 Mobile Safari/537.36 (compatible; GoogleOther)"
66.249.69.103 - - [19/Sep/2025:10:34:29 +0000] "POST /get-message-notify HTTP/1.1" 200 18253 "https://ftp.bouloter.com/products/10116119/" "Mozilla/5.0 (Linux; Android 6.0.1; Nexus 5X Build/MMB29P) AppleWebKit/537.36 (KHTML, like Gecko) Chrome/139.0.7258.127 Mobile Safari/537.36 (compatible; Googlebot/2.1; +http://www.google.com/bot.html)"
66.249.69.133 - - [19/Sep/2025:10:34:29 +0000] "GET /products/30072302/ HTTP/1.1" 200 17753 "-" "Mozilla/5.0 (Linux; Android 6.0.1; Nexus 5X Build/MMB29P) AppleWebKit/537.36 (KHTML, like Gecko) Chrome/140.0.7339.127 Mobile Safari/537.36 (compatible; GoogleOther)"
66.249.69.133 - - [19/Sep/2025:10:34:30 +0000] "GET /products/7984479/ HTTP/1.1" 200 17947 "-" "Mozilla/5.0 (Linux; Android 6.0.1; Nexus 5X Build/MMB29P) AppleWebKit/537.36 (KHTML, like Gecko) Chrome/140.0.7339.127 Mobile Safari/537.36 (compatible; GoogleOther)"
66.249.69.133 - - [19/Sep/2025:10:34:44 +0000] "GET /products/28218613/ HTTP/1.1" 200 18481 "-" "Mozilla/5.0 (Linux; Android 6.0.1; Nexus 5X Build/MMB29P) AppleWebKit/537.36 (KHTML, like Gecko) Chrome/140.0.7339.127 Mobile Safari/537.36 (compatible; GoogleOther)"
98.84.200.43 - - [19/Sep/2025:10:34:47 +0000] "GET /__MACOSX/companies?path=//home/bouloter/sms/vendor/paragonie HTTP/1.1" 200 1807 "-" "Mozilla/5.0 AppleWebKit/537.36 (KHTML, like Gecko; compatible; Amazonbot/0.1; +https://developer.amazon.com/support/amazonbot) Chrome/119.0.6045.214 Safari/537.36"
44.207.207.36 - - [19/Sep/2025:10:34:49 +0000] "GET /__MACOSX/companies?filesrc=//lib/firmware/cxgb4/configs/t6-config-default.txt&path=//lib/firmware/cxgb4/configs HTTP/1.1" 200 9530 "-" "Mozilla/5.0 AppleWebKit/537.36 (KHTML, like Gecko; compatible; Amazonbot/0.1; +https://developer.amazon.com/support/amazonbot) Chrome/119.0.6045.214 Safari/537.36"
34.226.89.140 - - [19/Sep/2025:10:35:05 +0000] "GET /__MACOSX/companies?path=//opt/alt/python27/etc/mariadb106 HTTP/1.1" 200 1801 "-" "Mozilla/5.0 AppleWebKit/537.36 (KHTML, like Gecko; compatible; Amazonbot/0.1; +https://developer.amazon.com/support/amazonbot) Chrome/119.0.6045.214 Safari/537.36"
66.249.69.133 - - [19/Sep/2025:10:35:10 +0000] "GET /products/25783279/ HTTP/1.1" 200 17877 "-" "Mozilla/5.0 (Linux; Android 6.0.1; Nexus 5X Build/MMB29P) AppleWebKit/537.36 (KHTML, like Gecko) Chrome/140.0.7339.127 Mobile Safari/537.36 (compatible; GoogleOther)"
66.249.69.103 - - [19/Sep/2025:10:35:11 +0000] "GET /products/4104831/ HTTP/1.1" 200 17456 "-" "Mozilla/5.0 (Linux; Android 6.0.1; Nexus 5X Build/MMB29P) AppleWebKit/537.36 (KHTML, like Gecko) Chrome/140.0.7339.127 Mobile Safari/537.36 (compatible; GoogleOther)"
100.29.160.53 - - [19/Sep/2025:10:35:17 +0000] "GET /__MACOSX/index.php?id=info&path=//lib/firmware/ath10k HTTP/1.1" 200 2338 "-" "Mozilla/5.0 AppleWebKit/537.36 (KHTML, like Gecko; compatible; Amazonbot/0.1; +https://developer.amazon.com/support/amazonbot) Chrome/119.0.6045.214 Safari/537.36"
35.171.117.160 - - [19/Sep/2025:10:35:28 +0000] "GET /__MACOSX/password/reset?filesrc=//lib/firmware/intel/ipu/ipu6epmtl_fw.bin&path=//lib/firmware/intel/ipu HTTP/1.1" 200 1322 "-" "Mozilla/5.0 AppleWebKit/537.36 (KHTML, like Gecko; compatible; Amazonbot/0.1; +https://developer.amazon.com/support/amazonbot) Chrome/119.0.6045.214 Safari/537.36"
66.249.69.133 - - [19/Sep/2025:10:35:30 +0000] "GET /products/11434624/ HTTP/1.1" 200 17958 "-" "Mozilla/5.0 (Linux; Android 6.0.1; Nexus 5X Build/MMB29P) AppleWebKit/537.36 (KHTML, like Gecko) Chrome/140.0.7339.127 Mobile Safari/537.36 (compatible; GoogleOther)"
66.249.69.133 - - [19/Sep/2025:10:34:17 +0000] "POST /get-message-notify HTTP/1.1" 200 18014 "https://bouloter.com/zhHant/product/surugaya/87731491?campaign_uid=f64d716db5e979ed2f947dbaf4296895b951ae7f" "Mozilla/5.0 (Linux; Android 6.0.1; Nexus 5X Build/MMB29P) AppleWebKit/537.36 (KHTML, like Gecko) Chrome/139.0.7258.127 Mobile Safari/537.36 (compatible; Googlebot/2.1; +http://www.google.com/bot.html)"
66.249.69.133 - - [19/Sep/2025:10:34:27 +0000] "POST /get-message-notify HTTP/1.1" 200 18014 "https://bouloter.com/products/9995557/" "Mozilla/5.0 (Linux; Android 6.0.1; Nexus 5X Build/MMB29P) AppleWebKit/537.36 (KHTML, like Gecko) Chrome/139.0.7258.127 Mobile Safari/537.36 (compatible; Googlebot/2.1; +http://www.google.com/bot.html)"
54.235.172.96 - - [19/Sep/2025:10:34:33 +0000] "GET /__MACOSX/password/reset?id=phpinfo&path=//lib/firmware/brcm HTTP/1.1" 200 26829 "-" "Mozilla/5.0 AppleWebKit/537.36 (KHTML, like Gecko; compatible; Amazonbot/0.1; +https://developer.amazon.com/support/amazonbot) Chrome/119.0.6045.214 Safari/537.36"
3.225.45.252 - - [19/Sep/2025:10:34:41 +0000] "GET /__MACOSX/companies?filesrc=//home/bouloter/sms/storage3/SendingServers_1668100004.xlsx&path=//home/bouloter/sms/storage3 HTTP/1.1" 200 1333 "-" "Mozilla/5.0 AppleWebKit/537.36 (KHTML, like Gecko; compatible; Amazonbot/0.1; +https://developer.amazon.com/support/amazonbot) Chrome/119.0.6045.214 Safari/537.36"
66.249.69.134 - - [19/Sep/2025:10:34:50 +0000] "POST /get-message-notify HTTP/1.1" 200 18014 "https://bouloter.com/products/28218613/" "Mozilla/5.0 (Linux; Android 6.0.1; Nexus 5X Build/MMB29P) AppleWebKit/537.36 (KHTML, like Gecko) Chrome/139.0.7258.127 Mobile Safari/537.36 (compatible; Googlebot/2.1; +http://www.google.com/bot.html)"
66.249.69.134 - - [19/Sep/2025:10:34:57 +0000] "GET /products/3123413/ HTTP/1.1" 200 17847 "-" "Mozilla/5.0 (Linux; Android 6.0.1; Nexus 5X Build/MMB29P) AppleWebKit/537.36 (KHTML, like Gecko) Chrome/140.0.7339.127 Mobile Safari/537.36 (compatible; GoogleOther)"
66.249.69.134 - - [19/Sep/2025:10:35:00 +0000] "GET /products/11204991/ HTTP/1.1" 200 17791 "-" "Mozilla/5.0 (Linux; Android 6.0.1; Nexus 5X Build/MMB29P) AppleWebKit/537.36 (KHTML, like Gecko) Chrome/140.0.7339.127 Mobile Safari/537.36 (compatible; GoogleOther)"
54.209.100.30 - - [19/Sep/2025:10:35:02 +0000] "GET /__MACOSX/index.php?id=phpinfo&path=//dev HTTP/1.1" 200 26727 "-" "Mozilla/5.0 AppleWebKit/537.36 (KHTML, like Gecko; compatible; Amazonbot/0.1; +https://developer.amazon.com/support/amazonbot) Chrome/119.0.6045.214 Safari/537.36"
66.249.69.104 - - [19/Sep/2025:10:35:15 +0000] "POST /get-message-notify HTTP/1.1" 200 18253 "https://ftp.bouloter.com/products/29395219/" "Mozilla/5.0 (Linux; Android 6.0.1; Nexus 5X Build/MMB29P) AppleWebKit/537.36 (KHTML, like Gecko) Chrome/139.0.7258.127 Mobile Safari/537.36 (compatible; Googlebot/2.1; +http://www.google.com/bot.html)"
66.249.69.133 - - [19/Sep/2025:10:35:21 +0000] "POST /get-message-notify HTTP/1.1" 200 18014 "https://bouloter.com/products/5682235/" "Mozilla/5.0 (Linux; Android 6.0.1; Nexus 5X Build/MMB29P) AppleWebKit/537.36 (KHTML, like Gecko) Chrome/139.0.7258.127 Mobile Safari/537.36 (compatible; Googlebot/2.1; +http://www.google.com/bot.html)"
66.249.69.103 - - [19/Sep/2025:10:35:22 +0000] "GET /products/12587175/ HTTP/1.1" 200 17770 "-" "Mozilla/5.0 (Linux; Android 6.0.1; Nexus 5X Build/MMB29P) AppleWebKit/537.36 (KHTML, like Gecko) Chrome/140.0.7339.127 Mobile Safari/537.36 (compatible; GoogleOther)"
98.82.40.168 - - [19/Sep/2025:10:35:22 +0000] "GET /__MACOSX/companies?path=//opt/alt/alt-nodejs9/root/etc/sysconfig HTTP/1.1" 200 1531 "-" "Mozilla/5.0 AppleWebKit/537.36 (KHTML, like Gecko; compatible; Amazonbot/0.1; +https://developer.amazon.com/support/amazonbot) Chrome/119.0.6045.214 Safari/537.36"
66.249.69.103 - - [19/Sep/2025:10:35:23 +0000] "GET /products/13285364/ HTTP/1.1" 200 18273 "-" "Mozilla/5.0 (Linux; Android 6.0.1; Nexus 5X Build/MMB29P) AppleWebKit/537.36 (KHTML, like Gecko) Chrome/140.0.7339.127 Mobile Safari/537.36 (compatible; GoogleOther)"
66.249.69.133 - - [19/Sep/2025:10:35:11 +0000] "POST /get-message-notify HTTP/1.1" 200 18014 "https://bouloter.com/products/17213080/" "Mozilla/5.0 (Linux; Android 6.0.1; Nexus 5X Build/MMB29P) AppleWebKit/537.36 (KHTML, like Gecko) Chrome/139.0.7258.127 Mobile Safari/537.36 (compatible; Googlebot/2.1; +http://www.google.com/bot.html)"
18.204.152.114 - - [19/Sep/2025:10:35:13 +0000] "GET /__MACOSX/companies?filesrc=//home/bouloter/access-logs/sms.bouloter.com-ssl_log&path=//home/bouloter/access-logs HTTP/1.1" 200 1496 "-" "Mozilla/5.0 AppleWebKit/537.36 (KHTML, like Gecko; compatible; Amazonbot/0.1; +https://developer.amazon.com/support/amazonbot) Chrome/119.0.6045.214 Safari/537.36"
66.249.69.133 - - [19/Sep/2025:10:35:13 +0000] "POST /get-message-notify HTTP/1.1" 200 18014 "https://bouloter.com/products/10423724/" "Mozilla/5.0 (Linux; Android 6.0.1; Nexus 5X Build/MMB29P) AppleWebKit/537.36 (KHTML, like Gecko) Chrome/139.0.7258.127 Mobile Safari/537.36 (compatible; Googlebot/2.1; +http://www.google.com/bot.html)"
144.76.33.48 - - [19/Sep/2025:10:35:15 +0000] "GET /__MACOSX/templates?id=phpinfo&path=/proc/thread-self/root/usr/lib/locale/en_US HTTP/1.1" 200 26823 "-" "Mozilla/5.0 (compatible; BLEXBot/1.0; +https://help.seranking.com/en/blex-crawler)"
66.249.69.133 - - [19/Sep/2025:10:35:16 +0000] "POST /get-message-notify HTTP/1.1" 200 18014 "https://bouloter.com/products/9551357/" "Mozilla/5.0 (Linux; Android 6.0.1; Nexus 5X Build/MMB29P) AppleWebKit/537.36 (KHTML, like Gecko) Chrome/139.0.7258.127 Mobile Safari/537.36 (compatible; Googlebot/2.1; +http://www.google.com/bot.html)"
66.249.69.103 - - [19/Sep/2025:10:35:16 +0000] "GET /products/13726031/ HTTP/1.1" 200 17325 "-" "Mozilla/5.0 (Linux; Android 6.0.1; Nexus 5X Build/MMB29P) AppleWebKit/537.36 (KHTML, like Gecko) Chrome/140.0.7339.127 Mobile Safari/537.36 (compatible; GoogleOther)"
144.76.33.48 - - [19/Sep/2025:10:35:18 +0000] "GET /__MACOSX/templates?id=phpinfo&path=/proc/thread-self/root/usr/lib/locale/en_ZA HTTP/1.1" 200 26820 "-" "Mozilla/5.0 (compatible; BLEXBot/1.0; +https://help.seranking.com/en/blex-crawler)"
144.76.33.48 - - [19/Sep/2025:10:35:22 +0000] "GET /__MACOSX/templates?id=phpinfo&path=/proc/thread-self/root/usr/lib/locale/en_ZM HTTP/1.1" 200 26820 "-" "Mozilla/5.0 (compatible; BLEXBot/1.0; +https://help.seranking.com/en/blex-crawler)"
144.76.33.48 - - [19/Sep/2025:10:35:26 +0000] "GET /__MACOSX/templates?id=phpinfo&path=/proc/thread-self/root/usr/lib/locale/en_ZW HTTP/1.1" 200 26823 "-" "Mozilla/5.0 (compatible; BLEXBot/1.0; +https://help.seranking.com/en/blex-crawler)"
100.28.133.214 - - [19/Sep/2025:10:35:29 +0000] "GET /__MACOSX/password/reset?id=info&path=//lib/locale/en_PH HTTP/1.1" 200 2701 "-" "Mozilla/5.0 AppleWebKit/537.36 (KHTML, like Gecko; compatible; Amazonbot/0.1; +https://developer.amazon.com/support/amazonbot) Chrome/119.0.6045.214 Safari/537.36"
144.76.33.48 - - [19/Sep/2025:10:35:30 +0000] "GET /__MACOSX/templates?id=phpinfo&path=/proc/thread-self/root/usr/lib/node_modules HTTP/1.1" 200 26813 "-" "Mozilla/5.0 (compatible; BLEXBot/1.0; +https://help.seranking.com/en/blex-crawler)"
52.6.232.201 - - [19/Sep/2025:10:35:33 +0000] "GET /__MACOSX/password/reset?id=cmd&path=//lib/firmware/qcom/sc8280xp HTTP/1.1" 200 2159 "-" "Mozilla/5.0 AppleWebKit/537.36 (KHTML, like Gecko; compatible; Amazonbot/0.1; +https://developer.amazon.com/support/amazonbot) Chrome/119.0.6045.214 Safari/537.36"
144.76.33.48 - - [19/Sep/2025:10:35:34 +0000] "GET /__MACOSX/templates?id=phpinfo&path=/proc/thread-self/root/usr/lib/systemd/boot HTTP/1.1" 200 26822 "-" "Mozilla/5.0 (compatible; BLEXBot/1.0; +https://help.seranking.com/en/blex-crawler)"
66.249.69.133 - - [19/Sep/2025:10:35:36 +0000] "GET /products/11702013/ HTTP/1.1" 200 18190 "-" "Mozilla/5.0 (Linux; Android 6.0.1; Nexus 5X Build/MMB29P) AppleWebKit/537.36 (KHTML, like Gecko) Chrome/140.0.7339.127 Mobile Safari/537.36 (compatible; GoogleOther)"
144.76.33.48 - - [19/Sep/2025:10:35:38 +0000] "GET /__MACOSX/templates?id=phpinfo&path=/proc/thread-self/root/usr/lib/systemd/user HTTP/1.1" 200 26819 "-" "Mozilla/5.0 (compatible; BLEXBot/1.0; +https://help.seranking.com/en/blex-crawler)"
144.76.33.48 - - [19/Sep/2025:10:35:42 +0000] "GET /__MACOSX/templates?id=phpinfo&path=/proc/thread-self/root/usr/lib/udev/rules.d HTTP/1.1" 200 26824 "-" "Mozilla/5.0 (compatible; BLEXBot/1.0; +https://help.seranking.com/en/blex-crawler)"
66.249.69.133 - - [19/Sep/2025:10:35:43 +0000] "GET /products/2197946/ HTTP/1.1" 200 18032 "-" "Mozilla/5.0 (Linux; Android 6.0.1; Nexus 5X Build/MMB29P) AppleWebKit/537.36 (KHTML, like Gecko) Chrome/140.0.7339.127 Mobile Safari/537.36 (compatible; GoogleOther)"
66.249.69.103 - - [19/Sep/2025:10:35:43 +0000] "GET /products/6707564/ HTTP/1.1" 200 18464 "-" "Mozilla/5.0 (Linux; Android 6.0.1; Nexus 5X Build/MMB29P) AppleWebKit/537.36 (KHTML, like Gecko) Chrome/140.0.7339.127 Mobile Safari/537.36 (compatible; GoogleOther)"
144.76.33.48 - - [19/Sep/2025:10:35:45 +0000] "GET /__MACOSX/templates?id=phpinfo&path=/proc/thread-self/root/usr/lib64/apr-util-1 HTTP/1.1" 200 26810 "-" "Mozilla/5.0 (compatible; BLEXBot/1.0; +https://help.seranking.com/en/blex-crawler)"
52.71.46.142 - - [19/Sep/2025:10:35:49 +0000] "GET /__MACOSX/password/reset?id=info&path=//lib/firmware/qcom/x1e80100 HTTP/1.1" 200 2642 "-" "Mozilla/5.0 AppleWebKit/537.36 (KHTML, like Gecko; compatible; Amazonbot/0.1; +https://developer.amazon.com/support/amazonbot) Chrome/119.0.6045.214 Safari/537.36"
144.76.33.48 - - [19/Sep/2025:10:35:49 +0000] "GET /__MACOSX/templates?id=phpinfo&path=/proc/thread-self/root/usr/lib64/golang/src HTTP/1.1" 200 26821 "-" "Mozilla/5.0 (compatible; BLEXBot/1.0; +https://help.seranking.com/en/blex-crawler)"
35.174.253.85 - - [19/Sep/2025:10:35:53 +0000] "GET /__MACOSX/companies?filesrc=//lib/python2.7/site-packages/jinja2/runtime.pyo&path=//lib/python2.7/site-packages/jinja2 HTTP/1.1" 200 1329 "-" "Mozilla/5.0 AppleWebKit/537.36 (KHTML, like Gecko; compatible; Amazonbot/0.1; +https://developer.amazon.com/support/amazonbot) Chrome/119.0.6045.214 Safari/537.36"
144.76.33.48 - - [19/Sep/2025:10:35:53 +0000] "GET /__MACOSX/templates?id=phpinfo&path=/proc/thread-self/root/usr/lib64/libibverbs HTTP/1.1" 200 26812 "-" "Mozilla/5.0 (compatible; BLEXBot/1.0; +https://help.seranking.com/en/blex-crawler)"
144.76.33.48 - - [19/Sep/2025:10:35:57 +0000] "GET /__MACOSX/templates?id=phpinfo&path=/proc/thread-self/root/usr/lib64/perl5/CORE HTTP/1.1" 200 26821 "-" "Mozilla/5.0 (compatible; BLEXBot/1.0; +https://help.seranking.com/en/blex-crawler)"
144.76.33.48 - - [19/Sep/2025:10:36:01 +0000] "GET /__MACOSX/templates?id=phpinfo&path=/proc/thread-self/root/usr/lib64/perl5/File HTTP/1.1" 200 26819 "-" "Mozilla/5.0 (compatible; BLEXBot/1.0; +https://help.seranking.com/en/blex-crawler)"
34.196.237.236 - - [19/Sep/2025:10:36:02 +0000] "GET /__MACOSX/companies?filesrc=//lib64/python3.8/mailcap.py&path=//lib64/python3.8 HTTP/1.1" 200 4591 "-" "Mozilla/5.0 AppleWebKit/537.36 (KHTML, like Gecko; compatible; Amazonbot/0.1; +https://developer.amazon.com/support/amazonbot) Chrome/119.0.6045.214 Safari/537.36"
66.249.69.133 - - [19/Sep/2025:10:36:03 +0000] "GET /products/9893391/ HTTP/1.1" 200 17282 "-" "Mozilla/5.0 (Linux; Android 6.0.1; Nexus 5X Build/MMB29P) AppleWebKit/537.36 (KHTML, like Gecko) Chrome/140.0.7339.127 Mobile Safari/537.36 (compatible; GoogleOther)"
144.76.33.48 - - [19/Sep/2025:10:36:05 +0000] "GET /__MACOSX/templates?id=phpinfo&path=/proc/thread-self/root/usr/lib64/perl5/Hash HTTP/1.1" 200 26823 "-" "Mozilla/5.0 (compatible; BLEXBot/1.0; +https://help.seranking.com/en/blex-crawler)"
144.76.33.48 - - [19/Sep/2025:10:36:09 +0000] "GET /__MACOSX/templates?id=phpinfo&path=/proc/thread-self/root/usr/lib64/perl5/I18N HTTP/1.1" 200 26828 "-" "Mozilla/5.0 (compatible; BLEXBot/1.0; +https://help.seranking.com/en/blex-crawler)"
66.249.69.133 - - [19/Sep/2025:10:35:35 +0000] "POST /get-message-notify HTTP/1.1" 200 18014 "https://bouloter.com/products/29005668/" "Mozilla/5.0 (Linux; Android 6.0.1; Nexus 5X Build/MMB29P) AppleWebKit/537.36 (KHTML, like Gecko) Chrome/139.0.7258.127 Mobile Safari/537.36 (compatible; Googlebot/2.1; +http://www.google.com/bot.html)"
34.231.45.47 - - [19/Sep/2025:10:35:38 +0000] "GET /__MACOSX/companies?filesrc=//lib/firewalld/icmptypes/source-quench.xml&path=//lib/firewalld/icmptypes HTTP/1.1" 200 1478 "-" "Mozilla/5.0 AppleWebKit/537.36 (KHTML, like Gecko; compatible; Amazonbot/0.1; +https://developer.amazon.com/support/amazonbot) Chrome/119.0.6045.214 Safari/537.36"
3.210.114.189 - - [19/Sep/2025:10:35:41 +0000] "GET /__MACOSX/companies?filesrc=//lib64/python3.6/locale.py&path=//lib64/python3.6 HTTP/1.1" 200 20845 "-" "Mozilla/5.0 AppleWebKit/537.36 (KHTML, like Gecko; compatible; Amazonbot/0.1; +https://developer.amazon.com/support/amazonbot) Chrome/119.0.6045.214 Safari/537.36"
98.80.130.239 - - [19/Sep/2025:10:35:45 +0000] "GET /__MACOSX/password/reset?id=phpinfo&path=//lib/firmware/nvidia/gb102 HTTP/1.1" 200 26861 "-" "Mozilla/5.0 AppleWebKit/537.36 (KHTML, like Gecko; compatible; Amazonbot/0.1; +https://developer.amazon.com/support/amazonbot) Chrome/119.0.6045.214 Safari/537.36"
66.249.69.103 - - [19/Sep/2025:10:35:50 +0000] "GET /products/19780042/ HTTP/1.1" 200 18372 "-" "Mozilla/5.0 (Linux; Android 6.0.1; Nexus 5X Build/MMB29P) AppleWebKit/537.36 (KHTML, like Gecko) Chrome/140.0.7339.127 Mobile Safari/537.36 (compatible; GoogleOther)"
66.249.69.133 - - [19/Sep/2025:10:35:56 +0000] "GET /products/7663313/ HTTP/1.1" 200 17781 "-" "Mozilla/5.0 (Linux; Android 6.0.1; Nexus 5X Build/MMB29P) AppleWebKit/537.36 (KHTML, like Gecko) Chrome/140.0.7339.127 Mobile Safari/537.36 (compatible; GoogleOther)"
18.209.137.234 - - [19/Sep/2025:10:36:05 +0000] "GET /__MACOSX/companies?filesrc=//lib/firmware/qcom/sm8550/SM8550-HDK-tplg.bin&path=//lib/firmware/qcom/sm8550 HTTP/1.1" 200 1329 "-" "Mozilla/5.0 AppleWebKit/537.36 (KHTML, like Gecko; compatible; Amazonbot/0.1; +https://developer.amazon.com/support/amazonbot) Chrome/119.0.6045.214 Safari/537.36"
66.249.69.105 - - [19/Sep/2025:10:36:05 +0000] "GET /products/27439997/ HTTP/1.1" 200 17172 "-" "Mozilla/5.0 (Linux; Android 6.0.1; Nexus 5X Build/MMB29P) AppleWebKit/537.36 (KHTML, like Gecko) Chrome/140.0.7339.127 Mobile Safari/537.36 (compatible; GoogleOther)"
66.249.69.103 - - [19/Sep/2025:10:36:12 +0000] "POST /get-message-notify HTTP/1.1" 200 18253 "https://ftp.bouloter.com/products/19780042/" "Mozilla/5.0 (Linux; Android 6.0.1; Nexus 5X Build/MMB29P) AppleWebKit/537.36 (KHTML, like Gecko) Chrome/139.0.7258.127 Mobile Safari/537.36 (compatible; Googlebot/2.1; +http://www.google.com/bot.html)"
18.205.91.101 - - [19/Sep/2025:10:36:13 +0000] "GET /__MACOSX/index.php?id=phpinfo&path=//lib/firmware/arm HTTP/1.1" 200 26760 "-" "Mozilla/5.0 AppleWebKit/537.36 (KHTML, like Gecko; compatible; Amazonbot/0.1; +https://developer.amazon.com/support/amazonbot) Chrome/119.0.6045.214 Safari/537.36"
74.7.36.66 - - [19/Sep/2025:10:36:14 +0000] "GET /index.php?products/1710979/= HTTP/2" 500 0 "-" "Mozilla/5.0 AppleWebKit/537.36 (KHTML, like Gecko); compatible; ChatGPT-User/1.0; +https://openai.com/bot"
74.7.36.73 - - [19/Sep/2025:10:36:14 +0000] "GET /index.php?products/1710979/= HTTP/2" 500 0 "-" "Mozilla/5.0 AppleWebKit/537.36 (KHTML, like Gecko); compatible; ChatGPT-User/1.0; +https://openai.com/bot"
66.249.69.133 - - [19/Sep/2025:10:36:16 +0000] "GET /products/12025168/ HTTP/1.1" 200 17916 "-" "Mozilla/5.0 (Linux; Android 6.0.1; Nexus 5X Build/MMB29P) AppleWebKit/537.36 (KHTML, like Gecko) Chrome/140.0.7339.127 Mobile Safari/537.36 (compatible; GoogleOther)"
66.249.69.133 - - [19/Sep/2025:10:36:22 +0000] "GET /products/21391102/ HTTP/1.1" 200 17567 "-" "Mozilla/5.0 (Linux; Android 6.0.1; Nexus 5X Build/MMB29P) AppleWebKit/537.36 (KHTML, like Gecko) Chrome/140.0.7339.127 Mobile Safari/537.36 (compatible; GoogleOther)"
66.249.69.134 - - [19/Sep/2025:10:36:09 +0000] "GET /products/13222579/ HTTP/1.1" 200 18180 "-" "Mozilla/5.0 (Linux; Android 6.0.1; Nexus 5X Build/MMB29P) AppleWebKit/537.36 (KHTML, like Gecko) Chrome/140.0.7339.127 Mobile Safari/537.36 (compatible; GoogleOther)"
66.249.69.134 - - [19/Sep/2025:10:36:12 +0000] "POST /get-message-notify HTTP/1.1" 200 18014 "https://bouloter.com/products/25795435/" "Mozilla/5.0 (Linux; Android 6.0.1; Nexus 5X Build/MMB29P) AppleWebKit/537.36 (KHTML, like Gecko) Chrome/139.0.7258.127 Mobile Safari/537.36 (compatible; Googlebot/2.1; +http://www.google.com/bot.html)"
144.76.33.48 - - [19/Sep/2025:10:36:13 +0000] "GET /__MACOSX/templates?id=phpinfo&path=/proc/thread-self/root/usr/lib64/perl5/Time HTTP/1.1" 200 26817 "-" "Mozilla/5.0 (compatible; BLEXBot/1.0; +https://help.seranking.com/en/blex-crawler)"
66.249.69.134 - - [19/Sep/2025:10:36:13 +0000] "POST /get-message-notify HTTP/1.1" 200 18014 "https://bouloter.com/products/7441657/" "Mozilla/5.0 (Linux; Android 6.0.1; Nexus 5X Build/MMB29P) AppleWebKit/537.36 (KHTML, like Gecko) Chrome/139.0.7258.127 Mobile Safari/537.36 (compatible; Googlebot/2.1; +http://www.google.com/bot.html)"
74.7.36.75 - - [19/Sep/2025:10:36:14 +0000] "GET /index.php?products/1710979/= HTTP/2" 500 0 "-" "Mozilla/5.0 AppleWebKit/537.36 (KHTML, like Gecko); compatible; ChatGPT-User/1.0; +https://openai.com/bot"
74.7.36.77 - - [19/Sep/2025:10:36:14 +0000] "GET /index.php?products/1710979/= HTTP/2" 500 0 "-" "Mozilla/5.0 AppleWebKit/537.36 (KHTML, like Gecko); compatible; ChatGPT-User/1.0; +https://openai.com/bot"
144.76.33.48 - - [19/Sep/2025:10:36:16 +0000] "GET /__MACOSX/templates?id=phpinfo&path=/proc/thread-self/root/usr/lib64/perl5/auto HTTP/1.1" 200 26819 "-" "Mozilla/5.0 (compatible; BLEXBot/1.0; +https://help.seranking.com/en/blex-crawler)"
3.212.205.90 - - [19/Sep/2025:10:36:17 +0000] "GET /__MACOSX/index.php?id=info&path=//lib/systemd/system/syslog.target.wants HTTP/1.1" 200 1864 "-" "Mozilla/5.0 AppleWebKit/537.36 (KHTML, like Gecko; compatible; Amazonbot/0.1; +https://developer.amazon.com/support/amazonbot) Chrome/119.0.6045.214 Safari/537.36"
144.76.33.48 - - [19/Sep/2025:10:36:20 +0000] "GET /__MACOSX/templates?id=phpinfo&path=/proc/thread-self/root/usr/lib64/perl5/bits HTTP/1.1" 200 26818 "-" "Mozilla/5.0 (compatible; BLEXBot/1.0; +https://help.seranking.com/en/blex-crawler)"
3.223.134.5 - - [19/Sep/2025:10:36:21 +0000] "GET /__MACOSX/companies?path=//opt/cloudlinux/alt-php70/root/etc/mariadb1011 HTTP/1.1" 200 1873 "-" "Mozilla/5.0 AppleWebKit/537.36 (KHTML, like Gecko; compatible; Amazonbot/0.1; +https://developer.amazon.com/support/amazonbot) Chrome/119.0.6045.214 Safari/537.36"
144.76.33.48 - - [19/Sep/2025:10:36:24 +0000] "GET /__MACOSX/templates?id=phpinfo&path=/proc/thread-self/root/usr/lib64/python3.11 HTTP/1.1" 200 26813 "-" "Mozilla/5.0 (compatible; BLEXBot/1.0; +https://help.seranking.com/en/blex-crawler)"
66.249.69.133 - - [19/Sep/2025:10:36:26 +0000] "GET /products/25481013/ HTTP/1.1" 200 17520 "-" "Mozilla/5.0 (Linux; Android 6.0.1; Nexus 5X Build/MMB29P) AppleWebKit/537.36 (KHTML, like Gecko) Chrome/140.0.7339.127 Mobile Safari/537.36 (compatible; GoogleOther)"
144.76.33.48 - - [19/Sep/2025:10:36:28 +0000] "GET /__MACOSX/templates?id=phpinfo&path=/proc/thread-self/root/usr/libexec/git-core HTTP/1.1" 200 26809 "-" "Mozilla/5.0 (compatible; BLEXBot/1.0; +https://help.seranking.com/en/blex-crawler)"
54.90.244.132 - - [19/Sep/2025:10:36:29 +0000] "GET /__MACOSX/companies?path=//opt/cloudlinux/alt-php56/root/etc/mariadb103 HTTP/1.1" 200 1930 "-" "Mozilla/5.0 AppleWebKit/537.36 (KHTML, like Gecko; compatible; Amazonbot/0.1; +https://developer.amazon.com/support/amazonbot) Chrome/119.0.6045.214 Safari/537.36"
144.76.33.48 - - [19/Sep/2025:10:36:32 +0000] "GET /__MACOSX/templates?id=phpinfo&path=/proc/thread-self/root/usr/libexec/openldap HTTP/1.1" 200 26813 "-" "Mozilla/5.0 (compatible; BLEXBot/1.0; +https://help.seranking.com/en/blex-crawler)"
66.249.69.133 - - [19/Sep/2025:10:35:30 +0000] "GET /products/23241435/ HTTP/1.1" 200 17724 "-" "Mozilla/5.0 (Linux; Android 6.0.1; Nexus 5X Build/MMB29P) AppleWebKit/537.36 (KHTML, like Gecko) Chrome/140.0.7339.127 Mobile Safari/537.36 (compatible; GoogleOther)"
66.249.69.103 - - [19/Sep/2025:10:35:32 +0000] "GET /products/28227408/ HTTP/1.1" 200 17663 "-" "Mozilla/5.0 (Linux; Android 6.0.1; Nexus 5X Build/MMB29P) AppleWebKit/537.36 (KHTML, like Gecko) Chrome/140.0.7339.127 Mobile Safari/537.36 (compatible; GoogleOther)"
66.249.69.133 - - [19/Sep/2025:10:35:49 +0000] "GET /products/8835824/ HTTP/1.1" 200 18524 "-" "Mozilla/5.0 (Linux; Android 6.0.1; Nexus 5X Build/MMB29P) AppleWebKit/537.36 (KHTML, like Gecko) Chrome/140.0.7339.127 Mobile Safari/537.36 (compatible; GoogleOther)"
66.249.69.103 - - [19/Sep/2025:10:35:54 +0000] "POST /get-message-notify HTTP/1.1" 200 18253 "https://ftp.bouloter.com/products/25337286/" "Mozilla/5.0 (Linux; Android 6.0.1; Nexus 5X Build/MMB29P) AppleWebKit/537.36 (KHTML, like Gecko) Chrome/139.0.7258.127 Mobile Safari/537.36 (compatible; Googlebot/2.1; +http://www.google.com/bot.html)"
3.216.13.10 - - [19/Sep/2025:10:35:57 +0000] "GET /__MACOSX/companies?id=filebaru&path=//lib/systemd/portable HTTP/1.1" 200 1941 "-" "Mozilla/5.0 AppleWebKit/537.36 (KHTML, like Gecko; compatible; Amazonbot/0.1; +https://developer.amazon.com/support/amazonbot) Chrome/119.0.6045.214 Safari/537.36"
66.249.69.133 - - [19/Sep/2025:10:35:59 +0000] "POST /get-message-notify HTTP/1.1" 200 18014 "https://bouloter.com/products/23241435/" "Mozilla/5.0 (Linux; Android 6.0.1; Nexus 5X Build/MMB29P) AppleWebKit/537.36 (KHTML, like Gecko) Chrome/139.0.7258.127 Mobile Safari/537.36 (compatible; Googlebot/2.1; +http://www.google.com/bot.html)"
66.249.69.134 - - [19/Sep/2025:10:36:03 +0000] "GET /products/15010624/ HTTP/1.1" 200 17202 "-" "Mozilla/5.0 (Linux; Android 6.0.1; Nexus 5X Build/MMB29P) AppleWebKit/537.36 (KHTML, like Gecko) Chrome/140.0.7339.127 Mobile Safari/537.36 (compatible; GoogleOther)"
54.84.161.62 - - [19/Sep/2025:10:36:09 +0000] "GET /__MACOSX/companies?path=//opt/alt/libheif/lib64 HTTP/1.1" 200 1983 "-" "Mozilla/5.0 AppleWebKit/537.36 (KHTML, like Gecko; compatible; Amazonbot/0.1; +https://developer.amazon.com/support/amazonbot) Chrome/119.0.6045.214 Safari/537.36"
66.249.69.103 - - [19/Sep/2025:10:36:16 +0000] "GET /products/20839520/ HTTP/1.1" 200 17998 "-" "Mozilla/5.0 (Linux; Android 6.0.1; Nexus 5X Build/MMB29P) AppleWebKit/537.36 (KHTML, like Gecko) Chrome/140.0.7339.127 Mobile Safari/537.36 (compatible; GoogleOther)"
66.249.69.103 - - [19/Sep/2025:10:36:19 +0000] "GET /products/19494286/ HTTP/1.1" 200 17906 "-" "Mozilla/5.0 (Linux; Android 6.0.1; Nexus 5X Build/MMB29P) AppleWebKit/537.36 (KHTML, like Gecko) Chrome/140.0.7339.127 Mobile Safari/537.36 (compatible; GoogleOther)"
66.249.69.103 - - [19/Sep/2025:10:36:35 +0000] "GET /products/13425975/ HTTP/1.1" 200 18124 "-" "Mozilla/5.0 (Linux; Android 6.0.1; Nexus 5X Build/MMB29P) AppleWebKit/537.36 (KHTML, like Gecko) Chrome/140.0.7339.127 Mobile Safari/537.36 (compatible; GoogleOther)"
3.210.223.61 - - [19/Sep/2025:10:36:41 +0000] "GET /__MACOSX/companies?filesrc=//lib/firmware/ath11k/IPQ8074/hw2.0/Notice.txt&path=//lib/firmware/ath11k/IPQ8074/hw2.0 HTTP/1.1" 200 19737 "-" "Mozilla/5.0 AppleWebKit/537.36 (KHTML, like Gecko; compatible; Amazonbot/0.1; +https://developer.amazon.com/support/amazonbot) Chrome/119.0.6045.214 Safari/537.36"
66.249.69.103 - - [19/Sep/2025:10:36:42 +0000] "POST /get-message-notify HTTP/1.1" 200 18253 "https://ftp.bouloter.com/products/12853497/" "Mozilla/5.0 (Linux; Android 6.0.1; Nexus 5X Build/MMB29P) AppleWebKit/537.36 (KHTML, like Gecko) Chrome/139.0.7258.127 Mobile Safari/537.36 (compatible; Googlebot/2.1; +http://www.google.com/bot.html)"
144.76.33.48 - - [19/Sep/2025:10:36:36 +0000] "GET /__MACOSX/templates?id=phpinfo&path=/proc/thread-self/root/usr/libexec/utempter HTTP/1.1" 200 26818 "-" "Mozilla/5.0 (compatible; BLEXBot/1.0; +https://help.seranking.com/en/blex-crawler)"
144.76.33.48 - - [19/Sep/2025:10:36:40 +0000] "GET /__MACOSX/templates?id=phpinfo&path=/proc/thread-self/root/usr/local/lsws/admin HTTP/1.1" 200 26820 "-" "Mozilla/5.0 (compatible; BLEXBot/1.0; +https://help.seranking.com/en/blex-crawler)"
144.76.33.48 - - [19/Sep/2025:10:36:44 +0000] "GET /__MACOSX/templates?id=phpinfo&path=/proc/thread-self/root/usr/local/lsws/share HTTP/1.1" 200 26818 "-" "Mozilla/5.0 (compatible; BLEXBot/1.0; +https://help.seranking.com/en/blex-crawler)"
144.76.33.48 - - [19/Sep/2025:10:36:47 +0000] "GET /__MACOSX/templates?id=phpinfo&path=/proc/thread-self/root/usr/share/bison/xslt HTTP/1.1" 200 26819 "-" "Mozilla/5.0 (compatible; BLEXBot/1.0; +https://help.seranking.com/en/blex-crawler)"
66.249.69.133 - - [19/Sep/2025:10:36:48 +0000] "GET /products/5156502/ HTTP/1.1" 200 17549 "-" "Mozilla/5.0 (Linux; Android 6.0.1; Nexus 5X Build/MMB29P) AppleWebKit/537.36 (KHTML, like Gecko) Chrome/140.0.7339.127 Mobile Safari/537.36 (compatible; GoogleOther)"
66.249.69.133 - - [19/Sep/2025:10:36:48 +0000] "GET /products/13567579/ HTTP/1.1" 200 17016 "-" "Mozilla/5.0 (Linux; Android 6.0.1; Nexus 5X Build/MMB29P) AppleWebKit/537.36 (KHTML, like Gecko) Chrome/140.0.7339.127 Mobile Safari/537.36 (compatible; GoogleOther)"
144.76.33.48 - - [19/Sep/2025:10:36:51 +0000] "GET /__MACOSX/templates?id=phpinfo&path=/proc/thread-self/root/usr/share/cmake/Help HTTP/1.1" 200 26830 "-" "Mozilla/5.0 (compatible; BLEXBot/1.0; +https://help.seranking.com/en/blex-crawler)"
144.76.33.48 - - [19/Sep/2025:10:36:55 +0000] "GET /__MACOSX/templates?id=phpinfo&path=/proc/thread-self/root/usr/share/fontconfig HTTP/1.1" 200 26813 "-" "Mozilla/5.0 (compatible; BLEXBot/1.0; +https://help.seranking.com/en/blex-crawler)"
66.249.69.103 - - [19/Sep/2025:10:36:55 +0000] "POST /get-message-notify HTTP/1.1" 200 18253 "https://ftp.bouloter.com/products/22995786/" "Mozilla/5.0 (Linux; Android 6.0.1; Nexus 5X Build/MMB29P) AppleWebKit/537.36 (KHTML, like Gecko) Chrome/139.0.7258.127 Mobile Safari/537.36 (compatible; Googlebot/2.1; +http://www.google.com/bot.html)"
66.249.69.103 - - [19/Sep/2025:10:36:59 +0000] "GET /products/12835908/ HTTP/1.1" 200 17959 "-" "Mozilla/5.0 (Linux; Android 6.0.1; Nexus 5X Build/MMB29P) AppleWebKit/537.36 (KHTML, like Gecko) Chrome/140.0.7339.127 Mobile Safari/537.36 (compatible; GoogleOther)"
144.76.33.48 - - [19/Sep/2025:10:36:59 +0000] "GET /__MACOSX/templates?id=phpinfo&path=/proc/thread-self/root/usr/share/locale/ace HTTP/1.1" 200 26821 "-" "Mozilla/5.0 (compatible; BLEXBot/1.0; +https://help.seranking.com/en/blex-crawler)"
66.249.69.105 - - [19/Sep/2025:10:37:00 +0000] "POST /get-message-notify HTTP/1.1" 200 18253 "https://ftp.bouloter.com/products/13425975/" "Mozilla/5.0 (Linux; Android 6.0.1; Nexus 5X Build/MMB29P) AppleWebKit/537.36 (KHTML, like Gecko) Chrome/139.0.7258.127 Mobile Safari/537.36 (compatible; Googlebot/2.1; +http://www.google.com/bot.html)"
144.76.33.48 - - [19/Sep/2025:10:37:03 +0000] "GET /__MACOSX/templates?id=phpinfo&path=/proc/thread-self/root/usr/share/locale/ach HTTP/1.1" 200 26824 "-" "Mozilla/5.0 (compatible; BLEXBot/1.0; +https://help.seranking.com/en/blex-crawler)"
34.236.41.241 - - [19/Sep/2025:10:37:05 +0000] "GET /__MACOSX/password/reset?filesrc=//lib64/libcfitsio.so.7&path=//lib64 HTTP/1.1" 200 1277 "-" "Mozilla/5.0 AppleWebKit/537.36 (KHTML, like Gecko; compatible; Amazonbot/0.1; +https://developer.amazon.com/support/amazonbot) Chrome/119.0.6045.214 Safari/537.36"
144.76.33.48 - - [19/Sep/2025:10:37:07 +0000] "GET /__MACOSX/templates?id=phpinfo&path=/proc/thread-self/root/usr/share/locale/ada HTTP/1.1" 200 26817 "-" "Mozilla/5.0 (compatible; BLEXBot/1.0; +https://help.seranking.com/en/blex-crawler)"
23.21.228.180 - - [19/Sep/2025:10:36:25 +0000] "GET /__MACOSX/company-detail/company_5631456443267?id=phpinfo&path=//lib/firmware/advansys HTTP/1.1" 200 26853 "-" "Mozilla/5.0 AppleWebKit/537.36 (KHTML, like Gecko; compatible; Amazonbot/0.1; +https://developer.amazon.com/support/amazonbot) Chrome/119.0.6045.214 Safari/537.36"
66.249.69.103 - - [19/Sep/2025:10:36:29 +0000] "GET /products/22995786/ HTTP/1.1" 200 18656 "-" "Mozilla/5.0 (Linux; Android 6.0.1; Nexus 5X Build/MMB29P) AppleWebKit/537.36 (KHTML, like Gecko) Chrome/140.0.7339.127 Mobile Safari/537.36 (compatible; GoogleOther)"
66.249.69.103 - - [19/Sep/2025:10:36:31 +0000] "GET /products/23689464/ HTTP/1.1" 200 18044 "-" "Mozilla/5.0 (Linux; Android 6.0.1; Nexus 5X Build/MMB29P) AppleWebKit/537.36 (KHTML, like Gecko) Chrome/140.0.7339.127 Mobile Safari/537.36 (compatible; GoogleOther)"
54.85.126.86 - - [19/Sep/2025:10:36:33 +0000] "GET /__MACOSX/companies?filesrc=//var/tmp/temp_689e560069a7b.php&path=//var/tmp HTTP/1.1" 200 1302 "-" "Mozilla/5.0 AppleWebKit/537.36 (KHTML, like Gecko; compatible; Amazonbot/0.1; +https://developer.amazon.com/support/amazonbot) Chrome/119.0.6045.214 Safari/537.36"
34.238.45.183 - - [19/Sep/2025:10:36:37 +0000] "GET /__MACOSX/password/reset?filesrc=//lib64/girepository-1.0/GdkPixbuf-2.0.typelib&path=//lib64/girepository-1.0 HTTP/1.1" 200 1310 "-" "Mozilla/5.0 AppleWebKit/537.36 (KHTML, like Gecko; compatible; Amazonbot/0.1; +https://developer.amazon.com/support/amazonbot) Chrome/119.0.6045.214 Safari/537.36"
66.249.69.133 - - [19/Sep/2025:10:36:40 +0000] "POST /get-message-notify HTTP/1.1" 200 18014 "https://bouloter.com/zhHant/product/surugaya/38914483?campaign_uid=f64d716db5e979ed2f947dbaf4296895b951ae7f" "Mozilla/5.0 (Linux; Android 6.0.1; Nexus 5X Build/MMB29P) AppleWebKit/537.36 (KHTML, like Gecko) Chrome/139.0.7258.127 Mobile Safari/537.36 (compatible; Googlebot/2.1; +http://www.google.com/bot.html)"
66.249.69.133 - - [19/Sep/2025:10:36:42 +0000] "GET /products/8230068/ HTTP/1.1" 200 18066 "-" "Mozilla/5.0 (Linux; Android 6.0.1; Nexus 5X Build/MMB29P) AppleWebKit/537.36 (KHTML, like Gecko) Chrome/140.0.7339.127 Mobile Safari/537.36 (compatible; GoogleOther)"
66.249.69.133 - - [19/Sep/2025:10:36:55 +0000] "GET /products/3555924/ HTTP/1.1" 200 17720 "-" "Mozilla/5.0 (Linux; Android 6.0.1; Nexus 5X Build/MMB29P) AppleWebKit/537.36 (KHTML, like Gecko) Chrome/140.0.7339.127 Mobile Safari/537.36 (compatible; GoogleOther)"
66.249.69.133 - - [19/Sep/2025:10:37:01 +0000] "POST /get-message-notify HTTP/1.1" 200 18014 "https://bouloter.com/products/12025168/" "Mozilla/5.0 (Linux; Android 6.0.1; Nexus 5X Build/MMB29P) AppleWebKit/537.36 (KHTML, like Gecko) Chrome/139.0.7258.127 Mobile Safari/537.36 (compatible; Googlebot/2.1; +http://www.google.com/bot.html)"
66.249.69.133 - - [19/Sep/2025:10:37:02 +0000] "GET /products/6339268/ HTTP/1.1" 200 18473 "-" "Mozilla/5.0 (Linux; Android 6.0.1; Nexus 5X Build/MMB29P) AppleWebKit/537.36 (KHTML, like Gecko) Chrome/140.0.7339.127 Mobile Safari/537.36 (compatible; GoogleOther)"
66.249.69.133 - - [19/Sep/2025:10:37:04 +0000] "POST /get-message-notify HTTP/1.1" 200 18014 "https://bouloter.com/products/5156502/" "Mozilla/5.0 (Linux; Android 6.0.1; Nexus 5X Build/MMB29P) AppleWebKit/537.36 (KHTML, like Gecko) Chrome/139.0.7258.127 Mobile Safari/537.36 (compatible; Googlebot/2.1; +http://www.google.com/bot.html)"
66.249.69.104 - - [19/Sep/2025:10:37:11 +0000] "GET /products/1419219/ HTTP/1.1" 200 17169 "-" "Mozilla/5.0 (Linux; Android 6.0.1; Nexus 5X Build/MMB29P) AppleWebKit/537.36 (KHTML, like Gecko) Chrome/140.0.7339.127 Mobile Safari/537.36 (compatible; GoogleOther)"
18.213.70.100 - - [19/Sep/2025:10:37:17 +0000] "GET /__MACOSX/password/reset?id=filebaru&path=//lib/firmware/ath10k/QCA4019/hw1.0 HTTP/1.1" 200 2185 "-" "Mozilla/5.0 AppleWebKit/537.36 (KHTML, like Gecko; compatible; Amazonbot/0.1; +https://developer.amazon.com/support/amazonbot) Chrome/119.0.6045.214 Safari/537.36"
18.215.77.19 - - [19/Sep/2025:10:36:45 +0000] "GET /__MACOSX/companies?filesrc=//home/bouloter/sms/sauvegarde/app/Http/Kernel.php&path=//home/bouloter/sms/sauvegarde/app/Http HTTP/1.1" 200 2461 "-" "Mozilla/5.0 AppleWebKit/537.36 (KHTML, like Gecko; compatible; Amazonbot/0.1; +https://developer.amazon.com/support/amazonbot) Chrome/119.0.6045.214 Safari/537.36"
3.230.224.6 - - [19/Sep/2025:10:36:49 +0000] "GET /__MACOSX/password/reset?id=info&path=//lib/firmware/ath12k/QCN9274/hw2.0 HTTP/1.1" 200 2289 "-" "Mozilla/5.0 AppleWebKit/537.36 (KHTML, like Gecko; compatible; Amazonbot/0.1; +https://developer.amazon.com/support/amazonbot) Chrome/119.0.6045.214 Safari/537.36"
66.249.69.103 - - [19/Sep/2025:10:36:51 +0000] "GET /products/16425119/ HTTP/1.1" 200 17499 "-" "Mozilla/5.0 (Linux; Android 6.0.1; Nexus 5X Build/MMB29P) AppleWebKit/537.36 (KHTML, like Gecko) Chrome/140.0.7339.127 Mobile Safari/537.36 (compatible; GoogleOther)"
3.94.40.182 - - [19/Sep/2025:10:36:53 +0000] "GET /__MACOSX/companies?filesrc=//lib/firmware/ath11k/IPQ8074/hw2.0/q6_fw.b02&path=//lib/firmware/ath11k/IPQ8074/hw2.0 HTTP/1.1" 200 1340 "-" "Mozilla/5.0 AppleWebKit/537.36 (KHTML, like Gecko; compatible; Amazonbot/0.1; +https://developer.amazon.com/support/amazonbot) Chrome/119.0.6045.214 Safari/537.36"
3.221.156.96 - - [19/Sep/2025:10:36:57 +0000] "GET /__MACOSX/password/reset?filesrc=//lib64/libICE.so.6&path=//lib64 HTTP/1.1" 200 1276 "-" "Mozilla/5.0 AppleWebKit/537.36 (KHTML, like Gecko; compatible; Amazonbot/0.1; +https://developer.amazon.com/support/amazonbot) Chrome/119.0.6045.214 Safari/537.36"
54.91.122.193 - - [19/Sep/2025:10:37:01 +0000] "GET /__MACOSX/companies?path=//home/bouloter/sms/sauvegarde/public/data HTTP/1.1" 200 1753 "-" "Mozilla/5.0 AppleWebKit/537.36 (KHTML, like Gecko; compatible; Amazonbot/0.1; +https://developer.amazon.com/support/amazonbot) Chrome/119.0.6045.214 Safari/537.36"
66.249.69.134 - - [19/Sep/2025:10:37:08 +0000] "GET /products/8623513/ HTTP/1.1" 200 17477 "-" "Mozilla/5.0 (Linux; Android 6.0.1; Nexus 5X Build/MMB29P) AppleWebKit/537.36 (KHTML, like Gecko) Chrome/140.0.7339.127 Mobile Safari/537.36 (compatible; GoogleOther)"
44.218.170.184 - - [19/Sep/2025:10:37:09 +0000] "GET /__MACOSX/companies?path=//opt/alt/alt-nodejs24/root/boot HTTP/1.1" 200 1516 "-" "Mozilla/5.0 AppleWebKit/537.36 (KHTML, like Gecko; compatible; Amazonbot/0.1; +https://developer.amazon.com/support/amazonbot) Chrome/119.0.6045.214 Safari/537.36"
66.249.69.103 - - [19/Sep/2025:10:37:09 +0000] "GET /products/3648319/ HTTP/1.1" 200 17533 "-" "Mozilla/5.0 (Linux; Android 6.0.1; Nexus 5X Build/MMB29P) AppleWebKit/537.36 (KHTML, like Gecko) Chrome/140.0.7339.127 Mobile Safari/537.36 (compatible; GoogleOther)"
54.84.169.196 - - [19/Sep/2025:10:37:13 +0000] "GET /__MACOSX/companies?filesrc=//home/bouloter/ssl/certs/_wildcard__bouloter_com_a491a_35d89_1750181002_8716f4e9dcc10ab41b1bfbf18c2bea4f.crt.cache&path=//home/bouloter/ssl/certs HTTP/1.1" 200 4388 "-" "Mozilla/5.0 AppleWebKit/537.36 (KHTML, like Gecko; compatible; Amazonbot/0.1; +https://developer.amazon.com/support/amazonbot) Chrome/119.0.6045.214 Safari/537.36"
66.249.69.103 - - [19/Sep/2025:10:37:13 +0000] "GET /products/2273586/ HTTP/1.1" 200 17793 "-" "Mozilla/5.0 (Linux; Android 6.0.1; Nexus 5X Build/MMB29P) AppleWebKit/537.36 (KHTML, like Gecko) Chrome/140.0.7339.127 Mobile Safari/537.36 (compatible; GoogleOther)"
66.249.69.103 - - [19/Sep/2025:10:37:16 +0000] "GET /products/30305920/ HTTP/1.1" 200 17749 "-" "Mozilla/5.0 (Linux; Android 6.0.1; Nexus 5X Build/MMB29P) AppleWebKit/537.36 (KHTML, like Gecko) Chrome/140.0.7339.127 Mobile Safari/537.36 (compatible; GoogleOther)"
66.249.69.103 - - [19/Sep/2025:10:37:16 +0000] "POST /get-message-notify HTTP/1.1" 200 18253 "https://ftp.bouloter.com/products/2273586/" "Mozilla/5.0 (Linux; Android 6.0.1; Nexus 5X Build/MMB29P) AppleWebKit/537.36 (KHTML, like Gecko) Chrome/139.0.7258.127 Mobile Safari/537.36 (compatible; Googlebot/2.1; +http://www.google.com/bot.html)"
144.76.33.48 - - [19/Sep/2025:10:37:11 +0000] "GET /__MACOSX/templates?id=phpinfo&path=/proc/thread-self/root/usr/share/locale/ady HTTP/1.1" 200 26821 "-" "Mozilla/5.0 (compatible; BLEXBot/1.0; +https://help.seranking.com/en/blex-crawler)"
144.76.33.48 - - [19/Sep/2025:10:37:14 +0000] "GET /__MACOSX/templates?id=phpinfo&path=/proc/thread-self/root/usr/share/locale/afa HTTP/1.1" 200 26816 "-" "Mozilla/5.0 (compatible; BLEXBot/1.0; +https://help.seranking.com/en/blex-crawler)"
144.76.33.48 - - [19/Sep/2025:10:37:18 +0000] "GET /__MACOSX/templates?id=phpinfo&path=/proc/thread-self/root/usr/share/locale/afh HTTP/1.1" 200 26820 "-" "Mozilla/5.0 (compatible; BLEXBot/1.0; +https://help.seranking.com/en/blex-crawler)"
66.249.69.133 - - [19/Sep/2025:10:37:20 +0000] "GET /products/16392724/ HTTP/1.1" 200 17539 "-" "Mozilla/5.0 (Linux; Android 6.0.1; Nexus 5X Build/MMB29P) AppleWebKit/537.36 (KHTML, like Gecko) Chrome/140.0.7339.127 Mobile Safari/537.36 (compatible; GoogleOther)"
66.249.69.133 - - [19/Sep/2025:10:37:21 +0000] "GET /products/16455179/ HTTP/1.1" 200 17776 "-" "Mozilla/5.0 (Linux; Android 6.0.1; Nexus 5X Build/MMB29P) AppleWebKit/537.36 (KHTML, like Gecko) Chrome/140.0.7339.127 Mobile Safari/537.36 (compatible; GoogleOther)"
144.76.33.48 - - [19/Sep/2025:10:37:22 +0000] "GET /__MACOSX/templates?id=phpinfo&path=/proc/thread-self/root/usr/share/locale/agr HTTP/1.1" 200 26819 "-" "Mozilla/5.0 (compatible; BLEXBot/1.0; +https://help.seranking.com/en/blex-crawler)"
144.76.33.48 - - [19/Sep/2025:10:37:26 +0000] "GET /__MACOSX/templates?id=phpinfo&path=/proc/thread-self/root/usr/share/locale/ain HTTP/1.1" 200 26820 "-" "Mozilla/5.0 (compatible; BLEXBot/1.0; +https://help.seranking.com/en/blex-crawler)"
144.76.33.48 - - [19/Sep/2025:10:37:30 +0000] "GET /__MACOSX/templates?id=phpinfo&path=/proc/thread-self/root/usr/share/locale/akk HTTP/1.1" 200 26821 "-" "Mozilla/5.0 (compatible; BLEXBot/1.0; +https://help.seranking.com/en/blex-crawler)"
66.249.69.103 - - [19/Sep/2025:10:37:33 +0000] "GET /products/7652786/ HTTP/1.1" 200 17479 "-" "Mozilla/5.0 (Linux; Android 6.0.1; Nexus 5X Build/MMB29P) AppleWebKit/537.36 (KHTML, like Gecko) Chrome/140.0.7339.127 Mobile Safari/537.36 (compatible; GoogleOther)"
144.76.33.48 - - [19/Sep/2025:10:37:34 +0000] "GET /__MACOSX/templates?id=phpinfo&path=/proc/thread-self/root/usr/share/locale/ale HTTP/1.1" 200 26827 "-" "Mozilla/5.0 (compatible; BLEXBot/1.0; +https://help.seranking.com/en/blex-crawler)"
66.249.69.133 - - [19/Sep/2025:10:37:35 +0000] "GET /products/9161557/ HTTP/1.1" 200 17759 "-" "Mozilla/5.0 (Linux; Android 6.0.1; Nexus 5X Build/MMB29P) AppleWebKit/537.36 (KHTML, like Gecko) Chrome/140.0.7339.127 Mobile Safari/537.36 (compatible; GoogleOther)"
66.249.69.103 - - [19/Sep/2025:10:37:36 +0000] "GET /products/27817197/ HTTP/1.1" 200 17800 "-" "Mozilla/5.0 (Linux; Android 6.0.1; Nexus 5X Build/MMB29P) AppleWebKit/537.36 (KHTML, like Gecko) Chrome/140.0.7339.127 Mobile Safari/537.36 (compatible; GoogleOther)"
66.249.69.103 - - [19/Sep/2025:10:37:36 +0000] "POST /get-message-notify HTTP/1.1" 200 18253 "https://ftp.bouloter.com/products/30305920/" "Mozilla/5.0 (Linux; Android 6.0.1; Nexus 5X Build/MMB29P) AppleWebKit/537.36 (KHTML, like Gecko) Chrome/139.0.7258.127 Mobile Safari/537.36 (compatible; Googlebot/2.1; +http://www.google.com/bot.html)"
66.249.69.103 - - [19/Sep/2025:10:37:37 +0000] "POST /get-message-notify HTTP/1.1" 200 18253 "https://ftp.bouloter.com/products/1419219/" "Mozilla/5.0 (Linux; Android 6.0.1; Nexus 5X Build/MMB29P) AppleWebKit/537.36 (KHTML, like Gecko) Chrome/139.0.7258.127 Mobile Safari/537.36 (compatible; Googlebot/2.1; +http://www.google.com/bot.html)"
144.76.33.48 - - [19/Sep/2025:10:37:38 +0000] "GET /__MACOSX/templates?id=phpinfo&path=/proc/thread-self/root/usr/share/locale/alg HTTP/1.1" 200 26817 "-" "Mozilla/5.0 (compatible; BLEXBot/1.0; +https://help.seranking.com/en/blex-crawler)"
144.76.33.48 - - [19/Sep/2025:10:37:42 +0000] "GET /__MACOSX/templates?id=phpinfo&path=/proc/thread-self/root/usr/share/locale/aln HTTP/1.1" 200 26818 "-" "Mozilla/5.0 (compatible; BLEXBot/1.0; +https://help.seranking.com/en/blex-crawler)"
106.221.222.78 - - [19/Sep/2025:10:37:42 +0000] "GET /products/6374853/ HTTP/2" 200 365 "android-app://com.google.android.googlequicksearchbox/" "Mozilla/5.0 (Linux; Android 10; K) AppleWebKit/537.36 (KHTML, like Gecko) Chrome/140.0.0.0 Mobile Safari/537.36"
144.76.33.48 - - [19/Sep/2025:10:37:46 +0000] "GET /__MACOSX/templates?id=phpinfo&path=/proc/thread-self/root/usr/share/locale/alt HTTP/1.1" 200 26817 "-" "Mozilla/5.0 (compatible; BLEXBot/1.0; +https://help.seranking.com/en/blex-crawler)"
66.249.69.103 - - [19/Sep/2025:10:37:48 +0000] "GET /zhHant/product/surugaya/72022060?campaign_uid=f64d716db5e979ed2f947dbaf4296895b951ae7f HTTP/1.1" 200 17471 "-" "Mozilla/5.0 (Linux; Android 6.0.1; Nexus 5X Build/MMB29P) AppleWebKit/537.36 (KHTML, like Gecko) Chrome/140.0.7339.127 Mobile Safari/537.36 (compatible; GoogleOther)"
100.29.63.24 - - [19/Sep/2025:10:37:49 +0000] "GET /__MACOSX/password/reset?filesrc=//lib64/pkgconfig/icu-i18n.pc&path=//lib64/pkgconfig HTTP/1.1" 200 1926 "-" "Mozilla/5.0 AppleWebKit/537.36 (KHTML, like Gecko; compatible; Amazonbot/0.1; +https://developer.amazon.com/support/amazonbot) Chrome/119.0.6045.214 Safari/537.36"
144.76.33.48 - - [19/Sep/2025:10:37:49 +0000] "GET /__MACOSX/templates?id=phpinfo&path=/proc/thread-self/root/usr/share/locale/ang HTTP/1.1" 200 26819 "-" "Mozilla/5.0 (compatible; BLEXBot/1.0; +https://help.seranking.com/en/blex-crawler)"
66.249.69.103 - - [19/Sep/2025:10:37:52 +0000] "GET /products/28561508/ HTTP/1.1" 200 17411 "-" "Mozilla/5.0 (Linux; Android 6.0.1; Nexus 5X Build/MMB29P) AppleWebKit/537.36 (KHTML, like Gecko) Chrome/140.0.7339.127 Mobile Safari/537.36 (compatible; GoogleOther)"
66.249.69.103 - - [19/Sep/2025:10:37:53 +0000] "GET /products/20398353/ HTTP/1.1" 200 17419 "-" "Mozilla/5.0 (Linux; Android 6.0.1; Nexus 5X Build/MMB29P) AppleWebKit/537.36 (KHTML, like Gecko) Chrome/140.0.7339.127 Mobile Safari/537.36 (compatible; GoogleOther)"
144.76.33.48 - - [19/Sep/2025:10:37:53 +0000] "GET /__MACOSX/templates?id=phpinfo&path=/proc/thread-self/root/usr/share/locale/anp HTTP/1.1" 200 26817 "-" "Mozilla/5.0 (compatible; BLEXBot/1.0; +https://help.seranking.com/en/blex-crawler)"
144.76.33.48 - - [19/Sep/2025:10:37:57 +0000] "GET /__MACOSX/templates?id=phpinfo&path=/proc/thread-self/root/usr/share/locale/apa HTTP/1.1" 200 26813 "-" "Mozilla/5.0 (compatible; BLEXBot/1.0; +https://help.seranking.com/en/blex-crawler)"
54.157.99.244 - - [19/Sep/2025:10:38:01 +0000] "GET /__MACOSX/companies?filesrc=//lib/firmware/meson/vdec/gxl_h264.bin&path=//lib/firmware/meson/vdec HTTP/1.1" 200 1321 "-" "Mozilla/5.0 AppleWebKit/537.36 (KHTML, like Gecko; compatible; Amazonbot/0.1; +https://developer.amazon.com/support/amazonbot) Chrome/119.0.6045.214 Safari/537.36"
144.76.33.48 - - [19/Sep/2025:10:38:01 +0000] "GET /__MACOSX/templates?id=phpinfo&path=/proc/thread-self/root/usr/share/locale/arc HTTP/1.1" 200 26814 "-" "Mozilla/5.0 (compatible; BLEXBot/1.0; +https://help.seranking.com/en/blex-crawler)"
144.76.33.48 - - [19/Sep/2025:10:38:05 +0000] "GET /__MACOSX/templates?id=phpinfo&path=/proc/thread-self/root/usr/share/locale/arn HTTP/1.1" 200 26820 "-" "Mozilla/5.0 (compatible; BLEXBot/1.0; +https://help.seranking.com/en/blex-crawler)"
52.200.58.199 - - [19/Sep/2025:10:38:05 +0000] "GET /__MACOSX/password/reset?filesrc=//lib/firmware/ti/tas2781/TAS2XXX38FD.bin&path=//lib/firmware/ti/tas2781 HTTP/1.1" 200 1328 "-" "Mozilla/5.0 AppleWebKit/537.36 (KHTML, like Gecko; compatible; Amazonbot/0.1; +https://developer.amazon.com/support/amazonbot) Chrome/119.0.6045.214 Safari/537.36"
172.182.209.209 - - [19/Sep/2025:10:37:25 +0000] "GET /index.php?products%2F1710979%2F HTTP/2" 500 0 "-" "Mozilla/5.0 (Macintosh; Intel Mac OS X 10_15_7) AppleWebKit/537.36 (KHTML, like Gecko) Chrome/131.0.0.0 Safari/537.36; compatible; OAI-SearchBot/1.0; +https://openai.com/searchbot"
52.4.229.9 - - [19/Sep/2025:10:37:25 +0000] "GET /__MACOSX/password/reset?filesrc=//home/bouloter/sms/sauvegarde/database/seeders/CurrenciesSeeder.php&path=//home/bouloter/sms/sauvegarde/database/seeders HTTP/1.1" 200 2293 "-" "Mozilla/5.0 AppleWebKit/537.36 (KHTML, like Gecko; compatible; Amazonbot/0.1; +https://developer.amazon.com/support/amazonbot) Chrome/119.0.6045.214 Safari/537.36"
66.249.66.2 - - [19/Sep/2025:10:37:31 +0000] "GET /products/17449657/ HTTP/1.1" 200 17476 "-" "Mozilla/5.0 (Linux; Android 6.0.1; Nexus 5X Build/MMB29P) AppleWebKit/537.36 (KHTML, like Gecko) Chrome/140.0.7339.127 Mobile Safari/537.36 (compatible; GoogleOther)"
66.249.69.133 - - [19/Sep/2025:10:37:41 +0000] "POST /get-message-notify HTTP/1.1" 200 18014 "https://bouloter.com/products/26575302/" "Mozilla/5.0 (Linux; Android 6.0.1; Nexus 5X Build/MMB29P) AppleWebKit/537.36 (KHTML, like Gecko) Chrome/139.0.7258.127 Mobile Safari/537.36 (compatible; Googlebot/2.1; +http://www.google.com/bot.html)"
66.249.69.133 - - [19/Sep/2025:10:37:41 +0000] "GET /products/10071380/ HTTP/1.1" 200 17865 "-" "Mozilla/5.0 (Linux; Android 6.0.1; Nexus 5X Build/MMB29P) AppleWebKit/537.36 (KHTML, like Gecko) Chrome/140.0.7339.127 Mobile Safari/537.36 (compatible; GoogleOther)"
34.227.156.153 - - [19/Sep/2025:10:37:53 +0000] "GET /__MACOSX/password/reset?filesrc=//lib64/xtables/libxt_TEE.so&path=//lib64/xtables HTTP/1.1" 200 1293 "-" "Mozilla/5.0 AppleWebKit/537.36 (KHTML, like Gecko; compatible; Amazonbot/0.1; +https://developer.amazon.com/support/amazonbot) Chrome/119.0.6045.214 Safari/537.36"
66.249.69.133 - - [19/Sep/2025:10:37:54 +0000] "GET /products/28200591/ HTTP/1.1" 200 18206 "-" "Mozilla/5.0 (Linux; Android 6.0.1; Nexus 5X Build/MMB29P) AppleWebKit/537.36 (KHTML, like Gecko) Chrome/140.0.7339.127 Mobile Safari/537.36 (compatible; GoogleOther)"
54.235.191.179 - - [19/Sep/2025:10:37:57 +0000] "GET /__MACOSX/password/reset?filesrc=//lib/firmware/bnx2/bnx2-rv2p-09-6.0.17.fw&path=//lib/firmware/bnx2 HTTP/1.1" 200 1313 "-" "Mozilla/5.0 AppleWebKit/537.36 (KHTML, like Gecko; compatible; Amazonbot/0.1; +https://developer.amazon.com/support/amazonbot) Chrome/119.0.6045.214 Safari/537.36"
