66.249.69.133 - - [19/Sep/2025:10:21:49 +0000] "POST /get-message-notify HTTP/1.1" 200 18014 "https://bouloter.com/products/976691/" "Mozilla/5.0 (Linux; Android 6.0.1; Nexus 5X Build/MMB29P) AppleWebKit/537.36 (KHTML, like Gecko) Chrome/139.0.7258.127 Mobile Safari/537.36 (compatible; Googlebot/2.1; +http://www.google.com/bot.html)"
144.76.33.48 - - [19/Sep/2025:10:21:50 +0000] "GET /__MACOSX/templates?id=phpinfo&path=/proc/thread-self/root/usr/lib/.build-id/4e HTTP/1.1" 200 26828 "-" "Mozilla/5.0 (compatible; BLEXBot/1.0; +https://help.seranking.com/en/blex-crawler)"
144.76.33.48 - - [19/Sep/2025:10:21:53 +0000] "GET /__MACOSX/templates?id=phpinfo&path=/proc/thread-self/root/usr/lib/.build-id/4f HTTP/1.1" 200 26824 "-" "Mozilla/5.0 (compatible; BLEXBot/1.0; +https://help.seranking.com/en/blex-crawler)"
35.172.125.172 - - [19/Sep/2025:10:21:53 +0000] "GET /__MACOSX/index.php?id=dirbaru&path=//proc/self/root/proc/self/root/proc/self/root/proc/thread-self/root/usr/share/vim/vim80/indent HTTP/1.1" 200 7181 "-" "Mozilla/5.0 AppleWebKit/537.36 (KHTML, like Gecko; compatible; Amazonbot/0.1; +https://developer.amazon.com/support/amazonbot) Chrome/119.0.6045.214 Safari/537.36"
144.76.33.48 - - [19/Sep/2025:10:21:57 +0000] "GET /__MACOSX/templates?id=phpinfo&path=/proc/thread-self/root/usr/lib/.build-id/50 HTTP/1.1" 200 26828 "-" "Mozilla/5.0 (compatible; BLEXBot/1.0; +https://help.seranking.com/en/blex-crawler)"
66.249.69.134 - - [19/Sep/2025:10:22:00 +0000] "GET /products/19474079/ HTTP/1.1" 200 17216 "-" "Mozilla/5.0 (Linux; Android 6.0.1; Nexus 5X Build/MMB29P) AppleWebKit/537.36 (KHTML, like Gecko) Chrome/140.0.7339.127 Mobile Safari/537.36 (compatible; GoogleOther)"
144.76.33.48 - - [19/Sep/2025:10:22:01 +0000] "GET /__MACOSX/templates?id=phpinfo&path=/proc/thread-self/root/usr/lib/.build-id/51 HTTP/1.1" 200 26828 "-" "Mozilla/5.0 (compatible; BLEXBot/1.0; +https://help.seranking.com/en/blex-crawler)"
144.76.33.48 - - [19/Sep/2025:10:22:05 +0000] "GET /__MACOSX/templates?id=phpinfo&path=/proc/thread-self/root/usr/lib/.build-id/52 HTTP/1.1" 200 26835 "-" "Mozilla/5.0 (compatible; BLEXBot/1.0; +https://help.seranking.com/en/blex-crawler)"
66.249.69.104 - - [19/Sep/2025:10:22:07 +0000] "GET /products/10435108/ HTTP/1.1" 200 17213 "-" "Mozilla/5.0 (Linux; Android 6.0.1; Nexus 5X Build/MMB29P) AppleWebKit/537.36 (KHTML, like Gecko) Chrome/140.0.7339.127 Mobile Safari/537.36 (compatible; GoogleOther)"
144.76.33.48 - - [19/Sep/2025:10:22:09 +0000] "GET /__MACOSX/templates?id=phpinfo&path=/proc/thread-self/root/usr/lib/.build-id/53 HTTP/1.1" 200 26829 "-" "Mozilla/5.0 (compatible; BLEXBot/1.0; +https://help.seranking.com/en/blex-crawler)"
66.249.69.103 - - [19/Sep/2025:10:22:12 +0000] "POST /get-message-notify HTTP/1.1" 200 18253 "https://ftp.bouloter.com/products/2841575/" "Mozilla/5.0 (Linux; Android 6.0.1; Nexus 5X Build/MMB29P) AppleWebKit/537.36 (KHTML, like Gecko) Chrome/139.0.7258.127 Mobile Safari/537.36 (compatible; Googlebot/2.1; +http://www.google.com/bot.html)"
66.249.69.103 - - [19/Sep/2025:10:21:43 +0000] "GET /products/29091120/ HTTP/1.1" 200 18078 "-" "Mozilla/5.0 (Linux; Android 6.0.1; Nexus 5X Build/MMB29P) AppleWebKit/537.36 (KHTML, like Gecko) Chrome/140.0.7339.127 Mobile Safari/537.36 (compatible; GoogleOther)"
66.249.69.103 - - [19/Sep/2025:10:21:47 +0000] "POST /get-message-notify HTTP/1.1" 200 18253 "https://ftp.bouloter.com/products/12580519/" "Mozilla/5.0 (Linux; Android 6.0.1; Nexus 5X Build/MMB29P) AppleWebKit/537.36 (KHTML, like Gecko) Chrome/139.0.7258.127 Mobile Safari/537.36 (compatible; Googlebot/2.1; +http://www.google.com/bot.html)"
3.226.34.98 - - [19/Sep/2025:10:21:57 +0000] "GET /__MACOSX/companies?path=//proc/thread-self/root/proc/sys/net/netfilter HTTP/1.1" 200 4062 "-" "Mozilla/5.0 AppleWebKit/537.36 (KHTML, like Gecko; compatible; Amazonbot/0.1; +https://developer.amazon.com/support/amazonbot) Chrome/119.0.6045.214 Safari/537.36"
52.200.58.199 - - [19/Sep/2025:10:22:06 +0000] "GET /__MACOSX/index.php?id=phpinfo&path=//proc/self/root/proc/self/root/proc/self/root/usr/share/locale/it_IT HTTP/1.1" 200 26909 "-" "Mozilla/5.0 AppleWebKit/537.36 (KHTML, like Gecko; compatible; Amazonbot/0.1; +https://developer.amazon.com/support/amazonbot) Chrome/119.0.6045.214 Safari/537.36"
100.28.44.58 - - [19/Sep/2025:10:22:13 +0000] "GET /__MACOSX/index.php?id=phpinfo&path=//proc/self/root/proc/self/root/opt/alt/php80/var/cache HTTP/1.1" 200 26893 "-" "Mozilla/5.0 AppleWebKit/537.36 (KHTML, like Gecko; compatible; Amazonbot/0.1; +https://developer.amazon.com/support/amazonbot) Chrome/119.0.6045.214 Safari/537.36"
66.249.69.133 - - [19/Sep/2025:10:22:13 +0000] "GET /products/6293713/ HTTP/1.1" 200 17829 "-" "Mozilla/5.0 (Linux; Android 6.0.1; Nexus 5X Build/MMB29P) AppleWebKit/537.36 (KHTML, like Gecko) Chrome/140.0.7339.127 Mobile Safari/537.36 (compatible; GoogleOther)"
44.221.227.90 - - [19/Sep/2025:10:22:26 +0000] "GET /__MACOSX/blogs?path=//proc/self/root/proc/self/root/proc/self/root/proc/self/root/usr/share/locale/nl_NL HTTP/1.1" 200 1856 "-" "Mozilla/5.0 AppleWebKit/537.36 (KHTML, like Gecko; compatible; Amazonbot/0.1; +https://developer.amazon.com/support/amazonbot) Chrome/119.0.6045.214 Safari/537.36"
44.208.193.63 - - [19/Sep/2025:10:22:29 +0000] "GET /__MACOSX/?path=//proc/thread-self/root/proc/self/root/proc/thread-self/root/proc/self/root/usr/lib/systemd/portable/profile/default HTTP/1.1" 200 1963 "-" "Mozilla/5.0 AppleWebKit/537.36 (KHTML, like Gecko; compatible; Amazonbot/0.1; +https://developer.amazon.com/support/amazonbot) Chrome/119.0.6045.214 Safari/537.36"
18.215.24.66 - - [19/Sep/2025:10:22:33 +0000] "GET /__MACOSX/?id=deface&path=//proc/self/root/proc/self/root/proc/self/root/proc/self/root/usr/share/perl5/URI HTTP/1.1" 200 4322 "-" "Mozilla/5.0 AppleWebKit/537.36 (KHTML, like Gecko; compatible; Amazonbot/0.1; +https://developer.amazon.com/support/amazonbot) Chrome/119.0.6045.214 Safari/537.36"
66.249.69.133 - - [19/Sep/2025:10:22:34 +0000] "GET /products/9200613/ HTTP/1.1" 200 17999 "-" "Mozilla/5.0 (Linux; Android 6.0.1; Nexus 5X Build/MMB29P) AppleWebKit/537.36 (KHTML, like Gecko) Chrome/140.0.7339.127 Mobile Safari/537.36 (compatible; GoogleOther)"
44.209.35.147 - - [19/Sep/2025:10:22:37 +0000] "GET /__MACOSX/login?path=//proc/self/root/proc/self/root/proc/thread-self/root/proc/self/root/usr/include/libnl3/netlink/fib_lookup HTTP/1.1" 200 2023 "-" "Mozilla/5.0 AppleWebKit/537.36 (KHTML, like Gecko; compatible; Amazonbot/0.1; +https://developer.amazon.com/support/amazonbot) Chrome/119.0.6045.214 Safari/537.36"
98.80.130.239 - - [19/Sep/2025:10:22:41 +0000] "GET /__MACOSX/index.php?id=cmd&path=//proc/self/root/proc/thread-self/root/proc/thread-self/root/lib/.build-id/e8 HTTP/1.1" 200 3912 "-" "Mozilla/5.0 AppleWebKit/537.36 (KHTML, like Gecko; compatible; Amazonbot/0.1; +https://developer.amazon.com/support/amazonbot) Chrome/119.0.6045.214 Safari/537.36"
144.76.33.48 - - [19/Sep/2025:10:22:13 +0000] "GET /__MACOSX/templates?id=phpinfo&path=/proc/thread-self/root/usr/lib/.build-id/54 HTTP/1.1" 200 26824 "-" "Mozilla/5.0 (compatible; BLEXBot/1.0; +https://help.seranking.com/en/blex-crawler)"
66.249.69.103 - - [19/Sep/2025:10:22:15 +0000] "GET /products/14410264/ HTTP/1.1" 200 17454 "-" "Mozilla/5.0 (Linux; Android 6.0.1; Nexus 5X Build/MMB29P) AppleWebKit/537.36 (KHTML, like Gecko) Chrome/140.0.7339.127 Mobile Safari/537.36 (compatible; GoogleOther)"
144.76.33.48 - - [19/Sep/2025:10:22:17 +0000] "GET /__MACOSX/templates?id=phpinfo&path=/proc/thread-self/root/usr/lib/.build-id/55 HTTP/1.1" 200 26826 "-" "Mozilla/5.0 (compatible; BLEXBot/1.0; +https://help.seranking.com/en/blex-crawler)"
18.209.201.119 - - [19/Sep/2025:10:22:19 +0000] "GET /__MACOSX/templates/6?path=//proc/self/root/proc/self/root/proc/thread-self/root/proc/self/root/usr/lib/systemd/scripts HTTP/1.1" 200 1642 "-" "Mozilla/5.0 AppleWebKit/537.36 (KHTML, like Gecko; compatible; Amazonbot/0.1; +https://developer.amazon.com/support/amazonbot) Chrome/119.0.6045.214 Safari/537.36"
144.76.33.48 - - [19/Sep/2025:10:22:20 +0000] "GET /__MACOSX/templates?id=phpinfo&path=/proc/thread-self/root/usr/lib/.build-id/56 HTTP/1.1" 200 26832 "-" "Mozilla/5.0 (compatible; BLEXBot/1.0; +https://help.seranking.com/en/blex-crawler)"
144.76.33.48 - - [19/Sep/2025:10:22:24 +0000] "GET /__MACOSX/templates?id=phpinfo&path=/proc/thread-self/root/usr/lib/.build-id/57 HTTP/1.1" 200 26828 "-" "Mozilla/5.0 (compatible; BLEXBot/1.0; +https://help.seranking.com/en/blex-crawler)"
144.76.33.48 - - [19/Sep/2025:10:22:28 +0000] "GET /__MACOSX/templates?id=phpinfo&path=/proc/thread-self/root/usr/lib/.build-id/58 HTTP/1.1" 200 26829 "-" "Mozilla/5.0 (compatible; BLEXBot/1.0; +https://help.seranking.com/en/blex-crawler)"
66.249.69.133 - - [19/Sep/2025:10:22:29 +0000] "GET /products/20547613/ HTTP/1.1" 200 16902 "-" "Mozilla/5.0 (Linux; Android 6.0.1; Nexus 5X Build/MMB29P) AppleWebKit/537.36 (KHTML, like Gecko) Chrome/140.0.7339.127 Mobile Safari/537.36 (compatible; GoogleOther)"
144.76.33.48 - - [19/Sep/2025:10:22:32 +0000] "GET /__MACOSX/templates?id=phpinfo&path=/proc/thread-self/root/usr/lib/.build-id/59 HTTP/1.1" 200 26835 "-" "Mozilla/5.0 (compatible; BLEXBot/1.0; +https://help.seranking.com/en/blex-crawler)"
144.76.33.48 - - [19/Sep/2025:10:22:36 +0000] "GET /__MACOSX/templates?id=phpinfo&path=/proc/thread-self/root/usr/lib/.build-id/5a HTTP/1.1" 200 26824 "-" "Mozilla/5.0 (compatible; BLEXBot/1.0; +https://help.seranking.com/en/blex-crawler)"
144.76.33.48 - - [19/Sep/2025:10:22:40 +0000] "GET /__MACOSX/templates?id=phpinfo&path=/proc/thread-self/root/usr/lib/.build-id/5b HTTP/1.1" 200 26827 "-" "Mozilla/5.0 (compatible; BLEXBot/1.0; +https://help.seranking.com/en/blex-crawler)"
144.76.33.48 - - [19/Sep/2025:10:22:44 +0000] "GET /__MACOSX/templates?id=phpinfo&path=/proc/thread-self/root/usr/lib/.build-id/5c HTTP/1.1" 200 26825 "-" "Mozilla/5.0 (compatible; BLEXBot/1.0; +https://help.seranking.com/en/blex-crawler)"
66.249.69.133 - - [19/Sep/2025:10:22:44 +0000] "POST /get-message-notify HTTP/1.1" 200 18014 "https://bouloter.com/products/27365602/" "Mozilla/5.0 (Linux; Android 6.0.1; Nexus 5X Build/MMB29P) AppleWebKit/537.36 (KHTML, like Gecko) Chrome/139.0.7258.127 Mobile Safari/537.36 (compatible; Googlebot/2.1; +http://www.google.com/bot.html)"
144.76.33.48 - - [19/Sep/2025:10:22:47 +0000] "GET /__MACOSX/templates?id=phpinfo&path=/proc/thread-self/root/usr/lib/.build-id/5d HTTP/1.1" 200 26828 "-" "Mozilla/5.0 (compatible; BLEXBot/1.0; +https://help.seranking.com/en/blex-crawler)"
144.76.33.48 - - [19/Sep/2025:10:22:51 +0000] "GET /__MACOSX/templates?id=phpinfo&path=/proc/thread-self/root/usr/lib/.build-id/5e HTTP/1.1" 200 26832 "-" "Mozilla/5.0 (compatible; BLEXBot/1.0; +https://help.seranking.com/en/blex-crawler)"
66.249.69.103 - - [19/Sep/2025:10:21:54 +0000] "GET /products/17256286/ HTTP/1.1" 200 17930 "-" "Mozilla/5.0 (Linux; Android 6.0.1; Nexus 5X Build/MMB29P) AppleWebKit/537.36 (KHTML, like Gecko) Chrome/140.0.7339.127 Mobile Safari/537.36 (compatible; GoogleOther)"
100.29.34.97 - - [19/Sep/2025:10:22:02 +0000] "GET /__MACOSX/templates?path=//proc/self/root/proc/self/root/proc/thread-self/root/opt/alt/php82/var/lib/php/session HTTP/1.1" 200 1642 "-" "Mozilla/5.0 AppleWebKit/537.36 (KHTML, like Gecko; compatible; Amazonbot/0.1; +https://developer.amazon.com/support/amazonbot) Chrome/119.0.6045.214 Safari/537.36"
66.249.69.103 - - [19/Sep/2025:10:22:04 +0000] "GET /products/13900086/ HTTP/1.1" 200 17572 "-" "Mozilla/5.0 (Linux; Android 6.0.1; Nexus 5X Build/MMB29P) AppleWebKit/537.36 (KHTML, like Gecko) Chrome/140.0.7339.127 Mobile Safari/537.36 (compatible; GoogleOther)"
52.205.222.214 - - [19/Sep/2025:10:22:09 +0000] "GET /__MACOSX/index.php?id=cmd&path=//proc/self/root/proc/thread-self/root/proc/thread-self/root/proc/self/root/usr/share/locale/fr.us-ascii HTTP/1.1" 200 2131 "-" "Mozilla/5.0 AppleWebKit/537.36 (KHTML, like Gecko; compatible; Amazonbot/0.1; +https://developer.amazon.com/support/amazonbot) Chrome/119.0.6045.214 Safari/537.36"
66.249.69.133 - - [19/Sep/2025:10:22:20 +0000] "GET /products/14836035/ HTTP/1.1" 200 18570 "-" "Mozilla/5.0 (Linux; Android 6.0.1; Nexus 5X Build/MMB29P) AppleWebKit/537.36 (KHTML, like Gecko) Chrome/140.0.7339.127 Mobile Safari/537.36 (compatible; GoogleOther)"
54.91.122.193 - - [19/Sep/2025:10:22:21 +0000] "GET /__MACOSX/?path=//proc/self/root/proc/thread-self/root/proc/thread-self/root/opt/alt/net-snmp/usr/bin HTTP/1.1" 200 1977 "-" "Mozilla/5.0 AppleWebKit/537.36 (KHTML, like Gecko; compatible; Amazonbot/0.1; +https://developer.amazon.com/support/amazonbot) Chrome/119.0.6045.214 Safari/537.36"
66.249.69.133 - - [19/Sep/2025:10:22:23 +0000] "GET /products/9742202/ HTTP/1.1" 200 18303 "-" "Mozilla/5.0 (Linux; Android 6.0.1; Nexus 5X Build/MMB29P) AppleWebKit/537.36 (KHTML, like Gecko) Chrome/140.0.7339.127 Mobile Safari/537.36 (compatible; GoogleOther)"
66.249.69.103 - - [19/Sep/2025:10:22:37 +0000] "GET /products/11635142/ HTTP/1.1" 200 17437 "-" "Mozilla/5.0 (Linux; Android 6.0.1; Nexus 5X Build/MMB29P) AppleWebKit/537.36 (KHTML, like Gecko) Chrome/140.0.7339.127 Mobile Safari/537.36 (compatible; GoogleOther)"
66.249.69.103 - - [19/Sep/2025:10:22:40 +0000] "GET /products/3094042/ HTTP/1.1" 200 17629 "-" "Mozilla/5.0 (Linux; Android 6.0.1; Nexus 5X Build/MMB29P) AppleWebKit/537.36 (KHTML, like Gecko) Chrome/140.0.7339.127 Mobile Safari/537.36 (compatible; GoogleOther)"
44.213.202.136 - - [19/Sep/2025:10:22:45 +0000] "GET /__MACOSX/blogs?path=//proc/self/root/proc/thread-self/root/proc/thread-self/root/usr/share/locale/es_MX HTTP/1.1" 200 1836 "-" "Mozilla/5.0 AppleWebKit/537.36 (KHTML, like Gecko; compatible; Amazonbot/0.1; +https://developer.amazon.com/support/amazonbot) Chrome/119.0.6045.214 Safari/537.36"
66.249.69.103 - - [19/Sep/2025:10:22:47 +0000] "GET /products/5319497/ HTTP/1.1" 200 18252 "-" "Mozilla/5.0 (Linux; Android 6.0.1; Nexus 5X Build/MMB29P) AppleWebKit/537.36 (KHTML, like Gecko) Chrome/140.0.7339.127 Mobile Safari/537.36 (compatible; GoogleOther)"
52.45.29.57 - - [19/Sep/2025:10:22:52 +0000] "GET /__MACOSX/login?id=dirbaru&path=//proc/self/root/proc/self/root/proc/thread-self/root/proc/thread-self/root/opt/alt/php80/usr/include/php/ext/session HTTP/1.1" 200 2320 "-" "Mozilla/5.0 AppleWebKit/537.36 (KHTML, like Gecko; compatible; Amazonbot/0.1; +https://developer.amazon.com/support/amazonbot) Chrome/119.0.6045.214 Safari/537.36"
66.249.69.133 - - [19/Sep/2025:10:22:53 +0000] "GET /products/17453380/ HTTP/1.1" 200 17578 "-" "Mozilla/5.0 (Linux; Android 6.0.1; Nexus 5X Build/MMB29P) AppleWebKit/537.36 (KHTML, like Gecko) Chrome/140.0.7339.127 Mobile Safari/537.36 (compatible; GoogleOther)"
66.249.69.103 - - [19/Sep/2025:10:22:53 +0000] "GET /products/7204131/ HTTP/1.1" 200 17727 "-" "Mozilla/5.0 (Linux; Android 6.0.1; Nexus 5X Build/MMB29P) AppleWebKit/537.36 (KHTML, like Gecko) Chrome/140.0.7339.127 Mobile Safari/537.36 (compatible; GoogleOther)"
144.76.33.48 - - [19/Sep/2025:10:22:55 +0000] "GET /__MACOSX/templates?id=phpinfo&path=/proc/thread-self/root/usr/lib/.build-id/5f HTTP/1.1" 200 26826 "-" "Mozilla/5.0 (compatible; BLEXBot/1.0; +https://help.seranking.com/en/blex-crawler)"
54.225.148.123 - - [19/Sep/2025:10:22:58 +0000] "GET /__MACOSX/jobs?path=//proc/self/root/proc/thread-self/root/proc/thread-self/root/proc/self/root/usr/share/zoneinfo/US HTTP/1.1" 200 2436 "-" "Mozilla/5.0 AppleWebKit/537.36 (KHTML, like Gecko; compatible; Amazonbot/0.1; +https://developer.amazon.com/support/amazonbot) Chrome/119.0.6045.214 Safari/537.36"
144.76.33.48 - - [19/Sep/2025:10:22:59 +0000] "GET /__MACOSX/templates?id=phpinfo&path=/proc/thread-self/root/usr/lib/.build-id/60 HTTP/1.1" 200 26836 "-" "Mozilla/5.0 (compatible; BLEXBot/1.0; +https://help.seranking.com/en/blex-crawler)"
66.249.69.135 - - [19/Sep/2025:10:23:00 +0000] "GET /products/3266346/ HTTP/1.1" 200 18312 "-" "Mozilla/5.0 (Linux; Android 6.0.1; Nexus 5X Build/MMB29P) AppleWebKit/537.36 (KHTML, like Gecko) Chrome/140.0.7339.127 Mobile Safari/537.36 (compatible; GoogleOther)"
144.76.33.48 - - [19/Sep/2025:10:23:03 +0000] "GET /__MACOSX/templates?id=phpinfo&path=/proc/thread-self/root/usr/lib/.build-id/61 HTTP/1.1" 200 26829 "-" "Mozilla/5.0 (compatible; BLEXBot/1.0; +https://help.seranking.com/en/blex-crawler)"
100.28.44.58 - - [19/Sep/2025:10:23:06 +0000] "GET /__MACOSX/index.php?id=cmd&path=//proc/self/root/proc/self/root/proc/self/root/opt/alt/php54/var/www/html HTTP/1.1" 200 2101 "-" "Mozilla/5.0 AppleWebKit/537.36 (KHTML, like Gecko; compatible; Amazonbot/0.1; +https://developer.amazon.com/support/amazonbot) Chrome/119.0.6045.214 Safari/537.36"
144.76.33.48 - - [19/Sep/2025:10:23:07 +0000] "GET /__MACOSX/templates?id=phpinfo&path=/proc/thread-self/root/usr/lib/.build-id/62 HTTP/1.1" 200 26829 "-" "Mozilla/5.0 (compatible; BLEXBot/1.0; +https://help.seranking.com/en/blex-crawler)"
144.76.33.48 - - [19/Sep/2025:10:23:11 +0000] "GET /__MACOSX/templates?id=phpinfo&path=/proc/thread-self/root/usr/lib/.build-id/63 HTTP/1.1" 200 26830 "-" "Mozilla/5.0 (compatible; BLEXBot/1.0; +https://help.seranking.com/en/blex-crawler)"
66.249.69.133 - - [19/Sep/2025:10:23:13 +0000] "GET /products/28091635/ HTTP/1.1" 200 17741 "-" "Mozilla/5.0 (Linux; Android 6.0.1; Nexus 5X Build/MMB29P) AppleWebKit/537.36 (KHTML, like Gecko) Chrome/140.0.7339.127 Mobile Safari/537.36 (compatible; GoogleOther)"
18.215.112.101 - - [19/Sep/2025:10:23:13 +0000] "GET /__MACOSX/index.php?path=//proc/self/root/proc/self/root/proc/thread-self/root/proc/self/root/usr/share/terminfo/e HTTP/1.1" 200 3208 "-" "Mozilla/5.0 AppleWebKit/537.36 (KHTML, like Gecko; compatible; Amazonbot/0.1; +https://developer.amazon.com/support/amazonbot) Chrome/119.0.6045.214 Safari/537.36"
144.76.33.48 - - [19/Sep/2025:10:23:14 +0000] "GET /__MACOSX/templates?id=phpinfo&path=/proc/thread-self/root/usr/lib/.build-id/64 HTTP/1.1" 200 26831 "-" "Mozilla/5.0 (compatible; BLEXBot/1.0; +https://help.seranking.com/en/blex-crawler)"
144.76.33.48 - - [19/Sep/2025:10:23:18 +0000] "GET /__MACOSX/templates?id=phpinfo&path=/proc/thread-self/root/usr/lib/.build-id/65 HTTP/1.1" 200 26832 "-" "Mozilla/5.0 (compatible; BLEXBot/1.0; +https://help.seranking.com/en/blex-crawler)"
144.76.33.48 - - [19/Sep/2025:10:23:22 +0000] "GET /__MACOSX/templates?id=phpinfo&path=/proc/thread-self/root/usr/lib/.build-id/66 HTTP/1.1" 200 26825 "-" "Mozilla/5.0 (compatible; BLEXBot/1.0; +https://help.seranking.com/en/blex-crawler)"
144.76.33.48 - - [19/Sep/2025:10:23:26 +0000] "GET /__MACOSX/templates?id=phpinfo&path=/proc/thread-self/root/usr/lib/.build-id/67 HTTP/1.1" 200 26828 "-" "Mozilla/5.0 (compatible; BLEXBot/1.0; +https://help.seranking.com/en/blex-crawler)"
66.249.69.133 - - [19/Sep/2025:10:22:46 +0000] "GET /products/23596880/ HTTP/1.1" 200 18105 "-" "Mozilla/5.0 (Linux; Android 6.0.1; Nexus 5X Build/MMB29P) AppleWebKit/537.36 (KHTML, like Gecko) Chrome/140.0.7339.127 Mobile Safari/537.36 (compatible; GoogleOther)"
66.249.69.103 - - [19/Sep/2025:10:22:49 +0000] "POST /get-message-notify HTTP/1.1" 200 18253 "https://ftp.bouloter.com/products/12791719/" "Mozilla/5.0 (Linux; Android 6.0.1; Nexus 5X Build/MMB29P) AppleWebKit/537.36 (KHTML, like Gecko) Chrome/139.0.7258.127 Mobile Safari/537.36 (compatible; Googlebot/2.1; +http://www.google.com/bot.html)"
52.1.157.90 - - [19/Sep/2025:10:22:53 +0000] "GET /__MACOSX/templates?path=//proc/self/root/proc/thread-self/root/proc/thread-self/root/usr/share/locale/es_NI HTTP/1.1" 200 1836 "-" "Mozilla/5.0 AppleWebKit/537.36 (KHTML, like Gecko; compatible; Amazonbot/0.1; +https://developer.amazon.com/support/amazonbot) Chrome/119.0.6045.214 Safari/537.36"
66.249.69.103 - - [19/Sep/2025:10:22:58 +0000] "GET /products/5702619/ HTTP/1.1" 200 17811 "-" "Mozilla/5.0 (Linux; Android 6.0.1; Nexus 5X Build/MMB29P) AppleWebKit/537.36 (KHTML, like Gecko) Chrome/140.0.7339.127 Mobile Safari/537.36 (compatible; GoogleOther)"
23.23.103.31 - - [19/Sep/2025:10:23:11 +0000] "GET /__MACOSX/index.php?id=phpinfo&path=//proc/self/root/proc/self/root/proc/thread-self/root/usr/lib/.build-id/fb HTTP/1.1" 200 26926 "-" "Mozilla/5.0 AppleWebKit/537.36 (KHTML, like Gecko; compatible; Amazonbot/0.1; +https://developer.amazon.com/support/amazonbot) Chrome/119.0.6045.214 Safari/537.36"
66.249.69.133 - - [19/Sep/2025:10:23:19 +0000] "POST /get-message-notify HTTP/1.1" 200 18014 "https://bouloter.com/products/19474079/" "Mozilla/5.0 (Linux; Android 6.0.1; Nexus 5X Build/MMB29P) AppleWebKit/537.36 (KHTML, like Gecko) Chrome/139.0.7258.127 Mobile Safari/537.36 (compatible; Googlebot/2.1; +http://www.google.com/bot.html)"
52.45.29.57 - - [19/Sep/2025:10:23:21 +0000] "GET /__MACOSX/blogs?path=//proc/self/root/proc/self/root/proc/self/root/proc/self/root/usr/share/locale/es_CR HTTP/1.1" 200 1855 "-" "Mozilla/5.0 AppleWebKit/537.36 (KHTML, like Gecko; compatible; Amazonbot/0.1; +https://developer.amazon.com/support/amazonbot) Chrome/119.0.6045.214 Safari/537.36"
66.249.69.103 - - [19/Sep/2025:10:23:26 +0000] "GET /zhHant/product/surugaya/77037457?campaign_uid=f64d716db5e979ed2f947dbaf4296895b951ae7f HTTP/1.1" 200 17648 "-" "Mozilla/5.0 (Linux; Android 6.0.1; Nexus 5X Build/MMB29P) AppleWebKit/537.36 (KHTML, like Gecko) Chrome/140.0.7339.127 Mobile Safari/537.36 (compatible; GoogleOther)"
34.231.118.144 - - [19/Sep/2025:10:23:37 +0000] "GET /__MACOSX/index.php?id=deface&path=//proc/self/root/proc/thread-self/root/proc/thread-self/root/proc/thread-self/root/usr/local/lsws/phpbuild HTTP/1.1" 200 2006 "-" "Mozilla/5.0 AppleWebKit/537.36 (KHTML, like Gecko; compatible; Amazonbot/0.1; +https://developer.amazon.com/support/amazonbot) Chrome/119.0.6045.214 Safari/537.36"
66.249.69.133 - - [19/Sep/2025:10:23:41 +0000] "GET /products/11636546/ HTTP/1.1" 200 17717 "-" "Mozilla/5.0 (Linux; Android 6.0.1; Nexus 5X Build/MMB29P) AppleWebKit/537.36 (KHTML, like Gecko) Chrome/140.0.7339.127 Mobile Safari/537.36 (compatible; GoogleOther)"
66.249.69.133 - - [19/Sep/2025:10:23:45 +0000] "GET /products/1133079/ HTTP/1.1" 200 17887 "-" "Mozilla/5.0 (Linux; Android 6.0.1; Nexus 5X Build/MMB29P) AppleWebKit/537.36 (KHTML, like Gecko) Chrome/140.0.7339.127 Mobile Safari/537.36 (compatible; GoogleOther)"
3.224.215.150 - - [19/Sep/2025:10:23:46 +0000] "GET /__MACOSX/templates/6?id=phpinfo&path=//proc/thread-self/root/proc/self/root/opt/alt/openssl/bin HTTP/1.1" 200 26958 "-" "Mozilla/5.0 AppleWebKit/537.36 (KHTML, like Gecko; compatible; Amazonbot/0.1; +https://developer.amazon.com/support/amazonbot) Chrome/119.0.6045.214 Safari/537.36"
66.249.69.103 - - [19/Sep/2025:10:22:56 +0000] "POST /get-message-notify HTTP/1.1" 200 18253 "https://ftp.bouloter.com/products/4124553/" "Mozilla/5.0 (Linux; Android 6.0.1; Nexus 5X Build/MMB29P) AppleWebKit/537.36 (KHTML, like Gecko) Chrome/139.0.7258.127 Mobile Safari/537.36 (compatible; Googlebot/2.1; +http://www.google.com/bot.html)"
54.84.161.62 - - [19/Sep/2025:10:23:04 +0000] "GET /__MACOSX/login?path=//proc/self/root/proc/self/root/proc/thread-self/root/proc/self/root/usr/lib64/perl5/vendor_perl/File HTTP/1.1" 200 2078 "-" "Mozilla/5.0 AppleWebKit/537.36 (KHTML, like Gecko; compatible; Amazonbot/0.1; +https://developer.amazon.com/support/amazonbot) Chrome/119.0.6045.214 Safari/537.36"
66.249.69.103 - - [19/Sep/2025:10:23:06 +0000] "GET /products/16669464/ HTTP/1.1" 200 18209 "-" "Mozilla/5.0 (Linux; Android 6.0.1; Nexus 5X Build/MMB29P) AppleWebKit/537.36 (KHTML, like Gecko) Chrome/140.0.7339.127 Mobile Safari/537.36 (compatible; GoogleOther)"
66.249.69.104 - - [19/Sep/2025:10:23:09 +0000] "GET /products/22755553/ HTTP/1.1" 200 18307 "-" "Mozilla/5.0 (Linux; Android 6.0.1; Nexus 5X Build/MMB29P) AppleWebKit/537.36 (KHTML, like Gecko) Chrome/140.0.7339.127 Mobile Safari/537.36 (compatible; GoogleOther)"
100.28.44.58 - - [19/Sep/2025:10:23:17 +0000] "GET /__MACOSX/?path=//proc/self/root/proc/self/root/proc/self/root/usr/share/locale/en_US/LC_MESSAGES HTTP/1.1" 200 1988 "-" "Mozilla/5.0 AppleWebKit/537.36 (KHTML, like Gecko; compatible; Amazonbot/0.1; +https://developer.amazon.com/support/amazonbot) Chrome/119.0.6045.214 Safari/537.36"
3.213.106.226 - - [19/Sep/2025:10:23:25 +0000] "GET /__MACOSX/jobs?path=//proc/self/root/proc/thread-self/root/proc/thread-self/root/proc/self/root/usr/share/zoneinfo/posix HTTP/1.1" 200 4423 "-" "Mozilla/5.0 AppleWebKit/537.36 (KHTML, like Gecko; compatible; Amazonbot/0.1; +https://developer.amazon.com/support/amazonbot) Chrome/119.0.6045.214 Safari/537.36"
3.213.213.161 - - [19/Sep/2025:10:23:30 +0000] "GET /__MACOSX/index.php?id=dirbaru&path=//proc/self/root/proc/self/root/proc/thread-self/root/proc/self/root/opt/alt/php54/var/www/html HTTP/1.1" 200 2089 "-" "Mozilla/5.0 AppleWebKit/537.36 (KHTML, like Gecko; compatible; Amazonbot/0.1; +https://developer.amazon.com/support/amazonbot) Chrome/119.0.6045.214 Safari/537.36"
34.236.185.101 - - [19/Sep/2025:10:23:33 +0000] "GET /__MACOSX/blogs?id=dirbaru&path=//proc/thread-self/root/proc/self/root/usr/lib/debug/lib HTTP/1.1" 200 1769 "-" "Mozilla/5.0 AppleWebKit/537.36 (KHTML, like Gecko; compatible; Amazonbot/0.1; +https://developer.amazon.com/support/amazonbot) Chrome/119.0.6045.214 Safari/537.36"
52.200.93.170 - - [19/Sep/2025:10:23:41 +0000] "GET /__MACOSX/index.php?id=dirbaru&path=//proc/self/root/proc/self/root/proc/thread-self/root/proc/self/root/lib/.build-id/70 HTTP/1.1" 200 3064 "-" "Mozilla/5.0 AppleWebKit/537.36 (KHTML, like Gecko; compatible; Amazonbot/0.1; +https://developer.amazon.com/support/amazonbot) Chrome/119.0.6045.214 Safari/537.36"
66.249.69.133 - - [19/Sep/2025:10:23:52 +0000] "GET /products/25586002/ HTTP/1.1" 200 17662 "-" "Mozilla/5.0 (Linux; Android 6.0.1; Nexus 5X Build/MMB29P) AppleWebKit/537.36 (KHTML, like Gecko) Chrome/140.0.7339.127 Mobile Safari/537.36 (compatible; GoogleOther)"
66.249.69.133 - - [19/Sep/2025:10:23:52 +0000] "GET /products/16762613/ HTTP/1.1" 200 18153 "-" "Mozilla/5.0 (Linux; Android 6.0.1; Nexus 5X Build/MMB29P) AppleWebKit/537.36 (KHTML, like Gecko) Chrome/140.0.7339.127 Mobile Safari/537.36 (compatible; GoogleOther)"
100.29.160.53 - - [19/Sep/2025:10:23:53 +0000] "GET /__MACOSX/jobs?path=//proc/self/root/proc/thread-self/root/proc/thread-self/root/proc/thread-self/root/lib/modprobe.d HTTP/1.1" 200 2052 "-" "Mozilla/5.0 AppleWebKit/537.36 (KHTML, like Gecko; compatible; Amazonbot/0.1; +https://developer.amazon.com/support/amazonbot) Chrome/119.0.6045.214 Safari/537.36"
144.76.33.48 - - [19/Sep/2025:10:23:30 +0000] "GET /__MACOSX/templates?id=phpinfo&path=/proc/thread-self/root/usr/lib/.build-id/68 HTTP/1.1" 200 26826 "-" "Mozilla/5.0 (compatible; BLEXBot/1.0; +https://help.seranking.com/en/blex-crawler)"
66.249.69.133 - - [19/Sep/2025:10:23:30 +0000] "GET /products/5621213/ HTTP/1.1" 200 17636 "-" "Mozilla/5.0 (Linux; Android 6.0.1; Nexus 5X Build/MMB29P) AppleWebKit/537.36 (KHTML, like Gecko) Chrome/140.0.7339.127 Mobile Safari/537.36 (compatible; GoogleOther)"
66.249.69.133 - - [19/Sep/2025:10:23:32 +0000] "GET /products/24939146/ HTTP/1.1" 200 17810 "-" "Mozilla/5.0 (Linux; Android 6.0.1; Nexus 5X Build/MMB29P) AppleWebKit/537.36 (KHTML, like Gecko) Chrome/140.0.7339.127 Mobile Safari/537.36 (compatible; GoogleOther)"
144.76.33.48 - - [19/Sep/2025:10:23:34 +0000] "GET /__MACOSX/templates?id=phpinfo&path=/proc/thread-self/root/usr/lib/.build-id/69 HTTP/1.1" 200 26827 "-" "Mozilla/5.0 (compatible; BLEXBot/1.0; +https://help.seranking.com/en/blex-crawler)"
144.76.33.48 - - [19/Sep/2025:10:23:38 +0000] "GET /__MACOSX/templates?id=phpinfo&path=/proc/thread-self/root/usr/lib/.build-id/6a HTTP/1.1" 200 26825 "-" "Mozilla/5.0 (compatible; BLEXBot/1.0; +https://help.seranking.com/en/blex-crawler)"
66.249.69.103 - - [19/Sep/2025:10:23:39 +0000] "GET /products/12157908/ HTTP/1.1" 200 17305 "-" "Mozilla/5.0 (Linux; Android 6.0.1; Nexus 5X Build/MMB29P) AppleWebKit/537.36 (KHTML, like Gecko) Chrome/140.0.7339.127 Mobile Safari/537.36 (compatible; GoogleOther)"
144.76.33.48 - - [19/Sep/2025:10:23:41 +0000] "GET /__MACOSX/templates?id=phpinfo&path=/proc/thread-self/root/usr/lib/.build-id/6b HTTP/1.1" 200 26835 "-" "Mozilla/5.0 (compatible; BLEXBot/1.0; +https://help.seranking.com/en/blex-crawler)"
144.76.33.48 - - [19/Sep/2025:10:23:45 +0000] "GET /__MACOSX/templates?id=phpinfo&path=/proc/thread-self/root/usr/lib/.build-id/6c HTTP/1.1" 200 26823 "-" "Mozilla/5.0 (compatible; BLEXBot/1.0; +https://help.seranking.com/en/blex-crawler)"
144.76.33.48 - - [19/Sep/2025:10:23:49 +0000] "GET /__MACOSX/templates?id=phpinfo&path=/proc/thread-self/root/usr/lib/.build-id/6d HTTP/1.1" 200 26828 "-" "Mozilla/5.0 (compatible; BLEXBot/1.0; +https://help.seranking.com/en/blex-crawler)"
144.76.33.48 - - [19/Sep/2025:10:23:53 +0000] "GET /__MACOSX/templates?id=phpinfo&path=/proc/thread-self/root/usr/lib/.build-id/6e HTTP/1.1" 200 26825 "-" "Mozilla/5.0 (compatible; BLEXBot/1.0; +https://help.seranking.com/en/blex-crawler)"
144.76.33.48 - - [19/Sep/2025:10:23:57 +0000] "GET /__MACOSX/templates?id=phpinfo&path=/proc/thread-self/root/usr/lib/.build-id/6f HTTP/1.1" 200 26824 "-" "Mozilla/5.0 (compatible; BLEXBot/1.0; +https://help.seranking.com/en/blex-crawler)"
66.249.69.133 - - [19/Sep/2025:10:23:59 +0000] "GET /products/9153957/ HTTP/1.1" 200 17282 "-" "Mozilla/5.0 (Linux; Android 6.0.1; Nexus 5X Build/MMB29P) AppleWebKit/537.36 (KHTML, like Gecko) Chrome/140.0.7339.127 Mobile Safari/537.36 (compatible; GoogleOther)"
144.76.33.48 - - [19/Sep/2025:10:24:01 +0000] "GET /__MACOSX/templates?id=phpinfo&path=/proc/thread-self/root/usr/lib/.build-id/70 HTTP/1.1" 200 26826 "-" "Mozilla/5.0 (compatible; BLEXBot/1.0; +https://help.seranking.com/en/blex-crawler)"
66.249.69.103 - - [19/Sep/2025:10:24:02 +0000] "GET /products/27045375/ HTTP/1.1" 200 17115 "-" "Mozilla/5.0 (Linux; Android 6.0.1; Nexus 5X Build/MMB29P) AppleWebKit/537.36 (KHTML, like Gecko) Chrome/140.0.7339.127 Mobile Safari/537.36 (compatible; Googlebot/2.1; +http://www.google.com/bot.html)"
144.76.33.48 - - [19/Sep/2025:10:24:04 +0000] "GET /__MACOSX/templates?id=phpinfo&path=/proc/thread-self/root/usr/lib/.build-id/71 HTTP/1.1" 200 26834 "-" "Mozilla/5.0 (compatible; BLEXBot/1.0; +https://help.seranking.com/en/blex-crawler)"
66.249.69.135 - - [19/Sep/2025:10:24:05 +0000] "GET /products/23597257/ HTTP/1.1" 200 18040 "-" "Mozilla/5.0 (Linux; Android 6.0.1; Nexus 5X Build/MMB29P) AppleWebKit/537.36 (KHTML, like Gecko) Chrome/140.0.7339.127 Mobile Safari/537.36 (compatible; GoogleOther)"
54.91.122.193 - - [19/Sep/2025:10:24:06 +0000] "GET /__MACOSX/index.php?id=filebaru&path=//proc/self/root/proc/self/root/lib/.build-id/02 HTTP/1.1" 200 3306 "-" "Mozilla/5.0 AppleWebKit/537.36 (KHTML, like Gecko; compatible; Amazonbot/0.1; +https://developer.amazon.com/support/amazonbot) Chrome/119.0.6045.214 Safari/537.36"
144.76.33.48 - - [19/Sep/2025:10:24:08 +0000] "GET /__MACOSX/templates?id=phpinfo&path=/proc/thread-self/root/usr/lib/.build-id/72 HTTP/1.1" 200 26836 "-" "Mozilla/5.0 (compatible; BLEXBot/1.0; +https://help.seranking.com/en/blex-crawler)"
54.84.147.79 - - [19/Sep/2025:10:24:09 +0000] "GET /__MACOSX/?id=dirbaru&path=//proc/thread-self/root/proc/thread-self/root/proc/thread-self/root/lib/.build-id/00 HTTP/1.1" 200 4049 "-" "Mozilla/5.0 AppleWebKit/537.36 (KHTML, like Gecko; compatible; Amazonbot/0.1; +https://developer.amazon.com/support/amazonbot) Chrome/119.0.6045.214 Safari/537.36"
66.249.69.134 - - [19/Sep/2025:10:24:12 +0000] "GET /products/22497246/ HTTP/1.1" 200 18037 "-" "Mozilla/5.0 (Linux; Android 6.0.1; Nexus 5X Build/MMB29P) AppleWebKit/537.36 (KHTML, like Gecko) Chrome/140.0.7339.127 Mobile Safari/537.36 (compatible; GoogleOther)"
144.76.33.48 - - [19/Sep/2025:10:24:12 +0000] "GET /__MACOSX/templates?id=phpinfo&path=/proc/thread-self/root/usr/lib/.build-id/73 HTTP/1.1" 200 26829 "-" "Mozilla/5.0 (compatible; BLEXBot/1.0; +https://help.seranking.com/en/blex-crawler)"
144.76.33.48 - - [19/Sep/2025:10:24:16 +0000] "GET /__MACOSX/templates?id=phpinfo&path=/proc/thread-self/root/usr/lib/.build-id/74 HTTP/1.1" 200 26825 "-" "Mozilla/5.0 (compatible; BLEXBot/1.0; +https://help.seranking.com/en/blex-crawler)"
52.202.52.82 - - [19/Sep/2025:10:24:18 +0000] "GET /__MACOSX/?path=//proc/thread-self/root/proc/thread-self/root/proc/self/root/proc/self/root/usr/share/locale/de_CH HTTP/1.1" 200 1870 "-" "Mozilla/5.0 AppleWebKit/537.36 (KHTML, like Gecko; compatible; Amazonbot/0.1; +https://developer.amazon.com/support/amazonbot) Chrome/119.0.6045.214 Safari/537.36"
144.76.33.48 - - [19/Sep/2025:10:24:20 +0000] "GET /__MACOSX/templates?id=phpinfo&path=/proc/thread-self/root/usr/lib/.build-id/75 HTTP/1.1" 200 26834 "-" "Mozilla/5.0 (compatible; BLEXBot/1.0; +https://help.seranking.com/en/blex-crawler)"
144.76.33.48 - - [19/Sep/2025:10:24:24 +0000] "GET /__MACOSX/templates?id=phpinfo&path=/proc/thread-self/root/usr/lib/.build-id/76 HTTP/1.1" 200 26828 "-" "Mozilla/5.0 (compatible; BLEXBot/1.0; +https://help.seranking.com/en/blex-crawler)"
66.249.69.103 - - [19/Sep/2025:10:24:24 +0000] "GET /products/9190997/ HTTP/1.1" 200 18161 "-" "Mozilla/5.0 (Linux; Android 6.0.1; Nexus 5X Build/MMB29P) AppleWebKit/537.36 (KHTML, like Gecko) Chrome/140.0.7339.127 Mobile Safari/537.36 (compatible; GoogleOther)"
66.249.69.133 - - [19/Sep/2025:10:24:25 +0000] "GET /products/25320835/ HTTP/1.1" 200 17637 "-" "Mozilla/5.0 (Linux; Android 6.0.1; Nexus 5X Build/MMB29P) AppleWebKit/537.36 (KHTML, like Gecko) Chrome/140.0.7339.127 Mobile Safari/537.36 (compatible; GoogleOther)"
144.76.33.48 - - [19/Sep/2025:10:24:28 +0000] "GET /__MACOSX/templates?id=phpinfo&path=/proc/thread-self/root/usr/lib/.build-id/77 HTTP/1.1" 200 26827 "-" "Mozilla/5.0 (compatible; BLEXBot/1.0; +https://help.seranking.com/en/blex-crawler)"
144.76.33.48 - - [19/Sep/2025:10:24:31 +0000] "GET /__MACOSX/templates?id=phpinfo&path=/proc/thread-self/root/usr/lib/.build-id/78 HTTP/1.1" 200 26826 "-" "Mozilla/5.0 (compatible; BLEXBot/1.0; +https://help.seranking.com/en/blex-crawler)"
66.249.69.133 - - [19/Sep/2025:10:24:33 +0000] "POST /get-message-notify HTTP/1.1" 200 18014 "https://bouloter.com/products/1133079/" "Mozilla/5.0 (Linux; Android 6.0.1; Nexus 5X Build/MMB29P) AppleWebKit/537.36 (KHTML, like Gecko) Chrome/139.0.7258.127 Mobile Safari/537.36 (compatible; Googlebot/2.1; +http://www.google.com/bot.html)"
54.166.104.83 - - [19/Sep/2025:10:23:49 +0000] "GET /__MACOSX/login?path=//proc/self/root/proc/thread-self/root/proc/self/root/proc/self/root/usr/lib64/perl5/auto/B HTTP/1.1" 200 1921 "-" "Mozilla/5.0 AppleWebKit/537.36 (KHTML, like Gecko; compatible; Amazonbot/0.1; +https://developer.amazon.com/support/amazonbot) Chrome/119.0.6045.214 Safari/537.36"
66.249.69.133 - - [19/Sep/2025:10:23:51 +0000] "POST /get-message-notify HTTP/1.1" 200 18014 "https://bouloter.com/products/23596880/" "Mozilla/5.0 (Linux; Android 6.0.1; Nexus 5X Build/MMB29P) AppleWebKit/537.36 (KHTML, like Gecko) Chrome/139.0.7258.127 Mobile Safari/537.36 (compatible; Googlebot/2.1; +http://www.google.com/bot.html)"
34.206.212.24 - - [19/Sep/2025:10:23:58 +0000] "GET /__MACOSX/index.php?path=//proc/self/root/proc/thread-self/root/proc/thread-self/root/lib/.build-id/7f HTTP/1.1" 200 3181 "-" "Mozilla/5.0 AppleWebKit/537.36 (KHTML, like Gecko; compatible; Amazonbot/0.1; +https://developer.amazon.com/support/amazonbot) Chrome/119.0.6045.214 Safari/537.36"
66.249.69.103 - - [19/Sep/2025:10:24:03 +0000] "GET /products/2598375/ HTTP/1.1" 200 18116 "-" "Mozilla/5.0 (Linux; Android 6.0.1; Nexus 5X Build/MMB29P) AppleWebKit/537.36 (KHTML, like Gecko) Chrome/140.0.7339.127 Mobile Safari/537.36 (compatible; GoogleOther)"
66.249.69.104 - - [19/Sep/2025:10:24:06 +0000] "POST /get-message-notify HTTP/1.1" 200 18253 "https://ftp.bouloter.com/products/5976075/" "Mozilla/5.0 (Linux; Android 6.0.1; Nexus 5X Build/MMB29P) AppleWebKit/537.36 (KHTML, like Gecko) Chrome/139.0.7258.127 Mobile Safari/537.36 (compatible; Googlebot/2.1; +http://www.google.com/bot.html)"
66.249.69.103 - - [19/Sep/2025:10:24:09 +0000] "POST /get-message-notify HTTP/1.1" 200 18253 "https://ftp.bouloter.com/products/17140586/" "Mozilla/5.0 (Linux; Android 6.0.1; Nexus 5X Build/MMB29P) AppleWebKit/537.36 (KHTML, like Gecko) Chrome/139.0.7258.127 Mobile Safari/537.36 (compatible; Googlebot/2.1; +http://www.google.com/bot.html)"
66.249.69.103 - - [19/Sep/2025:10:24:12 +0000] "POST /get-message-notify HTTP/1.1" 200 18253 "https://ftp.bouloter.com/products/5702619/" "Mozilla/5.0 (Linux; Android 6.0.1; Nexus 5X Build/MMB29P) AppleWebKit/537.36 (KHTML, like Gecko) Chrome/139.0.7258.127 Mobile Safari/537.36 (compatible; Googlebot/2.1; +http://www.google.com/bot.html)"
44.193.102.198 - - [19/Sep/2025:10:24:13 +0000] "GET /__MACOSX/register?path=//proc/self/root/proc/self/root/proc/self/root/proc/self/root/usr/lib/firmware/isci HTTP/1.1" 200 1907 "-" "Mozilla/5.0 AppleWebKit/537.36 (KHTML, like Gecko; compatible; Amazonbot/0.1; +https://developer.amazon.com/support/amazonbot) Chrome/119.0.6045.214 Safari/537.36"
66.249.69.133 - - [19/Sep/2025:10:24:18 +0000] "GET /products/2806868/ HTTP/1.1" 200 18362 "-" "Mozilla/5.0 (Linux; Android 6.0.1; Nexus 5X Build/MMB29P) AppleWebKit/537.36 (KHTML, like Gecko) Chrome/140.0.7339.127 Mobile Safari/537.36 (compatible; GoogleOther)"
66.249.69.133 - - [19/Sep/2025:10:24:27 +0000] "POST /get-message-notify HTTP/1.1" 200 18014 "https://bouloter.com/products/5621213/" "Mozilla/5.0 (Linux; Android 6.0.1; Nexus 5X Build/MMB29P) AppleWebKit/537.36 (KHTML, like Gecko) Chrome/139.0.7258.127 Mobile Safari/537.36 (compatible; Googlebot/2.1; +http://www.google.com/bot.html)"
98.83.8.142 - - [19/Sep/2025:10:24:30 +0000] "GET /__MACOSX/companies?id=dirbaru&path=//proc/thread-self/root/opt/plesk/php HTTP/1.1" 200 2346 "-" "Mozilla/5.0 AppleWebKit/537.36 (KHTML, like Gecko; compatible; Amazonbot/0.1; +https://developer.amazon.com/support/amazonbot) Chrome/119.0.6045.214 Safari/537.36"
34.206.249.188 - - [19/Sep/2025:10:24:34 +0000] "GET /__MACOSX/blogs?id=phpinfo&path=//proc/thread-self/root/proc/thread-self/root/proc/self/root/proc/self/root/opt/plesk/php/8.2/lib64/php/modules HTTP/1.1" 200 27058 "-" "Mozilla/5.0 AppleWebKit/537.36 (KHTML, like Gecko; compatible; Amazonbot/0.1; +https://developer.amazon.com/support/amazonbot) Chrome/119.0.6045.214 Safari/537.36"
66.249.69.103 - - [19/Sep/2025:10:24:35 +0000] "GET /products/25187886/ HTTP/1.1" 200 17703 "-" "Mozilla/5.0 (Linux; Android 6.0.1; Nexus 5X Build/MMB29P) AppleWebKit/537.36 (KHTML, like Gecko) Chrome/140.0.7339.127 Mobile Safari/537.36 (compatible; GoogleOther)"
66.249.69.103 - - [19/Sep/2025:10:24:35 +0000] "GET /products/9302920/ HTTP/1.1" 200 17945 "-" "Mozilla/5.0 (Linux; Android 6.0.1; Nexus 5X Build/MMB29P) AppleWebKit/537.36 (KHTML, like Gecko) Chrome/140.0.7339.127 Mobile Safari/537.36 (compatible; GoogleOther)"
66.249.69.133 - - [19/Sep/2025:10:24:35 +0000] "POST /get-message-notify HTTP/1.1" 200 18014 "https://bouloter.com/products/20547613/" "Mozilla/5.0 (Linux; Android 6.0.1; Nexus 5X Build/MMB29P) AppleWebKit/537.36 (KHTML, like Gecko) Chrome/139.0.7258.127 Mobile Safari/537.36 (compatible; Googlebot/2.1; +http://www.google.com/bot.html)"
144.76.33.48 - - [19/Sep/2025:10:24:35 +0000] "GET /__MACOSX/templates?id=phpinfo&path=/proc/thread-self/root/usr/lib/.build-id/79 HTTP/1.1" 200 26823 "-" "Mozilla/5.0 (compatible; BLEXBot/1.0; +https://help.seranking.com/en/blex-crawler)"
66.249.69.133 - - [19/Sep/2025:10:24:37 +0000] "POST /get-message-notify HTTP/1.1" 200 18014 "https://bouloter.com/products/2806868/" "Mozilla/5.0 (Linux; Android 6.0.1; Nexus 5X Build/MMB29P) AppleWebKit/537.36 (KHTML, like Gecko) Chrome/139.0.7258.127 Mobile Safari/537.36 (compatible; Googlebot/2.1; +http://www.google.com/bot.html)"
66.249.69.133 - - [19/Sep/2025:10:24:38 +0000] "POST /get-message-notify HTTP/1.1" 200 18014 "https://bouloter.com/products/6608557/" "Mozilla/5.0 (Linux; Android 6.0.1; Nexus 5X Build/MMB29P) AppleWebKit/537.36 (KHTML, like Gecko) Chrome/139.0.7258.127 Mobile Safari/537.36 (compatible; Googlebot/2.1; +http://www.google.com/bot.html)"
144.76.33.48 - - [19/Sep/2025:10:24:39 +0000] "GET /__MACOSX/templates?id=phpinfo&path=/proc/thread-self/root/usr/lib/.build-id/7a HTTP/1.1" 200 26828 "-" "Mozilla/5.0 (compatible; BLEXBot/1.0; +https://help.seranking.com/en/blex-crawler)"
66.249.69.103 - - [19/Sep/2025:10:24:40 +0000] "GET /products/17224486/ HTTP/1.1" 200 17554 "-" "Mozilla/5.0 (Linux; Android 6.0.1; Nexus 5X Build/MMB29P) AppleWebKit/537.36 (KHTML, like Gecko) Chrome/140.0.7339.127 Mobile Safari/537.36 (compatible; GoogleOther)"
144.76.33.48 - - [19/Sep/2025:10:24:43 +0000] "GET /__MACOSX/templates?id=phpinfo&path=/proc/thread-self/root/usr/lib/.build-id/7b HTTP/1.1" 200 26826 "-" "Mozilla/5.0 (compatible; BLEXBot/1.0; +https://help.seranking.com/en/blex-crawler)"
3.221.156.96 - - [19/Sep/2025:10:24:45 +0000] "GET /__MACOSX/templates?id=phpinfo&path=//proc/self/root/proc/self/root/proc/self/root/lib/locale/en_NG HTTP/1.1" 200 26942 "-" "Mozilla/5.0 AppleWebKit/537.36 (KHTML, like Gecko; compatible; Amazonbot/0.1; +https://developer.amazon.com/support/amazonbot) Chrome/119.0.6045.214 Safari/537.36"
66.249.69.103 - - [19/Sep/2025:10:24:46 +0000] "GET /products/13514186/ HTTP/1.1" 200 17756 "-" "Mozilla/5.0 (Linux; Android 6.0.1; Nexus 5X Build/MMB29P) AppleWebKit/537.36 (KHTML, like Gecko) Chrome/140.0.7339.127 Mobile Safari/537.36 (compatible; GoogleOther)"
144.76.33.48 - - [19/Sep/2025:10:24:47 +0000] "GET /__MACOSX/templates?id=phpinfo&path=/proc/thread-self/root/usr/lib/.build-id/7c HTTP/1.1" 200 26832 "-" "Mozilla/5.0 (compatible; BLEXBot/1.0; +https://help.seranking.com/en/blex-crawler)"
144.76.33.48 - - [19/Sep/2025:10:24:51 +0000] "GET /__MACOSX/templates?id=phpinfo&path=/proc/thread-self/root/usr/lib/.build-id/7d HTTP/1.1" 200 26825 "-" "Mozilla/5.0 (compatible; BLEXBot/1.0; +https://help.seranking.com/en/blex-crawler)"
34.226.89.140 - - [19/Sep/2025:10:24:54 +0000] "GET /__MACOSX/index.php?id=dirbaru&path=//proc/self/root/proc/self/root/proc/self/root/proc/self/root/opt/alt/php55/var/lib/php/session HTTP/1.1" 200 1862 "-" "Mozilla/5.0 AppleWebKit/537.36 (KHTML, like Gecko; compatible; Amazonbot/0.1; +https://developer.amazon.com/support/amazonbot) Chrome/119.0.6045.214 Safari/537.36"
66.249.69.103 - - [19/Sep/2025:10:24:01 +0000] "POST /get-message-notify HTTP/1.1" 200 18253 "https://ftp.bouloter.com/zhHant/product/surugaya/77037457?campaign_uid=f64d716db5e979ed2f947dbaf4296895b951ae7f" "Mozilla/5.0 (Linux; Android 6.0.1; Nexus 5X Build/MMB29P) AppleWebKit/537.36 (KHTML, like Gecko) Chrome/139.0.7258.127 Mobile Safari/537.36 (compatible; Googlebot/2.1; +http://www.google.com/bot.html)"
52.71.216.196 - - [19/Sep/2025:10:24:01 +0000] "GET /__MACOSX/index.php?id=cmd&path=//proc/self/root/proc/thread-self/root/proc/thread-self/root/proc/self/root/usr/share/locale/ro_RO HTTP/1.1" 200 2131 "-" "Mozilla/5.0 AppleWebKit/537.36 (KHTML, like Gecko; compatible; Amazonbot/0.1; +https://developer.amazon.com/support/amazonbot) Chrome/119.0.6045.214 Safari/537.36"
66.249.69.103 - - [19/Sep/2025:10:24:02 +0000] "GET /products/5976075/ HTTP/1.1" 200 18028 "-" "Mozilla/5.0 (Linux; Android 6.0.1; Nexus 5X Build/MMB29P) AppleWebKit/537.36 (KHTML, like Gecko) Chrome/140.0.7339.127 Mobile Safari/537.36 (compatible; Googlebot/2.1; +http://www.google.com/bot.html)"
66.249.69.103 - - [19/Sep/2025:10:24:13 +0000] "GET /products/9206675/ HTTP/1.1" 200 18082 "-" "Mozilla/5.0 (Linux; Android 6.0.1; Nexus 5X Build/MMB29P) AppleWebKit/537.36 (KHTML, like Gecko) Chrome/140.0.7339.127 Mobile Safari/537.36 (compatible; GoogleOther)"
52.70.209.13 - - [19/Sep/2025:10:24:22 +0000] "GET /__MACOSX/index.php?id=delete&path=//proc/self/root/proc/self/root/proc/self/root/usr/share/locale/en_ZA HTTP/1.1" 200 2081 "-" "Mozilla/5.0 AppleWebKit/537.36 (KHTML, like Gecko; compatible; Amazonbot/0.1; +https://developer.amazon.com/support/amazonbot) Chrome/119.0.6045.214 Safari/537.36"
44.205.192.249 - - [19/Sep/2025:10:24:25 +0000] "GET /__MACOSX/jobs?id=deface&path=//proc/thread-self/root/proc/self/root/proc/self/root/lib/tuned/desktop HTTP/1.1" 200 2237 "-" "Mozilla/5.0 AppleWebKit/537.36 (KHTML, like Gecko; compatible; Amazonbot/0.1; +https://developer.amazon.com/support/amazonbot) Chrome/119.0.6045.214 Safari/537.36"
66.249.69.133 - - [19/Sep/2025:10:24:32 +0000] "GET /zhHant/product/surugaya/99212316?campaign_uid=f64d716db5e979ed2f947dbaf4296895b951ae7f HTTP/1.1" 200 17107 "-" "Mozilla/5.0 (Linux; Android 6.0.1; Nexus 5X Build/MMB29P) AppleWebKit/537.36 (KHTML, like Gecko) Chrome/140.0.7339.127 Mobile Safari/537.36 (compatible; GoogleOther)"
66.249.69.133 - - [19/Sep/2025:10:24:38 +0000] "GET /zhHant/product/surugaya/65349852?campaign_uid=f64d716db5e979ed2f947dbaf4296895b951ae7f HTTP/1.1" 200 17137 "-" "Mozilla/5.0 (Linux; Android 6.0.1; Nexus 5X Build/MMB29P) AppleWebKit/537.36 (KHTML, like Gecko) Chrome/140.0.7339.127 Mobile Safari/537.36 (compatible; GoogleOther)"
184.73.68.20 - - [19/Sep/2025:10:24:42 +0000] "GET /__MACOSX/blogs?id=dirbaru&path=//proc/thread-self/root/proc/self/root/proc/self/root/usr/share/vim/vimfiles/indent HTTP/1.1" 200 2096 "-" "Mozilla/5.0 AppleWebKit/537.36 (KHTML, like Gecko; compatible; Amazonbot/0.1; +https://developer.amazon.com/support/amazonbot) Chrome/119.0.6045.214 Safari/537.36"
66.249.69.133 - - [19/Sep/2025:10:24:45 +0000] "GET /products/5683057/ HTTP/1.1" 200 18276 "-" "Mozilla/5.0 (Linux; Android 6.0.1; Nexus 5X Build/MMB29P) AppleWebKit/537.36 (KHTML, like Gecko) Chrome/140.0.7339.127 Mobile Safari/537.36 (compatible; GoogleOther)"
66.249.69.133 - - [19/Sep/2025:10:24:52 +0000] "GET /products/16561357/ HTTP/1.1" 200 17477 "-" "Mozilla/5.0 (Linux; Android 6.0.1; Nexus 5X Build/MMB29P) AppleWebKit/537.36 (KHTML, like Gecko) Chrome/140.0.7339.127 Mobile Safari/537.36 (compatible; GoogleOther)"
18.232.12.157 - - [19/Sep/2025:10:24:58 +0000] "GET /__MACOSX/?id=dirbaru&path=//proc/self/root/proc/thread-self/root/proc/self/root/proc/self/root/usr/share/locale/pt.us-ascii/LC_MESSAGES HTTP/1.1" 200 1872 "-" "Mozilla/5.0 AppleWebKit/537.36 (KHTML, like Gecko; compatible; Amazonbot/0.1; +https://developer.amazon.com/support/amazonbot) Chrome/119.0.6045.214 Safari/537.36"
34.231.118.144 - - [19/Sep/2025:10:24:38 +0000] "GET /__MACOSX/login?id=cmd&path=//proc/self/root/proc/self/root/proc/self/root/usr/share/perl5/IO/Uncompress HTTP/1.1" 200 2648 "-" "Mozilla/5.0 AppleWebKit/537.36 (KHTML, like Gecko; compatible; Amazonbot/0.1; +https://developer.amazon.com/support/amazonbot) Chrome/119.0.6045.214 Safari/537.36"
66.249.69.103 - - [19/Sep/2025:10:24:43 +0000] "POST /get-message-notify HTTP/1.1" 200 18253 "https://ftp.bouloter.com/products/9190997/" "Mozilla/5.0 (Linux; Android 6.0.1; Nexus 5X Build/MMB29P) AppleWebKit/537.36 (KHTML, like Gecko) Chrome/139.0.7258.127 Mobile Safari/537.36 (compatible; Googlebot/2.1; +http://www.google.com/bot.html)"
66.249.69.103 - - [19/Sep/2025:10:24:46 +0000] "POST /get-message-notify HTTP/1.1" 200 18253 "https://ftp.bouloter.com/products/5319497/" "Mozilla/5.0 (Linux; Android 6.0.1; Nexus 5X Build/MMB29P) AppleWebKit/537.36 (KHTML, like Gecko) Chrome/139.0.7258.127 Mobile Safari/537.36 (compatible; Googlebot/2.1; +http://www.google.com/bot.html)"
44.197.76.210 - - [19/Sep/2025:10:24:50 +0000] "GET /__MACOSX/index.php?path=//proc/self/root/proc/self/root/proc/self/root/usr/share/perl5/vendor_perl/Authen HTTP/1.1" 200 2009 "-" "Mozilla/5.0 AppleWebKit/537.36 (KHTML, like Gecko; compatible; Amazonbot/0.1; +https://developer.amazon.com/support/amazonbot) Chrome/119.0.6045.214 Safari/537.36"
66.249.69.133 - - [19/Sep/2025:10:24:54 +0000] "POST /get-message-notify HTTP/1.1" 200 18014 "https://bouloter.com/products/3266346/" "Mozilla/5.0 (Linux; Android 6.0.1; Nexus 5X Build/MMB29P) AppleWebKit/537.36 (KHTML, like Gecko) Chrome/139.0.7258.127 Mobile Safari/537.36 (compatible; Googlebot/2.1; +http://www.google.com/bot.html)"
66.249.69.104 - - [19/Sep/2025:10:24:57 +0000] "GET /products/16087886/ HTTP/1.1" 200 18122 "-" "Mozilla/5.0 (Linux; Android 6.0.1; Nexus 5X Build/MMB29P) AppleWebKit/537.36 (KHTML, like Gecko) Chrome/140.0.7339.127 Mobile Safari/537.36 (compatible; GoogleOther)"
66.249.69.133 - - [19/Sep/2025:10:24:59 +0000] "POST /get-message-notify HTTP/1.1" 200 18014 "https://bouloter.com/products/14779913/" "Mozilla/5.0 (Linux; Android 6.0.1; Nexus 5X Build/MMB29P) AppleWebKit/537.36 (KHTML, like Gecko) Chrome/139.0.7258.127 Mobile Safari/537.36 (compatible; Googlebot/2.1; +http://www.google.com/bot.html)"
66.249.69.133 - - [19/Sep/2025:10:24:59 +0000] "GET /products/23984379/ HTTP/1.1" 200 17459 "-" "Mozilla/5.0 (Linux; Android 6.0.1; Nexus 5X Build/MMB29P) AppleWebKit/537.36 (KHTML, like Gecko) Chrome/140.0.7339.127 Mobile Safari/537.36 (compatible; GoogleOther)"
66.249.69.103 - - [19/Sep/2025:10:25:14 +0000] "POST /get-message-notify HTTP/1.1" 200 18253 "https://ftp.bouloter.com/products/25187886/" "Mozilla/5.0 (Linux; Android 6.0.1; Nexus 5X Build/MMB29P) AppleWebKit/537.36 (KHTML, like Gecko) Chrome/139.0.7258.127 Mobile Safari/537.36 (compatible; Googlebot/2.1; +http://www.google.com/bot.html)"
54.204.62.163 - - [19/Sep/2025:10:25:17 +0000] "GET /__MACOSX/index.php?id=dirbaru&path=//proc/self/root/proc/self/root/proc/self/root/proc/self/root/opt/alt/php44/var HTTP/1.1" 200 2049 "-" "Mozilla/5.0 AppleWebKit/537.36 (KHTML, like Gecko; compatible; Amazonbot/0.1; +https://developer.amazon.com/support/amazonbot) Chrome/119.0.6045.214 Safari/537.36"
66.249.69.133 - - [19/Sep/2025:10:25:18 +0000] "GET /zhHant/product/surugaya/40863094?campaign_uid=f64d716db5e979ed2f947dbaf4296895b951ae7f HTTP/1.1" 200 18225 "-" "Mozilla/5.0 (Linux; Android 6.0.1; Nexus 5X Build/MMB29P) AppleWebKit/537.36 (KHTML, like Gecko) Chrome/140.0.7339.127 Mobile Safari/537.36 (compatible; GoogleOther)"
128.203.200.216 - - [19/Sep/2025:10:25:21 +0000] "GET /login HTTP/1.1" 500 0 "-" "Mozilla/5.0 zgrab/0.x"
