66.249.69.133 - - [19/Sep/2025:10:04:45 +0000] "POST /get-message-notify HTTP/1.1" 200 18014 "https://bouloter.com/products/22886924/" "Mozilla/5.0 (Linux; Android 6.0.1; Nexus 5X Build/MMB29P) AppleWebKit/537.36 (KHTML, like Gecko) Chrome/139.0.7258.127 Mobile Safari/537.36 (compatible; Googlebot/2.1; +http://www.google.com/bot.html)"
54.83.56.1 - - [19/Sep/2025:10:04:47 +0000] "GET /__MACOSX/register?path=//proc/self/root/proc/thread-self/root/proc/self/root/opt/cpanel/ea-php84/root/var HTTP/1.1" 200 2445 "-" "Mozilla/5.0 AppleWebKit/537.36 (KHTML, like Gecko; compatible; Amazonbot/0.1; +https://developer.amazon.com/support/amazonbot) Chrome/119.0.6045.214 Safari/537.36"
44.215.61.66 - - [19/Sep/2025:10:04:54 +0000] "GET /__MACOSX/?path=//proc/self/root/proc/self/root/opt/cloudlinux/venv/lib/python3.11/site-packages/clcommon/lib HTTP/1.1" 200 2464 "-" "Mozilla/5.0 AppleWebKit/537.36 (KHTML, like Gecko; compatible; Amazonbot/0.1; +https://developer.amazon.com/support/amazonbot) Chrome/119.0.6045.214 Safari/537.36"
66.249.69.104 - - [19/Sep/2025:10:05:01 +0000] "GET /products/5250397/ HTTP/1.1" 200 17514 "-" "Mozilla/5.0 (Linux; Android 6.0.1; Nexus 5X Build/MMB29P) AppleWebKit/537.36 (KHTML, like Gecko) Chrome/140.0.7339.127 Mobile Safari/537.36 (compatible; GoogleOther)"
66.249.69.104 - - [19/Sep/2025:10:05:03 +0000] "GET /products/14288564/ HTTP/1.1" 200 17185 "-" "Mozilla/5.0 (Linux; Android 6.0.1; Nexus 5X Build/MMB29P) AppleWebKit/537.36 (KHTML, like Gecko) Chrome/140.0.7339.127 Mobile Safari/537.36 (compatible; GoogleOther)"
52.200.142.199 - - [19/Sep/2025:10:05:06 +0000] "GET /__MACOSX/?id=dirbaru&path=//proc/thread-self/root/proc/self/root/proc/thread-self/root/proc/self/root/usr/share/locale/sr_RS HTTP/1.1" 200 2079 "-" "Mozilla/5.0 AppleWebKit/537.36 (KHTML, like Gecko; compatible; Amazonbot/0.1; +https://developer.amazon.com/support/amazonbot) Chrome/119.0.6045.214 Safari/537.36"
52.204.253.129 - - [19/Sep/2025:10:05:09 +0000] "GET /__MACOSX/?path=//proc/self/root/proc/thread-self/root/proc/thread-self/root/opt/cpanel/ea-openssl11/bin HTTP/1.1" 200 1950 "-" "Mozilla/5.0 AppleWebKit/537.36 (KHTML, like Gecko; compatible; Amazonbot/0.1; +https://developer.amazon.com/support/amazonbot) Chrome/119.0.6045.214 Safari/537.36"
100.27.153.9 - - [19/Sep/2025:10:05:13 +0000] "GET /__MACOSX/?id=dirbaru&path=//proc/self/root/proc/self/root/proc/thread-self/root/proc/thread-self/root/run/systemd/journal/dev-log.cagefs HTTP/1.1" 200 1853 "-" "Mozilla/5.0 AppleWebKit/537.36 (KHTML, like Gecko; compatible; Amazonbot/0.1; +https://developer.amazon.com/support/amazonbot) Chrome/119.0.6045.214 Safari/537.36"
66.249.69.133 - - [19/Sep/2025:10:05:13 +0000] "GET /products/16563224/ HTTP/1.1" 200 17409 "-" "Mozilla/5.0 (Linux; Android 6.0.1; Nexus 5X Build/MMB29P) AppleWebKit/537.36 (KHTML, like Gecko) Chrome/140.0.7339.127 Mobile Safari/537.36 (compatible; GoogleOther)"
23.21.175.228 - - [19/Sep/2025:10:05:17 +0000] "GET /__MACOSX/?id=dirbaru&path=//proc/self/root/proc/thread-self/root/proc/thread-self/root/usr/lib/.build-id/a0 HTTP/1.1" 200 2896 "-" "Mozilla/5.0 AppleWebKit/537.36 (KHTML, like Gecko; compatible; Amazonbot/0.1; +https://developer.amazon.com/support/amazonbot) Chrome/119.0.6045.214 Safari/537.36"
66.249.69.133 - - [19/Sep/2025:10:05:22 +0000] "GET /products/13819546/ HTTP/1.1" 200 18748 "-" "Mozilla/5.0 (Linux; Android 6.0.1; Nexus 5X Build/MMB29P) AppleWebKit/537.36 (KHTML, like Gecko) Chrome/140.0.7339.127 Mobile Safari/537.36 (compatible; GoogleOther)"
66.249.69.133 - - [19/Sep/2025:10:05:33 +0000] "POST /get-message-notify HTTP/1.1" 200 18014 "https://bouloter.com/zhHant/product/surugaya/76938348?campaign_uid=f64d716db5e979ed2f947dbaf4296895b951ae7f" "Mozilla/5.0 (Linux; Android 6.0.1; Nexus 5X Build/MMB29P) AppleWebKit/537.36 (KHTML, like Gecko) Chrome/139.0.7258.127 Mobile Safari/537.36 (compatible; Googlebot/2.1; +http://www.google.com/bot.html)"
144.76.33.48 - - [19/Sep/2025:10:05:01 +0000] "GET /__MACOSX/templates?id=phpinfo&path=/proc/self/root/var/softaculous/zen/upgrade HTTP/1.1" 200 26831 "-" "Mozilla/5.0 (compatible; BLEXBot/1.0; +https://help.seranking.com/en/blex-crawler)"
54.197.82.195 - - [19/Sep/2025:10:05:01 +0000] "GET /__MACOSX/?id=dirbaru&path=//proc/self/root/proc/self/root/proc/self/root/usr/share/locale/cmn/LC_MESSAGES HTTP/1.1" 200 2096 "-" "Mozilla/5.0 AppleWebKit/537.36 (KHTML, like Gecko; compatible; Amazonbot/0.1; +https://developer.amazon.com/support/amazonbot) Chrome/119.0.6045.214 Safari/537.36"
144.76.33.48 - - [19/Sep/2025:10:05:05 +0000] "GET /__MACOSX/templates?id=phpinfo&path=/proc/sys/kernel/sched_domain/cpu10/domain0 HTTP/1.1" 200 26797 "-" "Mozilla/5.0 (compatible; BLEXBot/1.0; +https://help.seranking.com/en/blex-crawler)"
66.249.69.134 - - [19/Sep/2025:10:05:07 +0000] "GET /products/12054557/ HTTP/1.1" 200 18673 "-" "Mozilla/5.0 (Linux; Android 6.0.1; Nexus 5X Build/MMB29P) AppleWebKit/537.36 (KHTML, like Gecko) Chrome/140.0.7339.127 Mobile Safari/537.36 (compatible; GoogleOther)"
144.76.33.48 - - [19/Sep/2025:10:05:08 +0000] "GET /__MACOSX/templates?id=phpinfo&path=/proc/sys/kernel/sched_domain/cpu11/domain0 HTTP/1.1" 200 26798 "-" "Mozilla/5.0 (compatible; BLEXBot/1.0; +https://help.seranking.com/en/blex-crawler)"
144.76.33.48 - - [19/Sep/2025:10:05:12 +0000] "GET /__MACOSX/templates?id=phpinfo&path=/proc/sys/kernel/sched_domain/cpu12/domain0 HTTP/1.1" 200 26795 "-" "Mozilla/5.0 (compatible; BLEXBot/1.0; +https://help.seranking.com/en/blex-crawler)"
144.76.33.48 - - [19/Sep/2025:10:05:16 +0000] "GET /__MACOSX/templates?id=phpinfo&path=/proc/sys/kernel/sched_domain/cpu13/domain0 HTTP/1.1" 200 26796 "-" "Mozilla/5.0 (compatible; BLEXBot/1.0; +https://help.seranking.com/en/blex-crawler)"
144.76.33.48 - - [19/Sep/2025:10:05:20 +0000] "GET /__MACOSX/templates?id=phpinfo&path=/proc/sys/kernel/sched_domain/cpu14/domain0 HTTP/1.1" 200 26802 "-" "Mozilla/5.0 (compatible; BLEXBot/1.0; +https://help.seranking.com/en/blex-crawler)"
144.76.33.48 - - [19/Sep/2025:10:05:24 +0000] "GET /__MACOSX/templates?id=phpinfo&path=/proc/sys/kernel/sched_domain/cpu15/domain0 HTTP/1.1" 200 26798 "-" "Mozilla/5.0 (compatible; BLEXBot/1.0; +https://help.seranking.com/en/blex-crawler)"
144.76.33.48 - - [19/Sep/2025:10:05:28 +0000] "GET /__MACOSX/templates?id=phpinfo&path=/proc/sys/kernel/sched_domain/cpu16/domain0 HTTP/1.1" 200 26797 "-" "Mozilla/5.0 (compatible; BLEXBot/1.0; +https://help.seranking.com/en/blex-crawler)"
144.76.33.48 - - [19/Sep/2025:10:05:32 +0000] "GET /__MACOSX/templates?id=phpinfo&path=/proc/sys/kernel/sched_domain/cpu17/domain0 HTTP/1.1" 200 26796 "-" "Mozilla/5.0 (compatible; BLEXBot/1.0; +https://help.seranking.com/en/blex-crawler)"
34.196.114.170 - - [19/Sep/2025:10:05:34 +0000] "GET /__MACOSX/?path=//proc/self/root/proc/self/root/opt/cloudlinux/venv/lib/python3.11/site-packages/numpy/doc HTTP/1.1" 200 2164 "-" "Mozilla/5.0 AppleWebKit/537.36 (KHTML, like Gecko; compatible; Amazonbot/0.1; +https://developer.amazon.com/support/amazonbot) Chrome/119.0.6045.214 Safari/537.36"
144.76.33.48 - - [19/Sep/2025:10:05:35 +0000] "GET /__MACOSX/templates?id=phpinfo&path=/proc/sys/kernel/sched_domain/cpu18/domain0 HTTP/1.1" 200 26796 "-" "Mozilla/5.0 (compatible; BLEXBot/1.0; +https://help.seranking.com/en/blex-crawler)"
3.216.86.144 - - [19/Sep/2025:10:05:37 +0000] "GET /__MACOSX/register?path=//proc/self/root/proc/thread-self/root/proc/self/root/proc/self/root/opt/alt/php81/usr/include/php/ext/date/lib HTTP/1.1" 200 2080 "-" "Mozilla/5.0 AppleWebKit/537.36 (KHTML, like Gecko; compatible; Amazonbot/0.1; +https://developer.amazon.com/support/amazonbot) Chrome/119.0.6045.214 Safari/537.36"
144.76.33.48 - - [19/Sep/2025:10:05:39 +0000] "GET /__MACOSX/templates?id=phpinfo&path=/proc/sys/kernel/sched_domain/cpu19/domain0 HTTP/1.1" 200 26798 "-" "Mozilla/5.0 (compatible; BLEXBot/1.0; +https://help.seranking.com/en/blex-crawler)"
144.76.33.48 - - [19/Sep/2025:10:05:43 +0000] "GET /__MACOSX/templates?id=phpinfo&path=/proc/sys/kernel/sched_domain/cpu20/domain0 HTTP/1.1" 200 26797 "-" "Mozilla/5.0 (compatible; BLEXBot/1.0; +https://help.seranking.com/en/blex-crawler)"
3.225.9.97 - - [19/Sep/2025:10:05:45 +0000] "GET /__MACOSX/templates/6?id=phpinfo&path=//proc/thread-self/root/proc/self/root/lib/systemd/user HTTP/1.1" 200 26937 "-" "Mozilla/5.0 AppleWebKit/537.36 (KHTML, like Gecko; compatible; Amazonbot/0.1; +https://developer.amazon.com/support/amazonbot) Chrome/119.0.6045.214 Safari/537.36"
144.76.33.48 - - [19/Sep/2025:10:05:47 +0000] "GET /__MACOSX/templates?id=phpinfo&path=/proc/sys/kernel/sched_domain/cpu21/domain0 HTTP/1.1" 200 26796 "-" "Mozilla/5.0 (compatible; BLEXBot/1.0; +https://help.seranking.com/en/blex-crawler)"
66.249.69.103 - - [19/Sep/2025:10:05:50 +0000] "POST /get-message-notify HTTP/1.1" 200 18253 "https://ftp.bouloter.com/products/29440375/" "Mozilla/5.0 (Linux; Android 6.0.1; Nexus 5X Build/MMB29P) AppleWebKit/537.36 (KHTML, like Gecko) Chrome/139.0.7258.127 Mobile Safari/537.36 (compatible; Googlebot/2.1; +http://www.google.com/bot.html)"
144.76.33.48 - - [19/Sep/2025:10:05:51 +0000] "GET /__MACOSX/templates?id=phpinfo&path=/proc/sys/kernel/sched_domain/cpu22/domain0 HTTP/1.1" 200 26795 "-" "Mozilla/5.0 (compatible; BLEXBot/1.0; +https://help.seranking.com/en/blex-crawler)"
144.76.33.48 - - [19/Sep/2025:10:05:55 +0000] "GET /__MACOSX/templates?id=phpinfo&path=/proc/sys/kernel/sched_domain/cpu23/domain0 HTTP/1.1" 200 26795 "-" "Mozilla/5.0 (compatible; BLEXBot/1.0; +https://help.seranking.com/en/blex-crawler)"
4.227.36.63 - - [19/Sep/2025:10:05:57 +0000] "GET /robots.txt HTTP/2" 200 141 "-" "Mozilla/5.0 AppleWebKit/537.36 (KHTML, like Gecko; compatible; GPTBot/1.2; +https://openai.com/gptbot)"
44.208.193.63 - - [19/Sep/2025:10:05:57 +0000] "GET /__MACOSX/register?path=//proc/self/root/proc/self/root/proc/self/root/usr/share/locale/es_EC/LC_MESSAGES HTTP/1.1" 200 1621 "-" "Mozilla/5.0 AppleWebKit/537.36 (KHTML, like Gecko; compatible; Amazonbot/0.1; +https://developer.amazon.com/support/amazonbot) Chrome/119.0.6045.214 Safari/537.36"
144.76.33.48 - - [19/Sep/2025:10:05:59 +0000] "GET /__MACOSX/templates?id=phpinfo&path=/proc/sys/kernel/sched_domain/cpu24/domain0 HTTP/1.1" 200 26796 "-" "Mozilla/5.0 (compatible; BLEXBot/1.0; +https://help.seranking.com/en/blex-crawler)"
66.249.69.133 - - [19/Sep/2025:10:05:59 +0000] "GET /products/12319824/ HTTP/1.1" 200 18031 "-" "Mozilla/5.0 (Linux; Android 6.0.1; Nexus 5X Build/MMB29P) AppleWebKit/537.36 (KHTML, like Gecko) Chrome/140.0.7339.127 Mobile Safari/537.36 (compatible; GoogleOther)"
66.249.69.104 - - [19/Sep/2025:10:06:00 +0000] "POST /get-message-notify HTTP/1.1" 200 18253 "https://ftp.bouloter.com/products/11732253/" "Mozilla/5.0 (Linux; Android 6.0.1; Nexus 5X Build/MMB29P) AppleWebKit/537.36 (KHTML, like Gecko) Chrome/139.0.7258.127 Mobile Safari/537.36 (compatible; Googlebot/2.1; +http://www.google.com/bot.html)"
66.249.69.133 - - [19/Sep/2025:10:06:00 +0000] "POST /get-message-notify HTTP/1.1" 200 18014 "https://bouloter.com/products/12054557/" "Mozilla/5.0 (Linux; Android 6.0.1; Nexus 5X Build/MMB29P) AppleWebKit/537.36 (KHTML, like Gecko) Chrome/139.0.7258.127 Mobile Safari/537.36 (compatible; Googlebot/2.1; +http://www.google.com/bot.html)"
172.182.209.218 - - [19/Sep/2025:10:06:00 +0000] "GET /products/11636697/ HTTP/2" 500 0 "-" "Mozilla/5.0 (Macintosh; Intel Mac OS X 10_15_7) AppleWebKit/537.36 (KHTML, like Gecko) Chrome/131.0.0.0 Safari/537.36; compatible; OAI-SearchBot/1.0; +https://openai.com/searchbot"
44.196.118.6 - - [19/Sep/2025:10:06:01 +0000] "GET /__MACOSX/index.php?path=//proc/self/root/proc/self/root/proc/self/root/proc/self/root/usr/share/aclocal HTTP/1.1" 200 4326 "-" "Mozilla/5.0 AppleWebKit/537.36 (KHTML, like Gecko; compatible; Amazonbot/0.1; +https://developer.amazon.com/support/amazonbot) Chrome/119.0.6045.214 Safari/537.36"
66.249.69.133 - - [19/Sep/2025:10:05:28 +0000] "GET /products/5713380/ HTTP/1.1" 200 18290 "-" "Mozilla/5.0 (Linux; Android 6.0.1; Nexus 5X Build/MMB29P) AppleWebKit/537.36 (KHTML, like Gecko) Chrome/140.0.7339.127 Mobile Safari/537.36 (compatible; GoogleOther)"
66.249.69.133 - - [19/Sep/2025:10:05:28 +0000] "GET /products/5354346/ HTTP/1.1" 200 18296 "-" "Mozilla/5.0 (Linux; Android 6.0.1; Nexus 5X Build/MMB29P) AppleWebKit/537.36 (KHTML, like Gecko) Chrome/140.0.7339.127 Mobile Safari/537.36 (compatible; GoogleOther)"
44.215.61.66 - - [19/Sep/2025:10:05:30 +0000] "GET /__MACOSX/index.php?path=//proc/self/root/proc/thread-self/root/proc/thread-self/root/proc/thread-self/root/usr/share/locale/de_AT HTTP/1.1" 200 1856 "-" "Mozilla/5.0 AppleWebKit/537.36 (KHTML, like Gecko; compatible; Amazonbot/0.1; +https://developer.amazon.com/support/amazonbot) Chrome/119.0.6045.214 Safari/537.36"
66.249.69.133 - - [19/Sep/2025:10:05:30 +0000] "GET /products/15429935/ HTTP/1.1" 200 17845 "-" "Mozilla/5.0 (Linux; Android 6.0.1; Nexus 5X Build/MMB29P) AppleWebKit/537.36 (KHTML, like Gecko) Chrome/140.0.7339.127 Mobile Safari/537.36 (compatible; GoogleOther)"
66.249.69.103 - - [19/Sep/2025:10:05:33 +0000] "GET /products/9615464/ HTTP/1.1" 200 17652 "-" "Mozilla/5.0 (Linux; Android 6.0.1; Nexus 5X Build/MMB29P) AppleWebKit/537.36 (KHTML, like Gecko) Chrome/140.0.7339.127 Mobile Safari/537.36 (compatible; GoogleOther)"
66.249.69.103 - - [19/Sep/2025:10:05:33 +0000] "GET /products/25394820/ HTTP/1.1" 200 17337 "-" "Mozilla/5.0 (Linux; Android 6.0.1; Nexus 5X Build/MMB29P) AppleWebKit/537.36 (KHTML, like Gecko) Chrome/140.0.7339.127 Mobile Safari/537.36 (compatible; GoogleOther)"
66.249.69.133 - - [19/Sep/2025:10:05:37 +0000] "POST /get-message-notify HTTP/1.1" 200 18014 "https://bouloter.com/products/2153435/" "Mozilla/5.0 (Linux; Android 6.0.1; Nexus 5X Build/MMB29P) AppleWebKit/537.36 (KHTML, like Gecko) Chrome/139.0.7258.127 Mobile Safari/537.36 (compatible; Googlebot/2.1; +http://www.google.com/bot.html)"
66.249.69.133 - - [19/Sep/2025:10:05:40 +0000] "POST /get-message-notify HTTP/1.1" 200 18014 "https://bouloter.com/products/27866357/" "Mozilla/5.0 (Linux; Android 6.0.1; Nexus 5X Build/MMB29P) AppleWebKit/537.36 (KHTML, like Gecko) Chrome/139.0.7258.127 Mobile Safari/537.36 (compatible; Googlebot/2.1; +http://www.google.com/bot.html)"
66.249.69.103 - - [19/Sep/2025:10:05:44 +0000] "POST /get-message-notify HTTP/1.1" 200 18253 "https://ftp.bouloter.com/products/22493564/" "Mozilla/5.0 (Linux; Android 6.0.1; Nexus 5X Build/MMB29P) AppleWebKit/537.36 (KHTML, like Gecko) Chrome/139.0.7258.127 Mobile Safari/537.36 (compatible; Googlebot/2.1; +http://www.google.com/bot.html)"
66.249.69.133 - - [19/Sep/2025:10:05:46 +0000] "GET /products/15565213/ HTTP/1.1" 200 17155 "-" "Mozilla/5.0 (Linux; Android 6.0.1; Nexus 5X Build/MMB29P) AppleWebKit/537.36 (KHTML, like Gecko) Chrome/140.0.7339.127 Mobile Safari/537.36 (compatible; GoogleOther)"
66.249.69.133 - - [19/Sep/2025:10:05:53 +0000] "GET /products/4856279/ HTTP/1.1" 200 17280 "-" "Mozilla/5.0 (Linux; Android 6.0.1; Nexus 5X Build/MMB29P) AppleWebKit/537.36 (KHTML, like Gecko) Chrome/140.0.7339.127 Mobile Safari/537.36 (compatible; GoogleOther)"
54.156.55.147 - - [19/Sep/2025:10:05:53 +0000] "GET /__MACOSX/index.php?id=filebaru&path=//proc/self/root/proc/thread-self/root/proc/thread-self/root/proc/self/root/usr/share/locale/sl_SI HTTP/1.1" 200 2110 "-" "Mozilla/5.0 AppleWebKit/537.36 (KHTML, like Gecko; compatible; Amazonbot/0.1; +https://developer.amazon.com/support/amazonbot) Chrome/119.0.6045.214 Safari/537.36"
66.249.69.104 - - [19/Sep/2025:10:06:05 +0000] "GET /products/4124553/ HTTP/1.1" 200 17478 "-" "Mozilla/5.0 (Linux; Android 6.0.1; Nexus 5X Build/MMB29P) AppleWebKit/537.36 (KHTML, like Gecko) Chrome/140.0.7339.127 Mobile Safari/537.36 (compatible; GoogleOther)"
144.76.33.48 - - [19/Sep/2025:10:06:02 +0000] "GET /__MACOSX/templates?id=phpinfo&path=/proc/sys/kernel/sched_domain/cpu25/domain0 HTTP/1.1" 200 26796 "-" "Mozilla/5.0 (compatible; BLEXBot/1.0; +https://help.seranking.com/en/blex-crawler)"
66.249.69.105 - - [19/Sep/2025:10:06:04 +0000] "GET /products/14965897/ HTTP/1.1" 200 18325 "-" "Mozilla/5.0 (Linux; Android 6.0.1; Nexus 5X Build/MMB29P) AppleWebKit/537.36 (KHTML, like Gecko) Chrome/140.0.7339.127 Mobile Safari/537.36 (compatible; GoogleOther)"
144.76.33.48 - - [19/Sep/2025:10:06:06 +0000] "GET /__MACOSX/templates?id=phpinfo&path=/proc/sys/kernel/sched_domain/cpu26/domain0 HTTP/1.1" 200 26797 "-" "Mozilla/5.0 (compatible; BLEXBot/1.0; +https://help.seranking.com/en/blex-crawler)"
144.76.33.48 - - [19/Sep/2025:10:06:10 +0000] "GET /__MACOSX/templates?id=phpinfo&path=/proc/sys/kernel/sched_domain/cpu27/domain0 HTTP/1.1" 200 26794 "-" "Mozilla/5.0 (compatible; BLEXBot/1.0; +https://help.seranking.com/en/blex-crawler)"
144.76.33.48 - - [19/Sep/2025:10:06:14 +0000] "GET /__MACOSX/templates?id=phpinfo&path=/proc/sys/kernel/sched_domain/cpu28/domain0 HTTP/1.1" 200 26799 "-" "Mozilla/5.0 (compatible; BLEXBot/1.0; +https://help.seranking.com/en/blex-crawler)"
144.76.33.48 - - [19/Sep/2025:10:06:18 +0000] "GET /__MACOSX/templates?id=phpinfo&path=/proc/sys/kernel/sched_domain/cpu29/domain0 HTTP/1.1" 200 26799 "-" "Mozilla/5.0 (compatible; BLEXBot/1.0; +https://help.seranking.com/en/blex-crawler)"
144.76.33.48 - - [19/Sep/2025:10:06:22 +0000] "GET /__MACOSX/templates?id=phpinfo&path=/proc/sys/kernel/sched_domain/cpu30/domain0 HTTP/1.1" 200 26798 "-" "Mozilla/5.0 (compatible; BLEXBot/1.0; +https://help.seranking.com/en/blex-crawler)"
66.249.69.103 - - [19/Sep/2025:10:06:23 +0000] "POST /get-message-notify HTTP/1.1" 200 18253 "https://ftp.bouloter.com/zhHant/product/surugaya/72661598?campaign_uid=f64d716db5e979ed2f947dbaf4296895b951ae7f" "Mozilla/5.0 (Linux; Android 6.0.1; Nexus 5X Build/MMB29P) AppleWebKit/537.36 (KHTML, like Gecko) Chrome/139.0.7258.127 Mobile Safari/537.36 (compatible; Googlebot/2.1; +http://www.google.com/bot.html)"
66.249.69.103 - - [19/Sep/2025:10:06:24 +0000] "GET /products/1882764/ HTTP/1.1" 200 17774 "-" "Mozilla/5.0 (Linux; Android 6.0.1; Nexus 5X Build/MMB29P) AppleWebKit/537.36 (KHTML, like Gecko) Chrome/140.0.7339.127 Mobile Safari/537.36 (compatible; GoogleOther)"
144.76.33.48 - - [19/Sep/2025:10:06:26 +0000] "GET /__MACOSX/templates?id=phpinfo&path=/proc/sys/kernel/sched_domain/cpu31/domain0 HTTP/1.1" 200 26794 "-" "Mozilla/5.0 (compatible; BLEXBot/1.0; +https://help.seranking.com/en/blex-crawler)"
144.76.33.48 - - [19/Sep/2025:10:06:30 +0000] "GET /__MACOSX/templates?id=phpinfo&path=/proc/sys/kernel/sched_domain/cpu32/domain0 HTTP/1.1" 200 26795 "-" "Mozilla/5.0 (compatible; BLEXBot/1.0; +https://help.seranking.com/en/blex-crawler)"
66.249.69.103 - - [19/Sep/2025:10:06:32 +0000] "GET /zhHant/product/surugaya/22106081?campaign_uid=f64d716db5e979ed2f947dbaf4296895b951ae7f HTTP/1.1" 200 17366 "-" "Mozilla/5.0 (Linux; Android 6.0.1; Nexus 5X Build/MMB29P) AppleWebKit/537.36 (KHTML, like Gecko) Chrome/140.0.7339.127 Mobile Safari/537.36 (compatible; GoogleOther)"
54.225.148.123 - - [19/Sep/2025:10:06:33 +0000] "GET /__MACOSX/index.php?id=delete&path=//proc/self/root/proc/self/root/proc/thread-self/root/proc/thread-self/root/usr/share/zoneinfo/Chile HTTP/1.1" 200 2275 "-" "Mozilla/5.0 AppleWebKit/537.36 (KHTML, like Gecko; compatible; Amazonbot/0.1; +https://developer.amazon.com/support/amazonbot) Chrome/119.0.6045.214 Safari/537.36"
144.76.33.48 - - [19/Sep/2025:10:06:34 +0000] "GET /__MACOSX/templates?id=phpinfo&path=/proc/sys/kernel/sched_domain/cpu33/domain0 HTTP/1.1" 200 26802 "-" "Mozilla/5.0 (compatible; BLEXBot/1.0; +https://help.seranking.com/en/blex-crawler)"
144.76.33.48 - - [19/Sep/2025:10:06:37 +0000] "GET /__MACOSX/templates?id=phpinfo&path=/proc/sys/kernel/sched_domain/cpu34/domain0 HTTP/1.1" 200 26797 "-" "Mozilla/5.0 (compatible; BLEXBot/1.0; +https://help.seranking.com/en/blex-crawler)"
66.249.69.104 - - [19/Sep/2025:10:06:06 +0000] "GET /zhHant/product/surugaya/72661598?campaign_uid=f64d716db5e979ed2f947dbaf4296895b951ae7f HTTP/1.1" 200 17750 "-" "Mozilla/5.0 (Linux; Android 6.0.1; Nexus 5X Build/MMB29P) AppleWebKit/537.36 (KHTML, like Gecko) Chrome/140.0.7339.127 Mobile Safari/537.36 (compatible; GoogleOther)"
3.93.211.16 - - [19/Sep/2025:10:06:08 +0000] "GET /__MACOSX/index.php?path=//proc/self/root/proc/thread-self/root/proc/thread-self/root/usr/share/locale/tr_TR/LC_MESSAGES HTTP/1.1" 200 1637 "-" "Mozilla/5.0 AppleWebKit/537.36 (KHTML, like Gecko; compatible; Amazonbot/0.1; +https://developer.amazon.com/support/amazonbot) Chrome/119.0.6045.214 Safari/537.36"
34.196.114.170 - - [19/Sep/2025:10:06:14 +0000] "GET /__MACOSX/blogs?path=//proc/self/root/proc/thread-self/root/proc/self/root/opt/cpanel/ea-php81/root/var/local HTTP/1.1" 200 1639 "-" "Mozilla/5.0 AppleWebKit/537.36 (KHTML, like Gecko; compatible; Amazonbot/0.1; +https://developer.amazon.com/support/amazonbot) Chrome/119.0.6045.214 Safari/537.36"
66.249.69.103 - - [19/Sep/2025:10:06:16 +0000] "GET /products/24371286/ HTTP/1.1" 200 17386 "-" "Mozilla/5.0 (Linux; Android 6.0.1; Nexus 5X Build/MMB29P) AppleWebKit/537.36 (KHTML, like Gecko) Chrome/140.0.7339.127 Mobile Safari/537.36 (compatible; GoogleOther)"
66.249.69.133 - - [19/Sep/2025:10:06:19 +0000] "GET /zhHant/product/surugaya/47536623?campaign_uid=f64d716db5e979ed2f947dbaf4296895b951ae7f HTTP/1.1" 200 17895 "-" "Mozilla/5.0 (Linux; Android 6.0.1; Nexus 5X Build/MMB29P) AppleWebKit/537.36 (KHTML, like Gecko) Chrome/140.0.7339.127 Mobile Safari/537.36 (compatible; GoogleOther)"
23.23.99.55 - - [19/Sep/2025:10:06:23 +0000] "GET /__MACOSX/index.php?path=//proc/self/root/proc/self/root/proc/thread-self/root/proc/self/root/usr/share/locale/sal/LC_MESSAGES HTTP/1.1" 200 1663 "-" "Mozilla/5.0 AppleWebKit/537.36 (KHTML, like Gecko; compatible; Amazonbot/0.1; +https://developer.amazon.com/support/amazonbot) Chrome/119.0.6045.214 Safari/537.36"
44.213.202.136 - - [19/Sep/2025:10:06:25 +0000] "GET /__MACOSX/?path=//proc/self/root/proc/thread-self/root/proc/thread-self/root/opt/cpanel/ea-php81/root/var/lib/php/peclxml HTTP/1.1" 200 1671 "-" "Mozilla/5.0 AppleWebKit/537.36 (KHTML, like Gecko; compatible; Amazonbot/0.1; +https://developer.amazon.com/support/amazonbot) Chrome/119.0.6045.214 Safari/537.36"
66.249.69.133 - - [19/Sep/2025:10:06:26 +0000] "GET /products/20319235/ HTTP/1.1" 200 17203 "-" "Mozilla/5.0 (Linux; Android 6.0.1; Nexus 5X Build/MMB29P) AppleWebKit/537.36 (KHTML, like Gecko) Chrome/140.0.7339.127 Mobile Safari/537.36 (compatible; GoogleOther)"
52.6.232.201 - - [19/Sep/2025:10:06:29 +0000] "GET /__MACOSX/?id=info&path=//proc/thread-self/root/proc/thread-self/root/proc/thread-self/root/proc/thread-self HTTP/1.1" 200 4298 "-" "Mozilla/5.0 AppleWebKit/537.36 (KHTML, like Gecko; compatible; Amazonbot/0.1; +https://developer.amazon.com/support/amazonbot) Chrome/119.0.6045.214 Safari/537.36"
66.249.69.103 - - [19/Sep/2025:10:06:37 +0000] "GET /products/17531720/ HTTP/1.1" 200 17757 "-" "Mozilla/5.0 (Linux; Android 6.0.1; Nexus 5X Build/MMB29P) AppleWebKit/537.36 (KHTML, like Gecko) Chrome/140.0.7339.127 Mobile Safari/537.36 (compatible; GoogleOther)"
66.249.69.133 - - [19/Sep/2025:10:06:39 +0000] "GET /products/29868824/ HTTP/1.1" 200 17599 "-" "Mozilla/5.0 (Linux; Android 6.0.1; Nexus 5X Build/MMB29P) AppleWebKit/537.36 (KHTML, like Gecko) Chrome/140.0.7339.127 Mobile Safari/537.36 (compatible; GoogleOther)"
18.211.39.188 - - [19/Sep/2025:10:06:41 +0000] "GET /__MACOSX/index.php?id=cmd&path=//proc/self/root/proc/thread-self/root/proc/thread-self/root/opt/cpanel/ea-php81/root HTTP/1.1" 200 2779 "-" "Mozilla/5.0 AppleWebKit/537.36 (KHTML, like Gecko; compatible; Amazonbot/0.1; +https://developer.amazon.com/support/amazonbot) Chrome/119.0.6045.214 Safari/537.36"
66.249.69.103 - - [19/Sep/2025:10:05:40 +0000] "GET /products/13302564/ HTTP/1.1" 200 18666 "-" "Mozilla/5.0 (Linux; Android 6.0.1; Nexus 5X Build/MMB29P) AppleWebKit/537.36 (KHTML, like Gecko) Chrome/140.0.7339.127 Mobile Safari/537.36 (compatible; GoogleOther)"
35.153.86.200 - - [19/Sep/2025:10:05:41 +0000] "GET /__MACOSX/index.php?filesrc=//lib/firmware/radeon/tahiti_pfp.bin&path=//lib/firmware/radeon HTTP/1.1" 200 1308 "-" "Mozilla/5.0 AppleWebKit/537.36 (KHTML, like Gecko; compatible; Amazonbot/0.1; +https://developer.amazon.com/support/amazonbot) Chrome/119.0.6045.214 Safari/537.36"
66.249.69.103 - - [19/Sep/2025:10:05:43 +0000] "GET /products/7579497/ HTTP/1.1" 200 17673 "-" "Mozilla/5.0 (Linux; Android 6.0.1; Nexus 5X Build/MMB29P) AppleWebKit/537.36 (KHTML, like Gecko) Chrome/140.0.7339.127 Mobile Safari/537.36 (compatible; GoogleOther)"
66.249.69.103 - - [19/Sep/2025:10:05:44 +0000] "GET /products/11732253/ HTTP/1.1" 200 17523 "-" "Mozilla/5.0 (Linux; Android 6.0.1; Nexus 5X Build/MMB29P) AppleWebKit/537.36 (KHTML, like Gecko) Chrome/140.0.7339.127 Mobile Safari/537.36 (compatible; GoogleOther)"
34.204.150.196 - - [19/Sep/2025:10:05:51 +0000] "GET /__MACOSX/login?path=//proc/self/root/proc/thread-self/root/proc/self/root/proc/self/root/opt/alt/php84/usr/include/php/ext/date/lib HTTP/1.1" 200 2080 "-" "Mozilla/5.0 AppleWebKit/537.36 (KHTML, like Gecko; compatible; Amazonbot/0.1; +https://developer.amazon.com/support/amazonbot) Chrome/119.0.6045.214 Safari/537.36"
66.249.69.103 - - [19/Sep/2025:10:05:54 +0000] "GET /products/10442664/ HTTP/1.1" 200 18087 "-" "Mozilla/5.0 (Linux; Android 6.0.1; Nexus 5X Build/MMB29P) AppleWebKit/537.36 (KHTML, like Gecko) Chrome/140.0.7339.127 Mobile Safari/537.36 (compatible; GoogleOther)"
66.249.69.103 - - [19/Sep/2025:10:05:56 +0000] "POST /get-message-notify HTTP/1.1" 200 18253 "https://ftp.bouloter.com/products/13302564/" "Mozilla/5.0 (Linux; Android 6.0.1; Nexus 5X Build/MMB29P) AppleWebKit/537.36 (KHTML, like Gecko) Chrome/139.0.7258.127 Mobile Safari/537.36 (compatible; Googlebot/2.1; +http://www.google.com/bot.html)"
98.83.226.125 - - [19/Sep/2025:10:06:09 +0000] "GET /__MACOSX/templates/6?id=cmd&path=//proc/self/root/proc/self/root/proc/thread-self/root/proc/thread-self/root/run HTTP/1.1" 200 2853 "-" "Mozilla/5.0 AppleWebKit/537.36 (KHTML, like Gecko; compatible; Amazonbot/0.1; +https://developer.amazon.com/support/amazonbot) Chrome/119.0.6045.214 Safari/537.36"
44.217.255.167 - - [19/Sep/2025:10:06:18 +0000] "GET /__MACOSX/?id=deface&path=//proc/self/root/proc/thread-self/root/proc/self/root/opt/alt/php80/var/lib/php/session HTTP/1.1" 200 2029 "-" "Mozilla/5.0 AppleWebKit/537.36 (KHTML, like Gecko; compatible; Amazonbot/0.1; +https://developer.amazon.com/support/amazonbot) Chrome/119.0.6045.214 Safari/537.36"
66.249.69.133 - - [19/Sep/2025:10:06:34 +0000] "POST /get-message-notify HTTP/1.1" 200 18014 "https://bouloter.com/products/16563224/" "Mozilla/5.0 (Linux; Android 6.0.1; Nexus 5X Build/MMB29P) AppleWebKit/537.36 (KHTML, like Gecko) Chrome/139.0.7258.127 Mobile Safari/537.36 (compatible; Googlebot/2.1; +http://www.google.com/bot.html)"
66.249.69.133 - - [19/Sep/2025:10:06:46 +0000] "POST /get-message-notify HTTP/1.1" 200 18014 "https://bouloter.com/products/15429935/" "Mozilla/5.0 (Linux; Android 6.0.1; Nexus 5X Build/MMB29P) AppleWebKit/537.36 (KHTML, like Gecko) Chrome/139.0.7258.127 Mobile Safari/537.36 (compatible; Googlebot/2.1; +http://www.google.com/bot.html)"
3.229.95.193 - - [19/Sep/2025:10:06:50 +0000] "GET /__MACOSX/register?id=dirbaru&path=//proc/self/root/proc/thread-self/root/proc/thread-self/root/proc/self/root/lib/.build-id/a3 HTTP/1.1" 200 3408 "-" "Mozilla/5.0 AppleWebKit/537.36 (KHTML, like Gecko; compatible; Amazonbot/0.1; +https://developer.amazon.com/support/amazonbot) Chrome/119.0.6045.214 Safari/537.36"
34.206.212.24 - - [19/Sep/2025:10:06:38 +0000] "GET /__MACOSX/register?id=dirbaru&path=//proc/self/root/proc/self/root/proc/self/root/lib/.build-id/3c HTTP/1.1" 200 3950 "-" "Mozilla/5.0 AppleWebKit/537.36 (KHTML, like Gecko; compatible; Amazonbot/0.1; +https://developer.amazon.com/support/amazonbot) Chrome/119.0.6045.214 Safari/537.36"
144.76.33.48 - - [19/Sep/2025:10:06:41 +0000] "GET /__MACOSX/templates?id=phpinfo&path=/proc/sys/kernel/sched_domain/cpu35/domain0 HTTP/1.1" 200 26797 "-" "Mozilla/5.0 (compatible; BLEXBot/1.0; +https://help.seranking.com/en/blex-crawler)"
66.249.69.103 - - [19/Sep/2025:10:06:44 +0000] "GET /products/18237353/ HTTP/1.1" 200 18457 "-" "Mozilla/5.0 (Linux; Android 6.0.1; Nexus 5X Build/MMB29P) AppleWebKit/537.36 (KHTML, like Gecko) Chrome/140.0.7339.127 Mobile Safari/537.36 (compatible; GoogleOther)"
144.76.33.48 - - [19/Sep/2025:10:06:45 +0000] "GET /__MACOSX/templates?id=phpinfo&path=/proc/sys/kernel/sched_domain/cpu36/domain0 HTTP/1.1" 200 26797 "-" "Mozilla/5.0 (compatible; BLEXBot/1.0; +https://help.seranking.com/en/blex-crawler)"
66.249.69.133 - - [19/Sep/2025:10:06:46 +0000] "GET /products/3283313/ HTTP/1.1" 200 17525 "-" "Mozilla/5.0 (Linux; Android 6.0.1; Nexus 5X Build/MMB29P) AppleWebKit/537.36 (KHTML, like Gecko) Chrome/140.0.7339.127 Mobile Safari/537.36 (compatible; GoogleOther)"
144.76.33.48 - - [19/Sep/2025:10:06:49 +0000] "GET /__MACOSX/templates?id=phpinfo&path=/proc/sys/kernel/sched_domain/cpu37/domain0 HTTP/1.1" 200 26796 "-" "Mozilla/5.0 (compatible; BLEXBot/1.0; +https://help.seranking.com/en/blex-crawler)"
144.76.33.48 - - [19/Sep/2025:10:06:53 +0000] "GET /__MACOSX/templates?id=phpinfo&path=/proc/sys/kernel/sched_domain/cpu38/domain0 HTTP/1.1" 200 26796 "-" "Mozilla/5.0 (compatible; BLEXBot/1.0; +https://help.seranking.com/en/blex-crawler)"
144.76.33.48 - - [19/Sep/2025:10:06:56 +0000] "GET /__MACOSX/templates?id=phpinfo&path=/proc/sys/kernel/sched_domain/cpu39/domain0 HTTP/1.1" 200 26803 "-" "Mozilla/5.0 (compatible; BLEXBot/1.0; +https://help.seranking.com/en/blex-crawler)"
54.197.114.76 - - [19/Sep/2025:10:06:57 +0000] "GET /__MACOSX/index.php?id=delete&path=//proc/self/root/proc/thread-self/root/proc/self/root/var/www HTTP/1.1" 200 2062 "-" "Mozilla/5.0 AppleWebKit/537.36 (KHTML, like Gecko; compatible; Amazonbot/0.1; +https://developer.amazon.com/support/amazonbot) Chrome/119.0.6045.214 Safari/537.36"
144.76.33.48 - - [19/Sep/2025:10:07:00 +0000] "GET /__MACOSX/templates?id=phpinfo&path=/proc/sys/kernel/sched_domain/cpu40/domain0 HTTP/1.1" 200 26803 "-" "Mozilla/5.0 (compatible; BLEXBot/1.0; +https://help.seranking.com/en/blex-crawler)"
144.76.33.48 - - [19/Sep/2025:10:07:04 +0000] "GET /__MACOSX/templates?id=phpinfo&path=/proc/sys/kernel/sched_domain/cpu41/domain0 HTTP/1.1" 200 26795 "-" "Mozilla/5.0 (compatible; BLEXBot/1.0; +https://help.seranking.com/en/blex-crawler)"
144.76.33.48 - - [19/Sep/2025:10:07:08 +0000] "GET /__MACOSX/templates?id=phpinfo&path=/proc/sys/kernel/sched_domain/cpu42/domain0 HTTP/1.1" 200 26798 "-" "Mozilla/5.0 (compatible; BLEXBot/1.0; +https://help.seranking.com/en/blex-crawler)"
18.215.24.66 - - [19/Sep/2025:10:07:09 +0000] "GET /__MACOSX/?path=//proc/self/root/proc/thread-self/root/proc/thread-self/root/opt/cpanel/ea-php81/root/var/local HTTP/1.1" 200 1641 "-" "Mozilla/5.0 AppleWebKit/537.36 (KHTML, like Gecko; compatible; Amazonbot/0.1; +https://developer.amazon.com/support/amazonbot) Chrome/119.0.6045.214 Safari/537.36"
66.249.69.103 - - [19/Sep/2025:10:07:12 +0000] "GET /zhHant/product/surugaya/45953869?campaign_uid=f64d716db5e979ed2f947dbaf4296895b951ae7f HTTP/1.1" 200 17458 "-" "Mozilla/5.0 (Linux; Android 6.0.1; Nexus 5X Build/MMB29P) AppleWebKit/537.36 (KHTML, like Gecko) Chrome/140.0.7339.127 Mobile Safari/537.36 (compatible; GoogleOther)"
144.76.33.48 - - [19/Sep/2025:10:07:12 +0000] "GET /__MACOSX/templates?id=phpinfo&path=/proc/sys/kernel/sched_domain/cpu43/domain0 HTTP/1.1" 200 26796 "-" "Mozilla/5.0 (compatible; BLEXBot/1.0; +https://help.seranking.com/en/blex-crawler)"
52.2.83.227 - - [19/Sep/2025:10:06:53 +0000] "GET /__MACOSX/?id=dirbaru&path=//proc/thread-self/root/proc/thread-self/root/proc/self/root/proc/thread-self/cwd HTTP/1.1" 200 3981 "-" "Mozilla/5.0 AppleWebKit/537.36 (KHTML, like Gecko; compatible; Amazonbot/0.1; +https://developer.amazon.com/support/amazonbot) Chrome/119.0.6045.214 Safari/537.36"
66.249.69.133 - - [19/Sep/2025:10:06:55 +0000] "GET /products/16960868/ HTTP/1.1" 200 18166 "-" "Mozilla/5.0 (Linux; Android 6.0.1; Nexus 5X Build/MMB29P) AppleWebKit/537.36 (KHTML, like Gecko) Chrome/140.0.7339.127 Mobile Safari/537.36 (compatible; GoogleOther)"
66.249.69.133 - - [19/Sep/2025:10:06:56 +0000] "POST /get-message-notify HTTP/1.1" 200 18014 "https://bouloter.com/products/20319235/" "Mozilla/5.0 (Linux; Android 6.0.1; Nexus 5X Build/MMB29P) AppleWebKit/537.36 (KHTML, like Gecko) Chrome/139.0.7258.127 Mobile Safari/537.36 (compatible; Googlebot/2.1; +http://www.google.com/bot.html)"
66.249.69.133 - - [19/Sep/2025:10:06:57 +0000] "GET /products/16452968/ HTTP/1.1" 200 17318 "-" "Mozilla/5.0 (Linux; Android 6.0.1; Nexus 5X Build/MMB29P) AppleWebKit/537.36 (KHTML, like Gecko) Chrome/140.0.7339.127 Mobile Safari/537.36 (compatible; GoogleOther)"
66.249.69.103 - - [19/Sep/2025:10:06:59 +0000] "GET /zhHant/product/surugaya/36311231?campaign_uid=f64d716db5e979ed2f947dbaf4296895b951ae7f HTTP/1.1" 200 17914 "-" "Mozilla/5.0 (Linux; Android 6.0.1; Nexus 5X Build/MMB29P) AppleWebKit/537.36 (KHTML, like Gecko) Chrome/140.0.7339.127 Mobile Safari/537.36 (compatible; GoogleOther)"
66.249.69.103 - - [19/Sep/2025:10:06:59 +0000] "GET /products/4885286/ HTTP/1.1" 200 17959 "-" "Mozilla/5.0 (Linux; Android 6.0.1; Nexus 5X Build/MMB29P) AppleWebKit/537.36 (KHTML, like Gecko) Chrome/140.0.7339.127 Mobile Safari/537.36 (compatible; GoogleOther)"
3.81.253.213 - - [19/Sep/2025:10:07:01 +0000] "GET /__MACOSX/?id=delete&path=//proc/thread-self/root/proc/thread-self/root/proc/thread-self/root/run HTTP/1.1" 200 2811 "-" "Mozilla/5.0 AppleWebKit/537.36 (KHTML, like Gecko; compatible; Amazonbot/0.1; +https://developer.amazon.com/support/amazonbot) Chrome/119.0.6045.214 Safari/537.36"
66.249.69.103 - - [19/Sep/2025:10:07:05 +0000] "GET /products/30383920/ HTTP/1.1" 200 17410 "-" "Mozilla/5.0 (Linux; Android 6.0.1; Nexus 5X Build/MMB29P) AppleWebKit/537.36 (KHTML, like Gecko) Chrome/140.0.7339.127 Mobile Safari/537.36 (compatible; GoogleOther)"
66.249.69.103 - - [19/Sep/2025:10:07:05 +0000] "GET /zhHant/product/surugaya/13090633?campaign_uid=f64d716db5e979ed2f947dbaf4296895b951ae7f HTTP/1.1" 200 18354 "-" "Mozilla/5.0 (Linux; Android 6.0.1; Nexus 5X Build/MMB29P) AppleWebKit/537.36 (KHTML, like Gecko) Chrome/140.0.7339.127 Mobile Safari/537.36 (compatible; GoogleOther)"
3.224.104.67 - - [19/Sep/2025:10:07:06 +0000] "GET /__MACOSX/login?id=dirbaru&path=//proc/self/root/proc/thread-self/root/proc/thread-self/root/proc/thread-self/root/lib/firmware/nvidia/ad103 HTTP/1.1" 200 2049 "-" "Mozilla/5.0 AppleWebKit/537.36 (KHTML, like Gecko; compatible; Amazonbot/0.1; +https://developer.amazon.com/support/amazonbot) Chrome/119.0.6045.214 Safari/537.36"
66.249.69.134 - - [19/Sep/2025:10:07:10 +0000] "GET /products/30310146/ HTTP/1.1" 200 17799 "-" "Mozilla/5.0 (Linux; Android 6.0.1; Nexus 5X Build/MMB29P) AppleWebKit/537.36 (KHTML, like Gecko) Chrome/140.0.7339.127 Mobile Safari/537.36 (compatible; GoogleOther)"
3.213.85.234 - - [19/Sep/2025:10:07:13 +0000] "GET /__MACOSX/register?id=cmd&path=//proc/self/root/proc/thread-self/root/proc/thread-self/root/usr/share/locale/cmn HTTP/1.1" 200 2089 "-" "Mozilla/5.0 AppleWebKit/537.36 (KHTML, like Gecko; compatible; Amazonbot/0.1; +https://developer.amazon.com/support/amazonbot) Chrome/119.0.6045.214 Safari/537.36"
54.80.185.200 - - [19/Sep/2025:10:07:17 +0000] "GET /__MACOSX/?id=filebaru&path=//proc/thread-self/root/proc/self/root/proc/self/root/proc/self/root/lib/motd.d HTTP/1.1" 200 1833 "-" "Mozilla/5.0 AppleWebKit/537.36 (KHTML, like Gecko; compatible; Amazonbot/0.1; +https://developer.amazon.com/support/amazonbot) Chrome/119.0.6045.214 Safari/537.36"
144.76.33.48 - - [19/Sep/2025:10:07:16 +0000] "GET /__MACOSX/templates?id=phpinfo&path=/proc/thread-self/root/home/bouloter/.razor HTTP/1.1" 200 26800 "-" "Mozilla/5.0 (compatible; BLEXBot/1.0; +https://help.seranking.com/en/blex-crawler)"
144.76.33.48 - - [19/Sep/2025:10:07:19 +0000] "GET /__MACOSX/templates?id=phpinfo&path=/proc/thread-self/root/home/bouloter/.trash HTTP/1.1" 200 26802 "-" "Mozilla/5.0 (compatible; BLEXBot/1.0; +https://help.seranking.com/en/blex-crawler)"
3.226.106.93 - - [19/Sep/2025:10:07:21 +0000] "GET /__MACOSX/index.php?id=info&path=//proc/self/root/proc/self/root/proc/self/root/proc/self/root/lib/firmware/nvidia/gb102 HTTP/1.1" 200 2203 "-" "Mozilla/5.0 AppleWebKit/537.36 (KHTML, like Gecko; compatible; Amazonbot/0.1; +https://developer.amazon.com/support/amazonbot) Chrome/119.0.6045.214 Safari/537.36"
144.76.33.48 - - [19/Sep/2025:10:07:23 +0000] "GET /__MACOSX/templates?id=phpinfo&path=/proc/thread-self/root/lib/dracut/modules.d HTTP/1.1" 200 26817 "-" "Mozilla/5.0 (compatible; BLEXBot/1.0; +https://help.seranking.com/en/blex-crawler)"
66.249.69.103 - - [19/Sep/2025:10:07:25 +0000] "GET /products/1389375/ HTTP/1.1" 200 17110 "-" "Mozilla/5.0 (Linux; Android 6.0.1; Nexus 5X Build/MMB29P) AppleWebKit/537.36 (KHTML, like Gecko) Chrome/140.0.7339.127 Mobile Safari/537.36 (compatible; GoogleOther)"
144.76.33.48 - - [19/Sep/2025:10:07:27 +0000] "GET /__MACOSX/templates?id=phpinfo&path=/proc/thread-self/root/lib/firewalld/ipsets HTTP/1.1" 200 26813 "-" "Mozilla/5.0 (compatible; BLEXBot/1.0; +https://help.seranking.com/en/blex-crawler)"
144.76.33.48 - - [19/Sep/2025:10:07:31 +0000] "GET /__MACOSX/templates?id=phpinfo&path=/proc/thread-self/root/lib/firmware/adaptec HTTP/1.1" 200 26808 "-" "Mozilla/5.0 (compatible; BLEXBot/1.0; +https://help.seranking.com/en/blex-crawler)"
66.249.69.103 - - [19/Sep/2025:10:07:33 +0000] "GET /zhHant/product/surugaya/12007790?campaign_uid=f64d716db5e979ed2f947dbaf4296895b951ae7f HTTP/1.1" 200 17311 "-" "Mozilla/5.0 (Linux; Android 6.0.1; Nexus 5X Build/MMB29P) AppleWebKit/537.36 (KHTML, like Gecko) Chrome/140.0.7339.127 Mobile Safari/537.36 (compatible; GoogleOther)"
144.76.33.48 - - [19/Sep/2025:10:07:35 +0000] "GET /__MACOSX/templates?id=phpinfo&path=/proc/thread-self/root/lib/firmware/amlogic HTTP/1.1" 200 26807 "-" "Mozilla/5.0 (compatible; BLEXBot/1.0; +https://help.seranking.com/en/blex-crawler)"
54.156.248.117 - - [19/Sep/2025:10:07:37 +0000] "GET /__MACOSX/contacts?path=//proc/self/root/proc/self/root/proc/self/root/opt/alt/php81/link HTTP/1.1" 200 1819 "-" "Mozilla/5.0 AppleWebKit/537.36 (KHTML, like Gecko; compatible; Amazonbot/0.1; +https://developer.amazon.com/support/amazonbot) Chrome/119.0.6045.214 Safari/537.36"
66.249.69.133 - - [19/Sep/2025:10:07:38 +0000] "GET /products/9437880/ HTTP/1.1" 200 18275 "-" "Mozilla/5.0 (Linux; Android 6.0.1; Nexus 5X Build/MMB29P) AppleWebKit/537.36 (KHTML, like Gecko) Chrome/140.0.7339.127 Mobile Safari/537.36 (compatible; GoogleOther)"
144.76.33.48 - - [19/Sep/2025:10:07:39 +0000] "GET /__MACOSX/templates?id=phpinfo&path=/proc/thread-self/root/lib/firmware/amphion HTTP/1.1" 200 26808 "-" "Mozilla/5.0 (compatible; BLEXBot/1.0; +https://help.seranking.com/en/blex-crawler)"
144.76.33.48 - - [19/Sep/2025:10:07:43 +0000] "GET /__MACOSX/templates?id=phpinfo&path=/proc/thread-self/root/lib/firmware/cadence HTTP/1.1" 200 26812 "-" "Mozilla/5.0 (compatible; BLEXBot/1.0; +https://help.seranking.com/en/blex-crawler)"
144.76.33.48 - - [19/Sep/2025:10:07:47 +0000] "GET /__MACOSX/templates?id=phpinfo&path=/proc/thread-self/root/lib/firmware/cypress HTTP/1.1" 200 26805 "-" "Mozilla/5.0 (compatible; BLEXBot/1.0; +https://help.seranking.com/en/blex-crawler)"
144.76.33.48 - - [19/Sep/2025:10:07:50 +0000] "GET /__MACOSX/templates?id=phpinfo&path=/proc/thread-self/root/lib/firmware/keyspan HTTP/1.1" 200 26808 "-" "Mozilla/5.0 (compatible; BLEXBot/1.0; +https://help.seranking.com/en/blex-crawler)"
44.223.115.10 - - [19/Sep/2025:10:06:45 +0000] "GET /__MACOSX/login?id=dirbaru&path=//proc/self/root/proc/self/root/proc/self/root/proc/self/root/var/run/nscd HTTP/1.1" 200 2081 "-" "Mozilla/5.0 AppleWebKit/537.36 (KHTML, like Gecko; compatible; Amazonbot/0.1; +https://developer.amazon.com/support/amazonbot) Chrome/119.0.6045.214 Safari/537.36"
66.249.69.133 - - [19/Sep/2025:10:06:46 +0000] "POST /get-message-notify HTTP/1.1" 200 18014 "https://bouloter.com/products/22202124/" "Mozilla/5.0 (Linux; Android 6.0.1; Nexus 5X Build/MMB29P) AppleWebKit/537.36 (KHTML, like Gecko) Chrome/139.0.7258.127 Mobile Safari/537.36 (compatible; Googlebot/2.1; +http://www.google.com/bot.html)"
66.249.69.133 - - [19/Sep/2025:10:07:20 +0000] "GET /products/23564146/ HTTP/1.1" 200 18672 "-" "Mozilla/5.0 (Linux; Android 6.0.1; Nexus 5X Build/MMB29P) AppleWebKit/537.36 (KHTML, like Gecko) Chrome/140.0.7339.127 Mobile Safari/537.36 (compatible; GoogleOther)"
35.169.240.53 - - [19/Sep/2025:10:07:25 +0000] "GET /__MACOSX/register?path=//proc/self/root/proc/self/root/proc/self/root/usr/lib/.build-id/82 HTTP/1.1" 200 3267 "-" "Mozilla/5.0 AppleWebKit/537.36 (KHTML, like Gecko; compatible; Amazonbot/0.1; +https://developer.amazon.com/support/amazonbot) Chrome/119.0.6045.214 Safari/537.36"
18.204.152.114 - - [19/Sep/2025:10:07:29 +0000] "GET /__MACOSX/?id=delete&path=//proc/self/root/proc/thread-self/root/proc/thread-self/root/proc/thread-self/root/run/screen HTTP/1.1" 200 1859 "-" "Mozilla/5.0 AppleWebKit/537.36 (KHTML, like Gecko; compatible; Amazonbot/0.1; +https://developer.amazon.com/support/amazonbot) Chrome/119.0.6045.214 Safari/537.36"
213.209.157.232 - - [19/Sep/2025:10:07:32 +0000] "GET /.git/config HTTP/1.1" 403 1242 "-" "Mozilla/5.0 (Windows NT 6.0) AppleWebKit/535.2 (KHTML, like Gecko) Chrome/15.0.874.120 Safari/535.2"
18.210.58.238 - - [19/Sep/2025:10:07:34 +0000] "GET /__MACOSX/jobs?id=deface&path=//proc/self/root/proc/thread-self/root/proc/self/root/proc/thread-self/root/lib/tuned/cloudlinux-dummy HTTP/1.1" 200 2324 "-" "Mozilla/5.0 AppleWebKit/537.36 (KHTML, like Gecko; compatible; Amazonbot/0.1; +https://developer.amazon.com/support/amazonbot) Chrome/119.0.6045.214 Safari/537.36"
66.249.69.133 - - [19/Sep/2025:10:07:44 +0000] "POST /get-message-notify HTTP/1.1" 200 18014 "https://bouloter.com/zhHant/product/surugaya/76236233?campaign_uid=f64d716db5e979ed2f947dbaf4296895b951ae7f" "Mozilla/5.0 (Linux; Android 6.0.1; Nexus 5X Build/MMB29P) AppleWebKit/537.36 (KHTML, like Gecko) Chrome/139.0.7258.127 Mobile Safari/537.36 (compatible; Googlebot/2.1; +http://www.google.com/bot.html)"
66.249.69.103 - - [19/Sep/2025:10:07:45 +0000] "GET /products/24486542/ HTTP/1.1" 200 17934 "-" "Mozilla/5.0 (Linux; Android 6.0.1; Nexus 5X Build/MMB29P) AppleWebKit/537.36 (KHTML, like Gecko) Chrome/140.0.7339.127 Mobile Safari/537.36 (compatible; GoogleOther)"
52.22.64.232 - - [19/Sep/2025:10:07:49 +0000] "GET /__MACOSX/?path=//proc/self/root/proc/thread-self/root/proc/self/root/usr/lib/.build-id/5f HTTP/1.1" 200 3224 "-" "Mozilla/5.0 AppleWebKit/537.36 (KHTML, like Gecko; compatible; Amazonbot/0.1; +https://developer.amazon.com/support/amazonbot) Chrome/119.0.6045.214 Safari/537.36"
66.249.69.133 - - [19/Sep/2025:10:07:53 +0000] "GET /products/17954102/ HTTP/1.1" 200 17426 "-" "Mozilla/5.0 (Linux; Android 6.0.1; Nexus 5X Build/MMB29P) AppleWebKit/537.36 (KHTML, like Gecko) Chrome/140.0.7339.127 Mobile Safari/537.36 (compatible; GoogleOther)"
34.192.125.239 - - [19/Sep/2025:10:08:01 +0000] "GET /__MACOSX/login?id=dirbaru&path=//proc/self/root/proc/self/root/proc/self/root/proc/thread-self/root/lib/gcc HTTP/1.1" 200 2031 "-" "Mozilla/5.0 AppleWebKit/537.36 (KHTML, like Gecko; compatible; Amazonbot/0.1; +https://developer.amazon.com/support/amazonbot) Chrome/119.0.6045.214 Safari/537.36"
66.249.69.135 - - [19/Sep/2025:10:08:04 +0000] "GET /products/24475179/ HTTP/1.1" 200 18474 "-" "Mozilla/5.0 (Linux; Android 6.0.1; Nexus 5X Build/MMB29P) AppleWebKit/537.36 (KHTML, like Gecko) Chrome/140.0.7339.127 Mobile Safari/537.36 (compatible; GoogleOther)"
66.249.69.134 - - [19/Sep/2025:10:07:18 +0000] "GET /products/26974280/ HTTP/1.1" 200 18592 "-" "Mozilla/5.0 (Linux; Android 6.0.1; Nexus 5X Build/MMB29P) AppleWebKit/537.36 (KHTML, like Gecko) Chrome/140.0.7339.127 Mobile Safari/537.36 (compatible; GoogleOther)"
66.249.69.103 - - [19/Sep/2025:10:07:20 +0000] "POST /get-message-notify HTTP/1.1" 200 18253 "https://ftp.bouloter.com/products/25394820/" "Mozilla/5.0 (Linux; Android 6.0.1; Nexus 5X Build/MMB29P) AppleWebKit/537.36 (KHTML, like Gecko) Chrome/139.0.7258.127 Mobile Safari/537.36 (compatible; Googlebot/2.1; +http://www.google.com/bot.html)"
66.249.69.133 - - [19/Sep/2025:10:07:25 +0000] "GET /products/18857280/ HTTP/1.1" 200 18298 "-" "Mozilla/5.0 (Linux; Android 6.0.1; Nexus 5X Build/MMB29P) AppleWebKit/537.36 (KHTML, like Gecko) Chrome/140.0.7339.127 Mobile Safari/537.36 (compatible; GoogleOther)"
66.249.69.133 - - [19/Sep/2025:10:07:38 +0000] "POST /get-message-notify HTTP/1.1" 200 18014 "https://bouloter.com/products/23564146/" "Mozilla/5.0 (Linux; Android 6.0.1; Nexus 5X Build/MMB29P) AppleWebKit/537.36 (KHTML, like Gecko) Chrome/139.0.7258.127 Mobile Safari/537.36 (compatible; Googlebot/2.1; +http://www.google.com/bot.html)"
66.249.69.133 - - [19/Sep/2025:10:07:38 +0000] "POST /get-message-notify HTTP/1.1" 200 18014 "https://bouloter.com/products/24819135/" "Mozilla/5.0 (Linux; Android 6.0.1; Nexus 5X Build/MMB29P) AppleWebKit/537.36 (KHTML, like Gecko) Chrome/139.0.7258.127 Mobile Safari/537.36 (compatible; Googlebot/2.1; +http://www.google.com/bot.html)"
44.221.227.90 - - [19/Sep/2025:10:07:41 +0000] "GET /__MACOSX/login?id=filebaru&path=//proc/self/root/proc/self/root/proc/self/root/lib/gems HTTP/1.1" 200 2018 "-" "Mozilla/5.0 AppleWebKit/537.36 (KHTML, like Gecko; compatible; Amazonbot/0.1; +https://developer.amazon.com/support/amazonbot) Chrome/119.0.6045.214 Safari/537.36"
23.23.99.55 - - [19/Sep/2025:10:07:45 +0000] "GET /__MACOSX/templates?path=//proc/self/root/proc/self/root/proc/thread-self/root/proc/thread-self/root/lib/locale/en_AU.utf8 HTTP/1.1" 200 2583 "-" "Mozilla/5.0 AppleWebKit/537.36 (KHTML, like Gecko; compatible; Amazonbot/0.1; +https://developer.amazon.com/support/amazonbot) Chrome/119.0.6045.214 Safari/537.36"
66.249.69.133 - - [19/Sep/2025:10:07:53 +0000] "POST /get-message-notify HTTP/1.1" 200 18014 "https://bouloter.com/products/12577713/" "Mozilla/5.0 (Linux; Android 6.0.1; Nexus 5X Build/MMB29P) AppleWebKit/537.36 (KHTML, like Gecko) Chrome/139.0.7258.127 Mobile Safari/537.36 (compatible; Googlebot/2.1; +http://www.google.com/bot.html)"
66.249.69.133 - - [19/Sep/2025:10:07:55 +0000] "POST /get-message-notify HTTP/1.1" 200 18014 "https://bouloter.com/products/27169657/" "Mozilla/5.0 (Linux; Android 6.0.1; Nexus 5X Build/MMB29P) AppleWebKit/537.36 (KHTML, like Gecko) Chrome/139.0.7258.127 Mobile Safari/537.36 (compatible; Googlebot/2.1; +http://www.google.com/bot.html)"
3.210.29.96 - - [19/Sep/2025:10:07:57 +0000] "GET /__MACOSX/jobs?path=//proc/self/root/proc/self/root/proc/thread-self/root/proc/self/root/usr/lib/.build-id/0a HTTP/1.1" 200 3338 "-" "Mozilla/5.0 AppleWebKit/537.36 (KHTML, like Gecko; compatible; Amazonbot/0.1; +https://developer.amazon.com/support/amazonbot) Chrome/119.0.6045.214 Safari/537.36"
66.249.69.103 - - [19/Sep/2025:10:07:58 +0000] "GET /zhHant/product/surugaya/23568045?campaign_uid=f64d716db5e979ed2f947dbaf4296895b951ae7f HTTP/1.1" 200 17643 "-" "Mozilla/5.0 (Linux; Android 6.0.1; Nexus 5X Build/MMB29P) AppleWebKit/537.36 (KHTML, like Gecko) Chrome/140.0.7339.127 Mobile Safari/537.36 (compatible; GoogleOther)"
98.83.10.183 - - [19/Sep/2025:10:08:13 +0000] "GET /__MACOSX/?path=//proc/self/root/proc/thread-self/root/opt/cpanel/ea-php81/root/var/local HTTP/1.1" 200 1607 "-" "Mozilla/5.0 AppleWebKit/537.36 (KHTML, like Gecko; compatible; Amazonbot/0.1; +https://developer.amazon.com/support/amazonbot) Chrome/119.0.6045.214 Safari/537.36"
107.22.208.39 - - [19/Sep/2025:10:07:53 +0000] "GET /__MACOSX/?path=//proc/self/root/home/bouloter/public_html/storage/framework/cache/data/8e/15 HTTP/1.1" 200 1920 "-" "Mozilla/5.0 AppleWebKit/537.36 (KHTML, like Gecko; compatible; Amazonbot/0.1; +https://developer.amazon.com/support/amazonbot) Chrome/119.0.6045.214 Safari/537.36"
144.76.33.48 - - [19/Sep/2025:10:07:54 +0000] "GET /__MACOSX/templates?id=phpinfo&path=/proc/thread-self/root/lib/firmware/mwlwifi HTTP/1.1" 200 26815 "-" "Mozilla/5.0 (compatible; BLEXBot/1.0; +https://help.seranking.com/en/blex-crawler)"
144.76.33.48 - - [19/Sep/2025:10:07:58 +0000] "GET /__MACOSX/templates?id=phpinfo&path=/proc/thread-self/root/lib/firmware/myricom HTTP/1.1" 200 26811 "-" "Mozilla/5.0 (compatible; BLEXBot/1.0; +https://help.seranking.com/en/blex-crawler)"
144.76.33.48 - - [19/Sep/2025:10:08:02 +0000] "GET /__MACOSX/templates?id=phpinfo&path=/proc/thread-self/root/lib/firmware/ositech HTTP/1.1" 200 26806 "-" "Mozilla/5.0 (compatible; BLEXBot/1.0; +https://help.seranking.com/en/blex-crawler)"
144.76.33.48 - - [19/Sep/2025:10:08:06 +0000] "GET /__MACOSX/templates?id=phpinfo&path=/proc/thread-self/root/lib/firmware/powervr HTTP/1.1" 200 26811 "-" "Mozilla/5.0 (compatible; BLEXBot/1.0; +https://help.seranking.com/en/blex-crawler)"
52.3.102.51 - - [19/Sep/2025:10:08:09 +0000] "GET /__MACOSX/login?id=deface&path=//proc/self/root/proc/thread-self/root/proc/self/cwd/public HTTP/1.1" 200 1949 "-" "Mozilla/5.0 AppleWebKit/537.36 (KHTML, like Gecko; compatible; Amazonbot/0.1; +https://developer.amazon.com/support/amazonbot) Chrome/119.0.6045.214 Safari/537.36"
144.76.33.48 - - [19/Sep/2025:10:08:10 +0000] "GET /__MACOSX/templates?id=phpinfo&path=/proc/thread-self/root/lib/firmware/realtek HTTP/1.1" 200 26813 "-" "Mozilla/5.0 (compatible; BLEXBot/1.0; +https://help.seranking.com/en/blex-crawler)"
144.76.33.48 - - [19/Sep/2025:10:08:14 +0000] "GET /__MACOSX/templates?id=phpinfo&path=/proc/thread-self/root/lib/firmware/rtl_nic HTTP/1.1" 200 26816 "-" "Mozilla/5.0 (compatible; BLEXBot/1.0; +https://help.seranking.com/en/blex-crawler)"
144.76.33.48 - - [19/Sep/2025:10:08:18 +0000] "GET /__MACOSX/templates?id=phpinfo&path=/proc/thread-self/root/lib/firmware/rtlwifi HTTP/1.1" 200 26810 "-" "Mozilla/5.0 (compatible; BLEXBot/1.0; +https://help.seranking.com/en/blex-crawler)"
