66.249.77.167 - - [18/Sep/2025:09:47:38 +0000] "GET /index.php?products/19902846/ HTTP/1.1" 200 18287 "-" "Mozilla/5.0 (Linux; Android 6.0.1; Nexus 5X Build/MMB29P) AppleWebKit/537.36 (KHTML, like Gecko) Chrome/140.0.7339.127 Mobile Safari/537.36 (compatible; GoogleOther)"
66.249.77.168 - - [18/Sep/2025:09:48:03 +0000] "GET /index.php?products/4553679/ HTTP/1.1" 200 18424 "-" "Mozilla/5.0 (Linux; Android 6.0.1; Nexus 5X Build/MMB29P) AppleWebKit/537.36 (KHTML, like Gecko) Chrome/140.0.7339.127 Mobile Safari/537.36 (compatible; GoogleOther)"
66.249.77.168 - - [18/Sep/2025:09:48:09 +0000] "GET /index.php?products/26415057/ HTTP/1.1" 200 18409 "-" "Mozilla/5.0 (Linux; Android 6.0.1; Nexus 5X Build/MMB29P) AppleWebKit/537.36 (KHTML, like Gecko) Chrome/140.0.7339.127 Mobile Safari/537.36 (compatible; GoogleOther)"
66.249.77.167 - - [18/Sep/2025:09:48:20 +0000] "GET /index.php?products/19685346/ HTTP/1.1" 200 17872 "-" "Mozilla/5.0 (Linux; Android 6.0.1; Nexus 5X Build/MMB29P) AppleWebKit/537.36 (KHTML, like Gecko) Chrome/140.0.7339.127 Mobile Safari/537.36 (compatible; GoogleOther)"
66.249.77.167 - - [18/Sep/2025:09:48:23 +0000] "GET /index.php?products/26260180/ HTTP/1.1" 200 17957 "-" "Mozilla/5.0 (Linux; Android 6.0.1; Nexus 5X Build/MMB29P) AppleWebKit/537.36 (KHTML, like Gecko) Chrome/140.0.7339.127 Mobile Safari/537.36 (compatible; GoogleOther)"
66.249.77.167 - - [18/Sep/2025:09:48:27 +0000] "GET /products/9807135/ HTTP/1.1" 200 17412 "-" "Mozilla/5.0 (Linux; Android 6.0.1; Nexus 5X Build/MMB29P) AppleWebKit/537.36 (KHTML, like Gecko) Chrome/140.0.7339.127 Mobile Safari/537.36 (compatible; GoogleOther)"
66.249.77.167 - - [18/Sep/2025:09:48:29 +0000] "GET /public/index.php?pcmypage?callback=product/review/54810968 HTTP/1.1" 200 17321 "-" "Mozilla/5.0 (Linux; Android 6.0.1; Nexus 5X Build/MMB29P) AppleWebKit/537.36 (KHTML, like Gecko) Chrome/140.0.7339.127 Mobile Safari/537.36 (compatible; GoogleOther)"
66.249.77.167 - - [18/Sep/2025:09:48:31 +0000] "GET /index.php?products/27633013/ HTTP/1.1" 200 18363 "-" "Mozilla/5.0 (Linux; Android 6.0.1; Nexus 5X Build/MMB29P) AppleWebKit/537.36 (KHTML, like Gecko) Chrome/140.0.7339.127 Mobile Safari/537.36 (compatible; GoogleOther)"
66.249.77.167 - - [18/Sep/2025:09:48:35 +0000] "GET /index.php?products/21552857/ HTTP/1.1" 200 17349 "-" "Mozilla/5.0 (Linux; Android 6.0.1; Nexus 5X Build/MMB29P) AppleWebKit/537.36 (KHTML, like Gecko) Chrome/140.0.7339.127 Mobile Safari/537.36 (compatible; GoogleOther)"
66.249.77.167 - - [18/Sep/2025:09:48:38 +0000] "GET /index.php?products/21745413/ HTTP/1.1" 200 17242 "-" "Mozilla/5.0 (Linux; Android 6.0.1; Nexus 5X Build/MMB29P) AppleWebKit/537.36 (KHTML, like Gecko) Chrome/140.0.7339.127 Mobile Safari/537.36 (compatible; GoogleOther)"
66.249.77.167 - - [18/Sep/2025:09:48:41 +0000] "GET /index.php?products/8854879/ HTTP/1.1" 200 17390 "-" "Mozilla/5.0 (Linux; Android 6.0.1; Nexus 5X Build/MMB29P) AppleWebKit/537.36 (KHTML, like Gecko) Chrome/140.0.7339.127 Mobile Safari/537.36 (compatible; GoogleOther)"
66.249.77.167 - - [18/Sep/2025:09:47:45 +0000] "GET /index.php?products/22767202/ HTTP/1.1" 200 17767 "-" "Mozilla/5.0 (Linux; Android 6.0.1; Nexus 5X Build/MMB29P) AppleWebKit/537.36 (KHTML, like Gecko) Chrome/140.0.7339.127 Mobile Safari/537.36 (compatible; GoogleOther)"
104.234.204.27 - - [18/Sep/2025:09:47:54 +0000] "GET /public/index.php?products/3517291/%27 HTTP/1.1" 500 0 "-" "Mozilla/5.0 (Windows NT 10.0; Win64; x64) AppleWebKit/537.36 (KHTML, like Gecko) Chrome/126.0.0.0 Safari/537.36"
66.249.77.169 - - [18/Sep/2025:09:48:06 +0000] "GET /products/16601613/ HTTP/1.1" 200 17457 "-" "Mozilla/5.0 (Linux; Android 6.0.1; Nexus 5X Build/MMB29P) AppleWebKit/537.36 (KHTML, like Gecko) Chrome/140.0.7339.127 Mobile Safari/537.36 (compatible; GoogleOther)"
66.249.77.167 - - [18/Sep/2025:09:48:49 +0000] "GET /index.php?products/5186279/ HTTP/1.1" 200 17504 "-" "Mozilla/5.0 (Linux; Android 6.0.1; Nexus 5X Build/MMB29P) AppleWebKit/537.36 (KHTML, like Gecko) Chrome/140.0.7339.127 Mobile Safari/537.36 (compatible; GoogleOther)"
66.249.77.167 - - [18/Sep/2025:09:48:53 +0000] "GET /index.php?products/7720246/ HTTP/1.1" 200 17676 "-" "Mozilla/5.0 (Linux; Android 6.0.1; Nexus 5X Build/MMB29P) AppleWebKit/537.36 (KHTML, like Gecko) Chrome/140.0.7339.127 Mobile Safari/537.36 (compatible; GoogleOther)"
66.249.77.168 - - [18/Sep/2025:09:48:56 +0000] "GET /index.php?products/13733380/ HTTP/1.1" 200 17636 "-" "Mozilla/5.0 (Linux; Android 6.0.1; Nexus 5X Build/MMB29P) AppleWebKit/537.36 (KHTML, like Gecko) Chrome/140.0.7339.127 Mobile Safari/537.36 (compatible; GoogleOther)"
66.249.77.168 - - [18/Sep/2025:09:48:59 +0000] "GET /index.php?products/8145602/ HTTP/1.1" 200 18170 "-" "Mozilla/5.0 (Linux; Android 6.0.1; Nexus 5X Build/MMB29P) AppleWebKit/537.36 (KHTML, like Gecko) Chrome/140.0.7339.127 Mobile Safari/537.36 (compatible; GoogleOther)"
66.249.77.167 - - [18/Sep/2025:09:49:14 +0000] "GET /index.php?products/29923135/ HTTP/1.1" 200 18290 "-" "Mozilla/5.0 (Linux; Android 6.0.1; Nexus 5X Build/MMB29P) AppleWebKit/537.36 (KHTML, like Gecko) Chrome/140.0.7339.127 Mobile Safari/537.36 (compatible; GoogleOther)"
66.249.77.167 - - [18/Sep/2025:09:49:21 +0000] "GET /index.php?products/12573924/ HTTP/1.1" 200 17567 "-" "Mozilla/5.0 (Linux; Android 6.0.1; Nexus 5X Build/MMB29P) AppleWebKit/537.36 (KHTML, like Gecko) Chrome/140.0.7339.127 Mobile Safari/537.36 (compatible; GoogleOther)"
66.249.77.167 - - [18/Sep/2025:09:49:25 +0000] "GET /index.php?products/8103579/ HTTP/1.1" 200 18175 "-" "Mozilla/5.0 (Linux; Android 6.0.1; Nexus 5X Build/MMB29P) AppleWebKit/537.36 (KHTML, like Gecko) Chrome/140.0.7339.127 Mobile Safari/537.36 (compatible; GoogleOther)"
66.249.77.167 - - [18/Sep/2025:09:49:28 +0000] "GET /index.php?products/7101380/ HTTP/1.1" 200 17455 "-" "Mozilla/5.0 (Linux; Android 6.0.1; Nexus 5X Build/MMB29P) AppleWebKit/537.36 (KHTML, like Gecko) Chrome/140.0.7339.127 Mobile Safari/537.36 (compatible; GoogleOther)"
66.249.77.167 - - [18/Sep/2025:09:49:31 +0000] "GET /index.php?products/23682802/ HTTP/1.1" 200 18327 "-" "Mozilla/5.0 (Linux; Android 6.0.1; Nexus 5X Build/MMB29P) AppleWebKit/537.36 (KHTML, like Gecko) Chrome/140.0.7339.127 Mobile Safari/537.36 (compatible; GoogleOther)"
66.249.77.167 - - [18/Sep/2025:09:49:32 +0000] "GET /public/index.php?pcmypage?callback=/product%2Fdetail%2F38144792 HTTP/1.1" 200 18263 "-" "Mozilla/5.0 (Linux; Android 6.0.1; Nexus 5X Build/MMB29P) AppleWebKit/537.36 (KHTML, like Gecko) Chrome/140.0.7339.127 Mobile Safari/537.36 (compatible; GoogleOther)"
66.249.77.167 - - [18/Sep/2025:09:49:35 +0000] "GET /public/index.php?products/26261935/ HTTP/1.1" 200 17688 "-" "Mozilla/5.0 (Linux; Android 6.0.1; Nexus 5X Build/MMB29P) AppleWebKit/537.36 (KHTML, like Gecko) Chrome/140.0.7339.127 Mobile Safari/537.36 (compatible; GoogleOther)"
66.249.77.168 - - [18/Sep/2025:09:49:57 +0000] "GET /index.php?products/12054246/ HTTP/1.1" 200 17297 "-" "Mozilla/5.0 (Linux; Android 6.0.1; Nexus 5X Build/MMB29P) AppleWebKit/537.36 (KHTML, like Gecko) Chrome/140.0.7339.127 Mobile Safari/537.36 (compatible; GoogleOther)"
66.249.77.167 - - [18/Sep/2025:09:47:52 +0000] "GET /index.php?products/9390713/ HTTP/1.1" 200 18234 "-" "Mozilla/5.0 (Linux; Android 6.0.1; Nexus 5X Build/MMB29P) AppleWebKit/537.36 (KHTML, like Gecko) Chrome/140.0.7339.127 Mobile Safari/537.36 (compatible; GoogleOther)"
66.249.77.167 - - [18/Sep/2025:09:47:57 +0000] "GET /public/index.php?pcmypage/callback=/product/detail/43006811 HTTP/1.1" 200 17483 "-" "Mozilla/5.0 (Linux; Android 6.0.1; Nexus 5X Build/MMB29P) AppleWebKit/537.36 (KHTML, like Gecko) Chrome/140.0.7339.127 Mobile Safari/537.36 (compatible; GoogleOther)"
66.249.77.167 - - [18/Sep/2025:09:47:59 +0000] "GET /index.php?products/16350535/ HTTP/1.1" 200 17632 "-" "Mozilla/5.0 (Linux; Android 6.0.1; Nexus 5X Build/MMB29P) AppleWebKit/537.36 (KHTML, like Gecko) Chrome/140.0.7339.127 Mobile Safari/537.36 (compatible; GoogleOther)"
66.249.77.167 - - [18/Sep/2025:09:48:13 +0000] "GET /index.php?products/6672202/ HTTP/1.1" 200 18519 "-" "Mozilla/5.0 (Linux; Android 6.0.1; Nexus 5X Build/MMB29P) AppleWebKit/537.36 (KHTML, like Gecko) Chrome/140.0.7339.127 Mobile Safari/537.36 (compatible; GoogleOther)"
66.249.77.167 - - [18/Sep/2025:09:48:14 +0000] "GET /products/6676413/ HTTP/1.1" 200 18023 "-" "Mozilla/5.0 (Linux; Android 6.0.1; Nexus 5X Build/MMB29P) AppleWebKit/537.36 (KHTML, like Gecko) Chrome/140.0.7339.127 Mobile Safari/537.36 (compatible; GoogleOther)"
57.141.0.30 - - [18/Sep/2025:09:49:23 +0000] "GET /products/11205546/ HTTP/1.1" 500 0 "-" "meta-externalagent/1.1 (+https://developers.facebook.com/docs/sharing/webmasters/crawler)"
66.249.77.167 - - [18/Sep/2025:09:49:40 +0000] "GET /index.php?products/28798113/ HTTP/1.1" 200 17278 "-" "Mozilla/5.0 (Linux; Android 6.0.1; Nexus 5X Build/MMB29P) AppleWebKit/537.36 (KHTML, like Gecko) Chrome/140.0.7339.127 Mobile Safari/537.36 (compatible; GoogleOther)"
66.249.77.167 - - [18/Sep/2025:09:49:42 +0000] "GET /index.php?products/30068824/ HTTP/1.1" 200 18038 "-" "Mozilla/5.0 (Linux; Android 6.0.1; Nexus 5X Build/MMB29P) AppleWebKit/537.36 (KHTML, like Gecko) Chrome/140.0.7339.127 Mobile Safari/537.36 (compatible; GoogleOther)"
66.249.77.167 - - [18/Sep/2025:09:49:48 +0000] "GET /index.php?products/17886502/ HTTP/1.1" 200 17560 "-" "Mozilla/5.0 (Linux; Android 6.0.1; Nexus 5X Build/MMB29P) AppleWebKit/537.36 (KHTML, like Gecko) Chrome/140.0.7339.127 Mobile Safari/537.36 (compatible; GoogleOther)"
66.249.77.167 - - [18/Sep/2025:09:49:50 +0000] "GET /index.php?products/7857080/ HTTP/1.1" 200 17499 "-" "Mozilla/5.0 (Linux; Android 6.0.1; Nexus 5X Build/MMB29P) AppleWebKit/537.36 (KHTML, like Gecko) Chrome/140.0.7339.127 Mobile Safari/537.36 (compatible; GoogleOther)"
66.249.77.167 - - [18/Sep/2025:09:49:53 +0000] "GET /index.php?products/17452491/ HTTP/1.1" 200 17722 "-" "Mozilla/5.0 (Linux; Android 6.0.1; Nexus 5X Build/MMB29P) AppleWebKit/537.36 (KHTML, like Gecko) Chrome/140.0.7339.127 Mobile Safari/537.36 (compatible; GoogleOther)"
66.249.77.167 - - [18/Sep/2025:09:50:00 +0000] "GET /index.php?products/27354135/ HTTP/1.1" 200 17937 "-" "Mozilla/5.0 (Linux; Android 6.0.1; Nexus 5X Build/MMB29P) AppleWebKit/537.36 (KHTML, like Gecko) Chrome/140.0.7339.127 Mobile Safari/537.36 (compatible; GoogleOther)"
66.249.77.167 - - [18/Sep/2025:09:50:03 +0000] "GET /products/6475191/ HTTP/1.1" 200 17300 "-" "Mozilla/5.0 (Linux; Android 6.0.1; Nexus 5X Build/MMB29P) AppleWebKit/537.36 (KHTML, like Gecko) Chrome/140.0.7339.127 Mobile Safari/537.36 (compatible; GoogleOther)"
66.249.77.169 - - [18/Sep/2025:09:50:04 +0000] "GET /index.php?products/7429324/ HTTP/1.1" 200 17911 "-" "Mozilla/5.0 (Linux; Android 6.0.1; Nexus 5X Build/MMB29P) AppleWebKit/537.36 (KHTML, like Gecko) Chrome/140.0.7339.127 Mobile Safari/537.36 (compatible; GoogleOther)"
66.249.77.167 - - [18/Sep/2025:09:50:04 +0000] "GET /public/index.php?pcmypage?callback=/product%2Fdetail%2F35528998 HTTP/1.1" 200 17225 "-" "Mozilla/5.0 (Linux; Android 6.0.1; Nexus 5X Build/MMB29P) AppleWebKit/537.36 (KHTML, like Gecko) Chrome/140.0.7339.127 Mobile Safari/537.36 (compatible; GoogleOther)"
66.249.77.167 - - [18/Sep/2025:09:50:07 +0000] "GET /products/3007002/ HTTP/1.1" 200 17181 "-" "Mozilla/5.0 (Linux; Android 6.0.1; Nexus 5X Build/MMB29P) AppleWebKit/537.36 (KHTML, like Gecko) Chrome/140.0.7339.127 Mobile Safari/537.36 (compatible; GoogleOther)"
66.249.77.167 - - [18/Sep/2025:09:50:11 +0000] "GET /index.php?products/17908768/ HTTP/1.1" 200 17863 "-" "Mozilla/5.0 (Linux; Android 6.0.1; Nexus 5X Build/MMB29P) AppleWebKit/537.36 (KHTML, like Gecko) Chrome/140.0.7339.127 Mobile Safari/537.36 (compatible; GoogleOther)"
45.224.234.182 - - [18/Sep/2025:09:50:11 +0000] "GET http://www.bouloter.com/index.php?products/18157579/ HTTP/1.1" 500 0 "http://www.bouloter.com/" "Mozilla/5.0 (Windows NT 10.0; Win64; x64) AppleWebKit/537.36 (KHTML, like Gecko) Chrome/134.0.0.0 Safari/537.36 Edg/134.0.0.0"
66.249.77.167 - - [18/Sep/2025:09:50:14 +0000] "GET /index.php?products/7977402/ HTTP/1.1" 200 17818 "-" "Mozilla/5.0 (Linux; Android 6.0.1; Nexus 5X Build/MMB29P) AppleWebKit/537.36 (KHTML, like Gecko) Chrome/140.0.7339.127 Mobile Safari/537.36 (compatible; GoogleOther)"
66.249.77.167 - - [18/Sep/2025:09:50:18 +0000] "GET /index.php?products/7329702/ HTTP/1.1" 200 17951 "-" "Mozilla/5.0 (Linux; Android 6.0.1; Nexus 5X Build/MMB29P) AppleWebKit/537.36 (KHTML, like Gecko) Chrome/140.0.7339.127 Mobile Safari/537.36 (compatible; GoogleOther)"
66.249.77.167 - - [18/Sep/2025:09:50:22 +0000] "GET /index.php?products/10834524/ HTTP/1.1" 200 17333 "-" "Mozilla/5.0 (Linux; Android 6.0.1; Nexus 5X Build/MMB29P) AppleWebKit/537.36 (KHTML, like Gecko) Chrome/140.0.7339.127 Mobile Safari/537.36 (compatible; GoogleOther)"
66.249.77.167 - - [18/Sep/2025:09:50:29 +0000] "GET /index.php?products/20471357/ HTTP/1.1" 200 18357 "-" "Mozilla/5.0 (Linux; Android 6.0.1; Nexus 5X Build/MMB29P) AppleWebKit/537.36 (KHTML, like Gecko) Chrome/140.0.7339.127 Mobile Safari/537.36 (compatible; GoogleOther)"
66.249.77.167 - - [18/Sep/2025:09:50:32 +0000] "GET /index.php?products/22772246/ HTTP/1.1" 200 18230 "-" "Mozilla/5.0 (Linux; Android 6.0.1; Nexus 5X Build/MMB29P) AppleWebKit/537.36 (KHTML, like Gecko) Chrome/140.0.7339.127 Mobile Safari/537.36 (compatible; GoogleOther)"
66.249.77.167 - - [18/Sep/2025:09:50:36 +0000] "GET /public/index.php?pcmypage?callback=product%2Fdetail%2F21177565 HTTP/1.1" 200 18261 "-" "Mozilla/5.0 (Linux; Android 6.0.1; Nexus 5X Build/MMB29P) AppleWebKit/537.36 (KHTML, like Gecko) Chrome/140.0.7339.127 Mobile Safari/537.36 (compatible; GoogleOther)"
66.249.77.167 - - [18/Sep/2025:09:50:39 +0000] "GET /index.php?products/22888891/ HTTP/1.1" 200 17188 "-" "Mozilla/5.0 (Linux; Android 6.0.1; Nexus 5X Build/MMB29P) AppleWebKit/537.36 (KHTML, like Gecko) Chrome/140.0.7339.127 Mobile Safari/537.36 (compatible; GoogleOther)"
66.249.77.167 - - [18/Sep/2025:09:50:43 +0000] "GET /index.php?products/11067346/ HTTP/1.1" 200 17668 "-" "Mozilla/5.0 (Linux; Android 6.0.1; Nexus 5X Build/MMB29P) AppleWebKit/537.36 (KHTML, like Gecko) Chrome/140.0.7339.127 Mobile Safari/537.36 (compatible; GoogleOther)"
66.249.77.167 - - [18/Sep/2025:09:50:47 +0000] "GET /index.php?products/6391502/ HTTP/1.1" 200 18135 "-" "Mozilla/5.0 (Linux; Android 6.0.1; Nexus 5X Build/MMB29P) AppleWebKit/537.36 (KHTML, like Gecko) Chrome/140.0.7339.127 Mobile Safari/537.36 (compatible; GoogleOther)"
66.249.77.167 - - [18/Sep/2025:09:50:47 +0000] "GET /index.php?products/10863435/ HTTP/1.1" 200 17681 "-" "Mozilla/5.0 (Linux; Android 6.0.1; Nexus 5X Build/MMB29P) AppleWebKit/537.36 (KHTML, like Gecko) Chrome/140.0.7339.127 Mobile Safari/537.36 (compatible; GoogleOther)"
66.249.77.167 - - [18/Sep/2025:09:51:05 +0000] "GET /index.php?products/24017668/ HTTP/1.1" 200 18297 "-" "Mozilla/5.0 (Linux; Android 6.0.1; Nexus 5X Build/MMB29P) AppleWebKit/537.36 (KHTML, like Gecko) Chrome/140.0.7339.127 Mobile Safari/537.36 (compatible; GoogleOther)"
66.249.77.167 - - [18/Sep/2025:09:48:45 +0000] "GET /index.php?products/4126357/ HTTP/1.1" 200 18170 "-" "Mozilla/5.0 (Linux; Android 6.0.1; Nexus 5X Build/MMB29P) AppleWebKit/537.36 (KHTML, like Gecko) Chrome/140.0.7339.127 Mobile Safari/537.36 (compatible; GoogleOther)"
66.249.77.167 - - [18/Sep/2025:09:49:01 +0000] "GET /public/index.php?pcmypage?callback=/product%2Fdetail%2F51448099 HTTP/1.1" 200 17555 "-" "Mozilla/5.0 (Linux; Android 6.0.1; Nexus 5X Build/MMB29P) AppleWebKit/537.36 (KHTML, like Gecko) Chrome/140.0.7339.127 Mobile Safari/537.36 (compatible; GoogleOther)"
66.249.77.167 - - [18/Sep/2025:09:49:03 +0000] "GET /index.php?products/25470168/ HTTP/1.1" 200 17835 "-" "Mozilla/5.0 (Linux; Android 6.0.1; Nexus 5X Build/MMB29P) AppleWebKit/537.36 (KHTML, like Gecko) Chrome/140.0.7339.127 Mobile Safari/537.36 (compatible; GoogleOther)"
66.249.77.167 - - [18/Sep/2025:09:49:07 +0000] "GET /index.php?products/6360079/ HTTP/1.1" 200 17704 "-" "Mozilla/5.0 (Linux; Android 6.0.1; Nexus 5X Build/MMB29P) AppleWebKit/537.36 (KHTML, like Gecko) Chrome/140.0.7339.127 Mobile Safari/537.36 (compatible; GoogleOther)"
40.77.167.73 - - [18/Sep/2025:09:49:34 +0000] "GET /products/7602046/ HTTP/1.1" 200 17554 "-" "Mozilla/5.0 AppleWebKit/537.36 (KHTML, like Gecko; compatible; bingbot/2.0; +http://www.bing.com/bingbot.htm) Chrome/116.0.1938.76 Safari/537.36"
186.208.182.15 - - [18/Sep/2025:09:50:16 +0000] "GET http://www.bouloter.com/index.php?products/27871235/ HTTP/1.1" 500 0 "http://www.bouloter.com/" "Mozilla/5.0 (Macintosh; Intel Mac OS X 10_15_7) AppleWebKit/605.1.15 (KHTML, like Gecko) Version/16.1 Safari/605.1.15"
185.117.148.177 - - [18/Sep/2025:09:50:21 +0000] "GET /products/8702335/ HTTP/1.1" 500 0 "http://www.bouloter.com/sitemap504.xml" "Mozilla/5.0 (Linux; Android 7.1.1; OPPO R9sk) AppleWebKit/537.36 (KHTML, like Gecko) Chrome/50.0.3700.112 Mobile Safari/537.36 EdgA/42.0.2.3819"
66.249.77.168 - - [18/Sep/2025:09:51:07 +0000] "GET /index.php?products/5684968/ HTTP/1.1" 200 17452 "-" "Mozilla/5.0 (Linux; Android 6.0.1; Nexus 5X Build/MMB29P) AppleWebKit/537.36 (KHTML, like Gecko) Chrome/140.0.7339.127 Mobile Safari/537.36 (compatible; GoogleOther)"
47.82.11.16 - - [18/Sep/2025:09:51:25 +0000] "GET /index.php?products/5278602/ HTTP/1.1" 500 0 "http://www.bouloter.com/" "Mozilla/5.0 (Windows NT 10.0; Win64; x64) AppleWebKit/537.36 (KHTML, like Gecko) Chrome/134.0.0.0 Safari/537.36"
66.249.77.167 - - [18/Sep/2025:09:51:39 +0000] "GET /public/index.php?pcmypage?callback=product/review/77334904 HTTP/1.1" 200 18068 "-" "Mozilla/5.0 (Linux; Android 6.0.1; Nexus 5X Build/MMB29P) AppleWebKit/537.36 (KHTML, like Gecko) Chrome/140.0.7339.127 Mobile Safari/537.36 (compatible; GoogleOther)"
66.249.77.167 - - [18/Sep/2025:09:51:40 +0000] "GET /index.php?products/14282368/ HTTP/1.1" 200 17334 "-" "Mozilla/5.0 (Linux; Android 6.0.1; Nexus 5X Build/MMB29P) AppleWebKit/537.36 (KHTML, like Gecko) Chrome/140.0.7339.127 Mobile Safari/537.36 (compatible; GoogleOther)"
66.249.77.167 - - [18/Sep/2025:09:51:43 +0000] "GET /index.php?products/19924613/ HTTP/1.1" 200 18078 "-" "Mozilla/5.0 (Linux; Android 6.0.1; Nexus 5X Build/MMB29P) AppleWebKit/537.36 (KHTML, like Gecko) Chrome/140.0.7339.127 Mobile Safari/537.36 (compatible; GoogleOther)"
66.249.77.167 - - [18/Sep/2025:09:51:47 +0000] "GET /index.php?products/28448335/ HTTP/1.1" 200 17695 "-" "Mozilla/5.0 (Linux; Android 6.0.1; Nexus 5X Build/MMB29P) AppleWebKit/537.36 (KHTML, like Gecko) Chrome/140.0.7339.127 Mobile Safari/537.36 (compatible; GoogleOther)"
66.249.77.167 - - [18/Sep/2025:09:51:50 +0000] "GET /index.php?products/14283891/ HTTP/1.1" 200 17146 "-" "Mozilla/5.0 (Linux; Android 6.0.1; Nexus 5X Build/MMB29P) AppleWebKit/537.36 (KHTML, like Gecko) Chrome/140.0.7339.127 Mobile Safari/537.36 (compatible; GoogleOther)"
66.249.77.168 - - [18/Sep/2025:09:43:30 +0000] "GET /products/6148679/ HTTP/1.1" 200 18261 "-" "Mozilla/5.0 (Linux; Android 6.0.1; Nexus 5X Build/MMB29P) AppleWebKit/537.36 (KHTML, like Gecko) Chrome/140.0.7339.127 Mobile Safari/537.36 (compatible; GoogleOther)"
66.249.77.167 - - [18/Sep/2025:09:43:56 +0000] "GET /public/index.php?products/6593857/ HTTP/1.1" 200 17706 "-" "Mozilla/5.0 (Linux; Android 6.0.1; Nexus 5X Build/MMB29P) AppleWebKit/537.36 (KHTML, like Gecko) Chrome/140.0.7339.127 Mobile Safari/537.36 (compatible; GoogleOther)"
66.249.77.167 - - [18/Sep/2025:09:44:14 +0000] "GET /index.php?products/13282257/ HTTP/1.1" 200 17360 "-" "Mozilla/5.0 (Linux; Android 6.0.1; Nexus 5X Build/MMB29P) AppleWebKit/537.36 (KHTML, like Gecko) Chrome/140.0.7339.127 Mobile Safari/537.36 (compatible; GoogleOther)"
66.249.77.167 - - [18/Sep/2025:09:45:26 +0000] "GET /public/index.php?products/27491335/ HTTP/1.1" 200 17907 "-" "Mozilla/5.0 (Linux; Android 6.0.1; Nexus 5X Build/MMB29P) AppleWebKit/537.36 (KHTML, like Gecko) Chrome/140.0.7339.127 Mobile Safari/537.36 (compatible; GoogleOther)"
66.249.77.167 - - [18/Sep/2025:09:45:29 +0000] "GET /index.php?products/25227391/ HTTP/1.1" 200 17638 "-" "Mozilla/5.0 (Linux; Android 6.0.1; Nexus 5X Build/MMB29P) AppleWebKit/537.36 (KHTML, like Gecko) Chrome/140.0.7339.127 Mobile Safari/537.36 (compatible; GoogleOther)"
66.249.77.167 - - [18/Sep/2025:09:45:48 +0000] "GET /products/29724157/ HTTP/1.1" 200 17693 "-" "Mozilla/5.0 (Linux; Android 6.0.1; Nexus 5X Build/MMB29P) AppleWebKit/537.36 (KHTML, like Gecko) Chrome/140.0.7339.127 Mobile Safari/537.36 (compatible; GoogleOther)"
66.249.77.167 - - [18/Sep/2025:09:45:50 +0000] "GET /public/index.php?pcmypage?callback=/product%2Fdetail%2F34738397 HTTP/1.1" 200 18606 "-" "Mozilla/5.0 (Linux; Android 6.0.1; Nexus 5X Build/MMB29P) AppleWebKit/537.36 (KHTML, like Gecko) Chrome/140.0.7339.127 Mobile Safari/537.36 (compatible; GoogleOther)"
66.249.77.167 - - [18/Sep/2025:09:45:52 +0000] "GET /products/6350479/ HTTP/1.1" 200 17900 "-" "Mozilla/5.0 (Linux; Android 6.0.1; Nexus 5X Build/MMB29P) AppleWebKit/537.36 (KHTML, like Gecko) Chrome/140.0.7339.127 Mobile Safari/537.36 (compatible; GoogleOther)"
66.249.77.167 - - [18/Sep/2025:09:45:56 +0000] "GET /index.php?products/26016846/ HTTP/1.1" 200 17844 "-" "Mozilla/5.0 (Linux; Android 6.0.1; Nexus 5X Build/MMB29P) AppleWebKit/537.36 (KHTML, like Gecko) Chrome/140.0.7339.127 Mobile Safari/537.36 (compatible; GoogleOther)"
66.249.77.169 - - [18/Sep/2025:09:46:02 +0000] "GET /index.php?products/14256657/ HTTP/1.1" 200 18079 "-" "Mozilla/5.0 (Linux; Android 6.0.1; Nexus 5X Build/MMB29P) AppleWebKit/537.36 (KHTML, like Gecko) Chrome/140.0.7339.127 Mobile Safari/537.36 (compatible; GoogleOther)"
66.249.77.167 - - [18/Sep/2025:09:46:34 +0000] "GET /index.php?products/2553879/ HTTP/1.1" 200 17781 "-" "Mozilla/5.0 (Linux; Android 6.0.1; Nexus 5X Build/MMB29P) AppleWebKit/537.36 (KHTML, like Gecko) Chrome/140.0.7339.127 Mobile Safari/537.36 (compatible; GoogleOther)"
66.249.77.167 - - [18/Sep/2025:09:46:37 +0000] "GET /index.php?products/19794124/ HTTP/1.1" 200 17903 "-" "Mozilla/5.0 (Linux; Android 6.0.1; Nexus 5X Build/MMB29P) AppleWebKit/537.36 (KHTML, like Gecko) Chrome/140.0.7339.127 Mobile Safari/537.36 (compatible; GoogleOther)"
66.249.77.168 - - [18/Sep/2025:09:46:57 +0000] "GET /public/index.php?products/8902257/ HTTP/1.1" 200 18368 "-" "Mozilla/5.0 (Linux; Android 6.0.1; Nexus 5X Build/MMB29P) AppleWebKit/537.36 (KHTML, like Gecko) Chrome/140.0.7339.127 Mobile Safari/537.36 (compatible; GoogleOther)"
66.249.77.167 - - [18/Sep/2025:09:47:00 +0000] "GET /index.php?products/3780468/ HTTP/1.1" 200 17576 "-" "Mozilla/5.0 (Linux; Android 6.0.1; Nexus 5X Build/MMB29P) AppleWebKit/537.36 (KHTML, like Gecko) Chrome/140.0.7339.127 Mobile Safari/537.36 (compatible; GoogleOther)"
66.249.77.167 - - [18/Sep/2025:09:47:03 +0000] "GET /index.php?products/5851846/ HTTP/1.1" 200 18555 "-" "Mozilla/5.0 (Linux; Android 6.0.1; Nexus 5X Build/MMB29P) AppleWebKit/537.36 (KHTML, like Gecko) Chrome/140.0.7339.127 Mobile Safari/537.36 (compatible; GoogleOther)"
90.191.87.11 - - [18/Sep/2025:09:47:06 +0000] "GET /products/8703713/ HTTP/1.1" 500 0 "http://www.bouloter.com/sitemap475.xml" "Mozilla/5.0 (Linux; U; Android 2.3.7; zh-cn; MB200 Build/GRJ22; CyanogenMod-7) AppleWebKit/535.2 (KHTML, like Gecko) Version/4.0 Mobile Safari/533.1"
66.249.77.167 - - [18/Sep/2025:09:47:06 +0000] "GET /index.php?products/28285735/ HTTP/1.1" 200 17543 "-" "Mozilla/5.0 (Linux; Android 6.0.1; Nexus 5X Build/MMB29P) AppleWebKit/537.36 (KHTML, like Gecko) Chrome/140.0.7339.127 Mobile Safari/537.36 (compatible; GoogleOther)"
66.249.77.167 - - [18/Sep/2025:09:47:21 +0000] "GET /index.php?products/8759891/ HTTP/1.1" 200 17562 "-" "Mozilla/5.0 (Linux; Android 6.0.1; Nexus 5X Build/MMB29P) AppleWebKit/537.36 (KHTML, like Gecko) Chrome/140.0.7339.127 Mobile Safari/537.36 (compatible; GoogleOther)"
179.48.65.17 - - [18/Sep/2025:09:50:07 +0000] "GET http://www.bouloter.com/index.php?products/12911491/ HTTP/1.1" 500 0 "http://www.bouloter.com/" "Mozilla/5.0 (Windows NT 10.0; Win64; x64) AppleWebKit/537.36 (KHTML, like Gecko) Chrome/134.0.0.0 Safari/537.36 Edg/134.0.0.0"
66.249.77.167 - - [18/Sep/2025:09:50:54 +0000] "GET /index.php?products/19425557/ HTTP/1.1" 200 17368 "-" "Mozilla/5.0 (Linux; Android 6.0.1; Nexus 5X Build/MMB29P) AppleWebKit/537.36 (KHTML, like Gecko) Chrome/140.0.7339.127 Mobile Safari/537.36 (compatible; GoogleOther)"
181.212.161.133 - - [18/Sep/2025:09:50:57 +0000] "GET http://www.bouloter.com/index.php?products/9613213/ HTTP/1.1" 500 0 "http://www.bouloter.com/" "Mozilla/5.0 (Windows NT 10.0; Win64; x64) AppleWebKit/537.36 (KHTML, like Gecko) Chrome/135.0.0.0 Safari/537.36 Edg/135.0.0.0"
66.249.77.167 - - [18/Sep/2025:09:50:57 +0000] "GET /index.php?products/3884879/ HTTP/1.1" 200 17676 "-" "Mozilla/5.0 (Linux; Android 6.0.1; Nexus 5X Build/MMB29P) AppleWebKit/537.36 (KHTML, like Gecko) Chrome/140.0.7339.127 Mobile Safari/537.36 (compatible; GoogleOther)"
66.249.77.167 - - [18/Sep/2025:09:51:01 +0000] "GET /products/26887057/ HTTP/1.1" 200 18280 "-" "Mozilla/5.0 (Linux; Android 6.0.1; Nexus 5X Build/MMB29P) AppleWebKit/537.36 (KHTML, like Gecko) Chrome/140.0.7339.127 Mobile Safari/537.36 (compatible; GoogleOther)"
170.247.97.134 - - [18/Sep/2025:09:51:04 +0000] "GET http://www.bouloter.com/index.php?products/4438024/ HTTP/1.1" 500 0 "http://www.bouloter.com/" "Mozilla/5.0 (Windows NT 10.0; Win64; x64) AppleWebKit/537.36 (KHTML, like Gecko) Chrome/135.0.0.0 Safari/537.36"
38.51.152.48 - - [18/Sep/2025:09:51:09 +0000] "GET http://www.bouloter.com/index.php?products/8103391/ HTTP/1.1" 500 0 "http://www.bouloter.com/" "Mozilla/5.0 (Windows NT 10.0; Win64; x64) AppleWebKit/537.36 (KHTML, like Gecko) Chrome/135.0.0.0 Safari/537.36 Edg/135.0.0.0"
190.102.47.108 - - [18/Sep/2025:09:51:18 +0000] "GET http://www.bouloter.com/index.php?products/18580179/ HTTP/1.1" 500 0 "http://www.bouloter.com/" "Mozilla/5.0 (Windows NT 10.0; Win64; x64) AppleWebKit/537.36 (KHTML, like Gecko) Chrome/135.0.0.0 Safari/537.36 Edg/135.0.0.0"
46.150.75.24 - - [18/Sep/2025:09:51:26 +0000] "GET http://www.bouloter.com/index.php?products/1153280/ HTTP/1.1" 500 0 "http://www.bouloter.com/" "Mozilla/5.0 (Macintosh; Intel Mac OS X 10_15_7) AppleWebKit/605.1.15 (KHTML, like Gecko) Version/18.3.1 Safari/605.1.15"
66.249.77.167 - - [18/Sep/2025:09:51:44 +0000] "POST /get-message-notify HTTP/1.1" 200 18028 "http://www.bouloter.com/index.php?products/1362346/" "Mozilla/5.0 (Linux; Android 6.0.1; Nexus 5X Build/MMB29P) AppleWebKit/537.36 (KHTML, like Gecko) Chrome/139.0.7258.127 Mobile Safari/537.36 (compatible; Googlebot/2.1; +http://www.google.com/bot.html)"
66.249.77.169 - - [18/Sep/2025:09:52:08 +0000] "GET /index.php?products/12305868/ HTTP/1.1" 200 18036 "-" "Mozilla/5.0 (Linux; Android 6.0.1; Nexus 5X Build/MMB29P) AppleWebKit/537.36 (KHTML, like Gecko) Chrome/140.0.7339.127 Mobile Safari/537.36 (compatible; GoogleOther)"
66.249.77.167 - - [18/Sep/2025:09:52:29 +0000] "GET /public/index.php?products/11018580/ HTTP/1.1" 200 17573 "-" "Mozilla/5.0 (Linux; Android 6.0.1; Nexus 5X Build/MMB29P) AppleWebKit/537.36 (KHTML, like Gecko) Chrome/140.0.7339.127 Mobile Safari/537.36 (compatible; GoogleOther)"
66.249.77.167 - - [18/Sep/2025:09:52:33 +0000] "GET /index.php?products/22425246/ HTTP/1.1" 200 18383 "-" "Mozilla/5.0 (Linux; Android 6.0.1; Nexus 5X Build/MMB29P) AppleWebKit/537.36 (KHTML, like Gecko) Chrome/140.0.7339.127 Mobile Safari/537.36 (compatible; GoogleOther)"
66.249.77.167 - - [18/Sep/2025:09:52:36 +0000] "GET /index.php?products/5574146/ HTTP/1.1" 200 17742 "-" "Mozilla/5.0 (Linux; Android 6.0.1; Nexus 5X Build/MMB29P) AppleWebKit/537.36 (KHTML, like Gecko) Chrome/140.0.7339.127 Mobile Safari/537.36 (compatible; GoogleOther)"
66.249.77.167 - - [18/Sep/2025:09:51:08 +0000] "GET /public/index.php?pcmypage?callback=/product%2Fdetail%2F46252064 HTTP/1.1" 200 18055 "-" "Mozilla/5.0 (Linux; Android 6.0.1; Nexus 5X Build/MMB29P) AppleWebKit/537.36 (KHTML, like Gecko) Chrome/140.0.7339.127 Mobile Safari/537.36 (compatible; GoogleOther)"
157.55.39.63 - - [18/Sep/2025:09:51:11 +0000] "GET /products/9281857/ HTTP/1.1" 200 17984 "-" "Mozilla/5.0 AppleWebKit/537.36 (KHTML, like Gecko; compatible; bingbot/2.0; +http://www.bing.com/bingbot.htm) Chrome/116.0.1938.76 Safari/537.36"
66.249.77.167 - - [18/Sep/2025:09:51:12 +0000] "GET /index.php?products/17162646/ HTTP/1.1" 200 17334 "-" "Mozilla/5.0 (Linux; Android 6.0.1; Nexus 5X Build/MMB29P) AppleWebKit/537.36 (KHTML, like Gecko) Chrome/140.0.7339.127 Mobile Safari/537.36 (compatible; GoogleOther)"
190.183.226.84 - - [18/Sep/2025:09:51:14 +0000] "GET http://www.bouloter.com/index.php?products/26467546/ HTTP/1.1" 500 0 "http://www.bouloter.com/" "Mozilla/5.0 (Windows NT 10.0; Win64; x64) AppleWebKit/537.36 (KHTML, like Gecko) Chrome/135.0.0.0 Safari/537.36"
66.249.77.167 - - [18/Sep/2025:09:51:15 +0000] "GET /index.php?products/3830557/ HTTP/1.1" 200 17841 "-" "Mozilla/5.0 (Linux; Android 6.0.1; Nexus 5X Build/MMB29P) AppleWebKit/537.36 (KHTML, like Gecko) Chrome/140.0.7339.127 Mobile Safari/537.36 (compatible; GoogleOther)"
66.249.77.167 - - [18/Sep/2025:09:51:18 +0000] "GET /index.php?products/15474713/ HTTP/1.1" 200 18166 "-" "Mozilla/5.0 (Linux; Android 6.0.1; Nexus 5X Build/MMB29P) AppleWebKit/537.36 (KHTML, like Gecko) Chrome/140.0.7339.127 Mobile Safari/537.36 (compatible; GoogleOther)"
168.0.92.125 - - [18/Sep/2025:09:51:19 +0000] "GET http://www.bouloter.com/index.php?products/10671957/ HTTP/1.1" 500 0 "http://www.bouloter.com/" "Mozilla/5.0 (Macintosh; Intel Mac OS X 10_15_7) AppleWebKit/605.1.15 (KHTML, like Gecko) Version/17.10 Safari/605.1.15"
66.249.77.167 - - [18/Sep/2025:09:51:22 +0000] "GET /index.php?products/1362346/ HTTP/1.1" 200 17593 "-" "Mozilla/5.0 (Linux; Android 6.0.1; Nexus 5X Build/MMB29P) AppleWebKit/537.36 (KHTML, like Gecko) Chrome/140.0.7339.127 Mobile Safari/537.36 (compatible; GoogleOther)"
66.249.77.167 - - [18/Sep/2025:09:51:25 +0000] "GET /index.php?products/16417979/ HTTP/1.1" 200 17762 "-" "Mozilla/5.0 (Linux; Android 6.0.1; Nexus 5X Build/MMB29P) AppleWebKit/537.36 (KHTML, like Gecko) Chrome/140.0.7339.127 Mobile Safari/537.36 (compatible; GoogleOther)"
66.249.77.167 - - [18/Sep/2025:09:51:29 +0000] "GET /index.php?products/22304468/ HTTP/1.1" 200 16958 "-" "Mozilla/5.0 (Linux; Android 6.0.1; Nexus 5X Build/MMB29P) AppleWebKit/537.36 (KHTML, like Gecko) Chrome/140.0.7339.127 Mobile Safari/537.36 (compatible; GoogleOther)"
66.249.77.167 - - [18/Sep/2025:09:51:32 +0000] "GET /index.php?products/14593780/ HTTP/1.1" 200 17840 "-" "Mozilla/5.0 (Linux; Android 6.0.1; Nexus 5X Build/MMB29P) AppleWebKit/537.36 (KHTML, like Gecko) Chrome/140.0.7339.127 Mobile Safari/537.36 (compatible; GoogleOther)"
66.249.77.167 - - [18/Sep/2025:09:52:15 +0000] "GET /index.php?products/10339102/ HTTP/1.1" 200 17234 "-" "Mozilla/5.0 (Linux; Android 6.0.1; Nexus 5X Build/MMB29P) AppleWebKit/537.36 (KHTML, like Gecko) Chrome/140.0.7339.127 Mobile Safari/537.36 (compatible; GoogleOther)"
66.249.77.167 - - [18/Sep/2025:09:52:19 +0000] "GET /index.php?products/11092046/ HTTP/1.1" 200 18313 "-" "Mozilla/5.0 (Linux; Android 6.0.1; Nexus 5X Build/MMB29P) AppleWebKit/537.36 (KHTML, like Gecko) Chrome/140.0.7339.127 Mobile Safari/537.36 (compatible; GoogleOther)"
66.249.77.167 - - [18/Sep/2025:09:52:22 +0000] "GET /index.php?products/30608091/ HTTP/1.1" 200 17293 "-" "Mozilla/5.0 (Linux; Android 6.0.1; Nexus 5X Build/MMB29P) AppleWebKit/537.36 (KHTML, like Gecko) Chrome/140.0.7339.127 Mobile Safari/537.36 (compatible; GoogleOther)"
181.24.151.251 - - [18/Sep/2025:09:52:37 +0000] "GET http://www.bouloter.com/index.php?products/2405991/ HTTP/1.1" 500 0 "http://www.bouloter.com/" "Mozilla/5.0 (Macintosh; Intel Mac OS X 10_15_7) AppleWebKit/605.1.15 (KHTML, like Gecko) Version/18.3.1 Safari/605.1.15"
66.249.77.168 - - [18/Sep/2025:09:53:05 +0000] "GET /index.php?products/908668/ HTTP/1.1" 200 17603 "-" "Mozilla/5.0 (Linux; Android 6.0.1; Nexus 5X Build/MMB29P) AppleWebKit/537.36 (KHTML, like Gecko) Chrome/140.0.7339.127 Mobile Safari/537.36 (compatible; GoogleOther)"
66.249.77.167 - - [18/Sep/2025:09:53:08 +0000] "GET /index.php?products/16415113/ HTTP/1.1" 200 17266 "-" "Mozilla/5.0 (Linux; Android 6.0.1; Nexus 5X Build/MMB29P) AppleWebKit/537.36 (KHTML, like Gecko) Chrome/140.0.7339.127 Mobile Safari/537.36 (compatible; GoogleOther)"
66.249.77.168 - - [18/Sep/2025:09:53:10 +0000] "POST /get-message-notify HTTP/1.1" 200 18028 "http://www.bouloter.com/index.php?products/30608091/" "Mozilla/5.0 (Linux; Android 6.0.1; Nexus 5X Build/MMB29P) AppleWebKit/537.36 (KHTML, like Gecko) Chrome/139.0.7258.127 Mobile Safari/537.36 (compatible; Googlebot/2.1; +http://www.google.com/bot.html)"
66.249.77.168 - - [18/Sep/2025:09:53:11 +0000] "POST /get-message-notify HTTP/1.1" 200 18028 "http://www.bouloter.com/public/index.php?products/11018580/" "Mozilla/5.0 (Linux; Android 6.0.1; Nexus 5X Build/MMB29P) AppleWebKit/537.36 (KHTML, like Gecko) Chrome/139.0.7258.127 Mobile Safari/537.36 (compatible; Googlebot/2.1; +http://www.google.com/bot.html)"
66.249.77.168 - - [18/Sep/2025:09:53:12 +0000] "GET /index.php?products/22997780/ HTTP/1.1" 200 17753 "-" "Mozilla/5.0 (Linux; Android 6.0.1; Nexus 5X Build/MMB29P) AppleWebKit/537.36 (KHTML, like Gecko) Chrome/140.0.7339.127 Mobile Safari/537.36 (compatible; GoogleOther)"
66.249.77.167 - - [18/Sep/2025:09:53:14 +0000] "GET /public/index.php?pcmypage/callback=product/review/43299252 HTTP/1.1" 200 18441 "-" "Mozilla/5.0 (Linux; Android 6.0.1; Nexus 5X Build/MMB29P) AppleWebKit/537.36 (KHTML, like Gecko) Chrome/140.0.7339.127 Mobile Safari/537.36 (compatible; GoogleOther)"
66.249.77.167 - - [18/Sep/2025:09:53:15 +0000] "GET /public/index.php?products/27200857/ HTTP/1.1" 200 17762 "-" "Mozilla/5.0 (Linux; Android 6.0.1; Nexus 5X Build/MMB29P) AppleWebKit/537.36 (KHTML, like Gecko) Chrome/140.0.7339.127 Mobile Safari/537.36 (compatible; GoogleOther)"
66.249.77.167 - - [18/Sep/2025:09:53:19 +0000] "GET /public/index.php?products/10100579/ HTTP/1.1" 200 17949 "-" "Mozilla/5.0 (Linux; Android 6.0.1; Nexus 5X Build/MMB29P) AppleWebKit/537.36 (KHTML, like Gecko) Chrome/140.0.7339.127 Mobile Safari/537.36 (compatible; GoogleOther)"
207.46.13.78 - - [18/Sep/2025:09:53:22 +0000] "GET /products/23051846/ HTTP/1.1" 200 17719 "-" "Mozilla/5.0 AppleWebKit/537.36 (KHTML, like Gecko; compatible; bingbot/2.0; +http://www.bing.com/bingbot.htm) Chrome/116.0.1938.76 Safari/537.36"
66.249.77.167 - - [18/Sep/2025:09:53:26 +0000] "GET /index.php?products/9517591/ HTTP/1.1" 200 18395 "-" "Mozilla/5.0 (Linux; Android 6.0.1; Nexus 5X Build/MMB29P) AppleWebKit/537.36 (KHTML, like Gecko) Chrome/140.0.7339.127 Mobile Safari/537.36 (compatible; GoogleOther)"
66.249.77.167 - - [18/Sep/2025:09:53:29 +0000] "GET /public/index.php?products/12284135/ HTTP/1.1" 200 17490 "-" "Mozilla/5.0 (Linux; Android 6.0.1; Nexus 5X Build/MMB29P) AppleWebKit/537.36 (KHTML, like Gecko) Chrome/140.0.7339.127 Mobile Safari/537.36 (compatible; GoogleOther)"
66.249.77.167 - - [18/Sep/2025:09:54:05 +0000] "GET /index.php?products/21909480/ HTTP/1.1" 200 17660 "-" "Mozilla/5.0 (Linux; Android 6.0.1; Nexus 5X Build/MMB29P) AppleWebKit/537.36 (KHTML, like Gecko) Chrome/140.0.7339.127 Mobile Safari/537.36 (compatible; GoogleOther)"
66.249.77.167 - - [18/Sep/2025:09:54:08 +0000] "GET /index.php?products/8551302/ HTTP/1.1" 200 17748 "-" "Mozilla/5.0 (Linux; Android 6.0.1; Nexus 5X Build/MMB29P) AppleWebKit/537.36 (KHTML, like Gecko) Chrome/140.0.7339.127 Mobile Safari/537.36 (compatible; GoogleOther)"
66.249.77.167 - - [18/Sep/2025:09:51:54 +0000] "GET /index.php?products/4583924/ HTTP/1.1" 200 17219 "-" "Mozilla/5.0 (Linux; Android 6.0.1; Nexus 5X Build/MMB29P) AppleWebKit/537.36 (KHTML, like Gecko) Chrome/140.0.7339.127 Mobile Safari/537.36 (compatible; GoogleOther)"
213.132.226.213 - - [18/Sep/2025:09:51:55 +0000] "GET http://www.bouloter.com/index.php?products/23827646/ HTTP/1.1" 500 0 "http://www.bouloter.com/" "Mozilla/5.0 (X11; CrOS x86_64 14541.0.0) AppleWebKit/537.36 (KHTML, like Gecko) Chrome/133.0.0.0 Safari/537.36"
66.249.77.167 - - [18/Sep/2025:09:52:04 +0000] "GET /index.php?products/30344557/ HTTP/1.1" 200 17388 "-" "Mozilla/5.0 (Linux; Android 6.0.1; Nexus 5X Build/MMB29P) AppleWebKit/537.36 (KHTML, like Gecko) Chrome/140.0.7339.127 Mobile Safari/537.36 (compatible; GoogleOther)"
103.186.238.30 - - [18/Sep/2025:09:52:08 +0000] "GET http://www.bouloter.com/index.php?zhHant/product/surugaya/45067736?campaign_uid=f64d716db5e979ed2f947dbaf4296895b951ae7f HTTP/1.1" 500 0 "http://www.bouloter.com/" "Mozilla/5.0 (Windows NT 10.0; Win64; x64) AppleWebKit/537.36 (KHTML, like Gecko) Chrome/135.0.0.0 Safari/537.36"
66.249.77.168 - - [18/Sep/2025:09:52:11 +0000] "GET /public/index.php?pcmypage?callback=product%2Fdetail%2F40908126 HTTP/1.1" 200 18051 "-" "Mozilla/5.0 (Linux; Android 6.0.1; Nexus 5X Build/MMB29P) AppleWebKit/537.36 (KHTML, like Gecko) Chrome/140.0.7339.127 Mobile Safari/537.36 (compatible; GoogleOther)"
66.249.77.168 - - [18/Sep/2025:09:52:11 +0000] "GET /index.php?products/20496968/ HTTP/1.1" 200 18285 "-" "Mozilla/5.0 (Linux; Android 6.0.1; Nexus 5X Build/MMB29P) AppleWebKit/537.36 (KHTML, like Gecko) Chrome/140.0.7339.127 Mobile Safari/537.36 (compatible; GoogleOther)"
66.249.77.167 - - [18/Sep/2025:09:53:01 +0000] "GET /index.php?products/14878324/ HTTP/1.1" 200 17569 "-" "Mozilla/5.0 (Linux; Android 6.0.1; Nexus 5X Build/MMB29P) AppleWebKit/537.36 (KHTML, like Gecko) Chrome/140.0.7339.127 Mobile Safari/537.36 (compatible; GoogleOther)"
207.46.13.78 - - [18/Sep/2025:09:53:13 +0000] "GET /products/4220502/ HTTP/1.1" 200 18250 "-" "Mozilla/5.0 AppleWebKit/537.36 (KHTML, like Gecko; compatible; bingbot/2.0; +http://www.bing.com/bingbot.htm) Chrome/116.0.1938.76 Safari/537.36"
216.73.216.2 - - [18/Sep/2025:09:53:16 +0000] "GET /sitemap.xml HTTP/1.1" 403 0 "-" "Mozilla/5.0 AppleWebKit/537.36 (KHTML, like Gecko; compatible; ClaudeBot/1.0; +claudebot@anthropic.com)"
66.249.77.167 - - [18/Sep/2025:09:53:36 +0000] "GET /index.php?products/21671680/ HTTP/1.1" 200 17874 "-" "Mozilla/5.0 (Linux; Android 6.0.1; Nexus 5X Build/MMB29P) AppleWebKit/537.36 (KHTML, like Gecko) Chrome/140.0.7339.127 Mobile Safari/537.36 (compatible; GoogleOther)"
66.249.77.167 - - [18/Sep/2025:09:53:40 +0000] "GET /index.php?products/24915424/ HTTP/1.1" 200 18119 "-" "Mozilla/5.0 (Linux; Android 6.0.1; Nexus 5X Build/MMB29P) AppleWebKit/537.36 (KHTML, like Gecko) Chrome/140.0.7339.127 Mobile Safari/537.36 (compatible; GoogleOther)"
200.113.230.209 - - [18/Sep/2025:09:53:54 +0000] "GET /products/8697135/ HTTP/1.1" 500 0 "http://www.bouloter.com/sitemap524.xml" "Mozilla/5.0 (Linux; Android 7.1.1; OPPO R9sk) AppleWebKit/537.36 (KHTML, like Gecko) Chrome/83.0.3737.113 Mobile Safari/537.36"
66.249.77.167 - - [18/Sep/2025:09:54:26 +0000] "GET /index.php?products/1099980/ HTTP/1.1" 200 17194 "-" "Mozilla/5.0 (Linux; Android 6.0.1; Nexus 5X Build/MMB29P) AppleWebKit/537.36 (KHTML, like Gecko) Chrome/140.0.7339.127 Mobile Safari/537.36 (compatible; GoogleOther)"
66.249.77.167 - - [18/Sep/2025:09:54:30 +0000] "GET /index.php?products/24660602/ HTTP/1.1" 200 17279 "-" "Mozilla/5.0 (Linux; Android 6.0.1; Nexus 5X Build/MMB29P) AppleWebKit/537.36 (KHTML, like Gecko) Chrome/140.0.7339.127 Mobile Safari/537.36 (compatible; GoogleOther)"
66.249.77.167 - - [18/Sep/2025:09:54:33 +0000] "GET /index.php?products/20469191/ HTTP/1.1" 200 17263 "-" "Mozilla/5.0 (Linux; Android 6.0.1; Nexus 5X Build/MMB29P) AppleWebKit/537.36 (KHTML, like Gecko) Chrome/140.0.7339.127 Mobile Safari/537.36 (compatible; GoogleOther)"
66.249.77.167 - - [18/Sep/2025:09:52:41 +0000] "GET /public/index.php?pcmypage?callback=product/review/49081987 HTTP/1.1" 200 18382 "-" "Mozilla/5.0 (Linux; Android 6.0.1; Nexus 5X Build/MMB29P) AppleWebKit/537.36 (KHTML, like Gecko) Chrome/140.0.7339.127 Mobile Safari/537.36 (compatible; GoogleOther)"
66.249.77.167 - - [18/Sep/2025:09:52:42 +0000] "GET /index.php?products/14597346/ HTTP/1.1" 200 18174 "-" "Mozilla/5.0 (Linux; Android 6.0.1; Nexus 5X Build/MMB29P) AppleWebKit/537.36 (KHTML, like Gecko) Chrome/140.0.7339.127 Mobile Safari/537.36 (compatible; GoogleOther)"
66.249.77.167 - - [18/Sep/2025:09:52:51 +0000] "GET /public/index.php?products/14847657/ HTTP/1.1" 200 17479 "-" "Mozilla/5.0 (Linux; Android 6.0.1; Nexus 5X Build/MMB29P) AppleWebKit/537.36 (KHTML, like Gecko) Chrome/140.0.7339.127 Mobile Safari/537.36 (compatible; GoogleOther)"
66.249.77.167 - - [18/Sep/2025:09:52:54 +0000] "GET /products/1902446/ HTTP/1.1" 200 17288 "-" "Mozilla/5.0 (Linux; Android 6.0.1; Nexus 5X Build/MMB29P) AppleWebKit/537.36 (KHTML, like Gecko) Chrome/140.0.7339.127 Mobile Safari/537.36 (compatible; GoogleOther)"
45.175.114.8 - - [18/Sep/2025:09:53:23 +0000] "GET http://www.bouloter.com/index.php?products/8377157/ HTTP/1.1" 500 0 "http://www.bouloter.com/" "Mozilla/5.0 (Windows NT 10.0; Win64; x64) AppleWebKit/537.36 (KHTML, like Gecko) Chrome/134.0.0.0 Safari/537.36"
66.249.77.167 - - [18/Sep/2025:09:53:46 +0000] "GET /public/index.php?pcmypage?callback=product%2Fdetail%2F10613597 HTTP/1.1" 200 17677 "-" "Mozilla/5.0 (Linux; Android 6.0.1; Nexus 5X Build/MMB29P) AppleWebKit/537.36 (KHTML, like Gecko) Chrome/140.0.7339.127 Mobile Safari/537.36 (compatible; GoogleOther)"
66.249.77.167 - - [18/Sep/2025:09:53:47 +0000] "GET /index.php?products/20425291/ HTTP/1.1" 200 17850 "-" "Mozilla/5.0 (Linux; Android 6.0.1; Nexus 5X Build/MMB29P) AppleWebKit/537.36 (KHTML, like Gecko) Chrome/140.0.7339.127 Mobile Safari/537.36 (compatible; GoogleOther)"
66.249.77.167 - - [18/Sep/2025:09:53:47 +0000] "GET /index.php?products/905057/ HTTP/1.1" 200 18191 "-" "Mozilla/5.0 (Linux; Android 6.0.1; Nexus 5X Build/MMB29P) AppleWebKit/537.36 (KHTML, like Gecko) Chrome/140.0.7339.127 Mobile Safari/537.36 (compatible; GoogleOther)"
66.249.77.168 - - [18/Sep/2025:09:53:50 +0000] "GET /index.php?products/30146779/ HTTP/1.1" 200 17372 "-" "Mozilla/5.0 (Linux; Android 6.0.1; Nexus 5X Build/MMB29P) AppleWebKit/537.36 (KHTML, like Gecko) Chrome/140.0.7339.127 Mobile Safari/537.36 (compatible; GoogleOther)"
66.249.77.168 - - [18/Sep/2025:09:53:55 +0000] "GET /index.php?products/15369691/ HTTP/1.1" 200 17208 "-" "Mozilla/5.0 (Linux; Android 6.0.1; Nexus 5X Build/MMB29P) AppleWebKit/537.36 (KHTML, like Gecko) Chrome/140.0.7339.127 Mobile Safari/537.36 (compatible; GoogleOther)"
66.249.77.168 - - [18/Sep/2025:09:54:18 +0000] "GET /public/index.php?pcmypage?callback=/product%2Fdetail%2F11268128 HTTP/1.1" 200 17399 "-" "Mozilla/5.0 (Linux; Android 6.0.1; Nexus 5X Build/MMB29P) AppleWebKit/537.36 (KHTML, like Gecko) Chrome/140.0.7339.127 Mobile Safari/537.36 (compatible; GoogleOther)"
66.249.77.168 - - [18/Sep/2025:09:54:19 +0000] "GET /index.php?products/16292024/ HTTP/1.1" 200 17102 "-" "Mozilla/5.0 (Linux; Android 6.0.1; Nexus 5X Build/MMB29P) AppleWebKit/537.36 (KHTML, like Gecko) Chrome/140.0.7339.127 Mobile Safari/537.36 (compatible; GoogleOther)"
66.249.77.168 - - [18/Sep/2025:09:54:55 +0000] "GET /index.php?products/21754835/ HTTP/1.1" 200 17852 "-" "Mozilla/5.0 (Linux; Android 6.0.1; Nexus 5X Build/MMB29P) AppleWebKit/537.36 (KHTML, like Gecko) Chrome/140.0.7339.127 Mobile Safari/537.36 (compatible; GoogleOther)"
40.77.167.73 - - [18/Sep/2025:09:54:57 +0000] "GET /products/8615579/ HTTP/1.1" 200 17723 "-" "Mozilla/5.0 AppleWebKit/537.36 (KHTML, like Gecko; compatible; bingbot/2.0; +http://www.bing.com/bingbot.htm) Chrome/116.0.1938.76 Safari/537.36"
66.249.77.167 - - [18/Sep/2025:09:54:37 +0000] "GET /index.php?products/12324180/ HTTP/1.1" 200 17718 "-" "Mozilla/5.0 (Linux; Android 6.0.1; Nexus 5X Build/MMB29P) AppleWebKit/537.36 (KHTML, like Gecko) Chrome/140.0.7339.127 Mobile Safari/537.36 (compatible; GoogleOther)"
66.249.77.167 - - [18/Sep/2025:09:54:40 +0000] "GET /index.php?products/9774157/ HTTP/1.1" 200 18384 "-" "Mozilla/5.0 (Linux; Android 6.0.1; Nexus 5X Build/MMB29P) AppleWebKit/537.36 (KHTML, like Gecko) Chrome/140.0.7339.127 Mobile Safari/537.36 (compatible; GoogleOther)"
66.249.77.167 - - [18/Sep/2025:09:54:42 +0000] "GET /index.php?products/8891835/ HTTP/1.1" 200 17638 "-" "Mozilla/5.0 (Linux; Android 6.0.1; Nexus 5X Build/MMB29P) AppleWebKit/537.36 (KHTML, like Gecko) Chrome/140.0.7339.127 Mobile Safari/537.36 (compatible; GoogleOther)"
66.249.77.167 - - [18/Sep/2025:09:54:43 +0000] "GET /index.php?products/24227946/ HTTP/1.1" 200 18319 "-" "Mozilla/5.0 (Linux; Android 6.0.1; Nexus 5X Build/MMB29P) AppleWebKit/537.36 (KHTML, like Gecko) Chrome/140.0.7339.127 Mobile Safari/537.36 (compatible; GoogleOther)"
66.249.77.167 - - [18/Sep/2025:09:54:47 +0000] "GET /index.php?products/13189880/ HTTP/1.1" 200 18254 "-" "Mozilla/5.0 (Linux; Android 6.0.1; Nexus 5X Build/MMB29P) AppleWebKit/537.36 (KHTML, like Gecko) Chrome/140.0.7339.127 Mobile Safari/537.36 (compatible; GoogleOther)"
66.249.77.167 - - [18/Sep/2025:09:54:48 +0000] "GET /public/index.php?products/1833535/ HTTP/1.1" 200 17247 "-" "Mozilla/5.0 (Linux; Android 6.0.1; Nexus 5X Build/MMB29P) AppleWebKit/537.36 (KHTML, like Gecko) Chrome/140.0.7339.127 Mobile Safari/537.36 (compatible; GoogleOther)"
66.249.77.167 - - [18/Sep/2025:09:54:49 +0000] "GET /public/index.php?pcmypage?callback=/product%2Fdetail%2F14195315 HTTP/1.1" 200 18185 "-" "Mozilla/5.0 (Linux; Android 6.0.1; Nexus 5X Build/MMB29P) AppleWebKit/537.36 (KHTML, like Gecko) Chrome/140.0.7339.127 Mobile Safari/537.36 (compatible; GoogleOther)"
66.249.77.167 - - [18/Sep/2025:09:54:51 +0000] "GET /index.php?products/11337580/ HTTP/1.1" 200 18178 "-" "Mozilla/5.0 (Linux; Android 6.0.1; Nexus 5X Build/MMB29P) AppleWebKit/537.36 (KHTML, like Gecko) Chrome/140.0.7339.127 Mobile Safari/537.36 (compatible; GoogleOther)"
66.249.77.167 - - [18/Sep/2025:09:55:40 +0000] "GET /index.php?products/19176046/ HTTP/1.1" 200 17911 "-" "Mozilla/5.0 (Linux; Android 6.0.1; Nexus 5X Build/MMB29P) AppleWebKit/537.36 (KHTML, like Gecko) Chrome/140.0.7339.127 Mobile Safari/537.36 (compatible; GoogleOther)"
157.100.136.17 - - [18/Sep/2025:09:55:43 +0000] "GET http://www.bouloter.com/index.php?products/20064768/ HTTP/1.1" 500 0 "http://www.bouloter.com/" "Mozilla/5.0 (Macintosh; Intel Mac OS X 10_15_7) AppleWebKit/537.36 (KHTML, like Gecko) Chrome/135.0.0.0 Safari/537.36"
66.249.77.167 - - [18/Sep/2025:09:55:44 +0000] "GET /index.php?products/30034113/ HTTP/1.1" 200 17896 "-" "Mozilla/5.0 (Linux; Android 6.0.1; Nexus 5X Build/MMB29P) AppleWebKit/537.36 (KHTML, like Gecko) Chrome/140.0.7339.127 Mobile Safari/537.36 (compatible; GoogleOther)"
66.249.77.167 - - [18/Sep/2025:09:55:48 +0000] "GET /index.php?products/772180/ HTTP/1.1" 200 17355 "-" "Mozilla/5.0 (Linux; Android 6.0.1; Nexus 5X Build/MMB29P) AppleWebKit/537.36 (KHTML, like Gecko) Chrome/140.0.7339.127 Mobile Safari/537.36 (compatible; GoogleOther)"
66.249.77.167 - - [18/Sep/2025:09:55:51 +0000] "GET /index.php?products/10956180/ HTTP/1.1" 200 18224 "-" "Mozilla/5.0 (Linux; Android 6.0.1; Nexus 5X Build/MMB29P) AppleWebKit/537.36 (KHTML, like Gecko) Chrome/140.0.7339.127 Mobile Safari/537.36 (compatible; GoogleOther)"
66.249.77.167 - - [18/Sep/2025:09:55:53 +0000] "GET /public/index.php?pcmypage?callback=product/review/56766340 HTTP/1.1" 200 18011 "-" "Mozilla/5.0 (Linux; Android 6.0.1; Nexus 5X Build/MMB29P) AppleWebKit/537.36 (KHTML, like Gecko) Chrome/140.0.7339.127 Mobile Safari/537.36 (compatible; GoogleOther)"
66.249.77.167 - - [18/Sep/2025:09:54:15 +0000] "GET /index.php?products/15138168/ HTTP/1.1" 200 17592 "-" "Mozilla/5.0 (Linux; Android 6.0.1; Nexus 5X Build/MMB29P) AppleWebKit/537.36 (KHTML, like Gecko) Chrome/140.0.7339.127 Mobile Safari/537.36 (compatible; GoogleOther)"
66.249.77.167 - - [18/Sep/2025:09:54:58 +0000] "GET /index.php?products/29417135/ HTTP/1.1" 200 18546 "-" "Mozilla/5.0 (Linux; Android 6.0.1; Nexus 5X Build/MMB29P) AppleWebKit/537.36 (KHTML, like Gecko) Chrome/140.0.7339.127 Mobile Safari/537.36 (compatible; GoogleOther)"
66.249.77.167 - - [18/Sep/2025:09:55:02 +0000] "GET /index.php?products/15422768/ HTTP/1.1" 200 17406 "-" "Mozilla/5.0 (Linux; Android 6.0.1; Nexus 5X Build/MMB29P) AppleWebKit/537.36 (KHTML, like Gecko) Chrome/140.0.7339.127 Mobile Safari/537.36 (compatible; GoogleOther)"
66.249.77.168 - - [18/Sep/2025:09:55:05 +0000] "GET /index.php?products/9660546/ HTTP/1.1" 200 17366 "-" "Mozilla/5.0 (Linux; Android 6.0.1; Nexus 5X Build/MMB29P) AppleWebKit/537.36 (KHTML, like Gecko) Chrome/140.0.7339.127 Mobile Safari/537.36 (compatible; GoogleOther)"
216.73.216.2 - - [18/Sep/2025:09:55:20 +0000] "GET /sitemap811.xml HTTP/1.1" 403 0 "-" "Mozilla/5.0 AppleWebKit/537.36 (KHTML, like Gecko; compatible; ClaudeBot/1.0; +claudebot@anthropic.com)"
66.249.77.167 - - [18/Sep/2025:09:55:45 +0000] "POST /get-message-notify HTTP/1.1" 200 18028 "http://www.bouloter.com/index.php?products/24965246/" "Mozilla/5.0 (Linux; Android 6.0.1; Nexus 5X Build/MMB29P) AppleWebKit/537.36 (KHTML, like Gecko) Chrome/139.0.7258.127 Mobile Safari/537.36 (compatible; Googlebot/2.1; +http://www.google.com/bot.html)"
66.249.77.169 - - [18/Sep/2025:09:56:07 +0000] "GET /index.php?products/30079991/ HTTP/1.1" 200 17565 "-" "Mozilla/5.0 (Linux; Android 6.0.1; Nexus 5X Build/MMB29P) AppleWebKit/537.36 (KHTML, like Gecko) Chrome/140.0.7339.127 Mobile Safari/537.36 (compatible; GoogleOther)"
57.141.0.2 - - [18/Sep/2025:09:56:13 +0000] "GET /products/24118368/ HTTP/1.1" 500 0 "-" "meta-externalagent/1.1 (+https://developers.facebook.com/docs/sharing/webmasters/crawler)"
66.249.77.167 - - [18/Sep/2025:09:56:30 +0000] "GET /index.php?products/26654335/ HTTP/1.1" 200 18025 "-" "Mozilla/5.0 (Linux; Android 6.0.1; Nexus 5X Build/MMB29P) AppleWebKit/537.36 (KHTML, like Gecko) Chrome/140.0.7339.127 Mobile Safari/537.36 (compatible; GoogleOther)"
157.55.39.197 - - [18/Sep/2025:09:56:32 +0000] "GET /products/17807124/ HTTP/1.1" 200 17773 "-" "Mozilla/5.0 AppleWebKit/537.36 (KHTML, like Gecko; compatible; bingbot/2.0; +http://www.bing.com/bingbot.htm) Chrome/116.0.1938.76 Safari/537.36"
