66.249.77.167 - - [18/Sep/2025:12:21:45 +0000] "GET /products/21157057/ HTTP/1.1" 200 17915 "-" "Mozilla/5.0 (Linux; Android 6.0.1; Nexus 5X Build/MMB29P) AppleWebKit/537.36 (KHTML, like Gecko) Chrome/140.0.7339.127 Mobile Safari/537.36 (compatible; GoogleOther)"
66.249.77.167 - - [18/Sep/2025:12:21:26 +0000] "GET /index.php?products/9658935/ HTTP/1.1" 200 17930 "-" "Mozilla/5.0 (Linux; Android 6.0.1; Nexus 5X Build/MMB29P) AppleWebKit/537.36 (KHTML, like Gecko) Chrome/140.0.7339.127 Mobile Safari/537.36 (compatible; GoogleOther)"
67.144.4.13 - - [18/Sep/2025:12:21:27 +0000] "GET /__MACOSX/job/community-manager-hf-1?filesrc=//lib/firmware/cxgb4/t4fw-1.27.5.0.bin&path=//lib/firmware/cxgb4 HTTP/1.1" 200 1160 "-" "Mozilla/5.0 (compatible; MJ12bot/v1.4.8; http://mj12bot.com/)"
66.249.77.167 - - [18/Sep/2025:12:21:29 +0000] "GET /index.php?products/2474268/ HTTP/1.1" 200 17169 "-" "Mozilla/5.0 (Linux; Android 6.0.1; Nexus 5X Build/MMB29P) AppleWebKit/537.36 (KHTML, like Gecko) Chrome/140.0.7339.127 Mobile Safari/537.36 (compatible; GoogleOther)"
67.144.4.13 - - [18/Sep/2025:12:21:29 +0000] "GET /__MACOSX/job/community-manager-hf-1?filesrc=//lib/firmware/cxgb4/t4fw.bin&path=//lib/firmware/cxgb4 HTTP/1.1" 200 1152 "-" "Mozilla/5.0 (compatible; MJ12bot/v1.4.8; http://mj12bot.com/)"
66.249.77.167 - - [18/Sep/2025:12:21:30 +0000] "GET /products/2727424/ HTTP/1.1" 200 18115 "-" "Mozilla/5.0 (Linux; Android 6.0.1; Nexus 5X Build/MMB29P) AppleWebKit/537.36 (KHTML, like Gecko) Chrome/140.0.7339.127 Mobile Safari/537.36 (compatible; GoogleOther)"
66.249.77.167 - - [18/Sep/2025:12:21:30 +0000] "GET /index.php?products/27249046/ HTTP/1.1" 200 18350 "-" "Mozilla/5.0 (Linux; Android 6.0.1; Nexus 5X Build/MMB29P) AppleWebKit/537.36 (KHTML, like Gecko) Chrome/140.0.7339.127 Mobile Safari/537.36 (compatible; GoogleOther)"
67.144.4.13 - - [18/Sep/2025:12:21:30 +0000] "GET /__MACOSX/job/community-manager-hf-1?filesrc=//lib/firmware/cxgb4/t5-config.txt&path=//lib/firmware/cxgb4 HTTP/1.1" 200 8091 "-" "Mozilla/5.0 (compatible; MJ12bot/v1.4.8; http://mj12bot.com/)"
67.144.4.13 - - [18/Sep/2025:12:21:32 +0000] "GET /__MACOSX/job/community-manager-hf-1?filesrc=//lib/firmware/cxgb4/t5fw-1.14.4.0.bin&path=//lib/firmware/cxgb4 HTTP/1.1" 200 1159 "-" "Mozilla/5.0 (compatible; MJ12bot/v1.4.8; http://mj12bot.com/)"
67.144.4.13 - - [18/Sep/2025:12:21:33 +0000] "GET /__MACOSX/job/community-manager-hf-1?filesrc=//lib/firmware/cxgb4/t5fw-1.15.37.0.bin&path=//lib/firmware/cxgb4 HTTP/1.1" 200 1160 "-" "Mozilla/5.0 (compatible; MJ12bot/v1.4.8; http://mj12bot.com/)"
67.144.4.13 - - [18/Sep/2025:12:21:35 +0000] "GET /__MACOSX/job/community-manager-hf-1?filesrc=//lib/firmware/cxgb4/t5fw-1.27.5.0.bin&path=//lib/firmware/cxgb4 HTTP/1.1" 200 1160 "-" "Mozilla/5.0 (compatible; MJ12bot/v1.4.8; http://mj12bot.com/)"
67.144.4.13 - - [18/Sep/2025:12:21:37 +0000] "GET /__MACOSX/job/community-manager-hf-1?filesrc=//lib/firmware/cxgb4/t5fw.bin&path=//lib/firmware/cxgb4 HTTP/1.1" 200 1152 "-" "Mozilla/5.0 (compatible; MJ12bot/v1.4.8; http://mj12bot.com/)"
67.144.4.13 - - [18/Sep/2025:12:21:39 +0000] "GET /__MACOSX/job/community-manager-hf-1?filesrc=//lib/firmware/cxgb4/t6-config.txt&path=//lib/firmware/cxgb4 HTTP/1.1" 200 8733 "-" "Mozilla/5.0 (compatible; MJ12bot/v1.4.8; http://mj12bot.com/)"
67.144.4.13 - - [18/Sep/2025:12:21:40 +0000] "GET /__MACOSX/job/community-manager-hf-1?filesrc=//lib/firmware/cxgb4/t6fw-1.27.5.0.bin&path=//lib/firmware/cxgb4 HTTP/1.1" 200 1160 "-" "Mozilla/5.0 (compatible; MJ12bot/v1.4.8; http://mj12bot.com/)"
67.144.4.13 - - [18/Sep/2025:12:21:42 +0000] "GET /__MACOSX/job/community-manager-hf-1?filesrc=//lib/firmware/cxgb4/t6fw.bin&path=//lib/firmware/cxgb4 HTTP/1.1" 200 1152 "-" "Mozilla/5.0 (compatible; MJ12bot/v1.4.8; http://mj12bot.com/)"
67.144.4.13 - - [18/Sep/2025:12:21:44 +0000] "GET /__MACOSX/job/community-manager-hf-1?filesrc=//lib/firmware/cypress/cyfmac43012-sdio.bin&path=//lib/firmware/cypress HTTP/1.1" 200 1162 "-" "Mozilla/5.0 (compatible; MJ12bot/v1.4.8; http://mj12bot.com/)"
67.144.4.13 - - [18/Sep/2025:12:21:45 +0000] "GET /__MACOSX/job/community-manager-hf-1?filesrc=//lib/firmware/cypress/cyfmac43012-sdio.clm_blob&path=//lib/firmware/cypress HTTP/1.1" 200 1162 "-" "Mozilla/5.0 (compatible; MJ12bot/v1.4.8; http://mj12bot.com/)"
67.144.4.13 - - [18/Sep/2025:12:21:47 +0000] "GET /__MACOSX/job/community-manager-hf-1?filesrc=//lib/firmware/cypress/cyfmac43340-sdio.bin&path=//lib/firmware/cypress HTTP/1.1" 200 1162 "-" "Mozilla/5.0 (compatible; MJ12bot/v1.4.8; http://mj12bot.com/)"
67.144.4.13 - - [18/Sep/2025:12:21:49 +0000] "GET /__MACOSX/job/community-manager-hf-1?filesrc=//lib/firmware/cypress/cyfmac43362-sdio.bin&path=//lib/firmware/cypress HTTP/1.1" 200 1162 "-" "Mozilla/5.0 (compatible; MJ12bot/v1.4.8; http://mj12bot.com/)"
67.144.4.13 - - [18/Sep/2025:12:21:50 +0000] "GET /__MACOSX/job/community-manager-hf-1?filesrc=//lib/firmware/cypress/cyfmac4339-sdio.bin&path=//lib/firmware/cypress HTTP/1.1" 200 1161 "-" "Mozilla/5.0 (compatible; MJ12bot/v1.4.8; http://mj12bot.com/)"
67.144.4.13 - - [18/Sep/2025:12:21:52 +0000] "GET /__MACOSX/job/community-manager-hf-1?filesrc=//lib/firmware/cypress/cyfmac43430-sdio.bin&path=//lib/firmware/cypress HTTP/1.1" 200 1162 "-" "Mozilla/5.0 (compatible; MJ12bot/v1.4.8; http://mj12bot.com/)"
67.144.4.13 - - [18/Sep/2025:12:21:54 +0000] "GET /__MACOSX/job/community-manager-hf-1?filesrc=//lib/firmware/cypress/cyfmac43430-sdio.clm_blob&path=//lib/firmware/cypress HTTP/1.1" 200 1162 "-" "Mozilla/5.0 (compatible; MJ12bot/v1.4.8; http://mj12bot.com/)"
67.144.4.13 - - [18/Sep/2025:12:21:56 +0000] "GET /__MACOSX/job/community-manager-hf-1?filesrc=//lib/firmware/cypress/cyfmac43455-sdio.bin&path=//lib/firmware/cypress HTTP/1.1" 200 1162 "-" "Mozilla/5.0 (compatible; MJ12bot/v1.4.8; http://mj12bot.com/)"
67.144.4.13 - - [18/Sep/2025:12:21:57 +0000] "GET /__MACOSX/job/community-manager-hf-1?filesrc=//lib/firmware/cypress/cyfmac43455-sdio.clm_blob&path=//lib/firmware/cypress HTTP/1.1" 200 1162 "-" "Mozilla/5.0 (compatible; MJ12bot/v1.4.8; http://mj12bot.com/)"
67.144.4.13 - - [18/Sep/2025:12:21:59 +0000] "GET /__MACOSX/job/community-manager-hf-1?filesrc=//lib/firmware/cypress/cyfmac4354-sdio.bin&path=//lib/firmware/cypress HTTP/1.1" 200 1161 "-" "Mozilla/5.0 (compatible; MJ12bot/v1.4.8; http://mj12bot.com/)"
66.249.77.167 - - [18/Sep/2025:12:22:13 +0000] "GET /index.php?products/8379679/ HTTP/1.1" 200 18049 "-" "Mozilla/5.0 (Linux; Android 6.0.1; Nexus 5X Build/MMB29P) AppleWebKit/537.36 (KHTML, like Gecko) Chrome/140.0.7339.127 Mobile Safari/537.36 (compatible; GoogleOther)"
66.249.77.167 - - [18/Sep/2025:12:22:14 +0000] "GET /public/index.php?pcmypage?callback=/product%2Fdetail%2F29278032 HTTP/1.1" 200 17431 "-" "Mozilla/5.0 (Linux; Android 6.0.1; Nexus 5X Build/MMB29P) AppleWebKit/537.36 (KHTML, like Gecko) Chrome/140.0.7339.127 Mobile Safari/537.36 (compatible; GoogleOther)"
66.249.77.167 - - [18/Sep/2025:12:22:15 +0000] "GET /index.php?zhHant/product/surugaya/79052004/campaign_uid=f64d716db5e979ed2f947dbaf4296895b951ae7f HTTP/1.1" 200 18032 "-" "Mozilla/5.0 (Linux; Android 6.0.1; Nexus 5X Build/MMB29P) AppleWebKit/537.36 (KHTML, like Gecko) Chrome/140.0.7339.127 Mobile Safari/537.36 (compatible; Googlebot/2.1; +http://www.google.com/bot.html)"
66.249.77.168 - - [18/Sep/2025:12:22:16 +0000] "GET /public/index.php?products/3151868/ HTTP/1.1" 200 17697 "-" "Mozilla/5.0 (Linux; Android 6.0.1; Nexus 5X Build/MMB29P) AppleWebKit/537.36 (KHTML, like Gecko) Chrome/140.0.7339.127 Mobile Safari/537.36 (compatible; GoogleOther)"
66.249.77.167 - - [18/Sep/2025:12:22:20 +0000] "GET /index.php?products/29665791/ HTTP/1.1" 200 18007 "-" "Mozilla/5.0 (Linux; Android 6.0.1; Nexus 5X Build/MMB29P) AppleWebKit/537.36 (KHTML, like Gecko) Chrome/140.0.7339.127 Mobile Safari/537.36 (compatible; GoogleOther)"
66.249.77.167 - - [18/Sep/2025:12:22:23 +0000] "GET /index.php?products/9900135/ HTTP/1.1" 200 18427 "-" "Mozilla/5.0 (Linux; Android 6.0.1; Nexus 5X Build/MMB29P) AppleWebKit/537.36 (KHTML, like Gecko) Chrome/140.0.7339.127 Mobile Safari/537.36 (compatible; GoogleOther)"
66.249.77.167 - - [18/Sep/2025:12:22:23 +0000] "GET /index.php?products/14420924/ HTTP/1.1" 200 18112 "-" "Mozilla/5.0 (Linux; Android 6.0.1; Nexus 5X Build/MMB29P) AppleWebKit/537.36 (KHTML, like Gecko) Chrome/140.0.7339.127 Mobile Safari/537.36 (compatible; GoogleOther)"
57.141.0.35 - - [18/Sep/2025:12:22:34 +0000] "GET /products/15092502/ HTTP/1.1" 500 0 "-" "meta-externalagent/1.1 (+https://developers.facebook.com/docs/sharing/webmasters/crawler)"
196.239.37.9 - - [18/Sep/2025:12:23:03 +0000] "GET http://www.bouloter.com/index.php?products/25743580/ HTTP/1.1" 500 0 "http://www.bouloter.com/" "Mozilla/5.0 (Macintosh; Intel Mac OS X 10.15; rv:137.0) Gecko/20100101 Firefox/137.0"
149.88.106.168 - - [18/Sep/2025:12:23:19 +0000] "GET / HTTP/1.1" 500 0 "-" "Mozilla/5.0 (Windows NT 10.0; Win64; x64) AppleWebKit/537.36 (KHTML, like Gecko) Chrome/89.0.4389.114 Safari/537.36"
149.88.106.168 - - [18/Sep/2025:12:23:20 +0000] "GET / HTTP/1.1" 500 0 "-" "Mozilla/5.0 (Windows NT 10.0; Win64; x64) AppleWebKit/537.36 (KHTML, like Gecko) Chrome/89.0.4389.114 Safari/537.36"
149.88.106.168 - - [18/Sep/2025:12:23:20 +0000] "GET /wp-includes/wlwmanifest.xml HTTP/1.1" 200 139931 "-" "Mozilla/5.0 (Windows NT 10.0; Win64; x64) AppleWebKit/537.36 (KHTML, like Gecko) Chrome/89.0.4389.114 Safari/537.36"
149.88.106.168 - - [18/Sep/2025:12:23:23 +0000] "GET /xmlrpc.php?rsd HTTP/1.1" 500 0 "-" "Mozilla/5.0 (Windows NT 10.0; Win64; x64) AppleWebKit/537.36 (KHTML, like Gecko) Chrome/89.0.4389.114 Safari/537.36"
149.88.106.168 - - [18/Sep/2025:12:23:23 +0000] "GET / HTTP/1.1" 500 0 "-" "Mozilla/5.0 (Windows NT 10.0; Win64; x64) AppleWebKit/537.36 (KHTML, like Gecko) Chrome/89.0.4389.114 Safari/537.36"
149.88.106.168 - - [18/Sep/2025:12:23:24 +0000] "GET /blog/wp-includes/wlwmanifest.xml HTTP/1.1" 200 139931 "-" "Mozilla/5.0 (Windows NT 10.0; Win64; x64) AppleWebKit/537.36 (KHTML, like Gecko) Chrome/89.0.4389.114 Safari/537.36"
149.88.106.168 - - [18/Sep/2025:12:23:26 +0000] "GET /web/wp-includes/wlwmanifest.xml HTTP/1.1" 200 139931 "-" "Mozilla/5.0 (Windows NT 10.0; Win64; x64) AppleWebKit/537.36 (KHTML, like Gecko) Chrome/89.0.4389.114 Safari/537.36"
66.249.77.167 - - [18/Sep/2025:12:23:26 +0000] "GET /index.php?products/25801757/ HTTP/1.1" 200 17257 "-" "Mozilla/5.0 (Linux; Android 6.0.1; Nexus 5X Build/MMB29P) AppleWebKit/537.36 (KHTML, like Gecko) Chrome/140.0.7339.127 Mobile Safari/537.36 (compatible; GoogleOther)"
149.88.106.168 - - [18/Sep/2025:12:23:27 +0000] "GET /wordpress/wp-includes/wlwmanifest.xml HTTP/1.1" 200 139931 "-" "Mozilla/5.0 (Windows NT 10.0; Win64; x64) AppleWebKit/537.36 (KHTML, like Gecko) Chrome/89.0.4389.114 Safari/537.36"
149.88.106.168 - - [18/Sep/2025:12:23:29 +0000] "GET /website/wp-includes/wlwmanifest.xml HTTP/1.1" 200 140027 "-" "Mozilla/5.0 (Windows NT 10.0; Win64; x64) AppleWebKit/537.36 (KHTML, like Gecko) Chrome/89.0.4389.114 Safari/537.36"
149.88.106.168 - - [18/Sep/2025:12:23:30 +0000] "GET /wp/wp-includes/wlwmanifest.xml HTTP/1.1" 200 140205 "-" "Mozilla/5.0 (Windows NT 10.0; Win64; x64) AppleWebKit/537.36 (KHTML, like Gecko) Chrome/89.0.4389.114 Safari/537.36"
149.88.106.168 - - [18/Sep/2025:12:23:32 +0000] "GET /news/wp-includes/wlwmanifest.xml HTTP/1.1" 200 139930 "-" "Mozilla/5.0 (Windows NT 10.0; Win64; x64) AppleWebKit/537.36 (KHTML, like Gecko) Chrome/89.0.4389.114 Safari/537.36"
149.88.106.168 - - [18/Sep/2025:12:23:33 +0000] "GET /2020/wp-includes/wlwmanifest.xml HTTP/1.1" 200 140286 "-" "Mozilla/5.0 (Windows NT 10.0; Win64; x64) AppleWebKit/537.36 (KHTML, like Gecko) Chrome/89.0.4389.114 Safari/537.36"
149.88.106.168 - - [18/Sep/2025:12:23:35 +0000] "GET /2019/wp-includes/wlwmanifest.xml HTTP/1.1" 200 140221 "-" "Mozilla/5.0 (Windows NT 10.0; Win64; x64) AppleWebKit/537.36 (KHTML, like Gecko) Chrome/89.0.4389.114 Safari/537.36"
149.88.106.168 - - [18/Sep/2025:12:23:36 +0000] "GET /shop/wp-includes/wlwmanifest.xml HTTP/1.1" 200 140210 "-" "Mozilla/5.0 (Windows NT 10.0; Win64; x64) AppleWebKit/537.36 (KHTML, like Gecko) Chrome/89.0.4389.114 Safari/537.36"
66.249.77.167 - - [18/Sep/2025:12:21:47 +0000] "GET /public/index.php?pcmypage?callback=/product%2Fdetail%2F53524190 HTTP/1.1" 200 18193 "-" "Mozilla/5.0 (Linux; Android 6.0.1; Nexus 5X Build/MMB29P) AppleWebKit/537.36 (KHTML, like Gecko) Chrome/140.0.7339.127 Mobile Safari/537.36 (compatible; GoogleOther)"
66.249.77.167 - - [18/Sep/2025:12:21:50 +0000] "GET /index.php?zhHant/product/surugaya/60420348?campaign_uid=f64d716db5e979ed2f947dbaf4296895b951ae7f HTTP/1.1" 200 17612 "-" "Mozilla/5.0 (Linux; Android 6.0.1; Nexus 5X Build/MMB29P) AppleWebKit/537.36 (KHTML, like Gecko) Chrome/140.0.7339.127 Mobile Safari/537.36 (compatible; GoogleOther)"
66.249.77.167 - - [18/Sep/2025:12:21:51 +0000] "GET /index.php?products/29990046/ HTTP/1.1" 200 18261 "-" "Mozilla/5.0 (Linux; Android 6.0.1; Nexus 5X Build/MMB29P) AppleWebKit/537.36 (KHTML, like Gecko) Chrome/140.0.7339.127 Mobile Safari/537.36 (compatible; GoogleOther)"
66.249.77.167 - - [18/Sep/2025:12:21:51 +0000] "GET /products/4985602/ HTTP/1.1" 200 17363 "-" "Mozilla/5.0 (Linux; Android 6.0.1; Nexus 5X Build/MMB29P) AppleWebKit/537.36 (KHTML, like Gecko) Chrome/140.0.7339.127 Mobile Safari/537.36 (compatible; GoogleOther)"
66.249.77.167 - - [18/Sep/2025:12:22:05 +0000] "GET /public/index.php?products/3919013/ HTTP/1.1" 200 18184 "-" "Mozilla/5.0 (Linux; Android 6.0.1; Nexus 5X Build/MMB29P) AppleWebKit/537.36 (KHTML, like Gecko) Chrome/140.0.7339.127 Mobile Safari/537.36 (compatible; GoogleOther)"
66.249.77.168 - - [18/Sep/2025:12:22:06 +0000] "GET /index.php?products/2643213/ HTTP/1.1" 200 17199 "-" "Mozilla/5.0 (Linux; Android 6.0.1; Nexus 5X Build/MMB29P) AppleWebKit/537.36 (KHTML, like Gecko) Chrome/140.0.7339.127 Mobile Safari/537.36 (compatible; GoogleOther)"
66.249.77.167 - - [18/Sep/2025:12:22:41 +0000] "GET /index.php?product/edit/29137014 HTTP/1.1" 200 18175 "-" "Mozilla/5.0 (Linux; Android 6.0.1; Nexus 5X Build/MMB29P) AppleWebKit/537.36 (KHTML, like Gecko) Chrome/140.0.7339.127 Mobile Safari/537.36 (compatible; GoogleOther)"
66.249.77.167 - - [18/Sep/2025:12:22:41 +0000] "GET /index.php?products/17706468/ HTTP/1.1" 200 17431 "-" "Mozilla/5.0 (Linux; Android 6.0.1; Nexus 5X Build/MMB29P) AppleWebKit/537.36 (KHTML, like Gecko) Chrome/140.0.7339.127 Mobile Safari/537.36 (compatible; GoogleOther)"
66.249.77.167 - - [18/Sep/2025:12:22:42 +0000] "GET /public/index.php?products/10332479/ HTTP/1.1" 200 17613 "-" "Mozilla/5.0 (Linux; Android 6.0.1; Nexus 5X Build/MMB29P) AppleWebKit/537.36 (KHTML, like Gecko) Chrome/140.0.7339.127 Mobile Safari/537.36 (compatible; GoogleOther)"
66.249.77.169 - - [18/Sep/2025:12:23:06 +0000] "GET /public/index.php?pcmypage?callback=/product%2Fdetail%2F22282028 HTTP/1.1" 200 17547 "-" "Mozilla/5.0 (Linux; Android 6.0.1; Nexus 5X Build/MMB29P) AppleWebKit/537.36 (KHTML, like Gecko) Chrome/140.0.7339.127 Mobile Safari/537.36 (compatible; GoogleOther)"
216.73.216.2 - - [18/Sep/2025:12:23:07 +0000] "GET /sitemap762.xml HTTP/1.1" 403 0 "-" "Mozilla/5.0 AppleWebKit/537.36 (KHTML, like Gecko; compatible; ClaudeBot/1.0; +claudebot@anthropic.com)"
66.249.77.168 - - [18/Sep/2025:12:23:20 +0000] "GET /index.php?products/17847957/ HTTP/1.1" 200 17962 "-" "Mozilla/5.0 (Linux; Android 6.0.1; Nexus 5X Build/MMB29P) AppleWebKit/537.36 (KHTML, like Gecko) Chrome/140.0.7339.127 Mobile Safari/537.36 (compatible; GoogleOther)"
216.73.216.2 - - [18/Sep/2025:12:23:37 +0000] "GET /sitemap518.xml HTTP/1.1" 403 0 "-" "Mozilla/5.0 AppleWebKit/537.36 (KHTML, like Gecko; compatible; ClaudeBot/1.0; +claudebot@anthropic.com)"
40.77.167.33 - - [18/Sep/2025:12:23:50 +0000] "GET /products/7446502/ HTTP/1.1" 200 18522 "-" "Mozilla/5.0 AppleWebKit/537.36 (KHTML, like Gecko; compatible; bingbot/2.0; +http://www.bing.com/bingbot.htm) Chrome/116.0.1938.76 Safari/537.36"
40.77.167.33 - - [18/Sep/2025:12:23:50 +0000] "GET /products/29612491/ HTTP/1.1" 200 17377 "-" "Mozilla/5.0 AppleWebKit/537.36 (KHTML, like Gecko; compatible; bingbot/2.0; +http://www.bing.com/bingbot.htm) Chrome/116.0.1938.76 Safari/537.36"
66.249.77.167 - - [18/Sep/2025:12:20:48 +0000] "GET /index.php?products/22627557/ HTTP/1.1" 200 17649 "-" "Mozilla/5.0 (Linux; Android 6.0.1; Nexus 5X Build/MMB29P) AppleWebKit/537.36 (KHTML, like Gecko) Chrome/140.0.7339.127 Mobile Safari/537.36 (compatible; GoogleOther)"
66.249.77.167 - - [18/Sep/2025:12:21:36 +0000] "GET /public/index.php?products/9395413/ HTTP/1.1" 200 18199 "-" "Mozilla/5.0 (Linux; Android 6.0.1; Nexus 5X Build/MMB29P) AppleWebKit/537.36 (KHTML, like Gecko) Chrome/140.0.7339.127 Mobile Safari/537.36 (compatible; GoogleOther)"
177.84.144.38 - - [18/Sep/2025:12:21:58 +0000] "GET http://www.bouloter.com/index.php?products/20620313/ HTTP/1.1" 500 0 "http://www.bouloter.com/" "Mozilla/5.0 (Windows NT 10.0; Win64; x64) AppleWebKit/537.36 (KHTML, like Gecko) Chrome/135.0.0.0 Safari/537.36"
66.249.77.167 - - [18/Sep/2025:12:22:27 +0000] "GET /public/index.php?products/10148257/ HTTP/1.1" 200 17811 "-" "Mozilla/5.0 (Linux; Android 6.0.1; Nexus 5X Build/MMB29P) AppleWebKit/537.36 (KHTML, like Gecko) Chrome/140.0.7339.127 Mobile Safari/537.36 (compatible; GoogleOther)"
66.249.77.167 - - [18/Sep/2025:12:22:29 +0000] "GET /products/18194713/ HTTP/1.1" 200 17077 "-" "Mozilla/5.0 (Linux; Android 6.0.1; Nexus 5X Build/MMB29P) AppleWebKit/537.36 (KHTML, like Gecko) Chrome/140.0.7339.127 Mobile Safari/537.36 (compatible; GoogleOther)"
216.244.66.243 - - [18/Sep/2025:12:22:29 +0000] "GET /lara/vendor/php-http/httplug/src/ HTTP/1.1" 403 0 "-" "Mozilla/5.0 (compatible; DotBot/1.2; +https://opensiteexplorer.org/dotbot; help@moz.com)"
66.249.77.167 - - [18/Sep/2025:12:22:35 +0000] "GET /index.php?products/3295457/ HTTP/1.1" 200 17972 "-" "Mozilla/5.0 (Linux; Android 6.0.1; Nexus 5X Build/MMB29P) AppleWebKit/537.36 (KHTML, like Gecko) Chrome/140.0.7339.127 Mobile Safari/537.36 (compatible; GoogleOther)"
66.249.77.167 - - [18/Sep/2025:12:22:36 +0000] "GET /public/index.php?products/11027891/ HTTP/1.1" 200 18243 "-" "Mozilla/5.0 (Linux; Android 6.0.1; Nexus 5X Build/MMB29P) AppleWebKit/537.36 (KHTML, like Gecko) Chrome/140.0.7339.127 Mobile Safari/537.36 (compatible; GoogleOther)"
66.249.77.168 - - [18/Sep/2025:12:23:07 +0000] "GET /index.php?products/23256935/ HTTP/1.1" 200 17609 "-" "Mozilla/5.0 (Linux; Android 6.0.1; Nexus 5X Build/MMB29P) AppleWebKit/537.36 (KHTML, like Gecko) Chrome/140.0.7339.127 Mobile Safari/537.36 (compatible; GoogleOther)"
66.249.77.167 - - [18/Sep/2025:12:23:31 +0000] "POST /get-message-notify HTTP/1.1" 200 18028 "http://www.bouloter.com/products/22891046/" "Mozilla/5.0 (Linux; Android 6.0.1; Nexus 5X Build/MMB29P) AppleWebKit/537.36 (KHTML, like Gecko) Chrome/139.0.7258.127 Mobile Safari/537.36 (compatible; Googlebot/2.1; +http://www.google.com/bot.html)"
66.249.77.167 - - [18/Sep/2025:12:23:32 +0000] "GET /public/index.php?pcmypage?callback=/product%2Fdetail%2F64365754 HTTP/1.1" 200 17525 "-" "Mozilla/5.0 (Linux; Android 6.0.1; Nexus 5X Build/MMB29P) AppleWebKit/537.36 (KHTML, like Gecko) Chrome/140.0.7339.127 Mobile Safari/537.36 (compatible; GoogleOther)"
66.249.77.167 - - [18/Sep/2025:12:23:34 +0000] "GET /index.php?products/24953213/ HTTP/1.1" 200 17824 "-" "Mozilla/5.0 (Linux; Android 6.0.1; Nexus 5X Build/MMB29P) AppleWebKit/537.36 (KHTML, like Gecko) Chrome/140.0.7339.127 Mobile Safari/537.36 (compatible; GoogleOther)"
66.249.77.167 - - [18/Sep/2025:12:23:48 +0000] "GET /index.php?products/25047880/ HTTP/1.1" 200 18258 "-" "Mozilla/5.0 (Linux; Android 6.0.1; Nexus 5X Build/MMB29P) AppleWebKit/537.36 (KHTML, like Gecko) Chrome/140.0.7339.127 Mobile Safari/537.36 (compatible; GoogleOther)"
130.43.223.173 - - [18/Sep/2025:12:24:48 +0000] "GET /products/8605691/ HTTP/1.1" 500 0 "http://www.bouloter.com/sitemap524.xml" "Mozilla/5.0 (Linux; U; Android 9; zh-CN; MI 9 Build/PKQ1.181121.001) AppleWebKit/537.36 (KHTML, like Gecko) Version/4.0 Chrome/73.0.3485.97 UCBrowser/12.5.5.1035 Mobile Safari/537.36"
66.249.77.167 - - [18/Sep/2025:12:23:55 +0000] "GET /index.php?products/1815280/ HTTP/1.1" 200 17285 "-" "Mozilla/5.0 (Linux; Android 6.0.1; Nexus 5X Build/MMB29P) AppleWebKit/537.36 (KHTML, like Gecko) Chrome/140.0.7339.127 Mobile Safari/537.36 (compatible; GoogleOther)"
66.249.77.167 - - [18/Sep/2025:12:23:57 +0000] "GET /index.php?products/14570224/ HTTP/1.1" 200 18515 "-" "Mozilla/5.0 (Linux; Android 6.0.1; Nexus 5X Build/MMB29P) AppleWebKit/537.36 (KHTML, like Gecko) Chrome/140.0.7339.127 Mobile Safari/537.36 (compatible; GoogleOther)"
66.249.77.167 - - [18/Sep/2025:12:23:58 +0000] "GET /public/index.php?pcmypage?callback=product/review/52263090 HTTP/1.1" 200 17846 "-" "Mozilla/5.0 (Linux; Android 6.0.1; Nexus 5X Build/MMB29P) AppleWebKit/537.36 (KHTML, like Gecko) Chrome/140.0.7339.127 Mobile Safari/537.36 (compatible; GoogleOther)"
66.249.77.168 - - [18/Sep/2025:12:24:10 +0000] "GET /index.php?products/30346646/ HTTP/1.1" 200 17691 "-" "Mozilla/5.0 (Linux; Android 6.0.1; Nexus 5X Build/MMB29P) AppleWebKit/537.36 (KHTML, like Gecko) Chrome/140.0.7339.127 Mobile Safari/537.36 (compatible; GoogleOther)"
66.249.77.167 - - [18/Sep/2025:12:24:25 +0000] "GET /index.php?product/edit/55929946 HTTP/1.1" 200 18130 "-" "Mozilla/5.0 (Linux; Android 6.0.1; Nexus 5X Build/MMB29P) AppleWebKit/537.36 (KHTML, like Gecko) Chrome/140.0.7339.127 Mobile Safari/537.36 (compatible; GoogleOther)"
66.249.77.167 - - [18/Sep/2025:12:24:28 +0000] "GET /index.php?products/11925280/ HTTP/1.1" 200 17780 "-" "Mozilla/5.0 (Linux; Android 6.0.1; Nexus 5X Build/MMB29P) AppleWebKit/537.36 (KHTML, like Gecko) Chrome/140.0.7339.127 Mobile Safari/537.36 (compatible; GoogleOther)"
66.249.77.169 - - [18/Sep/2025:12:26:10 +0000] "GET /public/index.php?products/29669835/ HTTP/1.1" 200 18467 "-" "Mozilla/5.0 (Linux; Android 6.0.1; Nexus 5X Build/MMB29P) AppleWebKit/537.36 (KHTML, like Gecko) Chrome/140.0.7339.127 Mobile Safari/537.36 (compatible; GoogleOther)"
66.249.77.167 - - [18/Sep/2025:12:26:50 +0000] "GET /products/29825657/ HTTP/1.1" 200 18087 "-" "Mozilla/5.0 (Linux; Android 6.0.1; Nexus 5X Build/MMB29P) AppleWebKit/537.36 (KHTML, like Gecko) Chrome/140.0.7339.127 Mobile Safari/537.36 (compatible; GoogleOther)"
66.249.77.167 - - [18/Sep/2025:12:27:25 +0000] "GET /index.php?zhHant/product/surugaya/92019464?campaign_uid=f64d716db5e979ed2f947dbaf4296895b951ae7f HTTP/1.1" 200 18250 "-" "Mozilla/5.0 (Linux; Android 6.0.1; Nexus 5X Build/MMB29P) AppleWebKit/537.36 (KHTML, like Gecko) Chrome/140.0.7339.127 Mobile Safari/537.36 (compatible; GoogleOther)"
66.249.77.167 - - [18/Sep/2025:12:27:29 +0000] "GET /public/index.php?pcmypage?callback=/product%2Fdetail%2F22834711 HTTP/1.1" 200 17301 "-" "Mozilla/5.0 (Linux; Android 6.0.1; Nexus 5X Build/MMB29P) AppleWebKit/537.36 (KHTML, like Gecko) Chrome/140.0.7339.127 Mobile Safari/537.36 (compatible; GoogleOther)"
66.249.77.168 - - [18/Sep/2025:12:28:15 +0000] "GET /public/index.php?products/4750268/ HTTP/1.1" 200 17815 "-" "Mozilla/5.0 (Linux; Android 6.0.1; Nexus 5X Build/MMB29P) AppleWebKit/537.36 (KHTML, like Gecko) Chrome/140.0.7339.127 Mobile Safari/537.36 (compatible; GoogleOther)"
114.119.156.190 - - [18/Sep/2025:12:28:24 +0000] "GET /products/8590891/ HTTP/1.1" 403 0 "http://www.bouloter.com/sitemap471.xml" "Mozilla/5.0 (Linux; Android 7.0;) AppleWebKit/537.36 (KHTML, like Gecko) Mobile Safari/537.36 (compatible; PetalBot;+https://webmaster.petalsearch.com/site/petalbot)"
66.249.77.167 - - [18/Sep/2025:12:28:27 +0000] "GET /public/index.php?products/4906902/ HTTP/1.1" 200 18210 "-" "Mozilla/5.0 (Linux; Android 6.0.1; Nexus 5X Build/MMB29P) AppleWebKit/537.36 (KHTML, like Gecko) Chrome/140.0.7339.127 Mobile Safari/537.36 (compatible; GoogleOther)"
66.249.77.167 - - [18/Sep/2025:12:28:37 +0000] "GET /index.php?products/28981035/ HTTP/1.1" 200 17109 "-" "Mozilla/5.0 (Linux; Android 6.0.1; Nexus 5X Build/MMB29P) AppleWebKit/537.36 (KHTML, like Gecko) Chrome/140.0.7339.127 Mobile Safari/537.36 (compatible; GoogleOther)"
149.88.106.168 - - [18/Sep/2025:12:23:37 +0000] "GET /wp1/wp-includes/wlwmanifest.xml HTTP/1.1" 200 139931 "-" "Mozilla/5.0 (Windows NT 10.0; Win64; x64) AppleWebKit/537.36 (KHTML, like Gecko) Chrome/89.0.4389.114 Safari/537.36"
149.88.106.168 - - [18/Sep/2025:12:23:38 +0000] "GET /test/wp-includes/wlwmanifest.xml HTTP/1.1" 200 139931 "-" "Mozilla/5.0 (Windows NT 10.0; Win64; x64) AppleWebKit/537.36 (KHTML, like Gecko) Chrome/89.0.4389.114 Safari/537.36"
66.249.77.167 - - [18/Sep/2025:12:23:39 +0000] "GET /index.php?products/13291124/ HTTP/1.1" 200 17780 "-" "Mozilla/5.0 (Linux; Android 6.0.1; Nexus 5X Build/MMB29P) AppleWebKit/537.36 (KHTML, like Gecko) Chrome/140.0.7339.127 Mobile Safari/537.36 (compatible; Googlebot/2.1; +http://www.google.com/bot.html)"
149.88.106.168 - - [18/Sep/2025:12:23:39 +0000] "GET /wp2/wp-includes/wlwmanifest.xml HTTP/1.1" 200 140023 "-" "Mozilla/5.0 (Windows NT 10.0; Win64; x64) AppleWebKit/537.36 (KHTML, like Gecko) Chrome/89.0.4389.114 Safari/537.36"
149.88.106.168 - - [18/Sep/2025:12:23:40 +0000] "GET /site/wp-includes/wlwmanifest.xml HTTP/1.1" 200 139929 "-" "Mozilla/5.0 (Windows NT 10.0; Win64; x64) AppleWebKit/537.36 (KHTML, like Gecko) Chrome/89.0.4389.114 Safari/537.36"
149.88.106.168 - - [18/Sep/2025:12:23:41 +0000] "GET /cms/wp-includes/wlwmanifest.xml HTTP/1.1" 200 139954 "-" "Mozilla/5.0 (Windows NT 10.0; Win64; x64) AppleWebKit/537.36 (KHTML, like Gecko) Chrome/89.0.4389.114 Safari/537.36"
149.88.106.168 - - [18/Sep/2025:12:23:42 +0000] "GET /sito/wp-includes/wlwmanifest.xml HTTP/1.1" 200 140050 "-" "Mozilla/5.0 (Windows NT 10.0; Win64; x64) AppleWebKit/537.36 (KHTML, like Gecko) Chrome/89.0.4389.114 Safari/537.36"
66.249.77.167 - - [18/Sep/2025:12:24:07 +0000] "GET /index.php?products/22757879/ HTTP/1.1" 200 17336 "-" "Mozilla/5.0 (Linux; Android 6.0.1; Nexus 5X Build/MMB29P) AppleWebKit/537.36 (KHTML, like Gecko) Chrome/140.0.7339.127 Mobile Safari/537.36 (compatible; Googlebot/2.1; +http://www.google.com/bot.html)"
66.249.77.167 - - [18/Sep/2025:12:24:51 +0000] "GET /public/index.php?pcmypage?callback=/product%2Fdetail%2F85020739 HTTP/1.1" 200 17638 "-" "Mozilla/5.0 (Linux; Android 6.0.1; Nexus 5X Build/MMB29P) AppleWebKit/537.36 (KHTML, like Gecko) Chrome/140.0.7339.127 Mobile Safari/537.36 (compatible; GoogleOther)"
66.249.77.168 - - [18/Sep/2025:12:25:12 +0000] "GET /index.php?products/12846335/ HTTP/1.1" 200 17657 "-" "Mozilla/5.0 (Linux; Android 6.0.1; Nexus 5X Build/MMB29P) AppleWebKit/537.36 (KHTML, like Gecko) Chrome/140.0.7339.127 Mobile Safari/537.36 (compatible; GoogleOther)"
66.249.77.167 - - [18/Sep/2025:12:27:56 +0000] "GET /public/index.php?pcmypage?callback=product/review/95836433 HTTP/1.1" 200 17327 "-" "Mozilla/5.0 (Linux; Android 6.0.1; Nexus 5X Build/MMB29P) AppleWebKit/537.36 (KHTML, like Gecko) Chrome/140.0.7339.127 Mobile Safari/537.36 (compatible; GoogleOther)"
66.249.77.167 - - [18/Sep/2025:12:27:59 +0000] "GET /index.php?products/7208135/ HTTP/1.1" 200 17983 "-" "Mozilla/5.0 (Linux; Android 6.0.1; Nexus 5X Build/MMB29P) AppleWebKit/537.36 (KHTML, like Gecko) Chrome/140.0.7339.127 Mobile Safari/537.36 (compatible; GoogleOther)"
66.249.77.167 - - [18/Sep/2025:12:28:54 +0000] "GET /products/4082857/ HTTP/1.1" 200 18489 "-" "Mozilla/5.0 (Linux; Android 6.0.1; Nexus 5X Build/MMB29P) AppleWebKit/537.36 (KHTML, like Gecko) Chrome/140.0.7339.127 Mobile Safari/537.36 (compatible; GoogleOther)"
66.249.77.168 - - [18/Sep/2025:12:29:42 +0000] "GET /public/index.php?products/10069657/ HTTP/1.1" 200 17842 "-" "Mozilla/5.0 (Linux; Android 6.0.1; Nexus 5X Build/MMB29P) AppleWebKit/537.36 (KHTML, like Gecko) Chrome/140.0.7339.127 Mobile Safari/537.36 (compatible; GoogleOther)"
66.249.77.169 - - [18/Sep/2025:12:30:06 +0000] "GET /public/index.php?pcmypage?callback=product%2Fdetail%2F51542100 HTTP/1.1" 200 17977 "-" "Mozilla/5.0 (Linux; Android 6.0.1; Nexus 5X Build/MMB29P) AppleWebKit/537.36 (KHTML, like Gecko) Chrome/140.0.7339.127 Mobile Safari/537.36 (compatible; GoogleOther)"
66.249.77.168 - - [18/Sep/2025:12:25:17 +0000] "GET /index.php?product/edit/96172884 HTTP/1.1" 200 17558 "-" "Mozilla/5.0 (Linux; Android 6.0.1; Nexus 5X Build/MMB29P) AppleWebKit/537.36 (KHTML, like Gecko) Chrome/140.0.7339.127 Mobile Safari/537.36 (compatible; GoogleOther)"
66.249.77.167 - - [18/Sep/2025:12:25:25 +0000] "GET /public/index.php?products/13052702/ HTTP/1.1" 200 18189 "-" "Mozilla/5.0 (Linux; Android 6.0.1; Nexus 5X Build/MMB29P) AppleWebKit/537.36 (KHTML, like Gecko) Chrome/140.0.7339.127 Mobile Safari/537.36 (compatible; GoogleOther)"
66.249.77.167 - - [18/Sep/2025:12:25:44 +0000] "GET /public/index.php?pcmypage?callback=/product%2Fdetail%2F55886232 HTTP/1.1" 200 18438 "-" "Mozilla/5.0 (Linux; Android 6.0.1; Nexus 5X Build/MMB29P) AppleWebKit/537.36 (KHTML, like Gecko) Chrome/140.0.7339.127 Mobile Safari/537.36 (compatible; GoogleOther)"
66.249.77.168 - - [18/Sep/2025:12:26:36 +0000] "GET /public/index.php?pcmypage?callback=/product%2Fdetail%2F41087661 HTTP/1.1" 200 17670 "-" "Mozilla/5.0 (Linux; Android 6.0.1; Nexus 5X Build/MMB29P) AppleWebKit/537.36 (KHTML, like Gecko) Chrome/140.0.7339.127 Mobile Safari/537.36 (compatible; GoogleOther)"
66.249.77.168 - - [18/Sep/2025:12:27:02 +0000] "GET /public/index.php?pcmypage?callback=product%2Fdetail%2F75179503 HTTP/1.1" 200 17690 "-" "Mozilla/5.0 (Linux; Android 6.0.1; Nexus 5X Build/MMB29P) AppleWebKit/537.36 (KHTML, like Gecko) Chrome/140.0.7339.127 Mobile Safari/537.36 (compatible; GoogleOther)"
66.249.77.168 - - [18/Sep/2025:12:27:07 +0000] "GET /index.php?products/9226591/ HTTP/1.1" 200 18023 "-" "Mozilla/5.0 (Linux; Android 6.0.1; Nexus 5X Build/MMB29P) AppleWebKit/537.36 (KHTML, like Gecko) Chrome/140.0.7339.127 Mobile Safari/537.36 (compatible; GoogleOther)"
66.249.77.167 - - [18/Sep/2025:12:27:45 +0000] "POST /get-message-notify HTTP/1.1" 200 18028 "http://www.bouloter.com/index.php?products/9226591/" "Mozilla/5.0 (Linux; Android 6.0.1; Nexus 5X Build/MMB29P) AppleWebKit/537.36 (KHTML, like Gecko) Chrome/139.0.7258.127 Mobile Safari/537.36 (compatible; Googlebot/2.1; +http://www.google.com/bot.html)"
66.249.77.167 - - [18/Sep/2025:12:29:40 +0000] "GET /public/index.php?pcmypage?callback=product/review/70846296 HTTP/1.1" 200 18236 "-" "Mozilla/5.0 (Linux; Android 6.0.1; Nexus 5X Build/MMB29P) AppleWebKit/537.36 (KHTML, like Gecko) Chrome/140.0.7339.127 Mobile Safari/537.36 (compatible; GoogleOther)"
191.5.6.37 - - [18/Sep/2025:12:31:43 +0000] "GET http://www.bouloter.com/index.php?products/16335846/ HTTP/1.1" 500 0 "http://www.bouloter.com/" "Mozilla/5.0 (Windows NT 10.0; Win64; x64) AppleWebKit/537.36 (KHTML, like Gecko) Chrome/134.0.0.0 Safari/537.36"
66.249.77.167 - - [18/Sep/2025:12:31:52 +0000] "GET /public/index.php?pcmypage?callback=product/review/49154411 HTTP/1.1" 200 17913 "-" "Mozilla/5.0 (Linux; Android 6.0.1; Nexus 5X Build/MMB29P) AppleWebKit/537.36 (KHTML, like Gecko) Chrome/140.0.7339.127 Mobile Safari/537.36 (compatible; GoogleOther)"
179.191.215.34 - - [18/Sep/2025:12:31:54 +0000] "GET http://www.bouloter.com/index.php?products/21186213/ HTTP/1.1" 500 0 "http://www.bouloter.com/" "Mozilla/5.0 (Windows NT 10.0; Win64; x64) AppleWebKit/537.36 (KHTML, like Gecko) Chrome/135.0.0.0 Safari/537.36 Edg/135.0.0.0"
114.119.155.69 - - [18/Sep/2025:12:32:00 +0000] "GET /products/8589413/ HTTP/1.1" 403 0 "http://www.bouloter.com/sitemap475.xml" "Mozilla/5.0 (Linux; Android 7.0;) AppleWebKit/537.36 (KHTML, like Gecko) Mobile Safari/537.36 (compatible; PetalBot;+https://webmaster.petalsearch.com/site/petalbot)"
66.249.77.167 - - [18/Sep/2025:12:32:44 +0000] "GET /public/index.php?pcmypage?callback=product/review/55377882 HTTP/1.1" 200 18334 "-" "Mozilla/5.0 (Linux; Android 6.0.1; Nexus 5X Build/MMB29P) AppleWebKit/537.36 (KHTML, like Gecko) Chrome/140.0.7339.127 Mobile Safari/537.36 (compatible; GoogleOther)"
66.249.77.167 - - [18/Sep/2025:12:28:46 +0000] "GET /public/index.php?products/22844046/ HTTP/1.1" 200 18386 "-" "Mozilla/5.0 (Linux; Android 6.0.1; Nexus 5X Build/MMB29P) AppleWebKit/537.36 (KHTML, like Gecko) Chrome/140.0.7339.127 Mobile Safari/537.36 (compatible; GoogleOther)"
66.249.77.167 - - [18/Sep/2025:12:28:47 +0000] "GET /public/index.php?pcmypage?callback=/product%2Fdetail%2F19814773 HTTP/1.1" 200 17244 "-" "Mozilla/5.0 (Linux; Android 6.0.1; Nexus 5X Build/MMB29P) AppleWebKit/537.36 (KHTML, like Gecko) Chrome/140.0.7339.127 Mobile Safari/537.36 (compatible; GoogleOther)"
66.249.77.168 - - [18/Sep/2025:12:29:14 +0000] "GET /public/index.php?pcmypage?callback=product%2Fdetail%2F31931614 HTTP/1.1" 200 17375 "-" "Mozilla/5.0 (Linux; Android 6.0.1; Nexus 5X Build/MMB29P) AppleWebKit/537.36 (KHTML, like Gecko) Chrome/140.0.7339.127 Mobile Safari/537.36 (compatible; GoogleOther)"
66.249.77.167 - - [18/Sep/2025:12:30:06 +0000] "GET /index.php?products/20187902/ HTTP/1.1" 200 18057 "-" "Mozilla/5.0 (Linux; Android 6.0.1; Nexus 5X Build/MMB29P) AppleWebKit/537.36 (KHTML, like Gecko) Chrome/140.0.7339.127 Mobile Safari/537.36 (compatible; GoogleOther)"
66.249.77.167 - - [18/Sep/2025:12:30:33 +0000] "GET /public/index.php?pcmypage?callback=/product%2Fdetail%2F83022405 HTTP/1.1" 200 17742 "-" "Mozilla/5.0 (Linux; Android 6.0.1; Nexus 5X Build/MMB29P) AppleWebKit/537.36 (KHTML, like Gecko) Chrome/140.0.7339.127 Mobile Safari/537.36 (compatible; GoogleOther)"
66.249.77.167 - - [18/Sep/2025:12:30:41 +0000] "GET /index.php?products/11914868/ HTTP/1.1" 200 18236 "-" "Mozilla/5.0 (Linux; Android 6.0.1; Nexus 5X Build/MMB29P) AppleWebKit/537.36 (KHTML, like Gecko) Chrome/140.0.7339.127 Mobile Safari/537.36 (compatible; GoogleOther)"
66.249.77.167 - - [18/Sep/2025:12:30:50 +0000] "GET /products/5906346/ HTTP/1.1" 200 17966 "-" "Mozilla/5.0 (Linux; Android 6.0.1; Nexus 5X Build/MMB29P) AppleWebKit/537.36 (KHTML, like Gecko) Chrome/140.0.7339.127 Mobile Safari/537.36 (compatible; GoogleOther)"
45.174.6.39 - - [18/Sep/2025:12:31:01 +0000] "GET http://www.bouloter.com/index.php?products/12330268/ HTTP/1.1" 500 0 "http://www.bouloter.com/" "Mozilla/5.0 (Macintosh; Intel Mac OS X 10_15_7) AppleWebKit/605.1.15 (KHTML, like Gecko) Version/15.4 Safari/605.1.15"
66.249.77.167 - - [18/Sep/2025:12:31:17 +0000] "GET /index.php?products/9154813/ HTTP/1.1" 200 17649 "-" "Mozilla/5.0 (Linux; Android 6.0.1; Nexus 5X Build/MMB29P) AppleWebKit/537.36 (KHTML, like Gecko) Chrome/140.0.7339.127 Mobile Safari/537.36 (compatible; GoogleOther)"
143.0.189.50 - - [18/Sep/2025:12:31:40 +0000] "GET http://www.bouloter.com/index.php?products/12745935/ HTTP/1.1" 500 0 "http://www.bouloter.com/" "Mozilla/5.0 (Windows NT 10.0; Win64; x64) AppleWebKit/537.36 (KHTML, like Gecko) Chrome/135.0.0.0 Safari/537.36"
66.249.77.169 - - [18/Sep/2025:12:32:10 +0000] "GET /products/5671924/ HTTP/1.1" 200 17770 "-" "Mozilla/5.0 (Linux; Android 6.0.1; Nexus 5X Build/MMB29P) AppleWebKit/537.36 (KHTML, like Gecko) Chrome/140.0.7339.127 Mobile Safari/537.36 (compatible; GoogleOther)"
52.167.144.157 - - [18/Sep/2025:12:32:23 +0000] "GET /products/10908435/ HTTP/1.1" 200 18290 "-" "Mozilla/5.0 AppleWebKit/537.36 (KHTML, like Gecko; compatible; bingbot/2.0; +http://www.bing.com/bingbot.htm) Chrome/116.0.1938.76 Safari/537.36"
45.226.194.126 - - [18/Sep/2025:12:33:33 +0000] "GET http://www.bouloter.com/index.php?products/4514646/ HTTP/1.1" 500 0 "http://www.bouloter.com/" "Mozilla/5.0 (X11; Linux x86_64; rv:125.0) Gecko/20100101 Firefox/125.0"
57.141.0.17 - - [18/Sep/2025:12:34:48 +0000] "GET /products/30390957/ HTTP/1.1" 500 0 "-" "meta-externalagent/1.1 (+https://developers.facebook.com/docs/sharing/webmasters/crawler)"
216.73.216.2 - - [18/Sep/2025:12:35:05 +0000] "GET /robots.txt HTTP/1.1" 200 141 "-" "Mozilla/5.0 AppleWebKit/537.36 (KHTML, like Gecko; compatible; ClaudeBot/1.0; +claudebot@anthropic.com)"
66.249.77.167 - - [18/Sep/2025:12:30:59 +0000] "GET /products/4271468/ HTTP/1.1" 200 17195 "-" "Mozilla/5.0 (Linux; Android 6.0.1; Nexus 5X Build/MMB29P) AppleWebKit/537.36 (KHTML, like Gecko) Chrome/140.0.7339.127 Mobile Safari/537.36 (compatible; GoogleOther)"
66.249.77.167 - - [18/Sep/2025:12:30:59 +0000] "GET /public/index.php?pcmypage/callback=/product/detail/15859801 HTTP/1.1" 200 18327 "-" "Mozilla/5.0 (Linux; Android 6.0.1; Nexus 5X Build/MMB29P) AppleWebKit/537.36 (KHTML, like Gecko) Chrome/140.0.7339.127 Mobile Safari/537.36 (compatible; GoogleOther)"
179.49.38.159 - - [18/Sep/2025:12:31:18 +0000] "GET http://www.bouloter.com/index.php?products/28102213/ HTTP/1.1" 500 0 "http://www.bouloter.com/" "Mozilla/5.0 (Windows NT 10.0; Win64; x64) AppleWebKit/537.36 (KHTML, like Gecko) Chrome/129.0.0.0 Safari/537.36"
66.249.77.167 - - [18/Sep/2025:12:31:26 +0000] "GET /public/index.php?pcmypage?callback=/product%2Fdetail%2F15372732 HTTP/1.1" 200 18135 "-" "Mozilla/5.0 (Linux; Android 6.0.1; Nexus 5X Build/MMB29P) AppleWebKit/537.36 (KHTML, like Gecko) Chrome/140.0.7339.127 Mobile Safari/537.36 (compatible; GoogleOther)"
66.249.77.168 - - [18/Sep/2025:12:32:18 +0000] "GET /public/index.php?pcmypage?callback=/product%2Fdetail%2F32075701 HTTP/1.1" 200 17697 "-" "Mozilla/5.0 (Linux; Android 6.0.1; Nexus 5X Build/MMB29P) AppleWebKit/537.36 (KHTML, like Gecko) Chrome/140.0.7339.127 Mobile Safari/537.36 (compatible; GoogleOther)"
170.79.19.214 - - [18/Sep/2025:12:32:58 +0000] "GET http://www.bouloter.com/index.php?products/18486779/ HTTP/1.1" 500 0 "http://www.bouloter.com/" "Mozilla/5.0 (X11; CrOS x86_64 14541.0.0) AppleWebKit/537.36 (KHTML, like Gecko) Chrome/133.0.0.0 Safari/537.36"
197.26.224.86 - - [18/Sep/2025:12:33:24 +0000] "GET http://www.bouloter.com/index.php?products/3591724/ HTTP/1.1" 500 0 "http://www.bouloter.com/" "Mozilla/5.0 (Windows NT 10.0; Win64; x64) AppleWebKit/537.36 (KHTML, like Gecko) Chrome/124.0.0.0 Safari/537.36"
66.249.77.168 - - [18/Sep/2025:12:33:37 +0000] "GET /public/index.php?pcmypage?callback=/product%2Fdetail%2F39138724 HTTP/1.1" 200 17847 "-" "Mozilla/5.0 (Linux; Android 6.0.1; Nexus 5X Build/MMB29P) AppleWebKit/537.36 (KHTML, like Gecko) Chrome/140.0.7339.127 Mobile Safari/537.36 (compatible; GoogleOther)"
66.249.77.168 - - [18/Sep/2025:12:33:39 +0000] "GET /products/18697802/ HTTP/1.1" 200 17751 "-" "Mozilla/5.0 (Linux; Android 6.0.1; Nexus 5X Build/MMB29P) AppleWebKit/537.36 (KHTML, like Gecko) Chrome/140.0.7339.127 Mobile Safari/537.36 (compatible; GoogleOther)"
66.249.77.167 - - [18/Sep/2025:12:34:03 +0000] "GET /public/index.php?products/20194279/ HTTP/1.1" 200 17987 "-" "Mozilla/5.0 (Linux; Android 6.0.1; Nexus 5X Build/MMB29P) AppleWebKit/537.36 (KHTML, like Gecko) Chrome/140.0.7339.127 Mobile Safari/537.36 (compatible; GoogleOther)"
66.249.77.167 - - [18/Sep/2025:12:34:42 +0000] "GET /index.php?products/5015779/ HTTP/1.1" 200 17912 "-" "Mozilla/5.0 (Linux; Android 6.0.1; Nexus 5X Build/MMB29P) AppleWebKit/537.36 (KHTML, like Gecko) Chrome/140.0.7339.127 Mobile Safari/537.36 (compatible; GoogleOther)"
66.249.77.167 - - [18/Sep/2025:12:34:50 +0000] "GET /index.php?products/19222635/ HTTP/1.1" 200 17739 "-" "Mozilla/5.0 (Linux; Android 6.0.1; Nexus 5X Build/MMB29P) AppleWebKit/537.36 (KHTML, like Gecko) Chrome/140.0.7339.127 Mobile Safari/537.36 (compatible; GoogleOther)"
66.249.77.168 - - [18/Sep/2025:12:35:08 +0000] "GET /index.php?products/19622524/ HTTP/1.1" 200 17518 "-" "Mozilla/5.0 (Linux; Android 6.0.1; Nexus 5X Build/MMB29P) AppleWebKit/537.36 (KHTML, like Gecko) Chrome/140.0.7339.127 Mobile Safari/537.36 (compatible; GoogleOther)"
66.249.77.168 - - [18/Sep/2025:12:35:10 +0000] "GET /index.php?products/11109880/ HTTP/1.1" 200 17235 "-" "Mozilla/5.0 (Linux; Android 6.0.1; Nexus 5X Build/MMB29P) AppleWebKit/537.36 (KHTML, like Gecko) Chrome/140.0.7339.127 Mobile Safari/537.36 (compatible; GoogleOther)"
66.249.77.167 - - [18/Sep/2025:12:33:10 +0000] "GET /public/index.php?pcmypage?callback=product/review/16998769 HTTP/1.1" 200 17681 "-" "Mozilla/5.0 (Linux; Android 6.0.1; Nexus 5X Build/MMB29P) AppleWebKit/537.36 (KHTML, like Gecko) Chrome/140.0.7339.127 Mobile Safari/537.36 (compatible; GoogleOther)"
66.249.77.168 - - [18/Sep/2025:12:34:29 +0000] "GET /public/index.php?pcmypage?callback=product/review/87665559 HTTP/1.1" 200 17495 "-" "Mozilla/5.0 (Linux; Android 6.0.1; Nexus 5X Build/MMB29P) AppleWebKit/537.36 (KHTML, like Gecko) Chrome/140.0.7339.127 Mobile Safari/537.36 (compatible; GoogleOther)"
66.249.77.167 - - [18/Sep/2025:12:34:55 +0000] "GET /public/index.php?products/7152057/ HTTP/1.1" 200 17612 "-" "Mozilla/5.0 (Linux; Android 6.0.1; Nexus 5X Build/MMB29P) AppleWebKit/537.36 (KHTML, like Gecko) Chrome/140.0.7339.127 Mobile Safari/537.36 (compatible; GoogleOther)"
66.249.77.168 - - [18/Sep/2025:12:35:02 +0000] "GET /index.php?zhHant/product/surugaya/22694422?campaign_uid=f64d716db5e979ed2f947dbaf4296895b951ae7f HTTP/1.1" 200 17738 "-" "Mozilla/5.0 (Linux; Android 6.0.1; Nexus 5X Build/MMB29P) AppleWebKit/537.36 (KHTML, like Gecko) Chrome/140.0.7339.127 Mobile Safari/537.36 (compatible; GoogleOther)"
66.249.77.167 - - [18/Sep/2025:12:35:35 +0000] "GET /index.php?products/16933757/ HTTP/1.1" 200 17232 "-" "Mozilla/5.0 (Linux; Android 6.0.1; Nexus 5X Build/MMB29P) AppleWebKit/537.36 (KHTML, like Gecko) Chrome/140.0.7339.127 Mobile Safari/537.36 (compatible; GoogleOther)"
66.249.77.169 - - [18/Sep/2025:12:36:01 +0000] "GET /index.php?products/23321557/ HTTP/1.1" 200 17830 "-" "Mozilla/5.0 (Linux; Android 6.0.1; Nexus 5X Build/MMB29P) AppleWebKit/537.36 (KHTML, like Gecko) Chrome/140.0.7339.127 Mobile Safari/537.36 (compatible; GoogleOther)"
191.99.15.98 - - [18/Sep/2025:12:36:20 +0000] "GET http://www.bouloter.com/index.php?products/21054024/ HTTP/1.1" 500 0 "http://www.bouloter.com/" "Mozilla/5.0 (Windows NT 10.0; Win64; x64) AppleWebKit/537.36 (KHTML, like Gecko) Chrome/135.0.0.0 Safari/537.36"
66.249.77.167 - - [18/Sep/2025:12:36:42 +0000] "POST /get-message-notify HTTP/1.1" 200 18028 "http://www.bouloter.com/index.php?products/13291124/" "Mozilla/5.0 (Linux; Android 6.0.1; Nexus 5X Build/MMB29P) AppleWebKit/537.36 (KHTML, like Gecko) Chrome/139.0.7258.127 Mobile Safari/537.36 (compatible; Googlebot/2.1; +http://www.google.com/bot.html)"
66.249.77.167 - - [18/Sep/2025:12:36:57 +0000] "GET /index.php?products/21324624/ HTTP/1.1" 200 17786 "-" "Mozilla/5.0 (Linux; Android 6.0.1; Nexus 5X Build/MMB29P) AppleWebKit/537.36 (KHTML, like Gecko) Chrome/140.0.7339.127 Mobile Safari/537.36 (compatible; GoogleOther)"
66.249.77.168 - - [18/Sep/2025:12:37:03 +0000] "GET /index.php?products/21809002/ HTTP/1.1" 200 17875 "-" "Mozilla/5.0 (Linux; Android 6.0.1; Nexus 5X Build/MMB29P) AppleWebKit/537.36 (KHTML, like Gecko) Chrome/140.0.7339.127 Mobile Safari/537.36 (compatible; GoogleOther)"
66.249.77.168 - - [18/Sep/2025:12:37:06 +0000] "GET /index.php?zhHant/product/surugaya/88138594?campaign_uid=f64d716db5e979ed2f947dbaf4296895b951ae7f HTTP/1.1" 200 17830 "-" "Mozilla/5.0 (Linux; Android 6.0.1; Nexus 5X Build/MMB29P) AppleWebKit/537.36 (KHTML, like Gecko) Chrome/140.0.7339.127 Mobile Safari/537.36 (compatible; GoogleOther)"
181.115.172.95 - - [18/Sep/2025:12:37:27 +0000] "GET http://www.bouloter.com/index.php?products/29494857/ HTTP/1.1" 500 0 "http://www.bouloter.com/" "Mozilla/5.0 (Windows NT 10.0; Win64; x64) AppleWebKit/537.36 (KHTML, like Gecko) Chrome/135.0.0.0 Safari/537.36"
66.249.77.167 - - [18/Sep/2025:12:37:29 +0000] "GET /index.php?products/14906368/ HTTP/1.1" 200 18084 "-" "Mozilla/5.0 (Linux; Android 6.0.1; Nexus 5X Build/MMB29P) AppleWebKit/537.36 (KHTML, like Gecko) Chrome/140.0.7339.127 Mobile Safari/537.36 (compatible; GoogleOther)"
66.249.77.167 - - [18/Sep/2025:12:37:29 +0000] "GET /index.php?products/26432113/ HTTP/1.1" 200 18000 "-" "Mozilla/5.0 (Linux; Android 6.0.1; Nexus 5X Build/MMB29P) AppleWebKit/537.36 (KHTML, like Gecko) Chrome/140.0.7339.127 Mobile Safari/537.36 (compatible; GoogleOther)"
216.73.216.2 - - [18/Sep/2025:12:35:05 +0000] "GET /sitemap804.xml HTTP/1.1" 403 0 "-" "Mozilla/5.0 AppleWebKit/537.36 (KHTML, like Gecko; compatible; ClaudeBot/1.0; +claudebot@anthropic.com)"
66.249.77.167 - - [18/Sep/2025:12:35:48 +0000] "GET /index.php?products/6881380/ HTTP/1.1" 200 18549 "-" "Mozilla/5.0 (Linux; Android 6.0.1; Nexus 5X Build/MMB29P) AppleWebKit/537.36 (KHTML, like Gecko) Chrome/140.0.7339.127 Mobile Safari/537.36 (compatible; GoogleOther)"
66.249.77.167 - - [18/Sep/2025:12:35:48 +0000] "GET /public/index.php?pcmypage?callback=/product%2Fdetail%2F61524049 HTTP/1.1" 200 18361 "-" "Mozilla/5.0 (Linux; Android 6.0.1; Nexus 5X Build/MMB29P) AppleWebKit/537.36 (KHTML, like Gecko) Chrome/140.0.7339.127 Mobile Safari/537.36 (compatible; GoogleOther)"
66.249.77.167 - - [18/Sep/2025:12:35:54 +0000] "GET /index.php?products/18616324/ HTTP/1.1" 200 17325 "-" "Mozilla/5.0 (Linux; Android 6.0.1; Nexus 5X Build/MMB29P) AppleWebKit/537.36 (KHTML, like Gecko) Chrome/140.0.7339.127 Mobile Safari/537.36 (compatible; GoogleOther)"
66.249.77.168 - - [18/Sep/2025:12:36:07 +0000] "GET /index.php?products/3004468/ HTTP/1.1" 200 17407 "-" "Mozilla/5.0 (Linux; Android 6.0.1; Nexus 5X Build/MMB29P) AppleWebKit/537.36 (KHTML, like Gecko) Chrome/140.0.7339.127 Mobile Safari/537.36 (compatible; GoogleOther)"
66.249.77.167 - - [18/Sep/2025:12:36:13 +0000] "GET /index.php?products/3072124/ HTTP/1.1" 200 17933 "-" "Mozilla/5.0 (Linux; Android 6.0.1; Nexus 5X Build/MMB29P) AppleWebKit/537.36 (KHTML, like Gecko) Chrome/140.0.7339.127 Mobile Safari/537.36 (compatible; GoogleOther)"
66.249.77.167 - - [18/Sep/2025:12:36:14 +0000] "GET /public/index.php?pcmypage?callback=/product%2Fdetail%2F37318130 HTTP/1.1" 200 17543 "-" "Mozilla/5.0 (Linux; Android 6.0.1; Nexus 5X Build/MMB29P) AppleWebKit/537.36 (KHTML, like Gecko) Chrome/140.0.7339.127 Mobile Safari/537.36 (compatible; GoogleOther)"
66.249.77.167 - - [18/Sep/2025:12:36:19 +0000] "GET /index.php?products/20050224/ HTTP/1.1" 200 18033 "-" "Mozilla/5.0 (Linux; Android 6.0.1; Nexus 5X Build/MMB29P) AppleWebKit/537.36 (KHTML, like Gecko) Chrome/140.0.7339.127 Mobile Safari/537.36 (compatible; GoogleOther)"
66.249.77.167 - - [18/Sep/2025:12:36:45 +0000] "GET /index.php?products/13144224/ HTTP/1.1" 200 17225 "-" "Mozilla/5.0 (Linux; Android 6.0.1; Nexus 5X Build/MMB29P) AppleWebKit/537.36 (KHTML, like Gecko) Chrome/140.0.7339.127 Mobile Safari/537.36 (compatible; GoogleOther)"
66.249.77.167 - - [18/Sep/2025:12:36:51 +0000] "GET /index.php?products/22270568/ HTTP/1.1" 200 18757 "-" "Mozilla/5.0 (Linux; Android 6.0.1; Nexus 5X Build/MMB29P) AppleWebKit/537.36 (KHTML, like Gecko) Chrome/140.0.7339.127 Mobile Safari/537.36 (compatible; GoogleOther)"
66.249.77.167 - - [18/Sep/2025:12:37:07 +0000] "GET /public/index.php?pcmypage/callback=product/review/66280080 HTTP/1.1" 200 17283 "-" "Mozilla/5.0 (Linux; Android 6.0.1; Nexus 5X Build/MMB29P) AppleWebKit/537.36 (KHTML, like Gecko) Chrome/140.0.7339.127 Mobile Safari/537.36 (compatible; GoogleOther)"
66.249.77.167 - - [18/Sep/2025:12:37:10 +0000] "GET /index.php?products/21605457/ HTTP/1.1" 200 17340 "-" "Mozilla/5.0 (Linux; Android 6.0.1; Nexus 5X Build/MMB29P) AppleWebKit/537.36 (KHTML, like Gecko) Chrome/140.0.7339.127 Mobile Safari/537.36 (compatible; GoogleOther)"
66.249.77.167 - - [18/Sep/2025:12:37:20 +0000] "GET /products/19091146/ HTTP/1.1" 200 17675 "-" "Mozilla/5.0 (Linux; Android 6.0.1; Nexus 5X Build/MMB29P) AppleWebKit/537.36 (KHTML, like Gecko) Chrome/140.0.7339.127 Mobile Safari/537.36 (compatible; GoogleOther)"
66.249.77.167 - - [18/Sep/2025:12:37:24 +0000] "GET /index.php?products/20881924/ HTTP/1.1" 200 18285 "-" "Mozilla/5.0 (Linux; Android 6.0.1; Nexus 5X Build/MMB29P) AppleWebKit/537.36 (KHTML, like Gecko) Chrome/140.0.7339.127 Mobile Safari/537.36 (compatible; GoogleOther)"
66.249.77.167 - - [18/Sep/2025:12:35:22 +0000] "GET /public/index.php?pcmypage?callback=/product%2Fdetail%2F76334754 HTTP/1.1" 200 18794 "-" "Mozilla/5.0 (Linux; Android 6.0.1; Nexus 5X Build/MMB29P) AppleWebKit/537.36 (KHTML, like Gecko) Chrome/140.0.7339.127 Mobile Safari/537.36 (compatible; GoogleOther)"
66.249.77.167 - - [18/Sep/2025:12:35:23 +0000] "GET /index.php?products/17821724/ HTTP/1.1" 200 18025 "-" "Mozilla/5.0 (Linux; Android 6.0.1; Nexus 5X Build/MMB29P) AppleWebKit/537.36 (KHTML, like Gecko) Chrome/140.0.7339.127 Mobile Safari/537.36 (compatible; GoogleOther)"
66.249.77.167 - - [18/Sep/2025:12:35:26 +0000] "GET /products/3597957/ HTTP/1.1" 200 18091 "-" "Mozilla/5.0 (Linux; Android 6.0.1; Nexus 5X Build/MMB29P) AppleWebKit/537.36 (KHTML, like Gecko) Chrome/140.0.7339.127 Mobile Safari/537.36 (compatible; GoogleOther)"
66.249.77.167 - - [18/Sep/2025:12:35:29 +0000] "GET /index.php?products/4937880/ HTTP/1.1" 200 18232 "-" "Mozilla/5.0 (Linux; Android 6.0.1; Nexus 5X Build/MMB29P) AppleWebKit/537.36 (KHTML, like Gecko) Chrome/140.0.7339.127 Mobile Safari/537.36 (compatible; GoogleOther)"
66.249.77.167 - - [18/Sep/2025:12:35:42 +0000] "GET /index.php?products/13580680/ HTTP/1.1" 200 17828 "-" "Mozilla/5.0 (Linux; Android 6.0.1; Nexus 5X Build/MMB29P) AppleWebKit/537.36 (KHTML, like Gecko) Chrome/140.0.7339.127 Mobile Safari/537.36 (compatible; GoogleOther)"
66.249.77.167 - - [18/Sep/2025:12:35:44 +0000] "GET /index.php?products/28363813/ HTTP/1.1" 200 17696 "-" "Mozilla/5.0 (Linux; Android 6.0.1; Nexus 5X Build/MMB29P) AppleWebKit/537.36 (KHTML, like Gecko) Chrome/140.0.7339.127 Mobile Safari/537.36 (compatible; GoogleOther)"
52.167.144.157 - - [18/Sep/2025:12:36:15 +0000] "GET /products/11429446/ HTTP/1.1" 200 18497 "-" "Mozilla/5.0 AppleWebKit/537.36 (KHTML, like Gecko; compatible; bingbot/2.0; +http://www.bing.com/bingbot.htm) Chrome/116.0.1938.76 Safari/537.36"
66.249.77.167 - - [18/Sep/2025:12:36:26 +0000] "GET /index.php?products/22491468/ HTTP/1.1" 200 18400 "-" "Mozilla/5.0 (Linux; Android 6.0.1; Nexus 5X Build/MMB29P) AppleWebKit/537.36 (KHTML, like Gecko) Chrome/140.0.7339.127 Mobile Safari/537.36 (compatible; GoogleOther)"
