66.249.77.167 - - [18/Sep/2025:10:07:47 +0000] "GET /public/index.php?pcmypage?callback=/product%2Fdetail%2F77334904 HTTP/1.1" 200 18081 "-" "Mozilla/5.0 (Linux; Android 6.0.1; Nexus 5X Build/MMB29P) AppleWebKit/537.36 (KHTML, like Gecko) Chrome/140.0.7339.127 Mobile Safari/537.36 (compatible; GoogleOther)"
66.249.77.167 - - [18/Sep/2025:10:08:02 +0000] "GET /index.php?products/30129968/ HTTP/1.1" 200 17212 "-" "Mozilla/5.0 (Linux; Android 6.0.1; Nexus 5X Build/MMB29P) AppleWebKit/537.36 (KHTML, like Gecko) Chrome/140.0.7339.127 Mobile Safari/537.36 (compatible; GoogleOther)"
66.249.77.168 - - [18/Sep/2025:10:08:08 +0000] "GET /index.php?products/24496235/ HTTP/1.1" 200 18048 "-" "Mozilla/5.0 (Linux; Android 6.0.1; Nexus 5X Build/MMB29P) AppleWebKit/537.36 (KHTML, like Gecko) Chrome/140.0.7339.127 Mobile Safari/537.36 (compatible; GoogleOther)"
66.249.77.167 - - [18/Sep/2025:10:08:33 +0000] "GET /index.php?products/10353680/ HTTP/1.1" 200 17692 "-" "Mozilla/5.0 (Linux; Android 6.0.1; Nexus 5X Build/MMB29P) AppleWebKit/537.36 (KHTML, like Gecko) Chrome/140.0.7339.127 Mobile Safari/537.36 (compatible; GoogleOther)"
216.244.66.243 - - [18/Sep/2025:10:08:34 +0000] "GET /lara/vendor/sebastian/resource-operations/build/?DD HTTP/1.1" 403 0 "-" "Mozilla/5.0 (compatible; DotBot/1.2; +https://opensiteexplorer.org/dotbot; help@moz.com)"
216.73.216.2 - - [18/Sep/2025:10:08:38 +0000] "GET /sitemap804.xml HTTP/1.1" 403 0 "-" "Mozilla/5.0 AppleWebKit/537.36 (KHTML, like Gecko; compatible; ClaudeBot/1.0; +claudebot@anthropic.com)"
66.249.77.167 - - [18/Sep/2025:10:08:39 +0000] "GET /products/6801868/ HTTP/1.1" 200 17853 "-" "Mozilla/5.0 (Linux; Android 6.0.1; Nexus 5X Build/MMB29P) AppleWebKit/537.36 (KHTML, like Gecko) Chrome/140.0.7339.127 Mobile Safari/537.36 (compatible; GoogleOther)"
66.249.77.167 - - [18/Sep/2025:10:08:39 +0000] "GET /public/index.php?pcmypage?callback=/product%2Fdetail%2F37226938 HTTP/1.1" 200 17742 "-" "Mozilla/5.0 (Linux; Android 6.0.1; Nexus 5X Build/MMB29P) AppleWebKit/537.36 (KHTML, like Gecko) Chrome/140.0.7339.127 Mobile Safari/537.36 (compatible; GoogleOther)"
66.249.77.167 - - [18/Sep/2025:10:08:40 +0000] "GET /index.php?products/26618179/ HTTP/1.1" 200 17902 "-" "Mozilla/5.0 (Linux; Android 6.0.1; Nexus 5X Build/MMB29P) AppleWebKit/537.36 (KHTML, like Gecko) Chrome/140.0.7339.127 Mobile Safari/537.36 (compatible; GoogleOther)"
66.249.77.168 - - [18/Sep/2025:10:09:01 +0000] "GET /index.php?zhHant/product/surugaya/57817602/campaign_uid=f64d716db5e979ed2f947dbaf4296895b951ae7f HTTP/1.1" 200 17677 "-" "Mozilla/5.0 (Linux; Android 6.0.1; Nexus 5X Build/MMB29P) AppleWebKit/537.36 (KHTML, like Gecko) Chrome/140.0.7339.127 Mobile Safari/537.36 (compatible; GoogleOther)"
66.249.77.167 - - [18/Sep/2025:10:07:25 +0000] "GET /index.php?products/11756824/ HTTP/1.1" 200 17482 "-" "Mozilla/5.0 (Linux; Android 6.0.1; Nexus 5X Build/MMB29P) AppleWebKit/537.36 (KHTML, like Gecko) Chrome/140.0.7339.127 Mobile Safari/537.36 (compatible; GoogleOther)"
66.249.77.167 - - [18/Sep/2025:10:07:36 +0000] "GET /index.php?products/13267679/ HTTP/1.1" 200 17180 "-" "Mozilla/5.0 (Linux; Android 6.0.1; Nexus 5X Build/MMB29P) AppleWebKit/537.36 (KHTML, like Gecko) Chrome/140.0.7339.127 Mobile Safari/537.36 (compatible; GoogleOther)"
66.249.77.167 - - [18/Sep/2025:10:08:00 +0000] "POST /get-message-notify HTTP/1.1" 200 18028 "http://www.bouloter.com/index.php?products/4851413/" "Mozilla/5.0 (Linux; Android 6.0.1; Nexus 5X Build/MMB29P) AppleWebKit/537.36 (KHTML, like Gecko) Chrome/139.0.7258.127 Mobile Safari/537.36 (compatible; Googlebot/2.1; +http://www.google.com/bot.html)"
217.64.109.67 - - [18/Sep/2025:10:08:19 +0000] "GET /products/8679479/ HTTP/1.1" 500 0 "http://www.bouloter.com/sitemap504.xml" "Mozilla/5.0 (Linux; Android 11; Pixel 5) AppleWebKit/537.36 (KHTML, like Gecko) Chrome/82.0.4136.47 Mobile Safari/537.36"
66.249.77.167 - - [18/Sep/2025:10:08:20 +0000] "GET /index.php?products/5623268/ HTTP/1.1" 200 17761 "-" "Mozilla/5.0 (Linux; Android 6.0.1; Nexus 5X Build/MMB29P) AppleWebKit/537.36 (KHTML, like Gecko) Chrome/140.0.7339.127 Mobile Safari/537.36 (compatible; GoogleOther)"
66.249.77.167 - - [18/Sep/2025:10:08:27 +0000] "GET /index.php?products/9515491/ HTTP/1.1" 200 17965 "-" "Mozilla/5.0 (Linux; Android 6.0.1; Nexus 5X Build/MMB29P) AppleWebKit/537.36 (KHTML, like Gecko) Chrome/140.0.7339.127 Mobile Safari/537.36 (compatible; GoogleOther)"
66.249.77.167 - - [18/Sep/2025:10:08:38 +0000] "POST /get-message-notify HTTP/1.1" 200 18028 "http://www.bouloter.com/index.php?products/21918402/" "Mozilla/5.0 (Linux; Android 6.0.1; Nexus 5X Build/MMB29P) AppleWebKit/537.36 (KHTML, like Gecko) Chrome/139.0.7258.127 Mobile Safari/537.36 (compatible; Googlebot/2.1; +http://www.google.com/bot.html)"
66.249.77.167 - - [18/Sep/2025:10:08:46 +0000] "GET /index.php?products/7998646/ HTTP/1.1" 200 18051 "-" "Mozilla/5.0 (Linux; Android 6.0.1; Nexus 5X Build/MMB29P) AppleWebKit/537.36 (KHTML, like Gecko) Chrome/140.0.7339.127 Mobile Safari/537.36 (compatible; GoogleOther)"
66.249.77.167 - - [18/Sep/2025:10:09:28 +0000] "GET /index.php?zhHant/product/surugaya/40515572/campaign_uid=f64d716db5e979ed2f947dbaf4296895b951ae7f HTTP/1.1" 200 18013 "-" "Mozilla/5.0 (Linux; Android 6.0.1; Nexus 5X Build/MMB29P) AppleWebKit/537.36 (KHTML, like Gecko) Chrome/140.0.7339.127 Mobile Safari/537.36 (compatible; GoogleOther)"
66.249.77.167 - - [18/Sep/2025:10:09:30 +0000] "GET /index.php?products/7003191/ HTTP/1.1" 200 17948 "-" "Mozilla/5.0 (Linux; Android 6.0.1; Nexus 5X Build/MMB29P) AppleWebKit/537.36 (KHTML, like Gecko) Chrome/140.0.7339.127 Mobile Safari/537.36 (compatible; GoogleOther)"
66.249.77.167 - - [18/Sep/2025:10:09:32 +0000] "GET /public/index.php?pcmypage?callback=/product%2Fdetail%2F10613597 HTTP/1.1" 200 17801 "-" "Mozilla/5.0 (Linux; Android 6.0.1; Nexus 5X Build/MMB29P) AppleWebKit/537.36 (KHTML, like Gecko) Chrome/140.0.7339.127 Mobile Safari/537.36 (compatible; GoogleOther)"
66.249.77.167 - - [18/Sep/2025:10:09:36 +0000] "GET /index.php?products/21510257/ HTTP/1.1" 200 18440 "-" "Mozilla/5.0 (Linux; Android 6.0.1; Nexus 5X Build/MMB29P) AppleWebKit/537.36 (KHTML, like Gecko) Chrome/140.0.7339.127 Mobile Safari/537.36 (compatible; GoogleOther)"
66.249.77.168 - - [18/Sep/2025:10:09:57 +0000] "POST /get-message-notify HTTP/1.1" 200 18028 "http://www.bouloter.com/public/index.php?pcmypage?callback=/product%2Fdetail%2F37226938" "Mozilla/5.0 (Linux; Android 6.0.1; Nexus 5X Build/MMB29P) AppleWebKit/537.36 (KHTML, like Gecko) Chrome/139.0.7258.127 Mobile Safari/537.36 (compatible; Googlebot/2.1; +http://www.google.com/bot.html)"
66.249.77.167 - - [18/Sep/2025:10:07:29 +0000] "GET /products/5351980/ HTTP/1.1" 200 17185 "-" "Mozilla/5.0 (Linux; Android 6.0.1; Nexus 5X Build/MMB29P) AppleWebKit/537.36 (KHTML, like Gecko) Chrome/140.0.7339.127 Mobile Safari/537.36 (compatible; GoogleOther)"
66.249.77.167 - - [18/Sep/2025:10:07:30 +0000] "GET /products/21367979/ HTTP/1.1" 200 18358 "-" "Mozilla/5.0 (Linux; Android 6.0.1; Nexus 5X Build/MMB29P) AppleWebKit/537.36 (KHTML, like Gecko) Chrome/140.0.7339.127 Mobile Safari/537.36 (compatible; GoogleOther)"
66.249.77.167 - - [18/Sep/2025:10:07:37 +0000] "POST /get-message-notify HTTP/1.1" 200 18028 "http://www.bouloter.com/products/15564035/" "Mozilla/5.0 (Linux; Android 6.0.1; Nexus 5X Build/MMB29P) AppleWebKit/537.36 (KHTML, like Gecko) Chrome/139.0.7258.127 Mobile Safari/537.36 (compatible; Googlebot/2.1; +http://www.google.com/bot.html)"
66.249.77.167 - - [18/Sep/2025:10:08:13 +0000] "GET /index.php?products/11068191/ HTTP/1.1" 200 18758 "-" "Mozilla/5.0 (Linux; Android 6.0.1; Nexus 5X Build/MMB29P) AppleWebKit/537.36 (KHTML, like Gecko) Chrome/140.0.7339.127 Mobile Safari/537.36 (compatible; GoogleOther)"
66.249.77.167 - - [18/Sep/2025:10:08:50 +0000] "POST /get-message-notify HTTP/1.1" 200 18028 "http://www.bouloter.com/index.php?products/29745302/" "Mozilla/5.0 (Linux; Android 6.0.1; Nexus 5X Build/MMB29P) AppleWebKit/537.36 (KHTML, like Gecko) Chrome/139.0.7258.127 Mobile Safari/537.36 (compatible; Googlebot/2.1; +http://www.google.com/bot.html)"
66.249.77.167 - - [18/Sep/2025:10:08:52 +0000] "GET /index.php?products/6115468/ HTTP/1.1" 200 18061 "-" "Mozilla/5.0 (Linux; Android 6.0.1; Nexus 5X Build/MMB29P) AppleWebKit/537.36 (KHTML, like Gecko) Chrome/140.0.7339.127 Mobile Safari/537.36 (compatible; GoogleOther)"
66.249.77.167 - - [18/Sep/2025:10:09:11 +0000] "GET /index.php?products/15619357/ HTTP/1.1" 200 18082 "-" "Mozilla/5.0 (Linux; Android 6.0.1; Nexus 5X Build/MMB29P) AppleWebKit/537.36 (KHTML, like Gecko) Chrome/140.0.7339.127 Mobile Safari/537.36 (compatible; GoogleOther)"
66.249.77.167 - - [18/Sep/2025:10:09:15 +0000] "GET /index.php?products/24557179/ HTTP/1.1" 200 17953 "-" "Mozilla/5.0 (Linux; Android 6.0.1; Nexus 5X Build/MMB29P) AppleWebKit/537.36 (KHTML, like Gecko) Chrome/140.0.7339.127 Mobile Safari/537.36 (compatible; GoogleOther)"
93.159.230.85 - - [18/Sep/2025:10:09:19 +0000] "GET / HTTP/1.1" 500 0 "-" "Mozilla/5.0 (Linux; arm_64; Android 12; CPH2205) AppleWebKit/537.36 (KHTML, like Gecko) Chrome/110.0.0.0 YaBrowser/23.3.3.86.00 SA/3 Mobile Safari/537.36"
66.249.77.167 - - [18/Sep/2025:10:09:23 +0000] "GET /index.php?products/1556591/ HTTP/1.1" 200 17844 "-" "Mozilla/5.0 (Linux; Android 6.0.1; Nexus 5X Build/MMB29P) AppleWebKit/537.36 (KHTML, like Gecko) Chrome/140.0.7339.127 Mobile Safari/537.36 (compatible; GoogleOther)"
66.249.77.167 - - [18/Sep/2025:10:09:25 +0000] "POST /get-message-notify HTTP/1.1" 200 18028 "http://www.bouloter.com/index.php?products/24496235/" "Mozilla/5.0 (Linux; Android 6.0.1; Nexus 5X Build/MMB29P) AppleWebKit/537.36 (KHTML, like Gecko) Chrome/139.0.7258.127 Mobile Safari/537.36 (compatible; Googlebot/2.1; +http://www.google.com/bot.html)"
66.249.77.167 - - [18/Sep/2025:10:09:38 +0000] "POST /get-message-notify HTTP/1.1" 200 18028 "http://www.bouloter.com/index.php?products/7998646/" "Mozilla/5.0 (Linux; Android 6.0.1; Nexus 5X Build/MMB29P) AppleWebKit/537.36 (KHTML, like Gecko) Chrome/139.0.7258.127 Mobile Safari/537.36 (compatible; Googlebot/2.1; +http://www.google.com/bot.html)"
66.249.77.167 - - [18/Sep/2025:10:09:42 +0000] "GET /index.php?product/edit/61900370 HTTP/1.1" 200 17824 "-" "Mozilla/5.0 (Linux; Android 6.0.1; Nexus 5X Build/MMB29P) AppleWebKit/537.36 (KHTML, like Gecko) Chrome/140.0.7339.127 Mobile Safari/537.36 (compatible; GoogleOther)"
66.249.77.167 - - [18/Sep/2025:10:09:42 +0000] "GET /index.php?products/17514224/ HTTP/1.1" 200 17184 "-" "Mozilla/5.0 (Linux; Android 6.0.1; Nexus 5X Build/MMB29P) AppleWebKit/537.36 (KHTML, like Gecko) Chrome/140.0.7339.127 Mobile Safari/537.36 (compatible; GoogleOther)"
66.249.77.167 - - [18/Sep/2025:10:09:04 +0000] "GET /index.php?products/24906157/ HTTP/1.1" 200 18359 "-" "Mozilla/5.0 (Linux; Android 6.0.1; Nexus 5X Build/MMB29P) AppleWebKit/537.36 (KHTML, like Gecko) Chrome/140.0.7339.127 Mobile Safari/537.36 (compatible; GoogleOther)"
66.249.77.167 - - [18/Sep/2025:10:09:05 +0000] "GET /public/index.php?products/30176346/ HTTP/1.1" 200 17650 "-" "Mozilla/5.0 (Linux; Android 6.0.1; Nexus 5X Build/MMB29P) AppleWebKit/537.36 (KHTML, like Gecko) Chrome/140.0.7339.127 Mobile Safari/537.36 (compatible; GoogleOther)"
93.159.230.28 - - [18/Sep/2025:10:09:19 +0000] "GET / HTTP/1.1" 500 0 "-" "Mozilla/5.0 (Linux; arm_64; Android 12; CPH2205) AppleWebKit/537.36 (KHTML, like Gecko) Chrome/110.0.0.0 YaBrowser/23.3.3.86.00 SA/3 Mobile Safari/537.36"
66.249.77.167 - - [18/Sep/2025:10:09:19 +0000] "POST /get-message-notify HTTP/1.1" 200 18028 "http://www.bouloter.com/index.php?products/9515491/" "Mozilla/5.0 (Linux; Android 6.0.1; Nexus 5X Build/MMB29P) AppleWebKit/537.36 (KHTML, like Gecko) Chrome/139.0.7258.127 Mobile Safari/537.36 (compatible; Googlebot/2.1; +http://www.google.com/bot.html)"
66.249.77.167 - - [18/Sep/2025:10:09:49 +0000] "GET /index.php?products/25681379/ HTTP/1.1" 200 17842 "-" "Mozilla/5.0 (Linux; Android 6.0.1; Nexus 5X Build/MMB29P) AppleWebKit/537.36 (KHTML, like Gecko) Chrome/140.0.7339.127 Mobile Safari/537.36 (compatible; GoogleOther)"
66.249.77.167 - - [18/Sep/2025:10:09:50 +0000] "GET /products/5307835/ HTTP/1.1" 200 18047 "-" "Mozilla/5.0 (Linux; Android 6.0.1; Nexus 5X Build/MMB29P) AppleWebKit/537.36 (KHTML, like Gecko) Chrome/140.0.7339.127 Mobile Safari/537.36 (compatible; GoogleOther)"
66.249.77.169 - - [18/Sep/2025:10:10:01 +0000] "GET /public/index.php?products/1037880/ HTTP/1.1" 200 18047 "-" "Mozilla/5.0 (Linux; Android 6.0.1; Nexus 5X Build/MMB29P) AppleWebKit/537.36 (KHTML, like Gecko) Chrome/140.0.7339.127 Mobile Safari/537.36 (compatible; GoogleOther)"
66.249.77.167 - - [18/Sep/2025:10:10:08 +0000] "GET /products/5581391/ HTTP/1.1" 200 18089 "-" "Mozilla/5.0 (Linux; Android 6.0.1; Nexus 5X Build/MMB29P) AppleWebKit/537.36 (KHTML, like Gecko) Chrome/140.0.7339.127 Mobile Safari/537.36 (compatible; GoogleOther)"
157.55.39.56 - - [18/Sep/2025:10:10:14 +0000] "GET /products/10510246/ HTTP/1.1" 200 17045 "-" "Mozilla/5.0 AppleWebKit/537.36 (KHTML, like Gecko; compatible; bingbot/2.0; +http://www.bing.com/bingbot.htm) Chrome/116.0.1938.76 Safari/537.36"
66.249.77.167 - - [18/Sep/2025:10:10:45 +0000] "GET /index.php?products/18585146/ HTTP/1.1" 200 18314 "-" "Mozilla/5.0 (Linux; Android 6.0.1; Nexus 5X Build/MMB29P) AppleWebKit/537.36 (KHTML, like Gecko) Chrome/140.0.7339.127 Mobile Safari/537.36 (compatible; GoogleOther)"
66.249.77.167 - - [18/Sep/2025:10:10:46 +0000] "GET /index.php?products/24617179/ HTTP/1.1" 200 18520 "-" "Mozilla/5.0 (Linux; Android 6.0.1; Nexus 5X Build/MMB29P) AppleWebKit/537.36 (KHTML, like Gecko) Chrome/140.0.7339.127 Mobile Safari/537.36 (compatible; GoogleOther)"
66.249.77.167 - - [18/Sep/2025:10:10:50 +0000] "GET /public/index.php?pcmypage?callback=product/review/22701625 HTTP/1.1" 200 17300 "-" "Mozilla/5.0 (Linux; Android 6.0.1; Nexus 5X Build/MMB29P) AppleWebKit/537.36 (KHTML, like Gecko) Chrome/140.0.7339.127 Mobile Safari/537.36 (compatible; GoogleOther)"
66.249.77.167 - - [18/Sep/2025:10:10:51 +0000] "GET /index.php?products/25856024/ HTTP/1.1" 200 17874 "-" "Mozilla/5.0 (Linux; Android 6.0.1; Nexus 5X Build/MMB29P) AppleWebKit/537.36 (KHTML, like Gecko) Chrome/140.0.7339.127 Mobile Safari/537.36 (compatible; GoogleOther)"
66.249.77.167 - - [18/Sep/2025:10:10:58 +0000] "GET /index.php?products/4224568/ HTTP/1.1" 200 18084 "-" "Mozilla/5.0 (Linux; Android 6.0.1; Nexus 5X Build/MMB29P) AppleWebKit/537.36 (KHTML, like Gecko) Chrome/140.0.7339.127 Mobile Safari/537.36 (compatible; GoogleOther)"
66.249.77.168 - - [18/Sep/2025:10:10:06 +0000] "POST /get-message-notify HTTP/1.1" 200 18028 "http://www.bouloter.com/index.php?products/25681379/" "Mozilla/5.0 (Linux; Android 6.0.1; Nexus 5X Build/MMB29P) AppleWebKit/537.36 (KHTML, like Gecko) Chrome/139.0.7258.127 Mobile Safari/537.36 (compatible; Googlebot/2.1; +http://www.google.com/bot.html)"
66.249.77.168 - - [18/Sep/2025:10:10:07 +0000] "GET /index.php?products/10338668/ HTTP/1.1" 200 17161 "-" "Mozilla/5.0 (Linux; Android 6.0.1; Nexus 5X Build/MMB29P) AppleWebKit/537.36 (KHTML, like Gecko) Chrome/140.0.7339.127 Mobile Safari/537.36 (compatible; GoogleOther)"
170.238.53.192 - - [18/Sep/2025:10:10:10 +0000] "GET http://www.bouloter.com/index.php?products/20438268/ HTTP/1.1" 500 0 "http://www.bouloter.com/" "Mozilla/5.0 (X11; Linux x86_64) AppleWebKit/537.36 (KHTML, like Gecko) Chrome/114.0.0.0 Safari/537.36"
66.249.77.167 - - [18/Sep/2025:10:10:14 +0000] "GET /index.php?products/14295635/ HTTP/1.1" 200 18063 "-" "Mozilla/5.0 (Linux; Android 6.0.1; Nexus 5X Build/MMB29P) AppleWebKit/537.36 (KHTML, like Gecko) Chrome/140.0.7339.127 Mobile Safari/537.36 (compatible; GoogleOther)"
66.249.77.167 - - [18/Sep/2025:10:10:33 +0000] "GET /index.php?products/4328068/ HTTP/1.1" 200 17516 "-" "Mozilla/5.0 (Linux; Android 6.0.1; Nexus 5X Build/MMB29P) AppleWebKit/537.36 (KHTML, like Gecko) Chrome/140.0.7339.127 Mobile Safari/537.36 (compatible; GoogleOther)"
47.82.11.33 - - [18/Sep/2025:10:10:54 +0000] "GET /index.php?products/16317213/ HTTP/1.1" 500 0 "http://www.bouloter.com/" "Mozilla/5.0 (Windows NT 10.0; Win64; x64; rv:137.0) Gecko/20100101 Firefox/137.0"
200.26.253.20 - - [18/Sep/2025:10:10:55 +0000] "GET http://www.bouloter.com/index.php?products/1470846/ HTTP/1.1" 500 0 "http://www.bouloter.com/" "Mozilla/5.0 (Windows NT 10.0; Win64; x64) AppleWebKit/537.36 (KHTML, like Gecko) Chrome/135.0.0.0 Safari/537.36 Edg/135.0.0.0"
52.167.144.150 - - [18/Sep/2025:10:11:24 +0000] "GET /products/12192580/ HTTP/1.1" 200 17439 "-" "Mozilla/5.0 AppleWebKit/537.36 (KHTML, like Gecko; compatible; bingbot/2.0; +http://www.bing.com/bingbot.htm) Chrome/116.0.1938.76 Safari/537.36"
47.82.11.43 - - [18/Sep/2025:10:11:25 +0000] "GET /index.php?products/6405679/ HTTP/1.1" 500 0 "http://www.bouloter.com/" "Mozilla/5.0 (Windows NT 10.0; Win64; x64) AppleWebKit/537.36 (KHTML, like Gecko) Chrome/135.0.0.0 Safari/537.36 Edg/135.0.0.0"
66.249.77.169 - - [18/Sep/2025:10:12:12 +0000] "GET /products/11117080/ HTTP/1.1" 200 18226 "-" "Mozilla/5.0 (Linux; Android 6.0.1; Nexus 5X Build/MMB29P) AppleWebKit/537.36 (KHTML, like Gecko) Chrome/140.0.7339.127 Mobile Safari/537.36 (compatible; GoogleOther)"
66.249.77.169 - - [18/Sep/2025:10:12:13 +0000] "GET /index.php?products/5531146/ HTTP/1.1" 200 17355 "-" "Mozilla/5.0 (Linux; Android 6.0.1; Nexus 5X Build/MMB29P) AppleWebKit/537.36 (KHTML, like Gecko) Chrome/140.0.7339.127 Mobile Safari/537.36 (compatible; GoogleOther)"
66.249.77.167 - - [18/Sep/2025:10:12:20 +0000] "GET /index.php?products/2502135/ HTTP/1.1" 200 18072 "-" "Mozilla/5.0 (Linux; Android 6.0.1; Nexus 5X Build/MMB29P) AppleWebKit/537.36 (KHTML, like Gecko) Chrome/140.0.7339.127 Mobile Safari/537.36 (compatible; GoogleOther)"
66.249.77.167 - - [18/Sep/2025:10:12:27 +0000] "GET /products/16596691/ HTTP/1.1" 200 17265 "-" "Mozilla/5.0 (Linux; Android 6.0.1; Nexus 5X Build/MMB29P) AppleWebKit/537.36 (KHTML, like Gecko) Chrome/140.0.7339.127 Mobile Safari/537.36 (compatible; GoogleOther)"
66.249.77.167 - - [18/Sep/2025:10:12:30 +0000] "GET /index.php?products/24774857/ HTTP/1.1" 200 17508 "-" "Mozilla/5.0 (Linux; Android 6.0.1; Nexus 5X Build/MMB29P) AppleWebKit/537.36 (KHTML, like Gecko) Chrome/140.0.7339.127 Mobile Safari/537.36 (compatible; GoogleOther)"
66.249.77.167 - - [18/Sep/2025:10:12:32 +0000] "GET /public/index.php?products/23524191/ HTTP/1.1" 200 17583 "-" "Mozilla/5.0 (Linux; Android 6.0.1; Nexus 5X Build/MMB29P) AppleWebKit/537.36 (KHTML, like Gecko) Chrome/140.0.7339.127 Mobile Safari/537.36 (compatible; GoogleOther)"
66.249.77.168 - - [18/Sep/2025:10:09:58 +0000] "GET /index.php?product/edit/26706327 HTTP/1.1" 200 18517 "-" "Mozilla/5.0 (Linux; Android 6.0.1; Nexus 5X Build/MMB29P) AppleWebKit/537.36 (KHTML, like Gecko) Chrome/140.0.7339.127 Mobile Safari/537.36 (compatible; GoogleOther)"
66.249.77.167 - - [18/Sep/2025:10:10:20 +0000] "GET /index.php?products/24918935/ HTTP/1.1" 200 17725 "-" "Mozilla/5.0 (Linux; Android 6.0.1; Nexus 5X Build/MMB29P) AppleWebKit/537.36 (KHTML, like Gecko) Chrome/140.0.7339.127 Mobile Safari/537.36 (compatible; GoogleOther)"
66.249.77.167 - - [18/Sep/2025:10:10:24 +0000] "GET /public/index.php?pcmypage?callback=/product%2Fdetail%2F47069104 HTTP/1.1" 200 18448 "-" "Mozilla/5.0 (Linux; Android 6.0.1; Nexus 5X Build/MMB29P) AppleWebKit/537.36 (KHTML, like Gecko) Chrome/140.0.7339.127 Mobile Safari/537.36 (compatible; GoogleOther)"
66.249.77.167 - - [18/Sep/2025:10:10:39 +0000] "GET /products/9442102/ HTTP/1.1" 200 17475 "-" "Mozilla/5.0 (Linux; Android 6.0.1; Nexus 5X Build/MMB29P) AppleWebKit/537.36 (KHTML, like Gecko) Chrome/140.0.7339.127 Mobile Safari/537.36 (compatible; GoogleOther)"
66.249.77.168 - - [18/Sep/2025:10:11:10 +0000] "GET /public/index.php?products/25458968/ HTTP/1.1" 200 17340 "-" "Mozilla/5.0 (Linux; Android 6.0.1; Nexus 5X Build/MMB29P) AppleWebKit/537.36 (KHTML, like Gecko) Chrome/140.0.7339.127 Mobile Safari/537.36 (compatible; GoogleOther)"
66.249.77.167 - - [18/Sep/2025:10:11:17 +0000] "GET /products/18727535/ HTTP/1.1" 200 17230 "-" "Mozilla/5.0 (Linux; Android 6.0.1; Nexus 5X Build/MMB29P) AppleWebKit/537.36 (KHTML, like Gecko) Chrome/140.0.7339.127 Mobile Safari/537.36 (compatible; GoogleOther)"
66.249.77.167 - - [18/Sep/2025:10:11:17 +0000] "GET /public/index.php?pcmypage?callback=product/review/16607147 HTTP/1.1" 200 18477 "-" "Mozilla/5.0 (Linux; Android 6.0.1; Nexus 5X Build/MMB29P) AppleWebKit/537.36 (KHTML, like Gecko) Chrome/140.0.7339.127 Mobile Safari/537.36 (compatible; GoogleOther)"
66.249.77.167 - - [18/Sep/2025:10:11:23 +0000] "GET /index.php?products/22456646/ HTTP/1.1" 200 17590 "-" "Mozilla/5.0 (Linux; Android 6.0.1; Nexus 5X Build/MMB29P) AppleWebKit/537.36 (KHTML, like Gecko) Chrome/140.0.7339.127 Mobile Safari/537.36 (compatible; GoogleOther)"
66.249.77.167 - - [18/Sep/2025:10:11:35 +0000] "GET /index.php?products/2503968/ HTTP/1.1" 200 18320 "-" "Mozilla/5.0 (Linux; Android 6.0.1; Nexus 5X Build/MMB29P) AppleWebKit/537.36 (KHTML, like Gecko) Chrome/140.0.7339.127 Mobile Safari/537.36 (compatible; GoogleOther)"
66.249.77.167 - - [18/Sep/2025:10:11:37 +0000] "GET /products/10619924/ HTTP/1.1" 200 17926 "-" "Mozilla/5.0 (Linux; Android 6.0.1; Nexus 5X Build/MMB29P) AppleWebKit/537.36 (KHTML, like Gecko) Chrome/140.0.7339.127 Mobile Safari/537.36 (compatible; GoogleOther)"
179.209.74.139 - - [18/Sep/2025:10:12:37 +0000] "GET http://www.bouloter.com/index.php?products/12548624/ HTTP/1.1" 500 0 "http://www.bouloter.com/" "Mozilla/5.0 (Windows NT 10.0; Win64; x64) AppleWebKit/537.36 (KHTML, like Gecko) Chrome/135.0.0.0 Safari/537.36 Edg/135.0.0.0"
66.249.77.167 - - [18/Sep/2025:10:12:51 +0000] "GET /index.php?products/11445102/ HTTP/1.1" 200 17562 "-" "Mozilla/5.0 (Linux; Android 6.0.1; Nexus 5X Build/MMB29P) AppleWebKit/537.36 (KHTML, like Gecko) Chrome/140.0.7339.127 Mobile Safari/537.36 (compatible; GoogleOther)"
66.249.77.167 - - [18/Sep/2025:10:12:54 +0000] "GET /index.php?products/16661546/ HTTP/1.1" 200 17116 "-" "Mozilla/5.0 (Linux; Android 6.0.1; Nexus 5X Build/MMB29P) AppleWebKit/537.36 (KHTML, like Gecko) Chrome/140.0.7339.127 Mobile Safari/537.36 (compatible; GoogleOther)"
66.249.77.169 - - [18/Sep/2025:10:13:02 +0000] "GET /public/index.php?pcmypage?callback=product/review/40908126 HTTP/1.1" 200 18205 "-" "Mozilla/5.0 (Linux; Android 6.0.1; Nexus 5X Build/MMB29P) AppleWebKit/537.36 (KHTML, like Gecko) Chrome/140.0.7339.127 Mobile Safari/537.36 (compatible; GoogleOther)"
66.249.77.167 - - [18/Sep/2025:10:11:04 +0000] "GET /index.php?products/24839346/ HTTP/1.1" 200 17376 "-" "Mozilla/5.0 (Linux; Android 6.0.1; Nexus 5X Build/MMB29P) AppleWebKit/537.36 (KHTML, like Gecko) Chrome/140.0.7339.127 Mobile Safari/537.36 (compatible; GoogleOther)"
66.249.77.167 - - [18/Sep/2025:10:11:29 +0000] "GET /index.php?products/28400180/ HTTP/1.1" 200 17756 "-" "Mozilla/5.0 (Linux; Android 6.0.1; Nexus 5X Build/MMB29P) AppleWebKit/537.36 (KHTML, like Gecko) Chrome/140.0.7339.127 Mobile Safari/537.36 (compatible; GoogleOther)"
66.249.77.167 - - [18/Sep/2025:10:11:30 +0000] "GET /index.php?products/1178046/ HTTP/1.1" 200 18191 "-" "Mozilla/5.0 (Linux; Android 6.0.1; Nexus 5X Build/MMB29P) AppleWebKit/537.36 (KHTML, like Gecko) Chrome/140.0.7339.127 Mobile Safari/537.36 (compatible; GoogleOther)"
66.249.77.167 - - [18/Sep/2025:10:11:42 +0000] "GET /index.php?products/3669791/ HTTP/1.1" 200 17606 "-" "Mozilla/5.0 (Linux; Android 6.0.1; Nexus 5X Build/MMB29P) AppleWebKit/537.36 (KHTML, like Gecko) Chrome/140.0.7339.127 Mobile Safari/537.36 (compatible; GoogleOther)"
66.249.77.167 - - [18/Sep/2025:10:11:43 +0000] "GET /public/index.php?pcmypage?callback=product%2Fdetail%2F90668455 HTTP/1.1" 200 18727 "-" "Mozilla/5.0 (Linux; Android 6.0.1; Nexus 5X Build/MMB29P) AppleWebKit/537.36 (KHTML, like Gecko) Chrome/140.0.7339.127 Mobile Safari/537.36 (compatible; GoogleOther)"
66.249.77.167 - - [18/Sep/2025:10:11:45 +0000] "GET /public/index.php?products/2783302/ HTTP/1.1" 200 18007 "-" "Mozilla/5.0 (Linux; Android 6.0.1; Nexus 5X Build/MMB29P) AppleWebKit/537.36 (KHTML, like Gecko) Chrome/140.0.7339.127 Mobile Safari/537.36 (compatible; GoogleOther)"
181.120.176.238 - - [18/Sep/2025:10:11:55 +0000] "GET http://www.bouloter.com/index.php?products/15192279/ HTTP/1.1" 500 0 "http://www.bouloter.com/" "Mozilla/5.0 (Windows NT 10.0; Win64; x64) AppleWebKit/537.36 (KHTML, like Gecko) Chrome/135.0.0.0 Safari/537.36"
66.249.77.167 - - [18/Sep/2025:10:12:09 +0000] "GET /public/index.php?pcmypage?callback=product%2Fdetail%2F49081987 HTTP/1.1" 200 17385 "-" "Mozilla/5.0 (Linux; Android 6.0.1; Nexus 5X Build/MMB29P) AppleWebKit/537.36 (KHTML, like Gecko) Chrome/140.0.7339.127 Mobile Safari/537.36 (compatible; GoogleOther)"
2.132.80.222 - - [18/Sep/2025:10:12:10 +0000] "GET /products/8674279/ HTTP/1.1" 500 0 "http://www.bouloter.com/sitemap524.xml" "Mozilla/5.0 (Linux; Android 7.1.1; OPPO R9sk Build/NMF26F; wv) AppleWebKit/537.36 (KHTML, like Gecko) Version/4.0 Chrome/83.0.3800.70 Mobile Safari/537.36 AWP/2.0 SogouMSE,SogouMobileBrowser/5.22.8"
66.249.77.168 - - [18/Sep/2025:10:12:20 +0000] "GET /index.php?products/18264046/ HTTP/1.1" 200 17947 "-" "Mozilla/5.0 (Linux; Android 6.0.1; Nexus 5X Build/MMB29P) AppleWebKit/537.36 (KHTML, like Gecko) Chrome/140.0.7339.127 Mobile Safari/537.36 (compatible; GoogleOther)"
66.249.77.167 - - [18/Sep/2025:10:12:45 +0000] "GET /index.php?products/29027357/ HTTP/1.1" 200 18292 "-" "Mozilla/5.0 (Linux; Android 6.0.1; Nexus 5X Build/MMB29P) AppleWebKit/537.36 (KHTML, like Gecko) Chrome/140.0.7339.127 Mobile Safari/537.36 (compatible; GoogleOther)"
66.249.77.167 - - [18/Sep/2025:10:13:16 +0000] "GET /index.php?products/28873991/ HTTP/1.1" 200 17637 "-" "Mozilla/5.0 (Linux; Android 6.0.1; Nexus 5X Build/MMB29P) AppleWebKit/537.36 (KHTML, like Gecko) Chrome/140.0.7339.127 Mobile Safari/537.36 (compatible; GoogleOther)"
66.249.77.167 - - [18/Sep/2025:10:13:41 +0000] "GET /index.php?products/22536779/ HTTP/1.1" 200 18121 "-" "Mozilla/5.0 (Linux; Android 6.0.1; Nexus 5X Build/MMB29P) AppleWebKit/537.36 (KHTML, like Gecko) Chrome/140.0.7339.127 Mobile Safari/537.36 (compatible; GoogleOther)"
66.249.77.168 - - [18/Sep/2025:10:13:54 +0000] "GET /index.php?products/19647591/ HTTP/1.1" 200 17701 "-" "Mozilla/5.0 (Linux; Android 6.0.1; Nexus 5X Build/MMB29P) AppleWebKit/537.36 (KHTML, like Gecko) Chrome/140.0.7339.127 Mobile Safari/537.36 (compatible; GoogleOther)"
66.249.77.167 - - [18/Sep/2025:10:12:36 +0000] "GET /index.php?product/edit/70759857 HTTP/1.1" 200 18181 "-" "Mozilla/5.0 (Linux; Android 6.0.1; Nexus 5X Build/MMB29P) AppleWebKit/537.36 (KHTML, like Gecko) Chrome/140.0.7339.127 Mobile Safari/537.36 (compatible; GoogleOther)"
66.249.77.167 - - [18/Sep/2025:10:12:44 +0000] "POST /get-message-notify HTTP/1.1" 200 18028 "http://www.bouloter.com/products/11117080/" "Mozilla/5.0 (Linux; Android 6.0.1; Nexus 5X Build/MMB29P) AppleWebKit/537.36 (KHTML, like Gecko) Chrome/139.0.7258.127 Mobile Safari/537.36 (compatible; Googlebot/2.1; +http://www.google.com/bot.html)"
216.73.216.2 - - [18/Sep/2025:10:12:47 +0000] "GET /sitemap811.xml HTTP/1.1" 403 0 "-" "Mozilla/5.0 AppleWebKit/537.36 (KHTML, like Gecko; compatible; ClaudeBot/1.0; +claudebot@anthropic.com)"
66.249.77.167 - - [18/Sep/2025:10:12:54 +0000] "POST /get-message-notify HTTP/1.1" 200 18028 "http://www.bouloter.com/index.php?products/4224568/" "Mozilla/5.0 (Linux; Android 6.0.1; Nexus 5X Build/MMB29P) AppleWebKit/537.36 (KHTML, like Gecko) Chrome/139.0.7258.127 Mobile Safari/537.36 (compatible; Googlebot/2.1; +http://www.google.com/bot.html)"
66.249.77.167 - - [18/Sep/2025:10:13:29 +0000] "POST /get-message-notify HTTP/1.1" 200 18028 "http://www.bouloter.com/index.php?products/1178046/" "Mozilla/5.0 (Linux; Android 6.0.1; Nexus 5X Build/MMB29P) AppleWebKit/537.36 (KHTML, like Gecko) Chrome/139.0.7258.127 Mobile Safari/537.36 (compatible; Googlebot/2.1; +http://www.google.com/bot.html)"
181.120.117.211 - - [18/Sep/2025:10:13:34 +0000] "GET http://www.bouloter.com/index.php?products/26700980/ HTTP/1.1" 500 0 "http://www.bouloter.com/" "Mozilla/5.0 (Macintosh; Intel Mac OS X 10_15_7) AppleWebKit/537.36 (KHTML, like Gecko) Chrome/135.0.0.0 Safari/537.36"
66.249.77.167 - - [18/Sep/2025:10:13:35 +0000] "GET /index.php?products/22460546/ HTTP/1.1" 200 17774 "-" "Mozilla/5.0 (Linux; Android 6.0.1; Nexus 5X Build/MMB29P) AppleWebKit/537.36 (KHTML, like Gecko) Chrome/140.0.7339.127 Mobile Safari/537.36 (compatible; GoogleOther)"
66.249.77.167 - - [18/Sep/2025:10:13:45 +0000] "POST /get-message-notify HTTP/1.1" 200 18028 "http://www.bouloter.com/index.php?products/24617179/" "Mozilla/5.0 (Linux; Android 6.0.1; Nexus 5X Build/MMB29P) AppleWebKit/537.36 (KHTML, like Gecko) Chrome/139.0.7258.127 Mobile Safari/537.36 (compatible; Googlebot/2.1; +http://www.google.com/bot.html)"
66.249.77.167 - - [18/Sep/2025:10:13:47 +0000] "POST /get-message-notify HTTP/1.1" 200 18028 "http://www.bouloter.com/index.php?product/edit/70759857" "Mozilla/5.0 (Linux; Android 6.0.1; Nexus 5X Build/MMB29P) AppleWebKit/537.36 (KHTML, like Gecko) Chrome/139.0.7258.127 Mobile Safari/537.36 (compatible; Googlebot/2.1; +http://www.google.com/bot.html)"
66.249.77.167 - - [18/Sep/2025:10:13:48 +0000] "GET /index.php?products/21189257/ HTTP/1.1" 200 18371 "-" "Mozilla/5.0 (Linux; Android 6.0.1; Nexus 5X Build/MMB29P) AppleWebKit/537.36 (KHTML, like Gecko) Chrome/140.0.7339.127 Mobile Safari/537.36 (compatible; GoogleOther)"
78.69.114.183 - - [18/Sep/2025:10:14:07 +0000] "GET http://www.bouloter.com/index.php?products/7990279/ HTTP/1.1" 500 0 "http://www.bouloter.com/" "Mozilla/5.0 (Windows NT 10.0; Win64; x64; rv:137.0) Gecko/20100101 Firefox/137.0"
186.42.19.194 - - [18/Sep/2025:10:14:11 +0000] "GET http://www.bouloter.com/index.php?products/25762479/ HTTP/1.1" 500 0 "http://www.bouloter.com/" "Mozilla/5.0 (Windows NT 10.0; Win64; x64) AppleWebKit/537.36 (KHTML, like Gecko) Chrome/135.0.0.0 Safari/537.36 Edg/135.0.0.0"
66.249.77.167 - - [18/Sep/2025:10:14:38 +0000] "GET /index.php?products/8053579/ HTTP/1.1" 200 17652 "-" "Mozilla/5.0 (Linux; Android 6.0.1; Nexus 5X Build/MMB29P) AppleWebKit/537.36 (KHTML, like Gecko) Chrome/140.0.7339.127 Mobile Safari/537.36 (compatible; GoogleOther)"
66.249.77.167 - - [18/Sep/2025:10:14:42 +0000] "GET /index.php?products/24243379/ HTTP/1.1" 200 17822 "-" "Mozilla/5.0 (Linux; Android 6.0.1; Nexus 5X Build/MMB29P) AppleWebKit/537.36 (KHTML, like Gecko) Chrome/140.0.7339.127 Mobile Safari/537.36 (compatible; GoogleOther)"
66.249.77.169 - - [18/Sep/2025:10:13:04 +0000] "GET /index.php?products/16358313/ HTTP/1.1" 200 18465 "-" "Mozilla/5.0 (Linux; Android 6.0.1; Nexus 5X Build/MMB29P) AppleWebKit/537.36 (KHTML, like Gecko) Chrome/140.0.7339.127 Mobile Safari/537.36 (compatible; GoogleOther)"
66.249.77.169 - - [18/Sep/2025:10:13:04 +0000] "POST /get-message-notify HTTP/1.1" 200 18028 "http://www.bouloter.com/products/18727535/" "Mozilla/5.0 (Linux; Android 6.0.1; Nexus 5X Build/MMB29P) AppleWebKit/537.36 (KHTML, like Gecko) Chrome/139.0.7258.127 Mobile Safari/537.36 (compatible; Googlebot/2.1; +http://www.google.com/bot.html)"
66.249.77.169 - - [18/Sep/2025:10:13:04 +0000] "POST /get-message-notify HTTP/1.1" 200 18028 "http://www.bouloter.com/index.php?products/28400180/" "Mozilla/5.0 (Linux; Android 6.0.1; Nexus 5X Build/MMB29P) AppleWebKit/537.36 (KHTML, like Gecko) Chrome/139.0.7258.127 Mobile Safari/537.36 (compatible; Googlebot/2.1; +http://www.google.com/bot.html)"
66.249.77.168 - - [18/Sep/2025:10:13:17 +0000] "POST /get-message-notify HTTP/1.1" 200 18028 "http://www.bouloter.com/index.php?products/22456646/" "Mozilla/5.0 (Linux; Android 6.0.1; Nexus 5X Build/MMB29P) AppleWebKit/537.36 (KHTML, like Gecko) Chrome/139.0.7258.127 Mobile Safari/537.36 (compatible; Googlebot/2.1; +http://www.google.com/bot.html)"
66.249.77.167 - - [18/Sep/2025:10:13:24 +0000] "POST /get-message-notify HTTP/1.1" 200 18028 "http://www.bouloter.com/public/index.php?products/25458968/" "Mozilla/5.0 (Linux; Android 6.0.1; Nexus 5X Build/MMB29P) AppleWebKit/537.36 (KHTML, like Gecko) Chrome/139.0.7258.127 Mobile Safari/537.36 (compatible; Googlebot/2.1; +http://www.google.com/bot.html)"
66.249.77.167 - - [18/Sep/2025:10:13:28 +0000] "GET /public/index.php?pcmypage?callback=/product%2Fdetail%2F54810968 HTTP/1.1" 200 18112 "-" "Mozilla/5.0 (Linux; Android 6.0.1; Nexus 5X Build/MMB29P) AppleWebKit/537.36 (KHTML, like Gecko) Chrome/140.0.7339.127 Mobile Safari/537.36 (compatible; GoogleOther)"
66.249.77.167 - - [18/Sep/2025:10:13:29 +0000] "GET /index.php?products/11552002/ HTTP/1.1" 200 18178 "-" "Mozilla/5.0 (Linux; Android 6.0.1; Nexus 5X Build/MMB29P) AppleWebKit/537.36 (KHTML, like Gecko) Chrome/140.0.7339.127 Mobile Safari/537.36 (compatible; GoogleOther)"
66.249.77.168 - - [18/Sep/2025:10:14:13 +0000] "GET /index.php?products/28912679/ HTTP/1.1" 200 17602 "-" "Mozilla/5.0 (Linux; Android 6.0.1; Nexus 5X Build/MMB29P) AppleWebKit/537.36 (KHTML, like Gecko) Chrome/140.0.7339.127 Mobile Safari/537.36 (compatible; GoogleOther)"
52.167.144.150 - - [18/Sep/2025:10:14:36 +0000] "GET /products/4146646/ HTTP/1.1" 200 17986 "-" "Mozilla/5.0 AppleWebKit/537.36 (KHTML, like Gecko; compatible; bingbot/2.0; +http://www.bing.com/bingbot.htm) Chrome/116.0.1938.76 Safari/537.36"
66.249.77.167 - - [18/Sep/2025:10:15:03 +0000] "GET /index.php?products/14428057/ HTTP/1.1" 200 17776 "-" "Mozilla/5.0 (Linux; Android 6.0.1; Nexus 5X Build/MMB29P) AppleWebKit/537.36 (KHTML, like Gecko) Chrome/140.0.7339.127 Mobile Safari/537.36 (compatible; GoogleOther)"
66.249.77.167 - - [18/Sep/2025:10:15:09 +0000] "GET /index.php?products/3784191/ HTTP/1.1" 200 17949 "-" "Mozilla/5.0 (Linux; Android 6.0.1; Nexus 5X Build/MMB29P) AppleWebKit/537.36 (KHTML, like Gecko) Chrome/140.0.7339.127 Mobile Safari/537.36 (compatible; GoogleOther)"
66.249.77.167 - - [18/Sep/2025:10:15:14 +0000] "GET /public/index.php?products/22025213/ HTTP/1.1" 200 17640 "-" "Mozilla/5.0 (Linux; Android 6.0.1; Nexus 5X Build/MMB29P) AppleWebKit/537.36 (KHTML, like Gecko) Chrome/140.0.7339.127 Mobile Safari/537.36 (compatible; GoogleOther)"
66.249.77.167 - - [18/Sep/2025:10:15:16 +0000] "GET /index.php?products/12156813/ HTTP/1.1" 200 17708 "-" "Mozilla/5.0 (Linux; Android 6.0.1; Nexus 5X Build/MMB29P) AppleWebKit/537.36 (KHTML, like Gecko) Chrome/140.0.7339.127 Mobile Safari/537.36 (compatible; GoogleOther)"
66.249.77.168 - - [18/Sep/2025:10:13:54 +0000] "GET /public/index.php?products/19867835/ HTTP/1.1" 200 18119 "-" "Mozilla/5.0 (Linux; Android 6.0.1; Nexus 5X Build/MMB29P) AppleWebKit/537.36 (KHTML, like Gecko) Chrome/140.0.7339.127 Mobile Safari/537.36 (compatible; GoogleOther)"
66.249.77.169 - - [18/Sep/2025:10:14:04 +0000] "POST /get-message-notify HTTP/1.1" 200 18028 "http://www.bouloter.com/index.php?products/22460546/" "Mozilla/5.0 (Linux; Android 6.0.1; Nexus 5X Build/MMB29P) AppleWebKit/537.36 (KHTML, like Gecko) Chrome/139.0.7258.127 Mobile Safari/537.36 (compatible; Googlebot/2.1; +http://www.google.com/bot.html)"
66.249.77.167 - - [18/Sep/2025:10:14:21 +0000] "GET /public/index.php?pcmypage?callback=/product%2Fdetail%2F14419509 HTTP/1.1" 200 17754 "-" "Mozilla/5.0 (Linux; Android 6.0.1; Nexus 5X Build/MMB29P) AppleWebKit/537.36 (KHTML, like Gecko) Chrome/140.0.7339.127 Mobile Safari/537.36 (compatible; GoogleOther)"
66.249.77.167 - - [18/Sep/2025:10:14:25 +0000] "GET /index.php?products/16417702/ HTTP/1.1" 200 17492 "-" "Mozilla/5.0 (Linux; Android 6.0.1; Nexus 5X Build/MMB29P) AppleWebKit/537.36 (KHTML, like Gecko) Chrome/140.0.7339.127 Mobile Safari/537.36 (compatible; GoogleOther)"
66.249.77.167 - - [18/Sep/2025:10:14:28 +0000] "GET /index.php?products/7866957/ HTTP/1.1" 200 17564 "-" "Mozilla/5.0 (Linux; Android 6.0.1; Nexus 5X Build/MMB29P) AppleWebKit/537.36 (KHTML, like Gecko) Chrome/140.0.7339.127 Mobile Safari/537.36 (compatible; GoogleOther)"
66.249.77.167 - - [18/Sep/2025:10:14:59 +0000] "POST /get-message-notify HTTP/1.1" 200 18028 "http://www.bouloter.com/index.php?products/19647591/" "Mozilla/5.0 (Linux; Android 6.0.1; Nexus 5X Build/MMB29P) AppleWebKit/537.36 (KHTML, like Gecko) Chrome/139.0.7258.127 Mobile Safari/537.36 (compatible; Googlebot/2.1; +http://www.google.com/bot.html)"
66.249.77.167 - - [18/Sep/2025:10:15:35 +0000] "GET /index.php?products/15348457/ HTTP/1.1" 200 18319 "-" "Mozilla/5.0 (Linux; Android 6.0.1; Nexus 5X Build/MMB29P) AppleWebKit/537.36 (KHTML, like Gecko) Chrome/140.0.7339.127 Mobile Safari/537.36 (compatible; GoogleOther)"
114.119.141.9 - - [18/Sep/2025:10:15:38 +0000] "GET /products/8659479/ HTTP/1.1" 403 0 "http://www.bouloter.com/sitemap471.xml" "Mozilla/5.0 (Linux; Android 7.0;) AppleWebKit/537.36 (KHTML, like Gecko) Mobile Safari/537.36 (compatible; PetalBot;+https://webmaster.petalsearch.com/site/petalbot)"
66.249.77.167 - - [18/Sep/2025:10:15:58 +0000] "POST /get-message-notify HTTP/1.1" 200 18028 "http://www.bouloter.com/public/index.php?products/6230357/" "Mozilla/5.0 (Linux; Android 6.0.1; Nexus 5X Build/MMB29P) AppleWebKit/537.36 (KHTML, like Gecko) Chrome/139.0.7258.127 Mobile Safari/537.36 (compatible; Googlebot/2.1; +http://www.google.com/bot.html)"
66.249.77.167 - - [18/Sep/2025:10:16:00 +0000] "GET /index.php?products/4354368/ HTTP/1.1" 200 17662 "-" "Mozilla/5.0 (Linux; Android 6.0.1; Nexus 5X Build/MMB29P) AppleWebKit/537.36 (KHTML, like Gecko) Chrome/140.0.7339.127 Mobile Safari/537.36 (compatible; GoogleOther)"
66.249.77.167 - - [18/Sep/2025:10:16:04 +0000] "GET /public/index.php?products/21838835/ HTTP/1.1" 200 18481 "-" "Mozilla/5.0 (Linux; Android 6.0.1; Nexus 5X Build/MMB29P) AppleWebKit/537.36 (KHTML, like Gecko) Chrome/140.0.7339.127 Mobile Safari/537.36 (compatible; GoogleOther)"
66.249.77.167 - - [18/Sep/2025:10:16:06 +0000] "GET /public/index.php?pcmypage?callback=/product%2Fdetail%2F70499876 HTTP/1.1" 200 18051 "-" "Mozilla/5.0 (Linux; Android 6.0.1; Nexus 5X Build/MMB29P) AppleWebKit/537.36 (KHTML, like Gecko) Chrome/140.0.7339.127 Mobile Safari/537.36 (compatible; GoogleOther)"
66.249.77.167 - - [18/Sep/2025:10:16:12 +0000] "GET /index.php?products/9645580/ HTTP/1.1" 200 17175 "-" "Mozilla/5.0 (Linux; Android 6.0.1; Nexus 5X Build/MMB29P) AppleWebKit/537.36 (KHTML, like Gecko) Chrome/140.0.7339.127 Mobile Safari/537.36 (compatible; GoogleOther)"
66.249.77.167 - - [18/Sep/2025:10:14:44 +0000] "GET /products/20362913/ HTTP/1.1" 200 17652 "-" "Mozilla/5.0 (Linux; Android 6.0.1; Nexus 5X Build/MMB29P) AppleWebKit/537.36 (KHTML, like Gecko) Chrome/140.0.7339.127 Mobile Safari/537.36 (compatible; GoogleOther)"
66.249.77.167 - - [18/Sep/2025:10:14:44 +0000] "GET /index.php?products/8145446/ HTTP/1.1" 200 18252 "-" "Mozilla/5.0 (Linux; Android 6.0.1; Nexus 5X Build/MMB29P) AppleWebKit/537.36 (KHTML, like Gecko) Chrome/140.0.7339.127 Mobile Safari/537.36 (compatible; GoogleOther)"
66.249.77.167 - - [18/Sep/2025:10:14:46 +0000] "POST /get-message-notify HTTP/1.1" 200 18028 "http://www.bouloter.com/index.php?products/2503968/" "Mozilla/5.0 (Linux; Android 6.0.1; Nexus 5X Build/MMB29P) AppleWebKit/537.36 (KHTML, like Gecko) Chrome/139.0.7258.127 Mobile Safari/537.36 (compatible; Googlebot/2.1; +http://www.google.com/bot.html)"
66.249.77.167 - - [18/Sep/2025:10:14:47 +0000] "GET /public/index.php?pcmypage/callback=product/review/31837934 HTTP/1.1" 200 17109 "-" "Mozilla/5.0 (Linux; Android 6.0.1; Nexus 5X Build/MMB29P) AppleWebKit/537.36 (KHTML, like Gecko) Chrome/140.0.7339.127 Mobile Safari/537.36 (compatible; GoogleOther)"
66.249.77.167 - - [18/Sep/2025:10:14:51 +0000] "GET /index.php?products/5737579/ HTTP/1.1" 200 17920 "-" "Mozilla/5.0 (Linux; Android 6.0.1; Nexus 5X Build/MMB29P) AppleWebKit/537.36 (KHTML, like Gecko) Chrome/140.0.7339.127 Mobile Safari/537.36 (compatible; GoogleOther)"
157.55.39.56 - - [18/Sep/2025:10:14:55 +0000] "GET /products/11223991/ HTTP/1.1" 200 17675 "-" "Mozilla/5.0 AppleWebKit/537.36 (KHTML, like Gecko; compatible; bingbot/2.0; +http://www.bing.com/bingbot.htm) Chrome/116.0.1938.76 Safari/537.36"
66.249.77.167 - - [18/Sep/2025:10:15:21 +0000] "GET /index.php?products/1483146/ HTTP/1.1" 200 17608 "-" "Mozilla/5.0 (Linux; Android 6.0.1; Nexus 5X Build/MMB29P) AppleWebKit/537.36 (KHTML, like Gecko) Chrome/140.0.7339.127 Mobile Safari/537.36 (compatible; GoogleOther)"
66.249.77.167 - - [18/Sep/2025:10:15:22 +0000] "GET /index.php?products/5238413/ HTTP/1.1" 200 17367 "-" "Mozilla/5.0 (Linux; Android 6.0.1; Nexus 5X Build/MMB29P) AppleWebKit/537.36 (KHTML, like Gecko) Chrome/140.0.7339.127 Mobile Safari/537.36 (compatible; GoogleOther)"
66.249.77.167 - - [18/Sep/2025:10:15:47 +0000] "GET /index.php?products/13806991/ HTTP/1.1" 200 17812 "-" "Mozilla/5.0 (Linux; Android 6.0.1; Nexus 5X Build/MMB29P) AppleWebKit/537.36 (KHTML, like Gecko) Chrome/140.0.7339.127 Mobile Safari/537.36 (compatible; GoogleOther)"
66.249.77.167 - - [18/Sep/2025:10:15:47 +0000] "GET /public/index.php?products/6230357/ HTTP/1.1" 200 17646 "-" "Mozilla/5.0 (Linux; Android 6.0.1; Nexus 5X Build/MMB29P) AppleWebKit/537.36 (KHTML, like Gecko) Chrome/140.0.7339.127 Mobile Safari/537.36 (compatible; GoogleOther)"
66.249.77.167 - - [18/Sep/2025:10:16:09 +0000] "POST /get-message-notify HTTP/1.1" 200 18028 "http://www.bouloter.com/index.php?products/24243379/" "Mozilla/5.0 (Linux; Android 6.0.1; Nexus 5X Build/MMB29P) AppleWebKit/537.36 (KHTML, like Gecko) Chrome/139.0.7258.127 Mobile Safari/537.36 (compatible; Googlebot/2.1; +http://www.google.com/bot.html)"
66.249.77.167 - - [18/Sep/2025:10:16:32 +0000] "GET /public/index.php?pcmypage?callback=product/review/43168144 HTTP/1.1" 200 17726 "-" "Mozilla/5.0 (Linux; Android 6.0.1; Nexus 5X Build/MMB29P) AppleWebKit/537.36 (KHTML, like Gecko) Chrome/140.0.7339.127 Mobile Safari/537.36 (compatible; GoogleOther)"
66.249.77.167 - - [18/Sep/2025:10:16:38 +0000] "GET /index.php?products/24615180/ HTTP/1.1" 200 18126 "-" "Mozilla/5.0 (Linux; Android 6.0.1; Nexus 5X Build/MMB29P) AppleWebKit/537.36 (KHTML, like Gecko) Chrome/140.0.7339.127 Mobile Safari/537.36 (compatible; GoogleOther)"
66.249.77.167 - - [18/Sep/2025:10:16:50 +0000] "GET /index.php?product/edit/48469150 HTTP/1.1" 200 18622 "-" "Mozilla/5.0 (Linux; Android 6.0.1; Nexus 5X Build/MMB29P) AppleWebKit/537.36 (KHTML, like Gecko) Chrome/140.0.7339.127 Mobile Safari/537.36 (compatible; GoogleOther)"
66.249.77.167 - - [18/Sep/2025:10:15:29 +0000] "GET /index.php?products/5821157/ HTTP/1.1" 200 18324 "-" "Mozilla/5.0 (Linux; Android 6.0.1; Nexus 5X Build/MMB29P) AppleWebKit/537.36 (KHTML, like Gecko) Chrome/140.0.7339.127 Mobile Safari/537.36 (compatible; GoogleOther)"
66.249.77.167 - - [18/Sep/2025:10:15:39 +0000] "GET /public/index.php?pcmypage?callback=product/review/50564514 HTTP/1.1" 200 18151 "-" "Mozilla/5.0 (Linux; Android 6.0.1; Nexus 5X Build/MMB29P) AppleWebKit/537.36 (KHTML, like Gecko) Chrome/140.0.7339.127 Mobile Safari/537.36 (compatible; GoogleOther)"
66.249.77.167 - - [18/Sep/2025:10:15:41 +0000] "GET /index.php?products/9453824/ HTTP/1.1" 200 17686 "-" "Mozilla/5.0 (Linux; Android 6.0.1; Nexus 5X Build/MMB29P) AppleWebKit/537.36 (KHTML, like Gecko) Chrome/140.0.7339.127 Mobile Safari/537.36 (compatible; GoogleOther)"
66.249.77.167 - - [18/Sep/2025:10:15:50 +0000] "POST /get-message-notify HTTP/1.1" 200 18028 "http://www.bouloter.com/index.php?products/12156813/" "Mozilla/5.0 (Linux; Android 6.0.1; Nexus 5X Build/MMB29P) AppleWebKit/537.36 (KHTML, like Gecko) Chrome/139.0.7258.127 Mobile Safari/537.36 (compatible; Googlebot/2.1; +http://www.google.com/bot.html)"
66.249.77.167 - - [18/Sep/2025:10:15:53 +0000] "GET /products/16311446/ HTTP/1.1" 200 18172 "-" "Mozilla/5.0 (Linux; Android 6.0.1; Nexus 5X Build/MMB29P) AppleWebKit/537.36 (KHTML, like Gecko) Chrome/140.0.7339.127 Mobile Safari/537.36 (compatible; GoogleOther)"
66.249.77.167 - - [18/Sep/2025:10:16:19 +0000] "GET /index.php?products/23374357/ HTTP/1.1" 200 17212 "-" "Mozilla/5.0 (Linux; Android 6.0.1; Nexus 5X Build/MMB29P) AppleWebKit/537.36 (KHTML, like Gecko) Chrome/140.0.7339.127 Mobile Safari/537.36 (compatible; GoogleOther)"
66.249.77.167 - - [18/Sep/2025:10:16:20 +0000] "POST /get-message-notify HTTP/1.1" 200 18028 "http://www.bouloter.com/index.php?products/3784191/" "Mozilla/5.0 (Linux; Android 6.0.1; Nexus 5X Build/MMB29P) AppleWebKit/537.36 (KHTML, like Gecko) Chrome/139.0.7258.127 Mobile Safari/537.36 (compatible; Googlebot/2.1; +http://www.google.com/bot.html)"
66.249.77.167 - - [18/Sep/2025:10:16:43 +0000] "POST /get-message-notify HTTP/1.1" 200 18028 "http://www.bouloter.com/index.php?products/15348457/" "Mozilla/5.0 (Linux; Android 6.0.1; Nexus 5X Build/MMB29P) AppleWebKit/537.36 (KHTML, like Gecko) Chrome/139.0.7258.127 Mobile Safari/537.36 (compatible; Googlebot/2.1; +http://www.google.com/bot.html)"
66.249.77.168 - - [18/Sep/2025:10:16:57 +0000] "POST /get-message-notify HTTP/1.1" 200 18028 "http://www.bouloter.com/index.php?products/9645580/" "Mozilla/5.0 (Linux; Android 6.0.1; Nexus 5X Build/MMB29P) AppleWebKit/537.36 (KHTML, like Gecko) Chrome/139.0.7258.127 Mobile Safari/537.36 (compatible; Googlebot/2.1; +http://www.google.com/bot.html)"
66.249.77.168 - - [18/Sep/2025:10:17:00 +0000] "POST /get-message-notify HTTP/1.1" 200 18028 "http://www.bouloter.com/public/index.php?pcmypage/callback=product/review/31837934" "Mozilla/5.0 (Linux; Android 6.0.1; Nexus 5X Build/MMB29P) AppleWebKit/537.36 (KHTML, like Gecko) Chrome/139.0.7258.127 Mobile Safari/537.36 (compatible; Googlebot/2.1; +http://www.google.com/bot.html)"
66.249.77.167 - - [18/Sep/2025:10:17:03 +0000] "GET /index.php?products/13318491/ HTTP/1.1" 200 17518 "-" "Mozilla/5.0 (Linux; Android 6.0.1; Nexus 5X Build/MMB29P) AppleWebKit/537.36 (KHTML, like Gecko) Chrome/140.0.7339.127 Mobile Safari/537.36 (compatible; GoogleOther)"
66.249.77.167 - - [18/Sep/2025:10:17:09 +0000] "GET /index.php?products/21111157/ HTTP/1.1" 200 17849 "-" "Mozilla/5.0 (Linux; Android 6.0.1; Nexus 5X Build/MMB29P) AppleWebKit/537.36 (KHTML, like Gecko) Chrome/140.0.7339.127 Mobile Safari/537.36 (compatible; GoogleOther)"
66.249.77.167 - - [18/Sep/2025:10:17:19 +0000] "POST /get-message-notify HTTP/1.1" 200 18028 "http://www.bouloter.com/index.php?products/7062924/" "Mozilla/5.0 (Linux; Android 6.0.1; Nexus 5X Build/MMB29P) AppleWebKit/537.36 (KHTML, like Gecko) Chrome/139.0.7258.127 Mobile Safari/537.36 (compatible; Googlebot/2.1; +http://www.google.com/bot.html)"
66.249.77.167 - - [18/Sep/2025:10:16:50 +0000] "GET /index.php?products/7062924/ HTTP/1.1" 200 17034 "-" "Mozilla/5.0 (Linux; Android 6.0.1; Nexus 5X Build/MMB29P) AppleWebKit/537.36 (KHTML, like Gecko) Chrome/140.0.7339.127 Mobile Safari/537.36 (compatible; GoogleOther)"
66.249.77.167 - - [18/Sep/2025:10:16:56 +0000] "GET /index.php?products/8913102/ HTTP/1.1" 200 18370 "-" "Mozilla/5.0 (Linux; Android 6.0.1; Nexus 5X Build/MMB29P) AppleWebKit/537.36 (KHTML, like Gecko) Chrome/140.0.7339.127 Mobile Safari/537.36 (compatible; GoogleOther)"
66.249.77.167 - - [18/Sep/2025:10:16:58 +0000] "GET /index.php?product/edit/96143439 HTTP/1.1" 200 17827 "-" "Mozilla/5.0 (Linux; Android 6.0.1; Nexus 5X Build/MMB29P) AppleWebKit/537.36 (KHTML, like Gecko) Chrome/140.0.7339.127 Mobile Safari/537.36 (compatible; GoogleOther)"
66.249.77.167 - - [18/Sep/2025:10:17:00 +0000] "POST /get-message-notify HTTP/1.1" 200 18028 "http://www.bouloter.com/public/index.php?pcmypage?callback=product/review/43168144" "Mozilla/5.0 (Linux; Android 6.0.1; Nexus 5X Build/MMB29P) AppleWebKit/537.36 (KHTML, like Gecko) Chrome/139.0.7258.127 Mobile Safari/537.36 (compatible; Googlebot/2.1; +http://www.google.com/bot.html)"
57.141.0.5 - - [18/Sep/2025:10:17:37 +0000] "GET /products/21354413/ HTTP/1.1" 500 0 "-" "meta-externalagent/1.1 (+https://developers.facebook.com/docs/sharing/webmasters/crawler)"
66.249.77.167 - - [18/Sep/2025:10:17:47 +0000] "GET /index.php?products/25136146/ HTTP/1.1" 200 17539 "-" "Mozilla/5.0 (Linux; Android 6.0.1; Nexus 5X Build/MMB29P) AppleWebKit/537.36 (KHTML, like Gecko) Chrome/140.0.7339.127 Mobile Safari/537.36 (compatible; GoogleOther)"
66.249.77.168 - - [18/Sep/2025:10:17:50 +0000] "GET /index.php?products/25340635/ HTTP/1.1" 200 17641 "-" "Mozilla/5.0 (Linux; Android 6.0.1; Nexus 5X Build/MMB29P) AppleWebKit/537.36 (KHTML, like Gecko) Chrome/140.0.7339.127 Mobile Safari/537.36 (compatible; GoogleOther)"
66.249.77.168 - - [18/Sep/2025:10:17:51 +0000] "GET /public/index.php?pcmypage/callback=/product/detail/96795868 HTTP/1.1" 200 18296 "-" "Mozilla/5.0 (Linux; Android 6.0.1; Nexus 5X Build/MMB29P) AppleWebKit/537.36 (KHTML, like Gecko) Chrome/140.0.7339.127 Mobile Safari/537.36 (compatible; GoogleOther)"
66.249.77.167 - - [18/Sep/2025:10:18:17 +0000] "GET /public/index.php?pcmypage?callback=product/review/50758060 HTTP/1.1" 200 18456 "-" "Mozilla/5.0 (Linux; Android 6.0.1; Nexus 5X Build/MMB29P) AppleWebKit/537.36 (KHTML, like Gecko) Chrome/140.0.7339.127 Mobile Safari/537.36 (compatible; GoogleOther)"
66.249.77.167 - - [18/Sep/2025:10:18:18 +0000] "GET /index.php?products/21476591/ HTTP/1.1" 200 18147 "-" "Mozilla/5.0 (Linux; Android 6.0.1; Nexus 5X Build/MMB29P) AppleWebKit/537.36 (KHTML, like Gecko) Chrome/140.0.7339.127 Mobile Safari/537.36 (compatible; GoogleOther)"
66.249.77.167 - - [18/Sep/2025:10:18:19 +0000] "POST /get-message-notify HTTP/1.1" 200 18028 "http://www.bouloter.com/index.php?products/25136146/" "Mozilla/5.0 (Linux; Android 6.0.1; Nexus 5X Build/MMB29P) AppleWebKit/537.36 (KHTML, like Gecko) Chrome/139.0.7258.127 Mobile Safari/537.36 (compatible; Googlebot/2.1; +http://www.google.com/bot.html)"
66.249.77.167 - - [18/Sep/2025:10:18:20 +0000] "POST /get-message-notify HTTP/1.1" 200 18028 "http://www.bouloter.com/products/16311446/" "Mozilla/5.0 (Linux; Android 6.0.1; Nexus 5X Build/MMB29P) AppleWebKit/537.36 (KHTML, like Gecko) Chrome/139.0.7258.127 Mobile Safari/537.36 (compatible; Googlebot/2.1; +http://www.google.com/bot.html)"
