66.249.77.167 - - [18/Sep/2025:14:02:58 +0000] "GET /public/index.php?pcmypage/callback=/product/detail/22834711 HTTP/1.1" 200 17301 "-" "Mozilla/5.0 (Linux; Android 6.0.1; Nexus 5X Build/MMB29P) AppleWebKit/537.36 (KHTML, like Gecko) Chrome/140.0.7339.127 Mobile Safari/537.36 (compatible; GoogleOther)"
66.249.77.167 - - [18/Sep/2025:14:03:01 +0000] "GET /index.php?products/21940491/ HTTP/1.1" 200 18347 "-" "Mozilla/5.0 (Linux; Android 6.0.1; Nexus 5X Build/MMB29P) AppleWebKit/537.36 (KHTML, like Gecko) Chrome/140.0.7339.127 Mobile Safari/537.36 (compatible; GoogleOther)"
66.249.77.167 - - [18/Sep/2025:14:03:42 +0000] "GET /products/19187946/ HTTP/1.1" 200 17662 "-" "Mozilla/5.0 (Linux; Android 6.0.1; Nexus 5X Build/MMB29P) AppleWebKit/537.36 (KHTML, like Gecko) Chrome/140.0.7339.127 Mobile Safari/537.36 (compatible; GoogleOther)"
66.249.77.167 - - [18/Sep/2025:14:03:44 +0000] "GET /index.php?product/edit/37255623 HTTP/1.1" 200 17829 "-" "Mozilla/5.0 (Linux; Android 6.0.1; Nexus 5X Build/MMB29P) AppleWebKit/537.36 (KHTML, like Gecko) Chrome/140.0.7339.127 Mobile Safari/537.36 (compatible; GoogleOther)"
66.249.77.167 - - [18/Sep/2025:14:03:45 +0000] "GET /index.php?products/5387835/ HTTP/1.1" 200 17150 "-" "Mozilla/5.0 (Linux; Android 6.0.1; Nexus 5X Build/MMB29P) AppleWebKit/537.36 (KHTML, like Gecko) Chrome/140.0.7339.127 Mobile Safari/537.36 (compatible; GoogleOther)"
1.169.108.189 - - [18/Sep/2025:14:04:56 +0000] "GET / HTTP/1.0" 500 0 "http://bouloter.com/" "Mozilla/5.0 (Windows NT 6.3; WOW64) AppleWebKit/537.36 (KHTML, like Gecko) Chrome/103.0.5060.114 Safari/537.36"
66.249.77.168 - - [18/Sep/2025:14:05:15 +0000] "GET /public/index.php?pcmypage?callback=/product%2Fdetail%2F12171114 HTTP/1.1" 200 17659 "-" "Mozilla/5.0 (Linux; Android 6.0.1; Nexus 5X Build/MMB29P) AppleWebKit/537.36 (KHTML, like Gecko) Chrome/140.0.7339.127 Mobile Safari/537.36 (compatible; GoogleOther)"
66.249.77.167 - - [18/Sep/2025:14:05:38 +0000] "GET /products/2106391/ HTTP/1.1" 200 18455 "-" "Mozilla/5.0 (Linux; Android 6.0.1; Nexus 5X Build/MMB29P) AppleWebKit/537.36 (KHTML, like Gecko) Chrome/140.0.7339.127 Mobile Safari/537.36 (compatible; GoogleOther)"
66.249.77.167 - - [18/Sep/2025:14:05:38 +0000] "GET /public/index.php?pcmypage?callback=product/review/90942012 HTTP/1.1" 200 17922 "-" "Mozilla/5.0 (Linux; Android 6.0.1; Nexus 5X Build/MMB29P) AppleWebKit/537.36 (KHTML, like Gecko) Chrome/140.0.7339.127 Mobile Safari/537.36 (compatible; GoogleOther)"
66.249.77.167 - - [18/Sep/2025:14:05:39 +0000] "GET /index.php?products/5141680/ HTTP/1.1" 200 17679 "-" "Mozilla/5.0 (Linux; Android 6.0.1; Nexus 5X Build/MMB29P) AppleWebKit/537.36 (KHTML, like Gecko) Chrome/140.0.7339.127 Mobile Safari/537.36 (compatible; GoogleOther)"
66.249.77.167 - - [18/Sep/2025:14:05:47 +0000] "GET /index.php?products/27561124/ HTTP/1.1" 200 18377 "-" "Mozilla/5.0 (Linux; Android 6.0.1; Nexus 5X Build/MMB29P) AppleWebKit/537.36 (KHTML, like Gecko) Chrome/140.0.7339.127 Mobile Safari/537.36 (compatible; GoogleOther)"
57.141.0.16 - - [18/Sep/2025:14:03:19 +0000] "GET /products/29380635/ HTTP/1.1" 500 0 "-" "meta-externalagent/1.1 (+https://developers.facebook.com/docs/sharing/webmasters/crawler)"
66.249.77.167 - - [18/Sep/2025:14:03:21 +0000] "GET /public/index.php?pcmypage?callback=product/review/19340738 HTTP/1.1" 200 17116 "-" "Mozilla/5.0 (Linux; Android 6.0.1; Nexus 5X Build/MMB29P) AppleWebKit/537.36 (KHTML, like Gecko) Chrome/140.0.7339.127 Mobile Safari/537.36 (compatible; GoogleOther)"
66.249.77.167 - - [18/Sep/2025:14:03:53 +0000] "GET /index.php?products/18092079/ HTTP/1.1" 200 17786 "-" "Mozilla/5.0 (Linux; Android 6.0.1; Nexus 5X Build/MMB29P) AppleWebKit/537.36 (KHTML, like Gecko) Chrome/140.0.7339.127 Mobile Safari/537.36 (compatible; GoogleOther)"
66.249.77.168 - - [18/Sep/2025:14:04:07 +0000] "GET /public/index.php?products/23640857/ HTTP/1.1" 200 17746 "-" "Mozilla/5.0 (Linux; Android 6.0.1; Nexus 5X Build/MMB29P) AppleWebKit/537.36 (KHTML, like Gecko) Chrome/140.0.7339.127 Mobile Safari/537.36 (compatible; GoogleOther)"
66.249.77.168 - - [18/Sep/2025:14:04:11 +0000] "GET /index.php?products/1496991/ HTTP/1.1" 200 18399 "-" "Mozilla/5.0 (Linux; Android 6.0.1; Nexus 5X Build/MMB29P) AppleWebKit/537.36 (KHTML, like Gecko) Chrome/140.0.7339.127 Mobile Safari/537.36 (compatible; GoogleOther)"
66.249.77.167 - - [18/Sep/2025:14:04:37 +0000] "GET /index.php?products/11964702/ HTTP/1.1" 200 18374 "-" "Mozilla/5.0 (Linux; Android 6.0.1; Nexus 5X Build/MMB29P) AppleWebKit/537.36 (KHTML, like Gecko) Chrome/140.0.7339.127 Mobile Safari/537.36 (compatible; GoogleOther)"
66.249.77.167 - - [18/Sep/2025:14:04:46 +0000] "GET /index.php?products/27732868/ HTTP/1.1" 200 17182 "-" "Mozilla/5.0 (Linux; Android 6.0.1; Nexus 5X Build/MMB29P) AppleWebKit/537.36 (KHTML, like Gecko) Chrome/140.0.7339.127 Mobile Safari/537.36 (compatible; GoogleOther)"
66.249.77.167 - - [18/Sep/2025:14:04:48 +0000] "GET /products/23134057/ HTTP/1.1" 200 18539 "-" "Mozilla/5.0 (Linux; Android 6.0.1; Nexus 5X Build/MMB29P) AppleWebKit/537.36 (KHTML, like Gecko) Chrome/140.0.7339.127 Mobile Safari/537.36 (compatible; GoogleOther)"
66.249.77.167 - - [18/Sep/2025:14:04:52 +0000] "GET /public/index.php?pcmypage/callback=product/review/52929006 HTTP/1.1" 200 17981 "-" "Mozilla/5.0 (Linux; Android 6.0.1; Nexus 5X Build/MMB29P) AppleWebKit/537.36 (KHTML, like Gecko) Chrome/140.0.7339.127 Mobile Safari/537.36 (compatible; GoogleOther)"
1.169.108.189 - - [18/Sep/2025:14:04:56 +0000] "GET /contacts/ HTTP/1.0" 500 0 "http://bouloter.com/contacts/" "Mozilla/5.0 (Windows NT 6.3; WOW64) AppleWebKit/537.36 (KHTML, like Gecko) Chrome/103.0.5060.114 Safari/537.36"
66.249.77.167 - - [18/Sep/2025:14:05:21 +0000] "GET /index.php?products/2068546/ HTTP/1.1" 200 17710 "-" "Mozilla/5.0 (Linux; Android 6.0.1; Nexus 5X Build/MMB29P) AppleWebKit/537.36 (KHTML, like Gecko) Chrome/140.0.7339.127 Mobile Safari/537.36 (compatible; GoogleOther)"
157.55.39.15 - - [18/Sep/2025:14:06:06 +0000] "GET /products/9791535/ HTTP/1.1" 200 18021 "-" "Mozilla/5.0 AppleWebKit/537.36 (KHTML, like Gecko; compatible; bingbot/2.0; +http://www.bing.com/bingbot.htm) Chrome/116.0.1938.76 Safari/537.36"
66.249.77.167 - - [18/Sep/2025:14:07:24 +0000] "GET /index.php?products/13992580/ HTTP/1.1" 200 17634 "-" "Mozilla/5.0 (Linux; Android 6.0.1; Nexus 5X Build/MMB29P) AppleWebKit/537.36 (KHTML, like Gecko) Chrome/140.0.7339.127 Mobile Safari/537.36 (compatible; GoogleOther)"
157.55.39.203 - - [18/Sep/2025:14:07:27 +0000] "GET /products/9311624/ HTTP/1.1" 200 17421 "-" "Mozilla/5.0 AppleWebKit/537.36 (KHTML, like Gecko; compatible; bingbot/2.0; +http://www.bing.com/bingbot.htm) Chrome/116.0.1938.76 Safari/537.36"
66.249.77.167 - - [18/Sep/2025:14:07:50 +0000] "GET /index.php?products/11493535/ HTTP/1.1" 200 17668 "-" "Mozilla/5.0 (Linux; Android 6.0.1; Nexus 5X Build/MMB29P) AppleWebKit/537.36 (KHTML, like Gecko) Chrome/140.0.7339.127 Mobile Safari/537.36 (compatible; GoogleOther)"
66.249.77.167 - - [18/Sep/2025:14:05:56 +0000] "GET /index.php?products/21080046/ HTTP/1.1" 200 17507 "-" "Mozilla/5.0 (Linux; Android 6.0.1; Nexus 5X Build/MMB29P) AppleWebKit/537.36 (KHTML, like Gecko) Chrome/140.0.7339.127 Mobile Safari/537.36 (compatible; GoogleOther)"
57.141.0.63 - - [18/Sep/2025:14:05:59 +0000] "GET /products/4406946/ HTTP/1.1" 500 0 "-" "meta-externalagent/1.1 (+https://developers.facebook.com/docs/sharing/webmasters/crawler)"
66.249.77.167 - - [18/Sep/2025:14:06:31 +0000] "GET /index.php?products/21944546/ HTTP/1.1" 200 17905 "-" "Mozilla/5.0 (Linux; Android 6.0.1; Nexus 5X Build/MMB29P) AppleWebKit/537.36 (KHTML, like Gecko) Chrome/140.0.7339.127 Mobile Safari/537.36 (compatible; GoogleOther)"
66.249.77.167 - - [18/Sep/2025:14:06:40 +0000] "GET /index.php?products/6686780/ HTTP/1.1" 200 18346 "-" "Mozilla/5.0 (Linux; Android 6.0.1; Nexus 5X Build/MMB29P) AppleWebKit/537.36 (KHTML, like Gecko) Chrome/140.0.7339.127 Mobile Safari/537.36 (compatible; GoogleOther)"
66.249.77.167 - - [18/Sep/2025:14:06:46 +0000] "GET /public/index.php?pcmypage?callback=/product%2Fdetail%2F75667002 HTTP/1.1" 200 17869 "-" "Mozilla/5.0 (Linux; Android 6.0.1; Nexus 5X Build/MMB29P) AppleWebKit/537.36 (KHTML, like Gecko) Chrome/140.0.7339.127 Mobile Safari/537.36 (compatible; GoogleOther)"
66.249.77.167 - - [18/Sep/2025:14:06:57 +0000] "GET /public/index.php?products/8584602/ HTTP/1.1" 200 18623 "-" "Mozilla/5.0 (Linux; Android 6.0.1; Nexus 5X Build/MMB29P) AppleWebKit/537.36 (KHTML, like Gecko) Chrome/140.0.7339.127 Mobile Safari/537.36 (compatible; GoogleOther)"
66.249.77.168 - - [18/Sep/2025:14:07:15 +0000] "GET /index.php?products/9865024/ HTTP/1.1" 200 17140 "-" "Mozilla/5.0 (Linux; Android 6.0.1; Nexus 5X Build/MMB29P) AppleWebKit/537.36 (KHTML, like Gecko) Chrome/140.0.7339.127 Mobile Safari/537.36 (compatible; GoogleOther)"
66.249.77.168 - - [18/Sep/2025:14:07:17 +0000] "GET /index.php?products/7419780/ HTTP/1.1" 200 17545 "-" "Mozilla/5.0 (Linux; Android 6.0.1; Nexus 5X Build/MMB29P) AppleWebKit/537.36 (KHTML, like Gecko) Chrome/140.0.7339.127 Mobile Safari/537.36 (compatible; GoogleOther)"
66.249.77.167 - - [18/Sep/2025:14:07:39 +0000] "GET /products/30648913/ HTTP/1.1" 200 17595 "-" "Mozilla/5.0 (Linux; Android 6.0.1; Nexus 5X Build/MMB29P) AppleWebKit/537.36 (KHTML, like Gecko) Chrome/140.0.7339.127 Mobile Safari/537.36 (compatible; Googlebot/2.1; +http://www.google.com/bot.html)"
66.249.77.167 - - [18/Sep/2025:14:08:16 +0000] "GET /index.php?products/12395335/ HTTP/1.1" 200 18182 "-" "Mozilla/5.0 (Linux; Android 6.0.1; Nexus 5X Build/MMB29P) AppleWebKit/537.36 (KHTML, like Gecko) Chrome/140.0.7339.127 Mobile Safari/537.36 (compatible; GoogleOther)"
66.249.77.167 - - [18/Sep/2025:14:08:18 +0000] "GET /public/index.php?pcmypage?callback=product/review/54865244 HTTP/1.1" 200 18139 "-" "Mozilla/5.0 (Linux; Android 6.0.1; Nexus 5X Build/MMB29P) AppleWebKit/537.36 (KHTML, like Gecko) Chrome/140.0.7339.127 Mobile Safari/537.36 (compatible; GoogleOther)"
66.249.77.167 - - [18/Sep/2025:14:08:39 +0000] "GET /products/7685468/ HTTP/1.1" 200 17483 "-" "Mozilla/5.0 (Linux; Android 6.0.1; Nexus 5X Build/MMB29P) AppleWebKit/537.36 (KHTML, like Gecko) Chrome/140.0.7339.127 Mobile Safari/537.36 (compatible; GoogleOther)"
66.249.77.167 - - [18/Sep/2025:14:08:41 +0000] "GET /public/index.php?pcmypage?callback=/product%2Fdetail%2F80803071 HTTP/1.1" 200 17155 "-" "Mozilla/5.0 (Linux; Android 6.0.1; Nexus 5X Build/MMB29P) AppleWebKit/537.36 (KHTML, like Gecko) Chrome/140.0.7339.127 Mobile Safari/537.36 (compatible; GoogleOther)"
66.249.77.167 - - [18/Sep/2025:14:08:42 +0000] "GET /index.php?products/19258891/ HTTP/1.1" 200 17260 "-" "Mozilla/5.0 (Linux; Android 6.0.1; Nexus 5X Build/MMB29P) AppleWebKit/537.36 (KHTML, like Gecko) Chrome/140.0.7339.127 Mobile Safari/537.36 (compatible; GoogleOther)"
66.249.77.167 - - [18/Sep/2025:14:04:29 +0000] "GET /public/index.php?pcmypage?callback=product/review/26965507 HTTP/1.1" 200 17835 "-" "Mozilla/5.0 (Linux; Android 6.0.1; Nexus 5X Build/MMB29P) AppleWebKit/537.36 (KHTML, like Gecko) Chrome/140.0.7339.127 Mobile Safari/537.36 (compatible; GoogleOther)"
66.249.77.167 - - [18/Sep/2025:14:05:03 +0000] "GET /index.php?products/10929402/ HTTP/1.1" 200 17220 "-" "Mozilla/5.0 (Linux; Android 6.0.1; Nexus 5X Build/MMB29P) AppleWebKit/537.36 (KHTML, like Gecko) Chrome/140.0.7339.127 Mobile Safari/537.36 (compatible; GoogleOther)"
217.199.227.12 - - [18/Sep/2025:14:05:48 +0000] "GET http://www.bouloter.com/index.php?products/22634435/ HTTP/1.1" 500 0 "http://www.bouloter.com/" "Mozilla/5.0 (Windows NT 10.0; Win64; x64) AppleWebKit/537.36 (KHTML, like Gecko) Chrome/135.0.0.0 Safari/537.36"
66.249.77.168 - - [18/Sep/2025:14:06:01 +0000] "GET /public/index.php?pcmypage?callback=product/review/29991639 HTTP/1.1" 200 17575 "-" "Mozilla/5.0 (Linux; Android 6.0.1; Nexus 5X Build/MMB29P) AppleWebKit/537.36 (KHTML, like Gecko) Chrome/140.0.7339.127 Mobile Safari/537.36 (compatible; GoogleOther)"
66.249.77.168 - - [18/Sep/2025:14:06:05 +0000] "GET /index.php?products/19910580/ HTTP/1.1" 200 17815 "-" "Mozilla/5.0 (Linux; Android 6.0.1; Nexus 5X Build/MMB29P) AppleWebKit/537.36 (KHTML, like Gecko) Chrome/140.0.7339.127 Mobile Safari/537.36 (compatible; GoogleOther)"
66.249.77.168 - - [18/Sep/2025:14:06:24 +0000] "GET /public/index.php?pcmypage/callback=/product/detail/88655020 HTTP/1.1" 200 17947 "-" "Mozilla/5.0 (Linux; Android 6.0.1; Nexus 5X Build/MMB29P) AppleWebKit/537.36 (KHTML, like Gecko) Chrome/140.0.7339.127 Mobile Safari/537.36 (compatible; GoogleOther)"
66.249.77.169 - - [18/Sep/2025:14:07:06 +0000] "GET /index.php?products/8931102/ HTTP/1.1" 200 17967 "-" "Mozilla/5.0 (Linux; Android 6.0.1; Nexus 5X Build/MMB29P) AppleWebKit/537.36 (KHTML, like Gecko) Chrome/140.0.7339.127 Mobile Safari/537.36 (compatible; GoogleOther)"
66.249.77.169 - - [18/Sep/2025:14:07:09 +0000] "GET /public/index.php?pcmypage/callback=product/review/95836433 HTTP/1.1" 200 17327 "-" "Mozilla/5.0 (Linux; Android 6.0.1; Nexus 5X Build/MMB29P) AppleWebKit/537.36 (KHTML, like Gecko) Chrome/140.0.7339.127 Mobile Safari/537.36 (compatible; GoogleOther)"
66.249.77.167 - - [18/Sep/2025:14:07:32 +0000] "GET /public/index.php?pcmypage/callback=/product/detail/51763108 HTTP/1.1" 200 18183 "-" "Mozilla/5.0 (Linux; Android 6.0.1; Nexus 5X Build/MMB29P) AppleWebKit/537.36 (KHTML, like Gecko) Chrome/140.0.7339.127 Mobile Safari/537.36 (compatible; GoogleOther)"
66.249.77.167 - - [18/Sep/2025:14:07:34 +0000] "GET /index.php?products/9063846/ HTTP/1.1" 200 17449 "-" "Mozilla/5.0 (Linux; Android 6.0.1; Nexus 5X Build/MMB29P) AppleWebKit/537.36 (KHTML, like Gecko) Chrome/140.0.7339.127 Mobile Safari/537.36 (compatible; GoogleOther)"
66.249.77.167 - - [18/Sep/2025:14:07:45 +0000] "POST /get-message-notify HTTP/1.1" 200 18028 "http://www.bouloter.com/products/30648913/" "Mozilla/5.0 (Linux; Android 6.0.1; Nexus 5X Build/MMB29P) AppleWebKit/537.36 (KHTML, like Gecko) Chrome/139.0.7258.127 Mobile Safari/537.36 (compatible; Googlebot/2.1; +http://www.google.com/bot.html)"
66.249.77.167 - - [18/Sep/2025:14:08:55 +0000] "GET /index.php?products/24037913/ HTTP/1.1" 200 17657 "-" "Mozilla/5.0 (Linux; Android 6.0.1; Nexus 5X Build/MMB29P) AppleWebKit/537.36 (KHTML, like Gecko) Chrome/140.0.7339.127 Mobile Safari/537.36 (compatible; GoogleOther)"
66.249.77.169 - - [18/Sep/2025:14:09:03 +0000] "GET /public/index.php?pcmypage?callback=/product%2Fdetail%2F10825415 HTTP/1.1" 200 17892 "-" "Mozilla/5.0 (Linux; Android 6.0.1; Nexus 5X Build/MMB29P) AppleWebKit/537.36 (KHTML, like Gecko) Chrome/140.0.7339.127 Mobile Safari/537.36 (compatible; GoogleOther)"
66.249.77.167 - - [18/Sep/2025:14:09:44 +0000] "GET /index.php?products/10187213/ HTTP/1.1" 200 17908 "-" "Mozilla/5.0 (Linux; Android 6.0.1; Nexus 5X Build/MMB29P) AppleWebKit/537.36 (KHTML, like Gecko) Chrome/140.0.7339.127 Mobile Safari/537.36 (compatible; GoogleOther)"
114.119.155.69 - - [18/Sep/2025:14:09:59 +0000] "GET /products/8497979/ HTTP/1.1" 403 0 "http://www.bouloter.com/sitemap475.xml" "Mozilla/5.0 (Linux; Android 7.0;) AppleWebKit/537.36 (KHTML, like Gecko) Mobile Safari/537.36 (compatible; PetalBot;+https://webmaster.petalsearch.com/site/petalbot)"
66.249.77.168 - - [18/Sep/2025:14:10:12 +0000] "GET /public/index.php?products/20664813/ HTTP/1.1" 200 18065 "-" "Mozilla/5.0 (Linux; Android 6.0.1; Nexus 5X Build/MMB29P) AppleWebKit/537.36 (KHTML, like Gecko) Chrome/140.0.7339.127 Mobile Safari/537.36 (compatible; GoogleOther)"
47.82.11.5 - - [18/Sep/2025:14:10:23 +0000] "GET /index.php?products/15974291/ HTTP/1.1" 500 0 "http://www.bouloter.com/" "Mozilla/5.0 (Windows NT 10.0; Win64; x64) AppleWebKit/537.36 (KHTML, like Gecko) Chrome/135.0.0.0 Safari/537.36"
66.249.77.167 - - [18/Sep/2025:14:10:27 +0000] "GET /index.php?products/14250957/ HTTP/1.1" 200 18314 "-" "Mozilla/5.0 (Linux; Android 6.0.1; Nexus 5X Build/MMB29P) AppleWebKit/537.36 (KHTML, like Gecko) Chrome/140.0.7339.127 Mobile Safari/537.36 (compatible; GoogleOther)"
66.249.77.167 - - [18/Sep/2025:14:10:35 +0000] "GET /public/index.php?pcmypage?callback=/product%2Fdetail%2F81910198 HTTP/1.1" 200 17728 "-" "Mozilla/5.0 (Linux; Android 6.0.1; Nexus 5X Build/MMB29P) AppleWebKit/537.36 (KHTML, like Gecko) Chrome/140.0.7339.127 Mobile Safari/537.36 (compatible; GoogleOther)"
66.249.77.167 - - [18/Sep/2025:14:10:36 +0000] "GET /index.php?products/2473368/ HTTP/1.1" 200 17294 "-" "Mozilla/5.0 (Linux; Android 6.0.1; Nexus 5X Build/MMB29P) AppleWebKit/537.36 (KHTML, like Gecko) Chrome/140.0.7339.127 Mobile Safari/537.36 (compatible; GoogleOther)"
52.167.144.138 - - [18/Sep/2025:14:11:01 +0000] "GET /products/11787668/ HTTP/1.1" 200 17395 "-" "Mozilla/5.0 AppleWebKit/537.36 (KHTML, like Gecko; compatible; bingbot/2.0; +http://www.bing.com/bingbot.htm) Chrome/116.0.1938.76 Safari/537.36"
66.249.77.167 - - [18/Sep/2025:14:11:20 +0000] "GET /index.php?products/22865746/ HTTP/1.1" 200 18176 "-" "Mozilla/5.0 (Linux; Android 6.0.1; Nexus 5X Build/MMB29P) AppleWebKit/537.36 (KHTML, like Gecko) Chrome/140.0.7339.127 Mobile Safari/537.36 (compatible; GoogleOther)"
66.249.77.168 - - [18/Sep/2025:14:11:20 +0000] "GET /public/index.php?pcmypage?callback=product%2Fdetail%2F27528569 HTTP/1.1" 200 18189 "-" "Mozilla/5.0 (Linux; Android 6.0.1; Nexus 5X Build/MMB29P) AppleWebKit/537.36 (KHTML, like Gecko) Chrome/140.0.7339.127 Mobile Safari/537.36 (compatible; GoogleOther)"
200.53.192.169 - - [18/Sep/2025:14:11:22 +0000] "GET http://www.bouloter.com/index.php?products/21355691/ HTTP/1.1" 500 0 "http://www.bouloter.com/" "Mozilla/5.0 (Macintosh; Intel Mac OS X 10_15_7) AppleWebKit/537.36 (KHTML, like Gecko) Chrome/134.0.0.0 Safari/537.36"
157.55.39.203 - - [18/Sep/2025:14:11:27 +0000] "GET /products/26087002/ HTTP/1.1" 200 17424 "-" "Mozilla/5.0 AppleWebKit/537.36 (KHTML, like Gecko; compatible; bingbot/2.0; +http://www.bing.com/bingbot.htm) Chrome/116.0.1938.76 Safari/537.36"
66.249.77.167 - - [18/Sep/2025:14:11:29 +0000] "GET /index.php?products/8476080/ HTTP/1.1" 200 18151 "-" "Mozilla/5.0 (Linux; Android 6.0.1; Nexus 5X Build/MMB29P) AppleWebKit/537.36 (KHTML, like Gecko) Chrome/140.0.7339.127 Mobile Safari/537.36 (compatible; GoogleOther)"
179.216.118.197 - - [18/Sep/2025:14:11:39 +0000] "GET http://www.bouloter.com/index.php?products/15616979/ HTTP/1.1" 500 0 "http://www.bouloter.com/" "Mozilla/5.0 (Windows NT 10.0; Win64; x64) AppleWebKit/537.36 (KHTML, like Gecko) Chrome/135.0.0.0 Safari/537.36"
66.249.77.167 - - [18/Sep/2025:14:11:43 +0000] "GET /public/index.php?pcmypage/callback=product/review/98601577 HTTP/1.1" 200 17580 "-" "Mozilla/5.0 (Linux; Android 6.0.1; Nexus 5X Build/MMB29P) AppleWebKit/537.36 (KHTML, like Gecko) Chrome/140.0.7339.127 Mobile Safari/537.36 (compatible; GoogleOther)"
66.249.77.167 - - [18/Sep/2025:14:07:55 +0000] "GET /public/index.php?pcmypage?callback=/product%2Fdetail%2F15689255 HTTP/1.1" 200 18292 "-" "Mozilla/5.0 (Linux; Android 6.0.1; Nexus 5X Build/MMB29P) AppleWebKit/537.36 (KHTML, like Gecko) Chrome/140.0.7339.127 Mobile Safari/537.36 (compatible; GoogleOther)"
66.249.77.167 - - [18/Sep/2025:14:07:58 +0000] "GET /index.php?products/17432779/ HTTP/1.1" 200 17834 "-" "Mozilla/5.0 (Linux; Android 6.0.1; Nexus 5X Build/MMB29P) AppleWebKit/537.36 (KHTML, like Gecko) Chrome/140.0.7339.127 Mobile Safari/537.36 (compatible; GoogleOther)"
66.249.77.169 - - [18/Sep/2025:14:08:07 +0000] "GET /index.php?products/24288991/ HTTP/1.1" 200 18592 "-" "Mozilla/5.0 (Linux; Android 6.0.1; Nexus 5X Build/MMB29P) AppleWebKit/537.36 (KHTML, like Gecko) Chrome/140.0.7339.127 Mobile Safari/537.36 (compatible; GoogleOther)"
66.249.77.167 - - [18/Sep/2025:14:08:25 +0000] "GET /index.php?products/23312146/ HTTP/1.1" 200 17862 "-" "Mozilla/5.0 (Linux; Android 6.0.1; Nexus 5X Build/MMB29P) AppleWebKit/537.36 (KHTML, like Gecko) Chrome/140.0.7339.127 Mobile Safari/537.36 (compatible; GoogleOther)"
66.249.77.167 - - [18/Sep/2025:14:08:29 +0000] "GET /public/index.php?products/23696002/ HTTP/1.1" 200 17867 "-" "Mozilla/5.0 (Linux; Android 6.0.1; Nexus 5X Build/MMB29P) AppleWebKit/537.36 (KHTML, like Gecko) Chrome/140.0.7339.127 Mobile Safari/537.36 (compatible; GoogleOther)"
66.249.77.167 - - [18/Sep/2025:14:08:34 +0000] "GET /index.php?products/25180802/ HTTP/1.1" 200 17670 "-" "Mozilla/5.0 (Linux; Android 6.0.1; Nexus 5X Build/MMB29P) AppleWebKit/537.36 (KHTML, like Gecko) Chrome/140.0.7339.127 Mobile Safari/537.36 (compatible; GoogleOther)"
66.249.77.167 - - [18/Sep/2025:14:09:00 +0000] "GET /index.php?products/18987902/ HTTP/1.1" 200 18438 "-" "Mozilla/5.0 (Linux; Android 6.0.1; Nexus 5X Build/MMB29P) AppleWebKit/537.36 (KHTML, like Gecko) Chrome/140.0.7339.127 Mobile Safari/537.36 (compatible; GoogleOther)"
66.249.77.167 - - [18/Sep/2025:14:09:26 +0000] "GET /index.php?products/21212435/ HTTP/1.1" 200 17825 "-" "Mozilla/5.0 (Linux; Android 6.0.1; Nexus 5X Build/MMB29P) AppleWebKit/537.36 (KHTML, like Gecko) Chrome/140.0.7339.127 Mobile Safari/537.36 (compatible; GoogleOther)"
66.249.77.167 - - [18/Sep/2025:14:09:26 +0000] "GET /public/index.php?pcmypage?callback=/product%2Fdetail%2F95964023 HTTP/1.1" 200 17273 "-" "Mozilla/5.0 (Linux; Android 6.0.1; Nexus 5X Build/MMB29P) AppleWebKit/537.36 (KHTML, like Gecko) Chrome/140.0.7339.127 Mobile Safari/537.36 (compatible; GoogleOther)"
66.249.77.168 - - [18/Sep/2025:14:10:01 +0000] "GET /products/23615757/ HTTP/1.1" 200 17932 "-" "Mozilla/5.0 (Linux; Android 6.0.1; Nexus 5X Build/MMB29P) AppleWebKit/537.36 (KHTML, like Gecko) Chrome/140.0.7339.127 Mobile Safari/537.36 (compatible; GoogleOther)"
66.249.77.167 - - [18/Sep/2025:14:10:10 +0000] "GET /index.php?products/28401591/ HTTP/1.1" 200 17770 "-" "Mozilla/5.0 (Linux; Android 6.0.1; Nexus 5X Build/MMB29P) AppleWebKit/537.36 (KHTML, like Gecko) Chrome/140.0.7339.127 Mobile Safari/537.36 (compatible; GoogleOther)"
66.249.77.167 - - [18/Sep/2025:14:10:54 +0000] "GET /index.php?products/19345891/ HTTP/1.1" 200 17940 "-" "Mozilla/5.0 (Linux; Android 6.0.1; Nexus 5X Build/MMB29P) AppleWebKit/537.36 (KHTML, like Gecko) Chrome/140.0.7339.127 Mobile Safari/537.36 (compatible; GoogleOther)"
66.249.77.167 - - [18/Sep/2025:14:10:58 +0000] "GET /public/index.php?pcmypage?callback=/product%2Fdetail%2F24549102 HTTP/1.1" 200 18224 "-" "Mozilla/5.0 (Linux; Android 6.0.1; Nexus 5X Build/MMB29P) AppleWebKit/537.36 (KHTML, like Gecko) Chrome/140.0.7339.127 Mobile Safari/537.36 (compatible; GoogleOther)"
187.181.131.110 - - [18/Sep/2025:14:11:40 +0000] "GET http://www.bouloter.com/index.php?products/1171424/ HTTP/1.1" 500 0 "http://www.bouloter.com/" "Mozilla/5.0 (Windows NT 10.0; Win64; x64) AppleWebKit/537.36 (KHTML, like Gecko) Chrome/131.0.0.0 Safari/537.36"
66.249.77.167 - - [18/Sep/2025:14:08:46 +0000] "GET /index.php?products/3740313/ HTTP/1.1" 200 17698 "-" "Mozilla/5.0 (Linux; Android 6.0.1; Nexus 5X Build/MMB29P) AppleWebKit/537.36 (KHTML, like Gecko) Chrome/140.0.7339.127 Mobile Safari/537.36 (compatible; GoogleOther)"
66.249.77.167 - - [18/Sep/2025:14:08:47 +0000] "GET /index.php?products/22436968/ HTTP/1.1" 200 17298 "-" "Mozilla/5.0 (Linux; Android 6.0.1; Nexus 5X Build/MMB29P) AppleWebKit/537.36 (KHTML, like Gecko) Chrome/140.0.7339.127 Mobile Safari/537.36 (compatible; GoogleOther)"
66.249.77.167 - - [18/Sep/2025:14:08:51 +0000] "GET /index.php?products/18490979/ HTTP/1.1" 200 17473 "-" "Mozilla/5.0 (Linux; Android 6.0.1; Nexus 5X Build/MMB29P) AppleWebKit/537.36 (KHTML, like Gecko) Chrome/140.0.7339.127 Mobile Safari/537.36 (compatible; GoogleOther)"
66.249.77.167 - - [18/Sep/2025:14:09:09 +0000] "GET /index.php?products/12631068/ HTTP/1.1" 200 17529 "-" "Mozilla/5.0 (Linux; Android 6.0.1; Nexus 5X Build/MMB29P) AppleWebKit/537.36 (KHTML, like Gecko) Chrome/140.0.7339.127 Mobile Safari/537.36 (compatible; GoogleOther)"
66.249.77.167 - - [18/Sep/2025:14:09:17 +0000] "GET /index.php?products/26140957/ HTTP/1.1" 200 17276 "-" "Mozilla/5.0 (Linux; Android 6.0.1; Nexus 5X Build/MMB29P) AppleWebKit/537.36 (KHTML, like Gecko) Chrome/140.0.7339.127 Mobile Safari/537.36 (compatible; GoogleOther)"
66.249.77.167 - - [18/Sep/2025:14:09:49 +0000] "GET /public/index.php?pcmypage?callback=product%2Fdetail%2F95517885 HTTP/1.1" 200 17759 "-" "Mozilla/5.0 (Linux; Android 6.0.1; Nexus 5X Build/MMB29P) AppleWebKit/537.36 (KHTML, like Gecko) Chrome/140.0.7339.127 Mobile Safari/537.36 (compatible; GoogleOther)"
66.249.77.167 - - [18/Sep/2025:14:09:52 +0000] "GET /index.php?products/24401079/ HTTP/1.1" 200 17874 "-" "Mozilla/5.0 (Linux; Android 6.0.1; Nexus 5X Build/MMB29P) AppleWebKit/537.36 (KHTML, like Gecko) Chrome/140.0.7339.127 Mobile Safari/537.36 (compatible; GoogleOther)"
66.249.77.169 - - [18/Sep/2025:14:10:01 +0000] "GET /index.php?products/13595957/ HTTP/1.1" 200 17234 "-" "Mozilla/5.0 (Linux; Android 6.0.1; Nexus 5X Build/MMB29P) AppleWebKit/537.36 (KHTML, like Gecko) Chrome/140.0.7339.127 Mobile Safari/537.36 (compatible; GoogleOther)"
57.141.0.18 - - [18/Sep/2025:14:10:14 +0000] "GET /products/11246580/ HTTP/1.1" 500 0 "-" "meta-externalagent/1.1 (+https://developers.facebook.com/docs/sharing/webmasters/crawler)"
191.177.178.171 - - [18/Sep/2025:14:10:17 +0000] "GET http://www.bouloter.com/index.php?products/25069246/ HTTP/1.1" 500 0 "http://www.bouloter.com/" "Mozilla/5.0 (Windows NT 10.0; Win64; x64) AppleWebKit/537.36 (KHTML, like Gecko) Chrome/134.0.0.0 Safari/537.36 Edg/134.0.0.0"
66.249.77.167 - - [18/Sep/2025:14:10:19 +0000] "GET /index.php?products/29666313/ HTTP/1.1" 200 17705 "-" "Mozilla/5.0 (Linux; Android 6.0.1; Nexus 5X Build/MMB29P) AppleWebKit/537.36 (KHTML, like Gecko) Chrome/140.0.7339.127 Mobile Safari/537.36 (compatible; GoogleOther)"
179.125.212.47 - - [18/Sep/2025:14:10:55 +0000] "GET http://www.bouloter.com/index.php?products/19268124/ HTTP/1.1" 500 0 "http://www.bouloter.com/" "Mozilla/5.0 (Windows NT 10.0; Win64; x64) AppleWebKit/537.36 (KHTML, like Gecko) Chrome/135.0.0.0 Safari/537.36 Edg/135.0.0.0"
179.53.241.236 - - [18/Sep/2025:14:11:04 +0000] "GET http://www.bouloter.com/index.php?products/16653324/ HTTP/1.1" 500 0 "http://www.bouloter.com/" "Mozilla/5.0 (Windows NT 10.0; Win64; x64; rv:137.0) Gecko/20100101 Firefox/137.0"
66.249.77.169 - - [18/Sep/2025:14:11:11 +0000] "GET /index.php?products/16928780/ HTTP/1.1" 200 17799 "-" "Mozilla/5.0 (Linux; Android 6.0.1; Nexus 5X Build/MMB29P) AppleWebKit/537.36 (KHTML, like Gecko) Chrome/140.0.7339.127 Mobile Safari/537.36 (compatible; GoogleOther)"
66.249.77.167 - - [18/Sep/2025:14:11:37 +0000] "GET /index.php?products/10395135/ HTTP/1.1" 200 18743 "-" "Mozilla/5.0 (Linux; Android 6.0.1; Nexus 5X Build/MMB29P) AppleWebKit/537.36 (KHTML, like Gecko) Chrome/140.0.7339.127 Mobile Safari/537.36 (compatible; GoogleOther)"
66.249.77.167 - - [18/Sep/2025:14:12:29 +0000] "GET /index.php?products/20291724/ HTTP/1.1" 200 17898 "-" "Mozilla/5.0 (Linux; Android 6.0.1; Nexus 5X Build/MMB29P) AppleWebKit/537.36 (KHTML, like Gecko) Chrome/140.0.7339.127 Mobile Safari/537.36 (compatible; GoogleOther)"
66.249.77.167 - - [18/Sep/2025:14:12:30 +0000] "GET /index.php?products/25290213/ HTTP/1.1" 200 17348 "-" "Mozilla/5.0 (Linux; Android 6.0.1; Nexus 5X Build/MMB29P) AppleWebKit/537.36 (KHTML, like Gecko) Chrome/140.0.7339.127 Mobile Safari/537.36 (compatible; GoogleOther)"
66.249.77.167 - - [18/Sep/2025:14:12:31 +0000] "GET /index.php?product/edit/84243758 HTTP/1.1" 200 17346 "-" "Mozilla/5.0 (Linux; Android 6.0.1; Nexus 5X Build/MMB29P) AppleWebKit/537.36 (KHTML, like Gecko) Chrome/140.0.7339.127 Mobile Safari/537.36 (compatible; GoogleOther)"
216.73.216.2 - - [18/Sep/2025:14:13:10 +0000] "GET /sitemap804.xml HTTP/1.1" 403 0 "-" "Mozilla/5.0 AppleWebKit/537.36 (KHTML, like Gecko; compatible; ClaudeBot/1.0; +claudebot@anthropic.com)"
167.71.217.235 - - [18/Sep/2025:14:13:25 +0000] "GET / HTTP/1.1" 500 0 "-" "Mozilla/5.0 (Windows NT 10.0; Win64; x64) AppleWebKit/537.36 (KHTML, like Gecko) Chrome/89.0.4389.114 Safari/537.36"
167.71.217.235 - - [18/Sep/2025:14:13:25 +0000] "GET / HTTP/1.1" 500 0 "-" "Mozilla/5.0 (Windows NT 10.0; Win64; x64) AppleWebKit/537.36 (KHTML, like Gecko) Chrome/89.0.4389.114 Safari/537.36"
167.71.217.235 - - [18/Sep/2025:14:13:25 +0000] "GET /wp-includes/wlwmanifest.xml HTTP/1.1" 200 140353 "-" "Mozilla/5.0 (Windows NT 10.0; Win64; x64) AppleWebKit/537.36 (KHTML, like Gecko) Chrome/89.0.4389.114 Safari/537.36"
167.71.217.235 - - [18/Sep/2025:14:13:26 +0000] "GET /xmlrpc.php?rsd HTTP/1.1" 500 0 "-" "Mozilla/5.0 (Windows NT 10.0; Win64; x64) AppleWebKit/537.36 (KHTML, like Gecko) Chrome/89.0.4389.114 Safari/537.36"
167.71.217.235 - - [18/Sep/2025:14:13:26 +0000] "GET / HTTP/1.1" 500 0 "-" "Mozilla/5.0 (Windows NT 10.0; Win64; x64) AppleWebKit/537.36 (KHTML, like Gecko) Chrome/89.0.4389.114 Safari/537.36"
167.71.217.235 - - [18/Sep/2025:14:13:26 +0000] "GET /blog/wp-includes/wlwmanifest.xml HTTP/1.1" 200 140222 "-" "Mozilla/5.0 (Windows NT 10.0; Win64; x64) AppleWebKit/537.36 (KHTML, like Gecko) Chrome/89.0.4389.114 Safari/537.36"
167.71.217.235 - - [18/Sep/2025:14:13:27 +0000] "GET /web/wp-includes/wlwmanifest.xml HTTP/1.1" 200 140265 "-" "Mozilla/5.0 (Windows NT 10.0; Win64; x64) AppleWebKit/537.36 (KHTML, like Gecko) Chrome/89.0.4389.114 Safari/537.36"
167.71.217.235 - - [18/Sep/2025:14:13:27 +0000] "GET /wordpress/wp-includes/wlwmanifest.xml HTTP/1.1" 200 140129 "-" "Mozilla/5.0 (Windows NT 10.0; Win64; x64) AppleWebKit/537.36 (KHTML, like Gecko) Chrome/89.0.4389.114 Safari/537.36"
167.71.217.235 - - [18/Sep/2025:14:13:27 +0000] "GET /website/wp-includes/wlwmanifest.xml HTTP/1.1" 200 139979 "-" "Mozilla/5.0 (Windows NT 10.0; Win64; x64) AppleWebKit/537.36 (KHTML, like Gecko) Chrome/89.0.4389.114 Safari/537.36"
167.71.217.235 - - [18/Sep/2025:14:13:28 +0000] "GET /wp/wp-includes/wlwmanifest.xml HTTP/1.1" 200 139968 "-" "Mozilla/5.0 (Windows NT 10.0; Win64; x64) AppleWebKit/537.36 (KHTML, like Gecko) Chrome/89.0.4389.114 Safari/537.36"
167.71.217.235 - - [18/Sep/2025:14:13:28 +0000] "GET /news/wp-includes/wlwmanifest.xml HTTP/1.1" 200 140210 "-" "Mozilla/5.0 (Windows NT 10.0; Win64; x64) AppleWebKit/537.36 (KHTML, like Gecko) Chrome/89.0.4389.114 Safari/537.36"
167.71.217.235 - - [18/Sep/2025:14:13:28 +0000] "GET /2020/wp-includes/wlwmanifest.xml HTTP/1.1" 200 139931 "-" "Mozilla/5.0 (Windows NT 10.0; Win64; x64) AppleWebKit/537.36 (KHTML, like Gecko) Chrome/89.0.4389.114 Safari/537.36"
167.71.217.235 - - [18/Sep/2025:14:13:28 +0000] "GET /2019/wp-includes/wlwmanifest.xml HTTP/1.1" 200 140177 "-" "Mozilla/5.0 (Windows NT 10.0; Win64; x64) AppleWebKit/537.36 (KHTML, like Gecko) Chrome/89.0.4389.114 Safari/537.36"
216.73.216.2 - - [18/Sep/2025:14:11:50 +0000] "GET /sitemap476.xml HTTP/1.1" 403 0 "-" "Mozilla/5.0 AppleWebKit/537.36 (KHTML, like Gecko; compatible; ClaudeBot/1.0; +claudebot@anthropic.com)"
177.87.181.26 - - [18/Sep/2025:14:12:09 +0000] "GET http://www.bouloter.com/index.php?products/23058891/ HTTP/1.1" 500 0 "http://www.bouloter.com/" "Mozilla/5.0 (Macintosh; Intel Mac OS X 10_15_7) AppleWebKit/537.36 (KHTML, like Gecko) Chrome/134.0.0.0 Safari/537.36"
66.249.77.167 - - [18/Sep/2025:14:12:16 +0000] "GET /index.php?products/16287057/ HTTP/1.1" 200 18039 "-" "Mozilla/5.0 (Linux; Android 6.0.1; Nexus 5X Build/MMB29P) AppleWebKit/537.36 (KHTML, like Gecko) Chrome/140.0.7339.127 Mobile Safari/537.36 (compatible; GoogleOther)"
66.249.77.167 - - [18/Sep/2025:14:12:39 +0000] "GET /index.php?products/10060591/ HTTP/1.1" 200 17571 "-" "Mozilla/5.0 (Linux; Android 6.0.1; Nexus 5X Build/MMB29P) AppleWebKit/537.36 (KHTML, like Gecko) Chrome/140.0.7339.127 Mobile Safari/537.36 (compatible; GoogleOther)"
66.249.77.167 - - [18/Sep/2025:14:12:52 +0000] "GET /public/index.php?products/8156668/ HTTP/1.1" 200 18167 "-" "Mozilla/5.0 (Linux; Android 6.0.1; Nexus 5X Build/MMB29P) AppleWebKit/537.36 (KHTML, like Gecko) Chrome/140.0.7339.127 Mobile Safari/537.36 (compatible; GoogleOther)"
190.108.99.107 - - [18/Sep/2025:14:12:55 +0000] "GET http://www.bouloter.com/index.php?products/1052546/ HTTP/1.1" 500 0 "http://www.bouloter.com/" "Mozilla/5.0 (Windows NT 10.0; Win64; x64) AppleWebKit/537.36 (KHTML, like Gecko) Chrome/135.0.0.0 Safari/537.36"
66.249.77.167 - - [18/Sep/2025:14:13:03 +0000] "GET /index.php?products/29974457/ HTTP/1.1" 200 17678 "-" "Mozilla/5.0 (Linux; Android 6.0.1; Nexus 5X Build/MMB29P) AppleWebKit/537.36 (KHTML, like Gecko) Chrome/140.0.7339.127 Mobile Safari/537.36 (compatible; GoogleOther)"
66.249.77.168 - - [18/Sep/2025:14:13:12 +0000] "GET /index.php?products/29399635/ HTTP/1.1" 200 17949 "-" "Mozilla/5.0 (Linux; Android 6.0.1; Nexus 5X Build/MMB29P) AppleWebKit/537.36 (KHTML, like Gecko) Chrome/140.0.7339.127 Mobile Safari/537.36 (compatible; GoogleOther)"
66.249.77.167 - - [18/Sep/2025:14:13:14 +0000] "GET /index.php?products/12781457/ HTTP/1.1" 200 18208 "-" "Mozilla/5.0 (Linux; Android 6.0.1; Nexus 5X Build/MMB29P) AppleWebKit/537.36 (KHTML, like Gecko) Chrome/140.0.7339.127 Mobile Safari/537.36 (compatible; GoogleOther)"
66.249.77.168 - - [18/Sep/2025:14:13:15 +0000] "GET /public/index.php?products/12224380/ HTTP/1.1" 200 17324 "-" "Mozilla/5.0 (Linux; Android 6.0.1; Nexus 5X Build/MMB29P) AppleWebKit/537.36 (KHTML, like Gecko) Chrome/140.0.7339.127 Mobile Safari/537.36 (compatible; GoogleOther)"
66.249.77.167 - - [18/Sep/2025:14:13:22 +0000] "GET /index.php?products/18733568/ HTTP/1.1" 200 17058 "-" "Mozilla/5.0 (Linux; Android 6.0.1; Nexus 5X Build/MMB29P) AppleWebKit/537.36 (KHTML, like Gecko) Chrome/140.0.7339.127 Mobile Safari/537.36 (compatible; GoogleOther)"
66.249.77.167 - - [18/Sep/2025:14:13:36 +0000] "GET /products/14546813/ HTTP/1.1" 200 17604 "-" "Mozilla/5.0 (Linux; Android 6.0.1; Nexus 5X Build/MMB29P) AppleWebKit/537.36 (KHTML, like Gecko) Chrome/140.0.7339.127 Mobile Safari/537.36 (compatible; GoogleOther)"
66.249.77.167 - - [18/Sep/2025:14:13:37 +0000] "GET /public/index.php?pcmypage?callback=/product%2Fdetail%2F73976285 HTTP/1.1" 200 18190 "-" "Mozilla/5.0 (Linux; Android 6.0.1; Nexus 5X Build/MMB29P) AppleWebKit/537.36 (KHTML, like Gecko) Chrome/140.0.7339.127 Mobile Safari/537.36 (compatible; GoogleOther)"
66.249.77.167 - - [18/Sep/2025:14:13:40 +0000] "GET /index.php?products/20371902/ HTTP/1.1" 200 17955 "-" "Mozilla/5.0 (Linux; Android 6.0.1; Nexus 5X Build/MMB29P) AppleWebKit/537.36 (KHTML, like Gecko) Chrome/140.0.7339.127 Mobile Safari/537.36 (compatible; GoogleOther)"
66.249.77.167 - - [18/Sep/2025:14:13:49 +0000] "GET /index.php?products/14538624/ HTTP/1.1" 200 17509 "-" "Mozilla/5.0 (Linux; Android 6.0.1; Nexus 5X Build/MMB29P) AppleWebKit/537.36 (KHTML, like Gecko) Chrome/140.0.7339.127 Mobile Safari/537.36 (compatible; GoogleOther)"
66.249.77.167 - - [18/Sep/2025:14:11:46 +0000] "GET /index.php?products/24210168/ HTTP/1.1" 200 17755 "-" "Mozilla/5.0 (Linux; Android 6.0.1; Nexus 5X Build/MMB29P) AppleWebKit/537.36 (KHTML, like Gecko) Chrome/140.0.7339.127 Mobile Safari/537.36 (compatible; GoogleOther)"
66.249.77.167 - - [18/Sep/2025:14:11:55 +0000] "GET /index.php?products/20427480/ HTTP/1.1" 200 17198 "-" "Mozilla/5.0 (Linux; Android 6.0.1; Nexus 5X Build/MMB29P) AppleWebKit/537.36 (KHTML, like Gecko) Chrome/140.0.7339.127 Mobile Safari/537.36 (compatible; GoogleOther)"
66.249.77.167 - - [18/Sep/2025:14:12:04 +0000] "GET /index.php?products/16954579/ HTTP/1.1" 200 17600 "-" "Mozilla/5.0 (Linux; Android 6.0.1; Nexus 5X Build/MMB29P) AppleWebKit/537.36 (KHTML, like Gecko) Chrome/140.0.7339.127 Mobile Safari/537.36 (compatible; GoogleOther)"
66.249.77.167 - - [18/Sep/2025:14:12:06 +0000] "GET /public/index.php?pcmypage?callback=/product%2Fdetail%2F98098667 HTTP/1.1" 200 17664 "-" "Mozilla/5.0 (Linux; Android 6.0.1; Nexus 5X Build/MMB29P) AppleWebKit/537.36 (KHTML, like Gecko) Chrome/140.0.7339.127 Mobile Safari/537.36 (compatible; GoogleOther)"
66.249.77.167 - - [18/Sep/2025:14:12:21 +0000] "GET /index.php?products/20136257/ HTTP/1.1" 200 18845 "-" "Mozilla/5.0 (Linux; Android 6.0.1; Nexus 5X Build/MMB29P) AppleWebKit/537.36 (KHTML, like Gecko) Chrome/140.0.7339.127 Mobile Safari/537.36 (compatible; GoogleOther)"
66.249.77.167 - - [18/Sep/2025:14:12:47 +0000] "GET /index.php?products/19334291/ HTTP/1.1" 200 17837 "-" "Mozilla/5.0 (Linux; Android 6.0.1; Nexus 5X Build/MMB29P) AppleWebKit/537.36 (KHTML, like Gecko) Chrome/140.0.7339.127 Mobile Safari/537.36 (compatible; GoogleOther)"
66.249.77.169 - - [18/Sep/2025:14:13:05 +0000] "GET /index.php?products/3771824/ HTTP/1.1" 200 17904 "-" "Mozilla/5.0 (Linux; Android 6.0.1; Nexus 5X Build/MMB29P) AppleWebKit/537.36 (KHTML, like Gecko) Chrome/140.0.7339.127 Mobile Safari/537.36 (compatible; GoogleOther)"
66.249.77.167 - - [18/Sep/2025:14:13:31 +0000] "GET /index.php?products/8117180/ HTTP/1.1" 200 17957 "-" "Mozilla/5.0 (Linux; Android 6.0.1; Nexus 5X Build/MMB29P) AppleWebKit/537.36 (KHTML, like Gecko) Chrome/140.0.7339.127 Mobile Safari/537.36 (compatible; GoogleOther)"
41.139.137.111 - - [18/Sep/2025:14:13:31 +0000] "GET http://www.bouloter.com/index.php?products/25519757/ HTTP/1.1" 500 0 "http://www.bouloter.com/" "Mozilla/5.0 (Windows NT 10.0; Win64; x64) AppleWebKit/537.36 (KHTML, like Gecko) Chrome/135.0.0.0 Safari/537.36 Edg/135.0.0.0"
216.73.216.2 - - [18/Sep/2025:14:13:40 +0000] "GET /sitemap762.xml HTTP/1.1" 403 0 "-" "Mozilla/5.0 AppleWebKit/537.36 (KHTML, like Gecko; compatible; ClaudeBot/1.0; +claudebot@anthropic.com)"
114.119.151.246 - - [18/Sep/2025:14:13:45 +0000] "GET /products/8496591/ HTTP/1.1" 403 0 "http://www.bouloter.com/sitemap504.xml" "Mozilla/5.0 (Linux; Android 7.0;) AppleWebKit/537.36 (KHTML, like Gecko) Mobile Safari/537.36 (compatible; PetalBot;+https://webmaster.petalsearch.com/site/petalbot)"
66.249.77.167 - - [18/Sep/2025:14:13:57 +0000] "GET /index.php?products/5885502/ HTTP/1.1" 200 17922 "-" "Mozilla/5.0 (Linux; Android 6.0.1; Nexus 5X Build/MMB29P) AppleWebKit/537.36 (KHTML, like Gecko) Chrome/140.0.7339.127 Mobile Safari/537.36 (compatible; GoogleOther)"
66.249.77.167 - - [18/Sep/2025:14:14:00 +0000] "GET /public/index.php?pcmypage?callback=/product%2Fdetail%2F38817403 HTTP/1.1" 200 17668 "-" "Mozilla/5.0 (Linux; Android 6.0.1; Nexus 5X Build/MMB29P) AppleWebKit/537.36 (KHTML, like Gecko) Chrome/140.0.7339.127 Mobile Safari/537.36 (compatible; GoogleOther)"
66.249.77.167 - - [18/Sep/2025:14:14:06 +0000] "GET /index.php?products/17093180/ HTTP/1.1" 200 17281 "-" "Mozilla/5.0 (Linux; Android 6.0.1; Nexus 5X Build/MMB29P) AppleWebKit/537.36 (KHTML, like Gecko) Chrome/140.0.7339.127 Mobile Safari/537.36 (compatible; GoogleOther)"
167.71.217.235 - - [18/Sep/2025:14:13:28 +0000] "GET /shop/wp-includes/wlwmanifest.xml HTTP/1.1" 200 140128 "-" "Mozilla/5.0 (Windows NT 10.0; Win64; x64) AppleWebKit/537.36 (KHTML, like Gecko) Chrome/89.0.4389.114 Safari/537.36"
167.71.217.235 - - [18/Sep/2025:14:13:29 +0000] "GET /wp1/wp-includes/wlwmanifest.xml HTTP/1.1" 200 139930 "-" "Mozilla/5.0 (Windows NT 10.0; Win64; x64) AppleWebKit/537.36 (KHTML, like Gecko) Chrome/89.0.4389.114 Safari/537.36"
167.71.217.235 - - [18/Sep/2025:14:13:29 +0000] "GET /test/wp-includes/wlwmanifest.xml HTTP/1.1" 200 140005 "-" "Mozilla/5.0 (Windows NT 10.0; Win64; x64) AppleWebKit/537.36 (KHTML, like Gecko) Chrome/89.0.4389.114 Safari/537.36"
167.71.217.235 - - [18/Sep/2025:14:13:29 +0000] "GET /wp2/wp-includes/wlwmanifest.xml HTTP/1.1" 200 140092 "-" "Mozilla/5.0 (Windows NT 10.0; Win64; x64) AppleWebKit/537.36 (KHTML, like Gecko) Chrome/89.0.4389.114 Safari/537.36"
167.71.217.235 - - [18/Sep/2025:14:13:29 +0000] "GET /site/wp-includes/wlwmanifest.xml HTTP/1.1" 200 140303 "-" "Mozilla/5.0 (Windows NT 10.0; Win64; x64) AppleWebKit/537.36 (KHTML, like Gecko) Chrome/89.0.4389.114 Safari/537.36"
167.71.217.235 - - [18/Sep/2025:14:13:30 +0000] "GET /cms/wp-includes/wlwmanifest.xml HTTP/1.1" 200 139931 "-" "Mozilla/5.0 (Windows NT 10.0; Win64; x64) AppleWebKit/537.36 (KHTML, like Gecko) Chrome/89.0.4389.114 Safari/537.36"
167.71.217.235 - - [18/Sep/2025:14:13:30 +0000] "GET /sito/wp-includes/wlwmanifest.xml HTTP/1.1" 200 139930 "-" "Mozilla/5.0 (Windows NT 10.0; Win64; x64) AppleWebKit/537.36 (KHTML, like Gecko) Chrome/89.0.4389.114 Safari/537.36"
66.249.77.167 - - [18/Sep/2025:14:14:15 +0000] "GET /index.php?products/4663846/ HTTP/1.1" 200 17990 "-" "Mozilla/5.0 (Linux; Android 6.0.1; Nexus 5X Build/MMB29P) AppleWebKit/537.36 (KHTML, like Gecko) Chrome/140.0.7339.127 Mobile Safari/537.36 (compatible; GoogleOther)"
66.249.77.167 - - [18/Sep/2025:14:14:18 +0000] "GET /index.php?products/5420702/ HTTP/1.1" 200 17597 "-" "Mozilla/5.0 (Linux; Android 6.0.1; Nexus 5X Build/MMB29P) AppleWebKit/537.36 (KHTML, like Gecko) Chrome/140.0.7339.127 Mobile Safari/537.36 (compatible; GoogleOther)"
66.249.77.167 - - [18/Sep/2025:14:14:59 +0000] "GET /index.php?products/29924035/ HTTP/1.1" 200 18482 "-" "Mozilla/5.0 (Linux; Android 6.0.1; Nexus 5X Build/MMB29P) AppleWebKit/537.36 (KHTML, like Gecko) Chrome/140.0.7339.127 Mobile Safari/537.36 (compatible; GoogleOther)"
66.249.77.167 - - [18/Sep/2025:14:15:09 +0000] "GET /public/index.php?pcmypage?callback=/product%2Fdetail%2F18841311 HTTP/1.1" 200 17427 "-" "Mozilla/5.0 (Linux; Android 6.0.1; Nexus 5X Build/MMB29P) AppleWebKit/537.36 (KHTML, like Gecko) Chrome/140.0.7339.127 Mobile Safari/537.36 (compatible; GoogleOther)"
66.249.77.167 - - [18/Sep/2025:14:15:25 +0000] "GET /index.php?products/13564946/ HTTP/1.1" 200 17615 "-" "Mozilla/5.0 (Linux; Android 6.0.1; Nexus 5X Build/MMB29P) AppleWebKit/537.36 (KHTML, like Gecko) Chrome/140.0.7339.127 Mobile Safari/537.36 (compatible; GoogleOther)"
66.249.77.167 - - [18/Sep/2025:14:15:31 +0000] "POST /get-message-notify HTTP/1.1" 200 18028 "http://www.bouloter.com/products/11487580/" "Mozilla/5.0 (Linux; Android 6.0.1; Nexus 5X Build/MMB29P) AppleWebKit/537.36 (KHTML, like Gecko) Chrome/139.0.7258.127 Mobile Safari/537.36 (compatible; Googlebot/2.1; +http://www.google.com/bot.html)"
66.249.77.167 - - [18/Sep/2025:14:15:51 +0000] "GET /index.php?products/28198924/ HTTP/1.1" 200 18215 "-" "Mozilla/5.0 (Linux; Android 6.0.1; Nexus 5X Build/MMB29P) AppleWebKit/537.36 (KHTML, like Gecko) Chrome/140.0.7339.127 Mobile Safari/537.36 (compatible; GoogleOther)"
66.249.77.167 - - [18/Sep/2025:14:15:54 +0000] "GET /public/index.php?products/13477302/ HTTP/1.1" 200 17770 "-" "Mozilla/5.0 (Linux; Android 6.0.1; Nexus 5X Build/MMB29P) AppleWebKit/537.36 (KHTML, like Gecko) Chrome/140.0.7339.127 Mobile Safari/537.36 (compatible; GoogleOther)"
57.141.0.4 - - [18/Sep/2025:14:14:17 +0000] "GET /products/8861379/ HTTP/1.1" 500 0 "-" "meta-externalagent/1.1 (+https://developers.facebook.com/docs/sharing/webmasters/crawler)"
66.249.77.167 - - [18/Sep/2025:14:14:23 +0000] "GET /public/index.php?pcmypage/callback=/product/detail/31837934 HTTP/1.1" 200 17138 "-" "Mozilla/5.0 (Linux; Android 6.0.1; Nexus 5X Build/MMB29P) AppleWebKit/537.36 (KHTML, like Gecko) Chrome/140.0.7339.127 Mobile Safari/537.36 (compatible; GoogleOther)"
66.249.77.167 - - [18/Sep/2025:14:14:24 +0000] "GET /index.php?products/27874546/ HTTP/1.1" 200 18359 "-" "Mozilla/5.0 (Linux; Android 6.0.1; Nexus 5X Build/MMB29P) AppleWebKit/537.36 (KHTML, like Gecko) Chrome/140.0.7339.127 Mobile Safari/537.36 (compatible; GoogleOther)"
66.249.77.167 - - [18/Sep/2025:14:14:25 +0000] "GET /products/14940591/ HTTP/1.1" 200 17891 "-" "Mozilla/5.0 (Linux; Android 6.0.1; Nexus 5X Build/MMB29P) AppleWebKit/537.36 (KHTML, like Gecko) Chrome/140.0.7339.127 Mobile Safari/537.36 (compatible; GoogleOther)"
66.249.77.167 - - [18/Sep/2025:14:14:32 +0000] "GET /index.php?products/10823335/ HTTP/1.1" 200 17033 "-" "Mozilla/5.0 (Linux; Android 6.0.1; Nexus 5X Build/MMB29P) AppleWebKit/537.36 (KHTML, like Gecko) Chrome/140.0.7339.127 Mobile Safari/537.36 (compatible; GoogleOther)"
66.249.77.168 - - [18/Sep/2025:14:15:07 +0000] "GET /products/24758191/ HTTP/1.1" 200 18186 "-" "Mozilla/5.0 (Linux; Android 6.0.1; Nexus 5X Build/MMB29P) AppleWebKit/537.36 (KHTML, like Gecko) Chrome/140.0.7339.127 Mobile Safari/537.36 (compatible; GoogleOther)"
177.201.73.140 - - [18/Sep/2025:14:15:30 +0000] "GET http://www.bouloter.com/index.php?products/18880479/ HTTP/1.1" 500 0 "http://www.bouloter.com/" "Mozilla/5.0 (X11; CrOS x86_64 14541.0.0) AppleWebKit/537.36 (KHTML, like Gecko) Chrome/134.0.0.0 Safari/537.36"
66.249.77.167 - - [18/Sep/2025:14:15:32 +0000] "GET /public/index.php?pcmypage?callback=product%2Fdetail%2F29991639 HTTP/1.1" 200 17435 "-" "Mozilla/5.0 (Linux; Android 6.0.1; Nexus 5X Build/MMB29P) AppleWebKit/537.36 (KHTML, like Gecko) Chrome/140.0.7339.127 Mobile Safari/537.36 (compatible; GoogleOther)"
66.249.77.167 - - [18/Sep/2025:14:15:34 +0000] "GET /index.php?products/21555446/ HTTP/1.1" 200 17860 "-" "Mozilla/5.0 (Linux; Android 6.0.1; Nexus 5X Build/MMB29P) AppleWebKit/537.36 (KHTML, like Gecko) Chrome/140.0.7339.127 Mobile Safari/537.36 (compatible; GoogleOther)"
66.249.77.167 - - [18/Sep/2025:14:16:17 +0000] "GET /public/index.php?pcmypage?callback=/product%2Fdetail%2F17789298 HTTP/1.1" 200 18023 "-" "Mozilla/5.0 (Linux; Android 6.0.1; Nexus 5X Build/MMB29P) AppleWebKit/537.36 (KHTML, like Gecko) Chrome/140.0.7339.127 Mobile Safari/537.36 (compatible; GoogleOther)"
66.249.77.167 - - [18/Sep/2025:14:16:18 +0000] "GET /index.php?products/25172346/ HTTP/1.1" 200 17820 "-" "Mozilla/5.0 (Linux; Android 6.0.1; Nexus 5X Build/MMB29P) AppleWebKit/537.36 (KHTML, like Gecko) Chrome/140.0.7339.127 Mobile Safari/537.36 (compatible; GoogleOther)"
66.249.77.167 - - [18/Sep/2025:14:16:37 +0000] "GET /products/4280957/ HTTP/1.1" 200 17221 "-" "Mozilla/5.0 (Linux; Android 6.0.1; Nexus 5X Build/MMB29P) AppleWebKit/537.36 (KHTML, like Gecko) Chrome/140.0.7339.127 Mobile Safari/537.36 (compatible; GoogleOther)"
66.249.77.167 - - [18/Sep/2025:14:16:40 +0000] "GET /index.php?products/754057/ HTTP/1.1" 200 17775 "-" "Mozilla/5.0 (Linux; Android 6.0.1; Nexus 5X Build/MMB29P) AppleWebKit/537.36 (KHTML, like Gecko) Chrome/140.0.7339.127 Mobile Safari/537.36 (compatible; GoogleOther)"
66.249.77.167 - - [18/Sep/2025:14:16:44 +0000] "GET /index.php?products/29088091/ HTTP/1.1" 200 17380 "-" "Mozilla/5.0 (Linux; Android 6.0.1; Nexus 5X Build/MMB29P) AppleWebKit/537.36 (KHTML, like Gecko) Chrome/140.0.7339.127 Mobile Safari/537.36 (compatible; GoogleOther)"
66.249.77.167 - - [18/Sep/2025:14:16:52 +0000] "GET /index.php?products/19026680/ HTTP/1.1" 200 17734 "-" "Mozilla/5.0 (Linux; Android 6.0.1; Nexus 5X Build/MMB29P) AppleWebKit/537.36 (KHTML, like Gecko) Chrome/140.0.7339.127 Mobile Safari/537.36 (compatible; GoogleOther)"
66.249.77.167 - - [18/Sep/2025:14:14:38 +0000] "GET /products/20836491/ HTTP/1.1" 200 18130 "-" "Mozilla/5.0 (Linux; Android 6.0.1; Nexus 5X Build/MMB29P) AppleWebKit/537.36 (KHTML, like Gecko) Chrome/140.0.7339.127 Mobile Safari/537.36 (compatible; GoogleOther)"
66.249.77.167 - - [18/Sep/2025:14:14:41 +0000] "GET /index.php?products/26790979/ HTTP/1.1" 200 18456 "-" "Mozilla/5.0 (Linux; Android 6.0.1; Nexus 5X Build/MMB29P) AppleWebKit/537.36 (KHTML, like Gecko) Chrome/140.0.7339.127 Mobile Safari/537.36 (compatible; GoogleOther)"
66.249.77.167 - - [18/Sep/2025:14:14:46 +0000] "GET /public/index.php?pcmypage?callback=/product%2Fdetail%2F83301852 HTTP/1.1" 200 17846 "-" "Mozilla/5.0 (Linux; Android 6.0.1; Nexus 5X Build/MMB29P) AppleWebKit/537.36 (KHTML, like Gecko) Chrome/140.0.7339.127 Mobile Safari/537.36 (compatible; GoogleOther)"
66.249.77.167 - - [18/Sep/2025:14:14:50 +0000] "GET /index.php?products/4967046/ HTTP/1.1" 200 18122 "-" "Mozilla/5.0 (Linux; Android 6.0.1; Nexus 5X Build/MMB29P) AppleWebKit/537.36 (KHTML, like Gecko) Chrome/140.0.7339.127 Mobile Safari/537.36 (compatible; GoogleOther)"
66.249.77.168 - - [18/Sep/2025:14:15:07 +0000] "GET /products/11487580/ HTTP/1.1" 200 18208 "-" "Mozilla/5.0 (Linux; Android 6.0.1; Nexus 5X Build/MMB29P) AppleWebKit/537.36 (KHTML, like Gecko) Chrome/140.0.7339.127 Mobile Safari/537.36 (compatible; Googlebot/2.1; +http://www.google.com/bot.html)"
66.249.77.168 - - [18/Sep/2025:14:15:15 +0000] "GET /products/2440635/ HTTP/1.1" 200 17603 "-" "Mozilla/5.0 (Linux; Android 6.0.1; Nexus 5X Build/MMB29P) AppleWebKit/537.36 (KHTML, like Gecko) Chrome/140.0.7339.127 Mobile Safari/537.36 (compatible; GoogleOther)"
66.249.77.168 - - [18/Sep/2025:14:15:16 +0000] "GET /index.php?products/10413946/ HTTP/1.1" 200 18084 "-" "Mozilla/5.0 (Linux; Android 6.0.1; Nexus 5X Build/MMB29P) AppleWebKit/537.36 (KHTML, like Gecko) Chrome/140.0.7339.127 Mobile Safari/537.36 (compatible; GoogleOther)"
66.249.77.167 - - [18/Sep/2025:14:15:42 +0000] "GET /index.php?products/7446324/ HTTP/1.1" 200 17548 "-" "Mozilla/5.0 (Linux; Android 6.0.1; Nexus 5X Build/MMB29P) AppleWebKit/537.36 (KHTML, like Gecko) Chrome/140.0.7339.127 Mobile Safari/537.36 (compatible; GoogleOther)"
66.249.77.167 - - [18/Sep/2025:14:16:00 +0000] "GET /index.php?products/19066346/ HTTP/1.1" 200 17544 "-" "Mozilla/5.0 (Linux; Android 6.0.1; Nexus 5X Build/MMB29P) AppleWebKit/537.36 (KHTML, like Gecko) Chrome/140.0.7339.127 Mobile Safari/537.36 (compatible; GoogleOther)"
66.249.77.168 - - [18/Sep/2025:14:16:09 +0000] "GET /index.php?products/21785580/ HTTP/1.1" 200 17231 "-" "Mozilla/5.0 (Linux; Android 6.0.1; Nexus 5X Build/MMB29P) AppleWebKit/537.36 (KHTML, like Gecko) Chrome/140.0.7339.127 Mobile Safari/537.36 (compatible; GoogleOther)"
52.167.144.138 - - [18/Sep/2025:14:16:53 +0000] "GET /products/1697513/ HTTP/1.1" 200 17912 "-" "Mozilla/5.0 AppleWebKit/537.36 (KHTML, like Gecko; compatible; bingbot/2.0; +http://www.bing.com/bingbot.htm) Chrome/116.0.1938.76 Safari/537.36"
57.141.0.68 - - [18/Sep/2025:14:17:23 +0000] "GET /products/3643024/ HTTP/1.1" 500 0 "-" "meta-externalagent/1.1 (+https://developers.facebook.com/docs/sharing/webmasters/crawler)"
66.249.77.167 - - [18/Sep/2025:14:17:24 +0000] "GET /products/4919513/ HTTP/1.1" 200 17501 "-" "Mozilla/5.0 (Linux; Android 6.0.1; Nexus 5X Build/MMB29P) AppleWebKit/537.36 (KHTML, like Gecko) Chrome/140.0.7339.127 Mobile Safari/537.36 (compatible; Googlebot/2.1; +http://www.google.com/bot.html)"
