66.249.77.167 - - [18/Sep/2025:08:36:15 +0000] "GET /index.php?products/8387713/ HTTP/1.1" 200 17978 "-" "Mozilla/5.0 (Linux; Android 6.0.1; Nexus 5X Build/MMB29P) AppleWebKit/537.36 (KHTML, like Gecko) Chrome/140.0.7339.127 Mobile Safari/537.36 (compatible; GoogleOther)"
66.249.77.167 - - [18/Sep/2025:08:36:16 +0000] "GET /index.php?products/29594680/ HTTP/1.1" 200 17207 "-" "Mozilla/5.0 (Linux; Android 6.0.1; Nexus 5X Build/MMB29P) AppleWebKit/537.36 (KHTML, like Gecko) Chrome/140.0.7339.127 Mobile Safari/537.36 (compatible; GoogleOther)"
66.249.77.167 - - [18/Sep/2025:08:36:19 +0000] "GET /products/24530446/ HTTP/1.1" 200 18106 "-" "Mozilla/5.0 (Linux; Android 6.0.1; Nexus 5X Build/MMB29P) AppleWebKit/537.36 (KHTML, like Gecko) Chrome/140.0.7339.127 Mobile Safari/537.36 (compatible; GoogleOther)"
66.249.77.167 - - [18/Sep/2025:08:36:22 +0000] "GET /index.php?products/6173524/ HTTP/1.1" 200 18064 "-" "Mozilla/5.0 (Linux; Android 6.0.1; Nexus 5X Build/MMB29P) AppleWebKit/537.36 (KHTML, like Gecko) Chrome/140.0.7339.127 Mobile Safari/537.36 (compatible; GoogleOther)"
66.249.77.167 - - [18/Sep/2025:08:36:25 +0000] "GET /products/2326046/ HTTP/1.1" 200 17522 "-" "Mozilla/5.0 (Linux; Android 6.0.1; Nexus 5X Build/MMB29P) AppleWebKit/537.36 (KHTML, like Gecko) Chrome/140.0.7339.127 Mobile Safari/537.36 (compatible; GoogleOther)"
66.249.77.167 - - [18/Sep/2025:08:36:26 +0000] "GET /index.php?products/15259157/ HTTP/1.1" 200 17962 "-" "Mozilla/5.0 (Linux; Android 6.0.1; Nexus 5X Build/MMB29P) AppleWebKit/537.36 (KHTML, like Gecko) Chrome/140.0.7339.127 Mobile Safari/537.36 (compatible; GoogleOther)"
66.249.77.167 - - [18/Sep/2025:08:34:39 +0000] "GET /products/29536013/ HTTP/1.1" 200 17488 "-" "Mozilla/5.0 (Linux; Android 6.0.1; Nexus 5X Build/MMB29P) AppleWebKit/537.36 (KHTML, like Gecko) Chrome/140.0.7339.127 Mobile Safari/537.36 (compatible; GoogleOther)"
66.249.77.167 - - [18/Sep/2025:08:34:43 +0000] "GET /index.php?products/25339268/ HTTP/1.1" 200 17229 "-" "Mozilla/5.0 (Linux; Android 6.0.1; Nexus 5X Build/MMB29P) AppleWebKit/537.36 (KHTML, like Gecko) Chrome/140.0.7339.127 Mobile Safari/537.36 (compatible; GoogleOther)"
66.249.77.168 - - [18/Sep/2025:08:34:45 +0000] "GET /index.php?products/12669280/ HTTP/1.1" 200 18241 "-" "Mozilla/5.0 (Linux; Android 6.0.1; Nexus 5X Build/MMB29P) AppleWebKit/537.36 (KHTML, like Gecko) Chrome/140.0.7339.127 Mobile Safari/537.36 (compatible; GoogleOther)"
66.249.77.168 - - [18/Sep/2025:08:34:46 +0000] "GET /index.php?products/16952213/ HTTP/1.1" 200 17588 "-" "Mozilla/5.0 (Linux; Android 6.0.1; Nexus 5X Build/MMB29P) AppleWebKit/537.36 (KHTML, like Gecko) Chrome/140.0.7339.127 Mobile Safari/537.36 (compatible; GoogleOther)"
66.249.77.167 - - [18/Sep/2025:08:34:54 +0000] "GET /index.php?products/12724791/ HTTP/1.1" 200 17811 "-" "Mozilla/5.0 (Linux; Android 6.0.1; Nexus 5X Build/MMB29P) AppleWebKit/537.36 (KHTML, like Gecko) Chrome/140.0.7339.127 Mobile Safari/537.36 (compatible; GoogleOther)"
66.249.77.167 - - [18/Sep/2025:08:34:57 +0000] "GET /index.php?products/9282102/ HTTP/1.1" 200 17969 "-" "Mozilla/5.0 (Linux; Android 6.0.1; Nexus 5X Build/MMB29P) AppleWebKit/537.36 (KHTML, like Gecko) Chrome/140.0.7339.127 Mobile Safari/537.36 (compatible; GoogleOther)"
66.249.77.169 - - [18/Sep/2025:08:35:00 +0000] "GET /index.php?products/5225013/ HTTP/1.1" 200 17468 "-" "Mozilla/5.0 (Linux; Android 6.0.1; Nexus 5X Build/MMB29P) AppleWebKit/537.36 (KHTML, like Gecko) Chrome/140.0.7339.127 Mobile Safari/537.36 (compatible; GoogleOther)"
66.249.69.136 - - [18/Sep/2025:08:35:42 +0000] "GET /ads.txt HTTP/1.1" 200 17902 "-" "Mozilla/5.0 (compatible; Googlebot/2.1; +http://www.google.com/bot.html)"
66.249.77.167 - - [18/Sep/2025:08:35:46 +0000] "GET /products/19183480/ HTTP/1.1" 200 17091 "-" "Mozilla/5.0 (Linux; Android 6.0.1; Nexus 5X Build/MMB29P) AppleWebKit/537.36 (KHTML, like Gecko) Chrome/140.0.7339.127 Mobile Safari/537.36 (compatible; GoogleOther)"
66.249.77.167 - - [18/Sep/2025:08:35:47 +0000] "GET /index.php?products/7435502/ HTTP/1.1" 200 18010 "-" "Mozilla/5.0 (Linux; Android 6.0.1; Nexus 5X Build/MMB29P) AppleWebKit/537.36 (KHTML, like Gecko) Chrome/140.0.7339.127 Mobile Safari/537.36 (compatible; GoogleOther)"
66.249.77.167 - - [18/Sep/2025:08:35:50 +0000] "GET /index.php?products/30190224/ HTTP/1.1" 200 17982 "-" "Mozilla/5.0 (Linux; Android 6.0.1; Nexus 5X Build/MMB29P) AppleWebKit/537.36 (KHTML, like Gecko) Chrome/140.0.7339.127 Mobile Safari/537.36 (compatible; GoogleOther)"
66.249.77.167 - - [18/Sep/2025:08:35:54 +0000] "GET /index.php?products/7267235/ HTTP/1.1" 200 17960 "-" "Mozilla/5.0 (Linux; Android 6.0.1; Nexus 5X Build/MMB29P) AppleWebKit/537.36 (KHTML, like Gecko) Chrome/140.0.7339.127 Mobile Safari/537.36 (compatible; GoogleOther)"
216.73.216.2 - - [18/Sep/2025:08:35:56 +0000] "GET /sitemap655.xml HTTP/1.1" 403 0 "-" "Mozilla/5.0 AppleWebKit/537.36 (KHTML, like Gecko; compatible; ClaudeBot/1.0; +claudebot@anthropic.com)"
66.249.77.167 - - [18/Sep/2025:08:35:57 +0000] "GET /index.php?products/1968202/ HTTP/1.1" 200 18465 "-" "Mozilla/5.0 (Linux; Android 6.0.1; Nexus 5X Build/MMB29P) AppleWebKit/537.36 (KHTML, like Gecko) Chrome/140.0.7339.127 Mobile Safari/537.36 (compatible; GoogleOther)"
57.141.0.52 - - [18/Sep/2025:08:36:32 +0000] "GET /products/1743791/ HTTP/1.1" 500 0 "-" "meta-externalagent/1.1 (+https://developers.facebook.com/docs/sharing/webmasters/crawler)"
66.249.77.167 - - [18/Sep/2025:08:37:07 +0000] "GET /index.php?products/3079402/ HTTP/1.1" 200 17746 "-" "Mozilla/5.0 (Linux; Android 6.0.1; Nexus 5X Build/MMB29P) AppleWebKit/537.36 (KHTML, like Gecko) Chrome/140.0.7339.127 Mobile Safari/537.36 (compatible; GoogleOther)"
66.249.77.167 - - [18/Sep/2025:08:35:32 +0000] "GET /index.php?products/23847991/ HTTP/1.1" 200 17665 "-" "Mozilla/5.0 (Linux; Android 6.0.1; Nexus 5X Build/MMB29P) AppleWebKit/537.36 (KHTML, like Gecko) Chrome/140.0.7339.127 Mobile Safari/537.36 (compatible; GoogleOther)"
66.249.77.167 - - [18/Sep/2025:08:35:36 +0000] "GET /products/23419735/ HTTP/1.1" 200 17386 "-" "Mozilla/5.0 (Linux; Android 6.0.1; Nexus 5X Build/MMB29P) AppleWebKit/537.36 (KHTML, like Gecko) Chrome/140.0.7339.127 Mobile Safari/537.36 (compatible; GoogleOther)"
66.249.77.167 - - [18/Sep/2025:08:35:39 +0000] "GET /public/index.php?pcmypage?callback=product/review/32319061 HTTP/1.1" 200 17597 "-" "Mozilla/5.0 (Linux; Android 6.0.1; Nexus 5X Build/MMB29P) AppleWebKit/537.36 (KHTML, like Gecko) Chrome/140.0.7339.127 Mobile Safari/537.36 (compatible; GoogleOther)"
66.249.77.167 - - [18/Sep/2025:08:35:39 +0000] "GET /index.php?products/15307435/ HTTP/1.1" 200 17584 "-" "Mozilla/5.0 (Linux; Android 6.0.1; Nexus 5X Build/MMB29P) AppleWebKit/537.36 (KHTML, like Gecko) Chrome/140.0.7339.127 Mobile Safari/537.36 (compatible; GoogleOther)"
66.249.77.167 - - [18/Sep/2025:08:36:39 +0000] "GET /index.php?products/12684468/ HTTP/1.1" 200 17529 "-" "Mozilla/5.0 (Linux; Android 6.0.1; Nexus 5X Build/MMB29P) AppleWebKit/537.36 (KHTML, like Gecko) Chrome/140.0.7339.127 Mobile Safari/537.36 (compatible; GoogleOther)"
66.249.77.167 - - [18/Sep/2025:08:36:42 +0000] "GET /public/index.php?product/edit/59355629 HTTP/1.1" 200 17555 "-" "Mozilla/5.0 (Linux; Android 6.0.1; Nexus 5X Build/MMB29P) AppleWebKit/537.36 (KHTML, like Gecko) Chrome/140.0.7339.127 Mobile Safari/537.36 (compatible; GoogleOther)"
66.249.77.167 - - [18/Sep/2025:08:36:45 +0000] "GET /index.php?products/17885424/ HTTP/1.1" 200 17352 "-" "Mozilla/5.0 (Linux; Android 6.0.1; Nexus 5X Build/MMB29P) AppleWebKit/537.36 (KHTML, like Gecko) Chrome/140.0.7339.127 Mobile Safari/537.36 (compatible; GoogleOther)"
66.249.77.167 - - [18/Sep/2025:08:36:47 +0000] "GET /index.php?products/3314679/ HTTP/1.1" 200 17456 "-" "Mozilla/5.0 (Linux; Android 6.0.1; Nexus 5X Build/MMB29P) AppleWebKit/537.36 (KHTML, like Gecko) Chrome/140.0.7339.127 Mobile Safari/537.36 (compatible; GoogleOther)"
66.249.77.167 - - [18/Sep/2025:08:36:51 +0000] "GET /index.php?products/9079480/ HTTP/1.1" 200 17148 "-" "Mozilla/5.0 (Linux; Android 6.0.1; Nexus 5X Build/MMB29P) AppleWebKit/537.36 (KHTML, like Gecko) Chrome/140.0.7339.127 Mobile Safari/537.36 (compatible; GoogleOther)"
66.249.77.167 - - [18/Sep/2025:08:36:51 +0000] "GET /index.php?product/edit/56702376 HTTP/1.1" 200 17242 "-" "Mozilla/5.0 (Linux; Android 6.0.1; Nexus 5X Build/MMB29P) AppleWebKit/537.36 (KHTML, like Gecko) Chrome/140.0.7339.127 Mobile Safari/537.36 (compatible; GoogleOther)"
66.249.77.167 - - [18/Sep/2025:08:36:53 +0000] "GET /products/3639324/ HTTP/1.1" 200 17811 "-" "Mozilla/5.0 (Linux; Android 6.0.1; Nexus 5X Build/MMB29P) AppleWebKit/537.36 (KHTML, like Gecko) Chrome/140.0.7339.127 Mobile Safari/537.36 (compatible; GoogleOther)"
66.249.77.168 - - [18/Sep/2025:08:37:12 +0000] "GET /index.php?products/12633357/ HTTP/1.1" 200 18373 "-" "Mozilla/5.0 (Linux; Android 6.0.1; Nexus 5X Build/MMB29P) AppleWebKit/537.36 (KHTML, like Gecko) Chrome/140.0.7339.127 Mobile Safari/537.36 (compatible; Googlebot/2.1; +http://www.google.com/bot.html)"
66.249.77.167 - - [18/Sep/2025:08:37:19 +0000] "GET /index.php?products/25136735/ HTTP/1.1" 200 17339 "-" "Mozilla/5.0 (Linux; Android 6.0.1; Nexus 5X Build/MMB29P) AppleWebKit/537.36 (KHTML, like Gecko) Chrome/140.0.7339.127 Mobile Safari/537.36 (compatible; GoogleOther)"
66.249.77.167 - - [18/Sep/2025:08:37:20 +0000] "GET /index.php?zhHant/product/surugaya/36733859?campaign_uid=f64d716db5e979ed2f947dbaf4296895b951ae7f HTTP/1.1" 200 17794 "-" "Mozilla/5.0 (Linux; Android 6.0.1; Nexus 5X Build/MMB29P) AppleWebKit/537.36 (KHTML, like Gecko) Chrome/140.0.7339.127 Mobile Safari/537.36 (compatible; GoogleOther)"
66.249.77.167 - - [18/Sep/2025:08:36:27 +0000] "GET /products/4091946/ HTTP/1.1" 200 17852 "-" "Mozilla/5.0 (Linux; Android 6.0.1; Nexus 5X Build/MMB29P) AppleWebKit/537.36 (KHTML, like Gecko) Chrome/140.0.7339.127 Mobile Safari/537.36 (compatible; GoogleOther)"
66.249.77.167 - - [18/Sep/2025:08:36:27 +0000] "GET /index.php?products/11227391/ HTTP/1.1" 200 17880 "-" "Mozilla/5.0 (Linux; Android 6.0.1; Nexus 5X Build/MMB29P) AppleWebKit/537.36 (KHTML, like Gecko) Chrome/140.0.7339.127 Mobile Safari/537.36 (compatible; GoogleOther)"
66.249.77.167 - - [18/Sep/2025:08:36:33 +0000] "GET /index.php?products/21858702/ HTTP/1.1" 200 18646 "-" "Mozilla/5.0 (Linux; Android 6.0.1; Nexus 5X Build/MMB29P) AppleWebKit/537.36 (KHTML, like Gecko) Chrome/140.0.7339.127 Mobile Safari/537.36 (compatible; GoogleOther)"
66.249.77.168 - - [18/Sep/2025:08:36:43 +0000] "GET /index.php?zhHant/product/surugaya/57990666/campaign_uid=f64d716db5e979ed2f947dbaf4296895b951ae7f HTTP/1.1" 200 17581 "-" "Mozilla/5.0 (Linux; Android 6.0.1; Nexus 5X Build/MMB29P) AppleWebKit/537.36 (KHTML, like Gecko) Chrome/140.0.7339.127 Mobile Safari/537.36 (compatible; GoogleOther)"
114.119.136.15 - - [18/Sep/2025:08:36:50 +0000] "GET /products/8719991/ HTTP/1.1" 403 0 "http://www.bouloter.com/sitemap524.xml" "Mozilla/5.0 (Linux; Android 7.0;) AppleWebKit/537.36 (KHTML, like Gecko) Mobile Safari/537.36 (compatible; PetalBot;+https://webmaster.petalsearch.com/site/petalbot)"
66.249.77.167 - - [18/Sep/2025:08:37:34 +0000] "GET /index.php?zhHant/product/surugaya/39661190?campaign_uid=f64d716db5e979ed2f947dbaf4296895b951ae7f HTTP/1.1" 200 17034 "-" "Mozilla/5.0 (Linux; Android 6.0.1; Nexus 5X Build/MMB29P) AppleWebKit/537.36 (KHTML, like Gecko) Chrome/140.0.7339.127 Mobile Safari/537.36 (compatible; GoogleOther)"
66.249.77.167 - - [18/Sep/2025:08:37:36 +0000] "GET /index.php?products/15592635/ HTTP/1.1" 200 18009 "-" "Mozilla/5.0 (Linux; Android 6.0.1; Nexus 5X Build/MMB29P) AppleWebKit/537.36 (KHTML, like Gecko) Chrome/140.0.7339.127 Mobile Safari/537.36 (compatible; GoogleOther)"
66.249.77.167 - - [18/Sep/2025:08:37:39 +0000] "GET /index.php?zhHant/product/surugaya/89746081?campaign_uid=f64d716db5e979ed2f947dbaf4296895b951ae7f HTTP/1.1" 200 18757 "-" "Mozilla/5.0 (Linux; Android 6.0.1; Nexus 5X Build/MMB29P) AppleWebKit/537.36 (KHTML, like Gecko) Chrome/140.0.7339.127 Mobile Safari/537.36 (compatible; GoogleOther)"
66.249.77.167 - - [18/Sep/2025:08:37:46 +0000] "GET /public/index.php?pcmypage?callback=/product%2Fdetail%2F95220846 HTTP/1.1" 200 17701 "-" "Mozilla/5.0 (Linux; Android 6.0.1; Nexus 5X Build/MMB29P) AppleWebKit/537.36 (KHTML, like Gecko) Chrome/140.0.7339.127 Mobile Safari/537.36 (compatible; GoogleOther)"
66.249.77.167 - - [18/Sep/2025:08:37:48 +0000] "GET /index.php?products/4081102/ HTTP/1.1" 200 17702 "-" "Mozilla/5.0 (Linux; Android 6.0.1; Nexus 5X Build/MMB29P) AppleWebKit/537.36 (KHTML, like Gecko) Chrome/140.0.7339.127 Mobile Safari/537.36 (compatible; GoogleOther)"
66.249.77.167 - - [18/Sep/2025:08:37:51 +0000] "GET /products/24397857/ HTTP/1.1" 200 17247 "-" "Mozilla/5.0 (Linux; Android 6.0.1; Nexus 5X Build/MMB29P) AppleWebKit/537.36 (KHTML, like Gecko) Chrome/140.0.7339.127 Mobile Safari/537.36 (compatible; GoogleOther)"
66.249.77.167 - - [18/Sep/2025:08:37:54 +0000] "GET /index.php?products/3631091/ HTTP/1.1" 200 17756 "-" "Mozilla/5.0 (Linux; Android 6.0.1; Nexus 5X Build/MMB29P) AppleWebKit/537.36 (KHTML, like Gecko) Chrome/140.0.7339.127 Mobile Safari/537.36 (compatible; GoogleOther)"
66.249.77.167 - - [18/Sep/2025:08:37:58 +0000] "GET /products/12578491/ HTTP/1.1" 200 18141 "-" "Mozilla/5.0 (Linux; Android 6.0.1; Nexus 5X Build/MMB29P) AppleWebKit/537.36 (KHTML, like Gecko) Chrome/140.0.7339.127 Mobile Safari/537.36 (compatible; GoogleOther)"
66.249.77.167 - - [18/Sep/2025:08:38:01 +0000] "GET /index.php?products/25257480/ HTTP/1.1" 200 17621 "-" "Mozilla/5.0 (Linux; Android 6.0.1; Nexus 5X Build/MMB29P) AppleWebKit/537.36 (KHTML, like Gecko) Chrome/140.0.7339.127 Mobile Safari/537.36 (compatible; GoogleOther)"
66.249.77.168 - - [18/Sep/2025:08:37:14 +0000] "GET /public/index.php?pcmypage?callback=product/review/86913140 HTTP/1.1" 200 18004 "-" "Mozilla/5.0 (Linux; Android 6.0.1; Nexus 5X Build/MMB29P) AppleWebKit/537.36 (KHTML, like Gecko) Chrome/140.0.7339.127 Mobile Safari/537.36 (compatible; GoogleOther)"
66.249.77.167 - - [18/Sep/2025:08:38:17 +0000] "GET /public/index.php?pcmypage?callback=/product%2Fdetail%2F69561610 HTTP/1.1" 200 17756 "-" "Mozilla/5.0 (Linux; Android 6.0.1; Nexus 5X Build/MMB29P) AppleWebKit/537.36 (KHTML, like Gecko) Chrome/140.0.7339.127 Mobile Safari/537.36 (compatible; GoogleOther)"
66.249.77.167 - - [18/Sep/2025:08:38:19 +0000] "GET /index.php?products/3936513/ HTTP/1.1" 200 18442 "-" "Mozilla/5.0 (Linux; Android 6.0.1; Nexus 5X Build/MMB29P) AppleWebKit/537.36 (KHTML, like Gecko) Chrome/140.0.7339.127 Mobile Safari/537.36 (compatible; GoogleOther)"
66.249.77.167 - - [18/Sep/2025:08:38:32 +0000] "GET /index.php?products/15131891/ HTTP/1.1" 200 17017 "-" "Mozilla/5.0 (Linux; Android 6.0.1; Nexus 5X Build/MMB29P) AppleWebKit/537.36 (KHTML, like Gecko) Chrome/140.0.7339.127 Mobile Safari/537.36 (compatible; GoogleOther)"
57.141.0.51 - - [18/Sep/2025:08:38:51 +0000] "GET /products/21996502/ HTTP/1.1" 500 0 "-" "meta-externalagent/1.1 (+https://developers.facebook.com/docs/sharing/webmasters/crawler)"
66.249.77.167 - - [18/Sep/2025:08:38:55 +0000] "GET /index.php?products/24254713/ HTTP/1.1" 200 17797 "-" "Mozilla/5.0 (Linux; Android 6.0.1; Nexus 5X Build/MMB29P) AppleWebKit/537.36 (KHTML, like Gecko) Chrome/140.0.7339.127 Mobile Safari/537.36 (compatible; GoogleOther)"
66.249.77.167 - - [18/Sep/2025:08:39:08 +0000] "GET /public/index.php?products/9917602/ HTTP/1.1" 200 18447 "-" "Mozilla/5.0 (Linux; Android 6.0.1; Nexus 5X Build/MMB29P) AppleWebKit/537.36 (KHTML, like Gecko) Chrome/140.0.7339.127 Mobile Safari/537.36 (compatible; GoogleOther)"
66.249.77.167 - - [18/Sep/2025:08:39:15 +0000] "GET /index.php?products/3468124/ HTTP/1.1" 200 17934 "-" "Mozilla/5.0 (Linux; Android 6.0.1; Nexus 5X Build/MMB29P) AppleWebKit/537.36 (KHTML, like Gecko) Chrome/140.0.7339.127 Mobile Safari/537.36 (compatible; GoogleOther)"
66.249.77.167 - - [18/Sep/2025:08:39:20 +0000] "GET /public/index.php?pcmypage?callback=product%2Fdetail%2F66861351 HTTP/1.1" 200 17789 "-" "Mozilla/5.0 (Linux; Android 6.0.1; Nexus 5X Build/MMB29P) AppleWebKit/537.36 (KHTML, like Gecko) Chrome/140.0.7339.127 Mobile Safari/537.36 (compatible; GoogleOther)"
66.249.77.167 - - [18/Sep/2025:08:39:26 +0000] "GET /index.php?products/12981613/ HTTP/1.1" 200 17838 "-" "Mozilla/5.0 (Linux; Android 6.0.1; Nexus 5X Build/MMB29P) AppleWebKit/537.36 (KHTML, like Gecko) Chrome/140.0.7339.127 Mobile Safari/537.36 (compatible; GoogleOther)"
66.249.77.167 - - [18/Sep/2025:08:39:29 +0000] "GET /index.php?products/13777702/ HTTP/1.1" 200 17732 "-" "Mozilla/5.0 (Linux; Android 6.0.1; Nexus 5X Build/MMB29P) AppleWebKit/537.36 (KHTML, like Gecko) Chrome/140.0.7339.127 Mobile Safari/537.36 (compatible; GoogleOther)"
66.249.77.167 - - [18/Sep/2025:08:39:33 +0000] "GET /index.php?products/25793291/ HTTP/1.1" 200 17462 "-" "Mozilla/5.0 (Linux; Android 6.0.1; Nexus 5X Build/MMB29P) AppleWebKit/537.36 (KHTML, like Gecko) Chrome/140.0.7339.127 Mobile Safari/537.36 (compatible; GoogleOther)"
57.141.0.12 - - [18/Sep/2025:08:39:57 +0000] "GET /products/13439168/ HTTP/1.1" 500 0 "-" "meta-externalagent/1.1 (+https://developers.facebook.com/docs/sharing/webmasters/crawler)"
66.249.77.167 - - [18/Sep/2025:08:40:55 +0000] "GET /public/index.php?pcmypage?callback=/product%2Fdetail%2F73910401 HTTP/1.1" 200 18159 "-" "Mozilla/5.0 (Linux; Android 6.0.1; Nexus 5X Build/MMB29P) AppleWebKit/537.36 (KHTML, like Gecko) Chrome/140.0.7339.127 Mobile Safari/537.36 (compatible; GoogleOther)"
57.141.0.50 - - [18/Sep/2025:08:41:04 +0000] "GET /products/5454157/ HTTP/1.1" 500 0 "-" "meta-externalagent/1.1 (+https://developers.facebook.com/docs/sharing/webmasters/crawler)"
157.55.39.10 - - [18/Sep/2025:08:38:35 +0000] "GET /products/12892457/ HTTP/1.1" 200 18032 "-" "Mozilla/5.0 AppleWebKit/537.36 (KHTML, like Gecko; compatible; bingbot/2.0; +http://www.bing.com/bingbot.htm) Chrome/116.0.1938.76 Safari/537.36"
157.55.39.10 - - [18/Sep/2025:08:38:36 +0000] "GET /products/6300335/ HTTP/1.1" 200 18835 "-" "Mozilla/5.0 AppleWebKit/537.36 (KHTML, like Gecko; compatible; bingbot/2.0; +http://www.bing.com/bingbot.htm) Chrome/116.0.1938.76 Safari/537.36"
66.249.77.167 - - [18/Sep/2025:08:38:48 +0000] "GET /public/index.php?pcmypage?callback=product/review/42888401 HTTP/1.1" 200 17622 "-" "Mozilla/5.0 (Linux; Android 6.0.1; Nexus 5X Build/MMB29P) AppleWebKit/537.36 (KHTML, like Gecko) Chrome/140.0.7339.127 Mobile Safari/537.36 (compatible; GoogleOther)"
69.171.249.3 - - [18/Sep/2025:08:39:13 +0000] "GET /robots.txt HTTP/1.1" 206 1049 "-" "facebookexternalhit/1.1 (+http://www.facebook.com/externalhit_uatext.php)"
66.249.77.167 - - [18/Sep/2025:08:39:52 +0000] "GET /public/index.php?pcmypage?callback=/product%2Fdetail%2F33111490 HTTP/1.1" 200 18138 "-" "Mozilla/5.0 (Linux; Android 6.0.1; Nexus 5X Build/MMB29P) AppleWebKit/537.36 (KHTML, like Gecko) Chrome/140.0.7339.127 Mobile Safari/537.36 (compatible; GoogleOther)"
98.97.183.101 - - [18/Sep/2025:08:40:05 +0000] "GET /products/8742857/ HTTP/1.1" 500 0 "http://www.bouloter.com/sitemap524.xml" "Mozilla/5.0 (Linux; Android 9; MI 9 Build/PKQ1.181121.001; wv) AppleWebKit/537.36 (KHTML, like Gecko) Version/4.0 Chrome/70.0.4344.85 Mobile Safari/537.36 AWP/2.0 SogouMSE,SogouMobileBrowser/5.22.4"
187.109.129.94 - - [18/Sep/2025:08:40:07 +0000] "GET http://www.bouloter.com/index.php?products/28587679/ HTTP/1.1" 500 0 "http://www.bouloter.com/" "Mozilla/5.0 (Macintosh; Intel Mac OS X 10_15_7) AppleWebKit/537.36 (KHTML, like Gecko) Chrome/135.0.0.0 Safari/537.36"
66.249.77.169 - - [18/Sep/2025:08:40:08 +0000] "GET /index.php?products/25649957/ HTTP/1.1" 200 17251 "-" "Mozilla/5.0 (Linux; Android 6.0.1; Nexus 5X Build/MMB29P) AppleWebKit/537.36 (KHTML, like Gecko) Chrome/140.0.7339.127 Mobile Safari/537.36 (compatible; GoogleOther)"
37.236.45.26 - - [18/Sep/2025:08:40:11 +0000] "GET http://www.bouloter.com/index.php?products/30114191/ HTTP/1.1" 500 0 "http://www.bouloter.com/" "Mozilla/5.0 (X11; CrOS x86_64 14541.0.0) AppleWebKit/537.36 (KHTML, like Gecko) Chrome/134.0.0.0 Safari/537.36"
66.249.77.167 - - [18/Sep/2025:08:40:24 +0000] "GET /public/index.php?pcmypage/callback=product/review/48668942 HTTP/1.1" 200 17259 "-" "Mozilla/5.0 (Linux; Android 6.0.1; Nexus 5X Build/MMB29P) AppleWebKit/537.36 (KHTML, like Gecko) Chrome/140.0.7339.127 Mobile Safari/537.36 (compatible; GoogleOther)"
177.92.29.107 - - [18/Sep/2025:08:40:45 +0000] "GET http://www.bouloter.com/index.php?products/5809968/ HTTP/1.1" 500 0 "http://www.bouloter.com/" "Mozilla/5.0 (Windows NT 10.0; Win64; x64) AppleWebKit/537.36 (KHTML, like Gecko) Chrome/134.0.0.0 Safari/537.36"
94.130.16.237 - - [18/Sep/2025:08:40:55 +0000] "GET /contacts/ HTTP/1.0" 500 0 "http://bouloter.com/contacts/" "Mozilla/5.0 (Windows NT 10.0; Win64; x64) AppleWebKit/537.36 (KHTML, like Gecko) Chrome/129.0.0.0 Safari/537.36"
66.249.77.168 - - [18/Sep/2025:08:41:39 +0000] "GET /index.php?products/4656391/ HTTP/1.1" 200 18297 "-" "Mozilla/5.0 (Linux; Android 6.0.1; Nexus 5X Build/MMB29P) AppleWebKit/537.36 (KHTML, like Gecko) Chrome/140.0.7339.127 Mobile Safari/537.36 (compatible; GoogleOther)"
57.141.0.56 - - [18/Sep/2025:08:42:10 +0000] "GET /products/23628502/ HTTP/1.1" 500 0 "-" "meta-externalagent/1.1 (+https://developers.facebook.com/docs/sharing/webmasters/crawler)"
66.249.77.167 - - [18/Sep/2025:08:42:30 +0000] "GET /public/index.php?pcmypage/callback=product/review/11507236 HTTP/1.1" 200 17337 "-" "Mozilla/5.0 (Linux; Android 6.0.1; Nexus 5X Build/MMB29P) AppleWebKit/537.36 (KHTML, like Gecko) Chrome/140.0.7339.127 Mobile Safari/537.36 (compatible; GoogleOther)"
66.249.77.167 - - [18/Sep/2025:08:37:21 +0000] "POST /get-message-notify HTTP/1.1" 200 18028 "http://www.bouloter.com/index.php?products/12633357/" "Mozilla/5.0 (Linux; Android 6.0.1; Nexus 5X Build/MMB29P) AppleWebKit/537.36 (KHTML, like Gecko) Chrome/139.0.7258.127 Mobile Safari/537.36 (compatible; Googlebot/2.1; +http://www.google.com/bot.html)"
66.249.77.167 - - [18/Sep/2025:08:38:39 +0000] "GET /products/2468146/ HTTP/1.1" 200 17710 "-" "Mozilla/5.0 (Linux; Android 6.0.1; Nexus 5X Build/MMB29P) AppleWebKit/537.36 (KHTML, like Gecko) Chrome/140.0.7339.127 Mobile Safari/537.36 (compatible; GoogleOther)"
66.249.77.167 - - [18/Sep/2025:08:39:37 +0000] "GET /index.php?products/3175957/ HTTP/1.1" 200 18212 "-" "Mozilla/5.0 (Linux; Android 6.0.1; Nexus 5X Build/MMB29P) AppleWebKit/537.36 (KHTML, like Gecko) Chrome/140.0.7339.127 Mobile Safari/537.36 (compatible; GoogleOther)"
66.249.77.167 - - [18/Sep/2025:08:40:30 +0000] "GET /index.php?products/16493113/ HTTP/1.1" 200 18659 "-" "Mozilla/5.0 (Linux; Android 6.0.1; Nexus 5X Build/MMB29P) AppleWebKit/537.36 (KHTML, like Gecko) Chrome/140.0.7339.127 Mobile Safari/537.36 (compatible; GoogleOther)"
177.54.192.30 - - [18/Sep/2025:08:40:49 +0000] "GET http://www.bouloter.com/index.php?products/25504657/ HTTP/1.1" 500 0 "http://www.bouloter.com/" "Mozilla/5.0 (Windows NT 10.0; Win64; x64) AppleWebKit/537.36 (KHTML, like Gecko) Chrome/135.0.0.0 Safari/537.36"
94.130.16.237 - - [18/Sep/2025:08:40:55 +0000] "GET / HTTP/1.0" 500 0 "http://bouloter.com/" "Mozilla/5.0 (Windows NT 10.0; Win64; x64) AppleWebKit/537.36 (KHTML, like Gecko) Chrome/129.0.0.0 Safari/537.36"
47.82.11.48 - - [18/Sep/2025:08:41:13 +0000] "GET /index.php?products/2966468/ HTTP/1.1" 500 0 "http://www.bouloter.com/" "Mozilla/5.0 (Macintosh; Intel Mac OS X 10_15_7) AppleWebKit/605.1.15 (KHTML, like Gecko) Version/18.3.1 Safari/605.1.15"
47.82.11.60 - - [18/Sep/2025:08:41:22 +0000] "GET /products/23932080/ HTTP/1.1" 500 0 "http://www.bouloter.com/" "Mozilla/5.0 (Windows NT 10.0; Win64; x64) AppleWebKit/537.36 (KHTML, like Gecko) Chrome/135.0.0.0 Safari/537.36 Edg/135.0.0.0"
200.229.158.60 - - [18/Sep/2025:08:41:25 +0000] "GET http://www.bouloter.com/index.php?products/22150268/ HTTP/1.1" 500 0 "http://www.bouloter.com/" "Mozilla/5.0 (Windows NT 10.0; Win64; x64) AppleWebKit/537.36 (KHTML, like Gecko) Chrome/135.0.0.0 Safari/537.36"
66.249.77.169 - - [18/Sep/2025:08:41:27 +0000] "GET /public/index.php?pcmypage?callback=/product%2Fdetail%2F87549251 HTTP/1.1" 200 18122 "-" "Mozilla/5.0 (Linux; Android 6.0.1; Nexus 5X Build/MMB29P) AppleWebKit/537.36 (KHTML, like Gecko) Chrome/140.0.7339.127 Mobile Safari/537.36 (compatible; GoogleOther)"
138.0.231.214 - - [18/Sep/2025:08:41:40 +0000] "GET http://www.bouloter.com/index.php?products/5844779/ HTTP/1.1" 500 0 "http://www.bouloter.com/" "Mozilla/5.0 (Macintosh; Intel Mac OS X 10_15_7) AppleWebKit/605.1.15 (KHTML, like Gecko) Version/17.5 Safari/605.1.15"
66.249.77.167 - - [18/Sep/2025:08:41:51 +0000] "GET /products/5130757/ HTTP/1.1" 200 17297 "-" "Mozilla/5.0 (Linux; Android 6.0.1; Nexus 5X Build/MMB29P) AppleWebKit/537.36 (KHTML, like Gecko) Chrome/140.0.7339.127 Mobile Safari/537.36 (compatible; GoogleOther)"
66.249.77.168 - - [18/Sep/2025:08:42:05 +0000] "GET /index.php?products/17095713/ HTTP/1.1" 200 17755 "-" "Mozilla/5.0 (Linux; Android 6.0.1; Nexus 5X Build/MMB29P) AppleWebKit/537.36 (KHTML, like Gecko) Chrome/140.0.7339.127 Mobile Safari/537.36 (compatible; GoogleOther)"
207.46.13.92 - - [18/Sep/2025:08:43:26 +0000] "GET /products/8676080/ HTTP/1.1" 200 17685 "-" "Mozilla/5.0 AppleWebKit/537.36 (KHTML, like Gecko; compatible; bingbot/2.0; +http://www.bing.com/bingbot.htm) Chrome/116.0.1938.76 Safari/537.36"
66.249.77.167 - - [18/Sep/2025:08:43:34 +0000] "GET /public/index.php?pcmypage?callback=/product%2Fdetail%2F40734817 HTTP/1.1" 200 18224 "-" "Mozilla/5.0 (Linux; Android 6.0.1; Nexus 5X Build/MMB29P) AppleWebKit/537.36 (KHTML, like Gecko) Chrome/140.0.7339.127 Mobile Safari/537.36 (compatible; GoogleOther)"
139.135.192.71 - - [18/Sep/2025:08:43:34 +0000] "GET /products/8731824/ HTTP/1.1" 500 0 "http://www.bouloter.com/sitemap498.xml" "Mozilla/5.0 (Linux; Android 7.1.1; OPPO R9sk Build/NMF26F; wv) AppleWebKit/537.36 (KHTML, like Gecko) Version/4.0 Chrome/52.0.3244.44 Mobile Safari/537.36 AWP/2.0 SogouMSE,SogouMobileBrowser/5.22.8"
66.249.77.168 - - [18/Sep/2025:08:44:05 +0000] "GET /public/index.php?pcmypage?callback=product/review/16603774 HTTP/1.1" 200 17611 "-" "Mozilla/5.0 (Linux; Android 6.0.1; Nexus 5X Build/MMB29P) AppleWebKit/537.36 (KHTML, like Gecko) Chrome/140.0.7339.127 Mobile Safari/537.36 (compatible; GoogleOther)"
66.249.77.168 - - [18/Sep/2025:08:44:07 +0000] "GET /products/5329313/ HTTP/1.1" 200 17610 "-" "Mozilla/5.0 (Linux; Android 6.0.1; Nexus 5X Build/MMB29P) AppleWebKit/537.36 (KHTML, like Gecko) Chrome/140.0.7339.127 Mobile Safari/537.36 (compatible; GoogleOther)"
66.249.77.167 - - [18/Sep/2025:08:44:10 +0000] "GET /public/index.php?products/9256802/ HTTP/1.1" 200 18488 "-" "Mozilla/5.0 (Linux; Android 6.0.1; Nexus 5X Build/MMB29P) AppleWebKit/537.36 (KHTML, like Gecko) Chrome/140.0.7339.127 Mobile Safari/537.36 (compatible; GoogleOther)"
66.249.77.167 - - [18/Sep/2025:08:44:33 +0000] "GET /public/index.php?products/5451257/ HTTP/1.1" 200 17172 "-" "Mozilla/5.0 (Linux; Android 6.0.1; Nexus 5X Build/MMB29P) AppleWebKit/537.36 (KHTML, like Gecko) Chrome/140.0.7339.127 Mobile Safari/537.36 (compatible; GoogleOther)"
66.249.77.168 - - [18/Sep/2025:08:45:09 +0000] "GET /public/index.php?pcmypage?callback=product/review/73971240 HTTP/1.1" 200 18019 "-" "Mozilla/5.0 (Linux; Android 6.0.1; Nexus 5X Build/MMB29P) AppleWebKit/537.36 (KHTML, like Gecko) Chrome/140.0.7339.127 Mobile Safari/537.36 (compatible; GoogleOther)"
66.249.77.167 - - [18/Sep/2025:08:45:10 +0000] "GET /public/index.php?products/14486779/ HTTP/1.1" 200 17392 "-" "Mozilla/5.0 (Linux; Android 6.0.1; Nexus 5X Build/MMB29P) AppleWebKit/537.36 (KHTML, like Gecko) Chrome/140.0.7339.127 Mobile Safari/537.36 (compatible; GoogleOther)"
66.249.77.167 - - [18/Sep/2025:08:45:40 +0000] "GET /public/index.php?pcmypage?callback=/product%2Fdetail%2F45073191 HTTP/1.1" 200 18169 "-" "Mozilla/5.0 (Linux; Android 6.0.1; Nexus 5X Build/MMB29P) AppleWebKit/537.36 (KHTML, like Gecko) Chrome/140.0.7339.127 Mobile Safari/537.36 (compatible; GoogleOther)"
66.249.77.168 - - [18/Sep/2025:08:46:12 +0000] "GET /index.php?product/edit/73180804 HTTP/1.1" 200 18025 "-" "Mozilla/5.0 (Linux; Android 6.0.1; Nexus 5X Build/MMB29P) AppleWebKit/537.36 (KHTML, like Gecko) Chrome/140.0.7339.127 Mobile Safari/537.36 (compatible; GoogleOther)"
66.249.77.167 - - [18/Sep/2025:08:46:46 +0000] "POST /get-message-notify HTTP/1.1" 200 18028 "http://www.bouloter.com/public/index.php?pcmypage?callback=/product%2Fdetail%2F15692323" "Mozilla/5.0 (Linux; Android 6.0.1; Nexus 5X Build/MMB29P) AppleWebKit/537.36 (KHTML, like Gecko) Chrome/139.0.7258.127 Mobile Safari/537.36 (compatible; Googlebot/2.1; +http://www.google.com/bot.html)"
66.249.77.167 - - [18/Sep/2025:08:46:50 +0000] "GET /products/25946024/ HTTP/1.1" 200 18056 "-" "Mozilla/5.0 (Linux; Android 6.0.1; Nexus 5X Build/MMB29P) AppleWebKit/537.36 (KHTML, like Gecko) Chrome/140.0.7339.127 Mobile Safari/537.36 (compatible; GoogleOther)"
66.249.77.168 - - [18/Sep/2025:08:47:15 +0000] "GET /public/index.php?pcmypage?callback=product/review/72882107 HTTP/1.1" 200 17464 "-" "Mozilla/5.0 (Linux; Android 6.0.1; Nexus 5X Build/MMB29P) AppleWebKit/537.36 (KHTML, like Gecko) Chrome/140.0.7339.127 Mobile Safari/537.36 (compatible; GoogleOther)"
66.249.77.167 - - [18/Sep/2025:08:48:19 +0000] "GET /public/index.php?pcmypage?callback=product/review/98891295 HTTP/1.1" 200 17693 "-" "Mozilla/5.0 (Linux; Android 6.0.1; Nexus 5X Build/MMB29P) AppleWebKit/537.36 (KHTML, like Gecko) Chrome/140.0.7339.127 Mobile Safari/537.36 (compatible; GoogleOther)"
189.45.168.149 - - [18/Sep/2025:08:41:42 +0000] "GET http://www.bouloter.com/index.php?products/25271168/ HTTP/1.1" 500 0 "http://www.bouloter.com/" "Mozilla/5.0 (Macintosh; Intel Mac OS X 10_15_7) AppleWebKit/537.36 (KHTML, like Gecko) Chrome/135.0.0.0 Safari/537.36"
200.71.121.205 - - [18/Sep/2025:08:41:50 +0000] "GET http://www.bouloter.com/index.php?products/23767668/ HTTP/1.1" 500 0 "http://www.bouloter.com/" "Mozilla/5.0 (Windows NT 10.0; Win64; x64) AppleWebKit/537.36 (KHTML, like Gecko) Chrome/135.0.0.0 Safari/537.36"
189.218.12.77 - - [18/Sep/2025:08:41:53 +0000] "GET http://www.bouloter.com/index.php?products/8423346/ HTTP/1.1" 500 0 "http://www.bouloter.com/" "Mozilla/5.0 (Windows NT 10.0; Win64; x64) AppleWebKit/537.36 (KHTML, like Gecko) Chrome/135.0.0.0 Safari/537.36"
66.249.77.167 - - [18/Sep/2025:08:41:59 +0000] "GET /public/index.php?pcmypage/callback=/product/detail/17424995 HTTP/1.1" 200 17913 "-" "Mozilla/5.0 (Linux; Android 6.0.1; Nexus 5X Build/MMB29P) AppleWebKit/537.36 (KHTML, like Gecko) Chrome/140.0.7339.127 Mobile Safari/537.36 (compatible; GoogleOther)"
66.249.77.167 - - [18/Sep/2025:08:42:19 +0000] "GET /index.php?products/6043613/ HTTP/1.1" 200 17807 "-" "Mozilla/5.0 (Linux; Android 6.0.1; Nexus 5X Build/MMB29P) AppleWebKit/537.36 (KHTML, like Gecko) Chrome/140.0.7339.127 Mobile Safari/537.36 (compatible; GoogleOther)"
66.249.77.167 - - [18/Sep/2025:08:43:09 +0000] "GET /public/index.php?products/5058635/ HTTP/1.1" 200 17580 "-" "Mozilla/5.0 (Linux; Android 6.0.1; Nexus 5X Build/MMB29P) AppleWebKit/537.36 (KHTML, like Gecko) Chrome/140.0.7339.127 Mobile Safari/537.36 (compatible; GoogleOther)"
66.249.77.167 - - [18/Sep/2025:08:43:13 +0000] "GET /products/5645802/ HTTP/1.1" 200 17772 "-" "Mozilla/5.0 (Linux; Android 6.0.1; Nexus 5X Build/MMB29P) AppleWebKit/537.36 (KHTML, like Gecko) Chrome/140.0.7339.127 Mobile Safari/537.36 (compatible; GoogleOther)"
66.249.77.167 - - [18/Sep/2025:08:43:17 +0000] "GET /index.php?products/4907035/ HTTP/1.1" 200 18129 "-" "Mozilla/5.0 (Linux; Android 6.0.1; Nexus 5X Build/MMB29P) AppleWebKit/537.36 (KHTML, like Gecko) Chrome/140.0.7339.127 Mobile Safari/537.36 (compatible; GoogleOther)"
45.7.219.45 - - [18/Sep/2025:08:44:16 +0000] "GET http://www.bouloter.com/index.php?products/23242102/ HTTP/1.1" 500 0 "http://www.bouloter.com/" "Mozilla/5.0 (Windows NT 10.0; Win64; x64) AppleWebKit/537.36 (KHTML, like Gecko) Chrome/135.0.0.0 Safari/537.36"
66.249.77.167 - - [18/Sep/2025:08:44:37 +0000] "GET /public/index.php?pcmypage?callback=/product%2Fdetail%2F97883175 HTTP/1.1" 200 17760 "-" "Mozilla/5.0 (Linux; Android 6.0.1; Nexus 5X Build/MMB29P) AppleWebKit/537.36 (KHTML, like Gecko) Chrome/140.0.7339.127 Mobile Safari/537.36 (compatible; GoogleOther)"
47.82.11.87 - - [18/Sep/2025:08:44:42 +0000] "GET /index.php?products/21246380/ HTTP/1.1" 500 0 "http://www.bouloter.com/" "Mozilla/5.0 (Windows NT 10.0; Win64; x64) AppleWebKit/537.36 (KHTML, like Gecko) Chrome/135.0.0.0 Safari/537.36"
66.249.77.168 - - [18/Sep/2025:08:45:28 +0000] "GET /index.php?products/6062080/ HTTP/1.1" 200 17900 "-" "Mozilla/5.0 (Linux; Android 6.0.1; Nexus 5X Build/MMB29P) AppleWebKit/537.36 (KHTML, like Gecko) Chrome/140.0.7339.127 Mobile Safari/537.36 (compatible; GoogleOther)"
66.249.77.167 - - [18/Sep/2025:08:45:45 +0000] "GET /public/index.php?products/14231791/ HTTP/1.1" 200 17468 "-" "Mozilla/5.0 (Linux; Android 6.0.1; Nexus 5X Build/MMB29P) AppleWebKit/537.36 (KHTML, like Gecko) Chrome/140.0.7339.127 Mobile Safari/537.36 (compatible; GoogleOther)"
66.249.77.168 - - [18/Sep/2025:08:47:46 +0000] "GET /public/index.php?products/5669957/ HTTP/1.1" 200 18186 "-" "Mozilla/5.0 (Linux; Android 6.0.1; Nexus 5X Build/MMB29P) AppleWebKit/537.36 (KHTML, like Gecko) Chrome/140.0.7339.127 Mobile Safari/537.36 (compatible; GoogleOther)"
66.249.77.167 - - [18/Sep/2025:08:42:32 +0000] "GET /products/4843624/ HTTP/1.1" 200 17563 "-" "Mozilla/5.0 (Linux; Android 6.0.1; Nexus 5X Build/MMB29P) AppleWebKit/537.36 (KHTML, like Gecko) Chrome/140.0.7339.127 Mobile Safari/537.36 (compatible; GoogleOther)"
66.249.77.167 - - [18/Sep/2025:08:42:52 +0000] "GET /public/index.php?products/15836879/ HTTP/1.1" 200 17532 "-" "Mozilla/5.0 (Linux; Android 6.0.1; Nexus 5X Build/MMB29P) AppleWebKit/537.36 (KHTML, like Gecko) Chrome/140.0.7339.127 Mobile Safari/537.36 (compatible; GoogleOther)"
66.249.77.167 - - [18/Sep/2025:08:42:59 +0000] "GET /index.php?products/15177457/ HTTP/1.1" 200 17945 "-" "Mozilla/5.0 (Linux; Android 6.0.1; Nexus 5X Build/MMB29P) AppleWebKit/537.36 (KHTML, like Gecko) Chrome/140.0.7339.127 Mobile Safari/537.36 (compatible; GoogleOther)"
66.249.77.167 - - [18/Sep/2025:08:43:02 +0000] "GET /public/index.php?pcmypage?callback=/product%2Fdetail%2F32967064 HTTP/1.1" 200 17776 "-" "Mozilla/5.0 (Linux; Android 6.0.1; Nexus 5X Build/MMB29P) AppleWebKit/537.36 (KHTML, like Gecko) Chrome/140.0.7339.127 Mobile Safari/537.36 (compatible; GoogleOther)"
52.167.144.206 - - [18/Sep/2025:08:44:05 +0000] "GET /products/8200324/ HTTP/1.1" 200 17138 "-" "Mozilla/5.0 AppleWebKit/537.36 (KHTML, like Gecko; compatible; bingbot/2.0; +http://www.bing.com/bingbot.htm) Chrome/116.0.1938.76 Safari/537.36"
66.249.77.167 - - [18/Sep/2025:08:44:20 +0000] "GET /index.php?products/24387224/ HTTP/1.1" 200 18264 "-" "Mozilla/5.0 (Linux; Android 6.0.1; Nexus 5X Build/MMB29P) AppleWebKit/537.36 (KHTML, like Gecko) Chrome/140.0.7339.127 Mobile Safari/537.36 (compatible; GoogleOther)"
66.249.77.169 - - [18/Sep/2025:08:46:05 +0000] "GET /index.php?zhHant/product/surugaya/78543428?campaign_uid=f64d716db5e979ed2f947dbaf4296895b951ae7f HTTP/1.1" 200 18410 "-" "Mozilla/5.0 (Linux; Android 6.0.1; Nexus 5X Build/MMB29P) AppleWebKit/537.36 (KHTML, like Gecko) Chrome/140.0.7339.127 Mobile Safari/537.36 (compatible; GoogleOther)"
66.249.77.167 - - [18/Sep/2025:08:46:09 +0000] "GET /products/3978535/ HTTP/1.1" 200 17222 "-" "Mozilla/5.0 (Linux; Android 6.0.1; Nexus 5X Build/MMB29P) AppleWebKit/537.36 (KHTML, like Gecko) Chrome/140.0.7339.127 Mobile Safari/537.36 (compatible; GoogleOther)"
66.249.77.167 - - [18/Sep/2025:08:46:44 +0000] "GET /public/index.php?pcmypage?callback=/product%2Fdetail%2F15692323 HTTP/1.1" 200 17937 "-" "Mozilla/5.0 (Linux; Android 6.0.1; Nexus 5X Build/MMB29P) AppleWebKit/537.36 (KHTML, like Gecko) Chrome/140.0.7339.127 Mobile Safari/537.36 (compatible; GoogleOther)"
196.207.231.193 - - [18/Sep/2025:08:46:46 +0000] "GET /products/8728057/ HTTP/1.1" 500 0 "http://www.bouloter.com/sitemap471.xml" "Mozilla/5.0 (Linux; Android 7.1.1; OPPO R9sk Build/NMF26F; wv) AppleWebKit/537.36 (KHTML, like Gecko) Version/4.0 Chrome/51.0.4064.125 Mobile Safari/537.36 T7/9.1 baidubrowser/7.19.13.0 (Baidu; P1 7.1.1)"
66.249.77.169 - - [18/Sep/2025:08:47:16 +0000] "GET /index.php?products/27193579/ HTTP/1.1" 200 17770 "-" "Mozilla/5.0 (Linux; Android 6.0.1; Nexus 5X Build/MMB29P) AppleWebKit/537.36 (KHTML, like Gecko) Chrome/140.0.7339.127 Mobile Safari/537.36 (compatible; GoogleOther)"
216.225.152.32 - - [18/Sep/2025:08:48:48 +0000] "GET /index.php?products/30527391/=%27nvOpzp;%20AND%201=1%20OR%20(%3C%27%22%3EiKO)), HTTP/1.1" 403 1242 "-" "-"
66.249.77.167 - - [18/Sep/2025:08:48:50 +0000] "GET /public/index.php?pcmypage?callback=product%2Fdetail%2F30463410 HTTP/1.1" 200 17409 "-" "Mozilla/5.0 (Linux; Android 6.0.1; Nexus 5X Build/MMB29P) AppleWebKit/537.36 (KHTML, like Gecko) Chrome/140.0.7339.127 Mobile Safari/537.36 (compatible; GoogleOther)"
52.167.144.206 - - [18/Sep/2025:08:50:17 +0000] "GET /products/12532957/ HTTP/1.1" 200 17609 "-" "Mozilla/5.0 AppleWebKit/537.36 (KHTML, like Gecko; compatible; bingbot/2.0; +http://www.bing.com/bingbot.htm) Chrome/116.0.1938.76 Safari/537.36"
66.249.77.167 - - [18/Sep/2025:08:48:28 +0000] "GET /index.php?products/26009780/ HTTP/1.1" 200 17425 "-" "Mozilla/5.0 (Linux; Android 6.0.1; Nexus 5X Build/MMB29P) AppleWebKit/537.36 (KHTML, like Gecko) Chrome/140.0.7339.127 Mobile Safari/537.36 (compatible; GoogleOther)"
66.249.77.168 - - [18/Sep/2025:08:49:46 +0000] "GET /index.php?products/5825302/ HTTP/1.1" 200 17129 "-" "Mozilla/5.0 (Linux; Android 6.0.1; Nexus 5X Build/MMB29P) AppleWebKit/537.36 (KHTML, like Gecko) Chrome/140.0.7339.127 Mobile Safari/537.36 (compatible; GoogleOther)"
66.249.77.167 - - [18/Sep/2025:08:50:26 +0000] "GET /public/index.php?pcmypage?callback=/product%2Fdetail%2F66719850 HTTP/1.1" 200 17420 "-" "Mozilla/5.0 (Linux; Android 6.0.1; Nexus 5X Build/MMB29P) AppleWebKit/537.36 (KHTML, like Gecko) Chrome/140.0.7339.127 Mobile Safari/537.36 (compatible; GoogleOther)"
66.249.77.169 - - [18/Sep/2025:08:49:22 +0000] "GET /public/index.php?pcmypage?callback=product/review/97865251 HTTP/1.1" 200 18269 "-" "Mozilla/5.0 (Linux; Android 6.0.1; Nexus 5X Build/MMB29P) AppleWebKit/537.36 (KHTML, like Gecko) Chrome/140.0.7339.127 Mobile Safari/537.36 (compatible; GoogleOther)"
66.249.77.167 - - [18/Sep/2025:08:49:54 +0000] "GET /public/index.php?pcmypage?callback=/product%2Fdetail%2F54107979 HTTP/1.1" 200 17914 "-" "Mozilla/5.0 (Linux; Android 6.0.1; Nexus 5X Build/MMB29P) AppleWebKit/537.36 (KHTML, like Gecko) Chrome/140.0.7339.127 Mobile Safari/537.36 (compatible; GoogleOther)"
169.224.33.192 - - [18/Sep/2025:08:50:09 +0000] "GET /products/8726579/ HTTP/1.1" 500 0 "http://www.bouloter.com/sitemap475.xml" "Mozilla/5.0 (Linux; Android 7.1.1; OPPO R9sk) AppleWebKit/537.36 (KHTML, like Gecko) Chrome/91.0.4413.122 Mobile Safari/537.36"
190.183.247.108 - - [18/Sep/2025:08:50:15 +0000] "GET http://www.bouloter.com/index.php?products/15027257/ HTTP/1.1" 500 0 "http://www.bouloter.com/" "Mozilla/5.0 (Windows NT 10.0; Win64; x64) AppleWebKit/537.36 (KHTML, like Gecko) Chrome/135.0.0.0 Safari/537.36"
168.196.214.73 - - [18/Sep/2025:08:50:29 +0000] "GET http://www.bouloter.com/index.php?products/28722435/ HTTP/1.1" 500 0 "http://www.bouloter.com/" "Mozilla/5.0 (Windows NT 10.0; Win64; x64) AppleWebKit/537.36 (KHTML, like Gecko) Chrome/135.0.0.0 Safari/537.36"
190.89.107.103 - - [18/Sep/2025:08:50:30 +0000] "GET http://www.bouloter.com/index.php?products/22880235/ HTTP/1.1" 500 0 "http://www.bouloter.com/" "Mozilla/5.0 (Windows NT 10.0; Win64; x64) AppleWebKit/537.36 (KHTML, like Gecko) Chrome/135.0.0.0 Safari/537.36"
191.248.188.227 - - [18/Sep/2025:08:50:28 +0000] "GET http://www.bouloter.com/index.php?products/12287357/ HTTP/1.1" 500 0 "http://www.bouloter.com/" "Mozilla/5.0 (Macintosh; Intel Mac OS X 10_15_7) AppleWebKit/605.1.15 (KHTML, like Gecko) Version/18.3.1 Safari/605.1.15"
201.254.222.195 - - [18/Sep/2025:08:51:02 +0000] "GET http://www.bouloter.com/index.php?products/9415102/ HTTP/1.1" 500 0 "http://www.bouloter.com/" "Mozilla/5.0 (Windows NT 10.0; Win64; x64) AppleWebKit/537.36 (KHTML, like Gecko) Chrome/135.0.0.0 Safari/537.36 Edg/135.0.0.0"
66.249.77.169 - - [18/Sep/2025:08:51:06 +0000] "GET /index.php?products/26600757/ HTTP/1.1" 200 17794 "-" "Mozilla/5.0 (Linux; Android 6.0.1; Nexus 5X Build/MMB29P) AppleWebKit/537.36 (KHTML, like Gecko) Chrome/140.0.7339.127 Mobile Safari/537.36 (compatible; GoogleOther)"
47.82.11.18 - - [18/Sep/2025:08:51:24 +0000] "GET /index.php?products/6051357/ HTTP/1.1" 500 0 "http://www.bouloter.com/" "Mozilla/5.0 (Windows NT 10.0; Win64; x64) AppleWebKit/537.36 (KHTML, like Gecko) Chrome/135.0.0.0 Safari/537.36 Edg/135.0.0.0"
177.129.25.122 - - [18/Sep/2025:08:51:27 +0000] "GET http://www.bouloter.com/index.php?products/14597657/ HTTP/1.1" 500 0 "http://www.bouloter.com/" "Mozilla/5.0 (Macintosh; Intel Mac OS X 10_15_7) AppleWebKit/537.36 (KHTML, like Gecko) Chrome/134.0.0.0 Safari/537.36"
52.167.144.213 - - [18/Sep/2025:08:51:29 +0000] "GET /products/12075368/ HTTP/1.1" 200 17547 "-" "Mozilla/5.0 AppleWebKit/537.36 (KHTML, like Gecko; compatible; bingbot/2.0; +http://www.bing.com/bingbot.htm) Chrome/116.0.1938.76 Safari/537.36"
187.53.95.237 - - [18/Sep/2025:08:51:29 +0000] "GET http://www.bouloter.com/index.php?products/9518691/ HTTP/1.1" 500 0 "http://www.bouloter.com/" "Mozilla/5.0 (Macintosh; Intel Mac OS X 10_15_7) AppleWebKit/605.1.15 (KHTML, like Gecko) Version/18.3.1 Safari/605.1.15"
80.233.52.247 - - [18/Sep/2025:08:51:44 +0000] "GET http://www.bouloter.com/index.php?products/15950802/ HTTP/1.1" 500 0 "http://www.bouloter.com/" "Mozilla/5.0 (Windows NT 10.0; Win64; x64) AppleWebKit/537.36 (KHTML, like Gecko) Chrome/134.0.0.0 Safari/537.36 Edg/134.0.0.0"
45.185.157.61 - - [18/Sep/2025:08:51:45 +0000] "GET http://www.bouloter.com/index.php?products/7177668/ HTTP/1.1" 500 0 "http://www.bouloter.com/" "Mozilla/5.0 (Windows NT 10.0; Win64; x64) AppleWebKit/537.36 (KHTML, like Gecko) Chrome/135.0.0.0 Safari/537.36"
47.82.11.11 - - [18/Sep/2025:08:51:51 +0000] "GET /index.php?products/27141124/ HTTP/1.1" 500 0 "http://www.bouloter.com/" "Mozilla/5.0 (Macintosh; Intel Mac OS X 10_15_7) AppleWebKit/605.1.15 (KHTML, like Gecko) Version/18.3.1 Safari/605.1.15"
189.83.43.201 - - [18/Sep/2025:08:52:15 +0000] "GET http://www.bouloter.com/index.php?products/29625213/ HTTP/1.1" 500 0 "http://www.bouloter.com/" "Mozilla/5.0 (Macintosh; Intel Mac OS X 10_15_7) AppleWebKit/537.36 (KHTML, like Gecko) Chrome/135.0.0.0 Safari/537.36"
66.249.77.168 - - [18/Sep/2025:08:52:15 +0000] "GET /index.php?products/25316057/ HTTP/1.1" 200 17769 "-" "Mozilla/5.0 (Linux; Android 6.0.1; Nexus 5X Build/MMB29P) AppleWebKit/537.36 (KHTML, like Gecko) Chrome/140.0.7339.127 Mobile Safari/537.36 (compatible; GoogleOther)"
66.249.77.167 - - [18/Sep/2025:08:52:19 +0000] "GET /index.php?products/29334946/ HTTP/1.1" 200 17615 "-" "Mozilla/5.0 (Linux; Android 6.0.1; Nexus 5X Build/MMB29P) AppleWebKit/537.36 (KHTML, like Gecko) Chrome/140.0.7339.127 Mobile Safari/537.36 (compatible; GoogleOther)"
66.249.77.167 - - [18/Sep/2025:08:52:22 +0000] "GET /index.php?products/4428413/ HTTP/1.1" 200 17267 "-" "Mozilla/5.0 (Linux; Android 6.0.1; Nexus 5X Build/MMB29P) AppleWebKit/537.36 (KHTML, like Gecko) Chrome/140.0.7339.127 Mobile Safari/537.36 (compatible; GoogleOther)"
66.249.77.167 - - [18/Sep/2025:08:52:23 +0000] "GET /index.php?products/25393402/ HTTP/1.1" 200 18121 "-" "Mozilla/5.0 (Linux; Android 6.0.1; Nexus 5X Build/MMB29P) AppleWebKit/537.36 (KHTML, like Gecko) Chrome/140.0.7339.127 Mobile Safari/537.36 (compatible; GoogleOther)"
66.249.77.167 - - [18/Sep/2025:08:52:26 +0000] "GET /index.php?products/7406202/ HTTP/1.1" 200 17576 "-" "Mozilla/5.0 (Linux; Android 6.0.1; Nexus 5X Build/MMB29P) AppleWebKit/537.36 (KHTML, like Gecko) Chrome/140.0.7339.127 Mobile Safari/537.36 (compatible; GoogleOther)"
188.0.179.112 - - [18/Sep/2025:08:51:12 +0000] "GET http://www.bouloter.com/index.php?products/26017579/ HTTP/1.1" 500 0 "http://www.bouloter.com/" "Mozilla/5.0 (Windows NT 10.0; Win64; x64; rv:137.0) Gecko/20100101 Firefox/137.0"
102.142.30.226 - - [18/Sep/2025:08:51:14 +0000] "GET http://www.bouloter.com/index.php?products/2935413/ HTTP/1.1" 500 0 "http://www.bouloter.com/" "Mozilla/5.0 (Windows NT 10.0; Win64; x64) AppleWebKit/537.36 (KHTML, like Gecko) Chrome/135.0.0.0 Safari/537.36"
66.249.77.168 - - [18/Sep/2025:08:51:29 +0000] "GET /public/index.php?pcmypage?callback=product%2Fdetail%2F14011039 HTTP/1.1" 200 17257 "-" "Mozilla/5.0 (Linux; Android 6.0.1; Nexus 5X Build/MMB29P) AppleWebKit/537.36 (KHTML, like Gecko) Chrome/140.0.7339.127 Mobile Safari/537.36 (compatible; GoogleOther)"
154.127.254.47 - - [18/Sep/2025:08:52:02 +0000] "GET http://www.bouloter.com/index.php?products/25495713/ HTTP/1.1" 500 0 "http://www.bouloter.com/" "Mozilla/5.0 (Windows NT 10.0; Win64; x64) AppleWebKit/537.36 (KHTML, like Gecko) Chrome/135.0.0.0 Safari/537.36"
66.249.77.168 - - [18/Sep/2025:08:53:01 +0000] "GET /index.php?products/9178002/ HTTP/1.1" 200 17898 "-" "Mozilla/5.0 (Linux; Android 6.0.1; Nexus 5X Build/MMB29P) AppleWebKit/537.36 (KHTML, like Gecko) Chrome/140.0.7339.127 Mobile Safari/537.36 (compatible; GoogleOther)"
66.249.77.167 - - [18/Sep/2025:08:53:15 +0000] "GET /index.php?products/18727668/ HTTP/1.1" 200 17501 "-" "Mozilla/5.0 (Linux; Android 6.0.1; Nexus 5X Build/MMB29P) AppleWebKit/537.36 (KHTML, like Gecko) Chrome/140.0.7339.127 Mobile Safari/537.36 (compatible; GoogleOther)"
66.249.77.167 - - [18/Sep/2025:08:53:19 +0000] "GET /index.php?zhHant/product/surugaya/81162132/campaign_uid=f64d716db5e979ed2f947dbaf4296895b951ae7f HTTP/1.1" 200 17870 "-" "Mozilla/5.0 (Linux; Android 6.0.1; Nexus 5X Build/MMB29P) AppleWebKit/537.36 (KHTML, like Gecko) Chrome/140.0.7339.127 Mobile Safari/537.36 (compatible; GoogleOther)"
66.249.77.167 - - [18/Sep/2025:08:53:19 +0000] "GET /index.php?products/19405924/ HTTP/1.1" 200 17315 "-" "Mozilla/5.0 (Linux; Android 6.0.1; Nexus 5X Build/MMB29P) AppleWebKit/537.36 (KHTML, like Gecko) Chrome/140.0.7339.127 Mobile Safari/537.36 (compatible; GoogleOther)"
66.249.77.167 - - [18/Sep/2025:08:53:23 +0000] "GET /index.php?products/20497113/ HTTP/1.1" 200 18041 "-" "Mozilla/5.0 (Linux; Android 6.0.1; Nexus 5X Build/MMB29P) AppleWebKit/537.36 (KHTML, like Gecko) Chrome/140.0.7339.127 Mobile Safari/537.36 (compatible; GoogleOther)"
66.249.77.167 - - [18/Sep/2025:08:53:26 +0000] "GET /index.php?products/5028279/ HTTP/1.1" 200 17683 "-" "Mozilla/5.0 (Linux; Android 6.0.1; Nexus 5X Build/MMB29P) AppleWebKit/537.36 (KHTML, like Gecko) Chrome/140.0.7339.127 Mobile Safari/537.36 (compatible; GoogleOther)"
157.55.39.12 - - [18/Sep/2025:08:53:27 +0000] "GET /products/9441680/ HTTP/1.1" 200 18556 "-" "Mozilla/5.0 AppleWebKit/537.36 (KHTML, like Gecko; compatible; bingbot/2.0; +http://www.bing.com/bingbot.htm) Chrome/116.0.1938.76 Safari/537.36"
66.249.77.167 - - [18/Sep/2025:08:53:30 +0000] "GET /index.php?products/5245335/ HTTP/1.1" 200 17483 "-" "Mozilla/5.0 (Linux; Android 6.0.1; Nexus 5X Build/MMB29P) AppleWebKit/537.36 (KHTML, like Gecko) Chrome/140.0.7339.127 Mobile Safari/537.36 (compatible; GoogleOther)"
66.249.77.167 - - [18/Sep/2025:08:53:33 +0000] "GET /index.php?products/23978779/ HTTP/1.1" 200 17271 "-" "Mozilla/5.0 (Linux; Android 6.0.1; Nexus 5X Build/MMB29P) AppleWebKit/537.36 (KHTML, like Gecko) Chrome/140.0.7339.127 Mobile Safari/537.36 (compatible; GoogleOther)"
66.249.77.167 - - [18/Sep/2025:08:53:36 +0000] "GET /public/index.php?products/12271979/ HTTP/1.1" 200 17907 "-" "Mozilla/5.0 (Linux; Android 6.0.1; Nexus 5X Build/MMB29P) AppleWebKit/537.36 (KHTML, like Gecko) Chrome/140.0.7339.127 Mobile Safari/537.36 (compatible; GoogleOther)"
66.249.77.168 - - [18/Sep/2025:08:50:57 +0000] "GET /index.php?product/edit/39115132 HTTP/1.1" 200 17707 "-" "Mozilla/5.0 (Linux; Android 6.0.1; Nexus 5X Build/MMB29P) AppleWebKit/537.36 (KHTML, like Gecko) Chrome/140.0.7339.127 Mobile Safari/537.36 (compatible; GoogleOther)"
187.54.239.216 - - [18/Sep/2025:08:51:16 +0000] "GET http://www.bouloter.com/index.php?products/17179980/ HTTP/1.1" 500 0 "http://www.bouloter.com/" "Mozilla/5.0 (Windows NT 10.0; Win64; x64) AppleWebKit/537.36 (KHTML, like Gecko) Chrome/135.0.0.0 Safari/537.36"
179.173.84.61 - - [18/Sep/2025:08:51:25 +0000] "GET http://www.bouloter.com/index.php?products/2283202/ HTTP/1.1" 500 0 "http://www.bouloter.com/" "Mozilla/5.0 (Windows NT 10.0; Win64; x64) AppleWebKit/537.36 (KHTML, like Gecko) Chrome/135.0.0.0 Safari/537.36"
207.46.13.92 - - [18/Sep/2025:08:51:56 +0000] "GET /products/11086891/ HTTP/1.1" 200 17994 "-" "Mozilla/5.0 AppleWebKit/537.36 (KHTML, like Gecko; compatible; bingbot/2.0; +http://www.bing.com/bingbot.htm) Chrome/116.0.1938.76 Safari/537.36"
66.249.77.168 - - [18/Sep/2025:08:52:00 +0000] "GET /public/index.php?pcmypage/callback=product/review/27280686 HTTP/1.1" 200 17855 "-" "Mozilla/5.0 (Linux; Android 6.0.1; Nexus 5X Build/MMB29P) AppleWebKit/537.36 (KHTML, like Gecko) Chrome/140.0.7339.127 Mobile Safari/537.36 (compatible; GoogleOther)"
66.249.77.167 - - [18/Sep/2025:08:52:01 +0000] "GET /index.php?products/27281279/ HTTP/1.1" 200 17655 "-" "Mozilla/5.0 (Linux; Android 6.0.1; Nexus 5X Build/MMB29P) AppleWebKit/537.36 (KHTML, like Gecko) Chrome/140.0.7339.127 Mobile Safari/537.36 (compatible; GoogleOther)"
66.249.77.167 - - [18/Sep/2025:08:52:46 +0000] "GET /index.php?products/10947135/ HTTP/1.1" 200 18063 "-" "Mozilla/5.0 (Linux; Android 6.0.1; Nexus 5X Build/MMB29P) AppleWebKit/537.36 (KHTML, like Gecko) Chrome/140.0.7339.127 Mobile Safari/537.36 (compatible; GoogleOther)"
