66.249.77.168 - - [18/Sep/2025:09:36:47 +0000] "GET /index.php?products/24930579/ HTTP/1.1" 200 18016 "-" "Mozilla/5.0 (Linux; Android 6.0.1; Nexus 5X Build/MMB29P) AppleWebKit/537.36 (KHTML, like Gecko) Chrome/140.0.7339.127 Mobile Safari/537.36 (compatible; GoogleOther)"
66.249.77.167 - - [18/Sep/2025:09:36:36 +0000] "GET /index.php?products/4641868/ HTTP/1.1" 200 18136 "-" "Mozilla/5.0 (Linux; Android 6.0.1; Nexus 5X Build/MMB29P) AppleWebKit/537.36 (KHTML, like Gecko) Chrome/140.0.7339.127 Mobile Safari/537.36 (compatible; GoogleOther)"
66.249.77.167 - - [18/Sep/2025:09:36:37 +0000] "GET /products/8295168/ HTTP/1.1" 200 17398 "-" "Mozilla/5.0 (Linux; Android 6.0.1; Nexus 5X Build/MMB29P) AppleWebKit/537.36 (KHTML, like Gecko) Chrome/140.0.7339.127 Mobile Safari/537.36 (compatible; GoogleOther)"
66.249.77.167 - - [18/Sep/2025:09:36:40 +0000] "GET /index.php?products/7763935/ HTTP/1.1" 200 18322 "-" "Mozilla/5.0 (Linux; Android 6.0.1; Nexus 5X Build/MMB29P) AppleWebKit/537.36 (KHTML, like Gecko) Chrome/140.0.7339.127 Mobile Safari/537.36 (compatible; GoogleOther)"
66.249.77.167 - - [18/Sep/2025:09:36:41 +0000] "GET /index.php?product/edit/93178321 HTTP/1.1" 200 17961 "-" "Mozilla/5.0 (Linux; Android 6.0.1; Nexus 5X Build/MMB29P) AppleWebKit/537.36 (KHTML, like Gecko) Chrome/140.0.7339.127 Mobile Safari/537.36 (compatible; Googlebot/2.1; +http://www.google.com/bot.html)"
66.249.77.167 - - [18/Sep/2025:09:36:47 +0000] "GET /index.php?products/29224891/ HTTP/1.1" 200 17629 "-" "Mozilla/5.0 (Linux; Android 6.0.1; Nexus 5X Build/MMB29P) AppleWebKit/537.36 (KHTML, like Gecko) Chrome/140.0.7339.127 Mobile Safari/537.36 (compatible; GoogleOther)"
66.249.77.167 - - [18/Sep/2025:09:36:50 +0000] "GET /index.php?products/3943391/ HTTP/1.1" 200 17647 "-" "Mozilla/5.0 (Linux; Android 6.0.1; Nexus 5X Build/MMB29P) AppleWebKit/537.36 (KHTML, like Gecko) Chrome/140.0.7339.127 Mobile Safari/537.36 (compatible; GoogleOther)"
66.249.77.167 - - [18/Sep/2025:09:36:44 +0000] "GET /index.php?products/20822868/ HTTP/1.1" 200 18237 "-" "Mozilla/5.0 (Linux; Android 6.0.1; Nexus 5X Build/MMB29P) AppleWebKit/537.36 (KHTML, like Gecko) Chrome/140.0.7339.127 Mobile Safari/537.36 (compatible; GoogleOther)"
66.249.77.167 - - [18/Sep/2025:09:36:53 +0000] "GET /public/index.php?pcmypage?callback=product/review/17789298 HTTP/1.1" 200 17811 "-" "Mozilla/5.0 (Linux; Android 6.0.1; Nexus 5X Build/MMB29P) AppleWebKit/537.36 (KHTML, like Gecko) Chrome/140.0.7339.127 Mobile Safari/537.36 (compatible; GoogleOther)"
66.249.77.167 - - [18/Sep/2025:09:37:04 +0000] "GET /products/4950835/ HTTP/1.1" 200 17555 "-" "Mozilla/5.0 (Linux; Android 6.0.1; Nexus 5X Build/MMB29P) AppleWebKit/537.36 (KHTML, like Gecko) Chrome/140.0.7339.127 Mobile Safari/537.36 (compatible; GoogleOther)"
66.249.77.167 - - [18/Sep/2025:09:37:05 +0000] "GET /index.php?products/4506046/ HTTP/1.1" 200 18342 "-" "Mozilla/5.0 (Linux; Android 6.0.1; Nexus 5X Build/MMB29P) AppleWebKit/537.36 (KHTML, like Gecko) Chrome/140.0.7339.127 Mobile Safari/537.36 (compatible; GoogleOther)"
66.249.77.167 - - [18/Sep/2025:09:37:09 +0000] "GET /index.php?products/15406346/ HTTP/1.1" 200 17243 "-" "Mozilla/5.0 (Linux; Android 6.0.1; Nexus 5X Build/MMB29P) AppleWebKit/537.36 (KHTML, like Gecko) Chrome/140.0.7339.127 Mobile Safari/537.36 (compatible; GoogleOther)"
66.249.77.167 - - [18/Sep/2025:09:37:10 +0000] "GET /index.php?products/19205557/ HTTP/1.1" 200 18056 "-" "Mozilla/5.0 (Linux; Android 6.0.1; Nexus 5X Build/MMB29P) AppleWebKit/537.36 (KHTML, like Gecko) Chrome/140.0.7339.127 Mobile Safari/537.36 (compatible; GoogleOther)"
66.249.77.167 - - [18/Sep/2025:09:37:14 +0000] "GET /products/11168191/ HTTP/1.1" 200 17265 "-" "Mozilla/5.0 (Linux; Android 6.0.1; Nexus 5X Build/MMB29P) AppleWebKit/537.36 (KHTML, like Gecko) Chrome/140.0.7339.127 Mobile Safari/537.36 (compatible; GoogleOther)"
200.50.230.122 - - [18/Sep/2025:09:37:17 +0000] "GET http://www.bouloter.com/index.php?products/26351479/ HTTP/1.1" 500 0 "http://www.bouloter.com/" "Mozilla/5.0 (Windows NT 10.0; Win64; x64) AppleWebKit/537.36 (KHTML, like Gecko) Chrome/135.0.0.0 Safari/537.36"
66.249.77.167 - - [18/Sep/2025:09:37:18 +0000] "GET /products/6858479/ HTTP/1.1" 200 18290 "-" "Mozilla/5.0 (Linux; Android 6.0.1; Nexus 5X Build/MMB29P) AppleWebKit/537.36 (KHTML, like Gecko) Chrome/140.0.7339.127 Mobile Safari/537.36 (compatible; GoogleOther)"
40.77.167.50 - - [18/Sep/2025:09:37:18 +0000] "GET /products/19735524/ HTTP/1.1" 200 18131 "-" "Mozilla/5.0 AppleWebKit/537.36 (KHTML, like Gecko; compatible; bingbot/2.0; +http://www.bing.com/bingbot.htm) Chrome/116.0.1938.76 Safari/537.36"
66.249.77.167 - - [18/Sep/2025:09:37:35 +0000] "GET /index.php?products/18709891/ HTTP/1.1" 200 17171 "-" "Mozilla/5.0 (Linux; Android 6.0.1; Nexus 5X Build/MMB29P) AppleWebKit/537.36 (KHTML, like Gecko) Chrome/140.0.7339.127 Mobile Safari/537.36 (compatible; GoogleOther)"
66.249.77.167 - - [18/Sep/2025:09:37:37 +0000] "GET /index.php?products/2879646/ HTTP/1.1" 200 18397 "-" "Mozilla/5.0 (Linux; Android 6.0.1; Nexus 5X Build/MMB29P) AppleWebKit/537.36 (KHTML, like Gecko) Chrome/140.0.7339.127 Mobile Safari/537.36 (compatible; GoogleOther)"
66.249.77.168 - - [18/Sep/2025:09:37:39 +0000] "GET /index.php?products/18721224/ HTTP/1.1" 200 17258 "-" "Mozilla/5.0 (Linux; Android 6.0.1; Nexus 5X Build/MMB29P) AppleWebKit/537.36 (KHTML, like Gecko) Chrome/140.0.7339.127 Mobile Safari/537.36 (compatible; GoogleOther)"
66.249.77.167 - - [18/Sep/2025:09:37:41 +0000] "GET /index.php?products/10537902/ HTTP/1.1" 200 18227 "-" "Mozilla/5.0 (Linux; Android 6.0.1; Nexus 5X Build/MMB29P) AppleWebKit/537.36 (KHTML, like Gecko) Chrome/140.0.7339.127 Mobile Safari/537.36 (compatible; GoogleOther)"
66.249.77.167 - - [18/Sep/2025:09:37:50 +0000] "GET /index.php?products/12987491/ HTTP/1.1" 200 17363 "-" "Mozilla/5.0 (Linux; Android 6.0.1; Nexus 5X Build/MMB29P) AppleWebKit/537.36 (KHTML, like Gecko) Chrome/140.0.7339.127 Mobile Safari/537.36 (compatible; GoogleOther)"
66.249.77.167 - - [18/Sep/2025:09:37:51 +0000] "GET /index.php?products/1272813/ HTTP/1.1" 200 17325 "-" "Mozilla/5.0 (Linux; Android 6.0.1; Nexus 5X Build/MMB29P) AppleWebKit/537.36 (KHTML, like Gecko) Chrome/140.0.7339.127 Mobile Safari/537.36 (compatible; GoogleOther)"
66.249.77.169 - - [18/Sep/2025:09:38:02 +0000] "GET /index.php?products/17100235/ HTTP/1.1" 200 17776 "-" "Mozilla/5.0 (Linux; Android 6.0.1; Nexus 5X Build/MMB29P) AppleWebKit/537.36 (KHTML, like Gecko) Chrome/140.0.7339.127 Mobile Safari/537.36 (compatible; GoogleOther)"
131.100.198.193 - - [18/Sep/2025:09:37:21 +0000] "GET http://www.bouloter.com/index.php?products/24030657/ HTTP/1.1" 500 0 "http://www.bouloter.com/" "Mozilla/5.0 (X11; Linux x86_64) AppleWebKit/537.36 (KHTML, like Gecko) Chrome/129.0.0.0 Safari/537.36"
216.244.66.243 - - [18/Sep/2025:09:37:26 +0000] "GET /robots.txt HTTP/1.1" 200 1049 "-" "Mozilla/5.0 (compatible; DotBot/1.2; +https://opensiteexplorer.org/dotbot; help@moz.com)"
66.249.77.167 - - [18/Sep/2025:09:37:29 +0000] "GET /index.php?products/867013/ HTTP/1.1" 200 17764 "-" "Mozilla/5.0 (Linux; Android 6.0.1; Nexus 5X Build/MMB29P) AppleWebKit/537.36 (KHTML, like Gecko) Chrome/140.0.7339.127 Mobile Safari/537.36 (compatible; GoogleOther)"
66.249.77.167 - - [18/Sep/2025:09:37:32 +0000] "GET /products/2364891/ HTTP/1.1" 200 17219 "-" "Mozilla/5.0 (Linux; Android 6.0.1; Nexus 5X Build/MMB29P) AppleWebKit/537.36 (KHTML, like Gecko) Chrome/140.0.7339.127 Mobile Safari/537.36 (compatible; Googlebot/2.1; +http://www.google.com/bot.html)"
66.249.77.167 - - [18/Sep/2025:09:37:35 +0000] "POST /get-message-notify HTTP/1.1" 200 18028 "http://www.bouloter.com/products/2364891/" "Mozilla/5.0 (Linux; Android 6.0.1; Nexus 5X Build/MMB29P) AppleWebKit/537.36 (KHTML, like Gecko) Chrome/139.0.7258.127 Mobile Safari/537.36 (compatible; Googlebot/2.1; +http://www.google.com/bot.html)"
66.249.77.168 - - [18/Sep/2025:09:37:43 +0000] "GET /index.php?products/17068357/ HTTP/1.1" 200 17235 "-" "Mozilla/5.0 (Linux; Android 6.0.1; Nexus 5X Build/MMB29P) AppleWebKit/537.36 (KHTML, like Gecko) Chrome/140.0.7339.127 Mobile Safari/537.36 (compatible; GoogleOther)"
66.249.77.168 - - [18/Sep/2025:09:37:44 +0000] "GET /public/index.php?products/30475279/ HTTP/1.1" 200 17243 "-" "Mozilla/5.0 (Linux; Android 6.0.1; Nexus 5X Build/MMB29P) AppleWebKit/537.36 (KHTML, like Gecko) Chrome/140.0.7339.127 Mobile Safari/537.36 (compatible; GoogleOther)"
66.249.77.167 - - [18/Sep/2025:09:37:48 +0000] "GET /index.php?products/27804735/ HTTP/1.1" 200 18162 "-" "Mozilla/5.0 (Linux; Android 6.0.1; Nexus 5X Build/MMB29P) AppleWebKit/537.36 (KHTML, like Gecko) Chrome/140.0.7339.127 Mobile Safari/537.36 (compatible; Googlebot/2.1; +http://www.google.com/bot.html)"
66.249.77.167 - - [18/Sep/2025:09:38:32 +0000] "GET /index.php?products/19399857/ HTTP/1.1" 200 17978 "-" "Mozilla/5.0 (Linux; Android 6.0.1; Nexus 5X Build/MMB29P) AppleWebKit/537.36 (KHTML, like Gecko) Chrome/140.0.7339.127 Mobile Safari/537.36 (compatible; GoogleOther)"
66.249.77.167 - - [18/Sep/2025:09:38:53 +0000] "GET /index.php?products/8270691/ HTTP/1.1" 200 17822 "-" "Mozilla/5.0 (Linux; Android 6.0.1; Nexus 5X Build/MMB29P) AppleWebKit/537.36 (KHTML, like Gecko) Chrome/140.0.7339.127 Mobile Safari/537.36 (compatible; GoogleOther)"
66.249.77.167 - - [18/Sep/2025:09:38:58 +0000] "GET /public/index.php?pcmypage?callback=/product%2Fdetail%2F71102546 HTTP/1.1" 200 17468 "-" "Mozilla/5.0 (Linux; Android 6.0.1; Nexus 5X Build/MMB29P) AppleWebKit/537.36 (KHTML, like Gecko) Chrome/140.0.7339.127 Mobile Safari/537.36 (compatible; GoogleOther)"
66.249.77.167 - - [18/Sep/2025:09:38:59 +0000] "GET /public/index.php?products/965946/ HTTP/1.1" 200 17372 "-" "Mozilla/5.0 (Linux; Android 6.0.1; Nexus 5X Build/MMB29P) AppleWebKit/537.36 (KHTML, like Gecko) Chrome/140.0.7339.127 Mobile Safari/537.36 (compatible; GoogleOther)"
66.249.77.167 - - [18/Sep/2025:09:39:02 +0000] "GET /products/5725313/ HTTP/1.1" 200 17712 "-" "Mozilla/5.0 (Linux; Android 6.0.1; Nexus 5X Build/MMB29P) AppleWebKit/537.36 (KHTML, like Gecko) Chrome/140.0.7339.127 Mobile Safari/537.36 (compatible; GoogleOther)"
66.249.77.167 - - [18/Sep/2025:09:39:39 +0000] "GET /public/index.php?products/964791/ HTTP/1.1" 200 17849 "-" "Mozilla/5.0 (Linux; Android 6.0.1; Nexus 5X Build/MMB29P) AppleWebKit/537.36 (KHTML, like Gecko) Chrome/140.0.7339.127 Mobile Safari/537.36 (compatible; GoogleOther)"
146.255.75.118 - - [18/Sep/2025:09:37:05 +0000] "GET /products/8719991/ HTTP/1.1" 500 0 "http://www.bouloter.com/sitemap524.xml" "Mozilla/5.0 (Linux; Android 9; MI 9 Build/PKQ1.181121.001) AppleWebKit/537.36 (KHTML, like Gecko) Version/4.0 Chrome/78.0.2985.158 Mobile Safari/537.36 Maxthon/3248"
66.249.77.167 - - [18/Sep/2025:09:37:23 +0000] "GET /index.php?products/12046968/ HTTP/1.1" 200 18262 "-" "Mozilla/5.0 (Linux; Android 6.0.1; Nexus 5X Build/MMB29P) AppleWebKit/537.36 (KHTML, like Gecko) Chrome/140.0.7339.127 Mobile Safari/537.36 (compatible; GoogleOther)"
66.249.77.167 - - [18/Sep/2025:09:37:23 +0000] "GET /public/index.php?pcmypage?callback=/product%2Fdetail%2F70617044 HTTP/1.1" 200 18164 "-" "Mozilla/5.0 (Linux; Android 6.0.1; Nexus 5X Build/MMB29P) AppleWebKit/537.36 (KHTML, like Gecko) Chrome/140.0.7339.127 Mobile Safari/537.36 (compatible; GoogleOther)"
66.249.77.167 - - [18/Sep/2025:09:37:25 +0000] "GET /index.php?products/21696835/ HTTP/1.1" 200 18600 "-" "Mozilla/5.0 (Linux; Android 6.0.1; Nexus 5X Build/MMB29P) AppleWebKit/537.36 (KHTML, like Gecko) Chrome/140.0.7339.127 Mobile Safari/537.36 (compatible; Googlebot/2.1; +http://www.google.com/bot.html)"
66.249.77.168 - - [18/Sep/2025:09:37:54 +0000] "GET /public/index.php?pcmypage?callback=/product%2Fdetail%2F77089660 HTTP/1.1" 200 17394 "-" "Mozilla/5.0 (Linux; Android 6.0.1; Nexus 5X Build/MMB29P) AppleWebKit/537.36 (KHTML, like Gecko) Chrome/140.0.7339.127 Mobile Safari/537.36 (compatible; GoogleOther)"
66.249.77.168 - - [18/Sep/2025:09:38:03 +0000] "GET /index.php?products/16119124/ HTTP/1.1" 200 17348 "-" "Mozilla/5.0 (Linux; Android 6.0.1; Nexus 5X Build/MMB29P) AppleWebKit/537.36 (KHTML, like Gecko) Chrome/140.0.7339.127 Mobile Safari/537.36 (compatible; GoogleOther)"
66.249.77.167 - - [18/Sep/2025:09:38:22 +0000] "GET /public/index.php?pcmypage?callback=product%2Fdetail%2F56766340 HTTP/1.1" 200 18228 "-" "Mozilla/5.0 (Linux; Android 6.0.1; Nexus 5X Build/MMB29P) AppleWebKit/537.36 (KHTML, like Gecko) Chrome/140.0.7339.127 Mobile Safari/537.36 (compatible; GoogleOther)"
66.249.77.167 - - [18/Sep/2025:09:39:29 +0000] "GET /index.php?products/12278713/ HTTP/1.1" 200 18228 "-" "Mozilla/5.0 (Linux; Android 6.0.1; Nexus 5X Build/MMB29P) AppleWebKit/537.36 (KHTML, like Gecko) Chrome/140.0.7339.127 Mobile Safari/537.36 (compatible; GoogleOther)"
66.249.77.167 - - [18/Sep/2025:09:39:30 +0000] "GET /public/index.php?pcmypage?callback=product/review/70617044 HTTP/1.1" 200 18197 "-" "Mozilla/5.0 (Linux; Android 6.0.1; Nexus 5X Build/MMB29P) AppleWebKit/537.36 (KHTML, like Gecko) Chrome/140.0.7339.127 Mobile Safari/537.36 (compatible; GoogleOther)"
66.249.77.167 - - [18/Sep/2025:09:39:33 +0000] "GET /index.php?products/5981646/ HTTP/1.1" 200 17220 "-" "Mozilla/5.0 (Linux; Android 6.0.1; Nexus 5X Build/MMB29P) AppleWebKit/537.36 (KHTML, like Gecko) Chrome/140.0.7339.127 Mobile Safari/537.36 (compatible; GoogleOther)"
66.249.77.167 - - [18/Sep/2025:09:39:52 +0000] "GET /index.php?zhHant/product/surugaya/36353071?campaign_uid=f64d716db5e979ed2f947dbaf4296895b951ae7f HTTP/1.1" 200 17746 "-" "Mozilla/5.0 (Linux; Android 6.0.1; Nexus 5X Build/MMB29P) AppleWebKit/537.36 (KHTML, like Gecko) Chrome/140.0.7339.127 Mobile Safari/537.36 (compatible; GoogleOther)"
66.249.77.167 - - [18/Sep/2025:09:39:53 +0000] "GET /public/index.php?products/13399113/ HTTP/1.1" 200 18018 "-" "Mozilla/5.0 (Linux; Android 6.0.1; Nexus 5X Build/MMB29P) AppleWebKit/537.36 (KHTML, like Gecko) Chrome/140.0.7339.127 Mobile Safari/537.36 (compatible; GoogleOther)"
66.249.77.169 - - [18/Sep/2025:09:40:01 +0000] "GET /public/index.php?pcmypage?callback=product%2Fdetail%2F20857687 HTTP/1.1" 200 17247 "-" "Mozilla/5.0 (Linux; Android 6.0.1; Nexus 5X Build/MMB29P) AppleWebKit/537.36 (KHTML, like Gecko) Chrome/140.0.7339.127 Mobile Safari/537.36 (compatible; GoogleOther)"
66.249.77.167 - - [18/Sep/2025:09:40:33 +0000] "GET /public/index.php?pcmypage?callback=product/review/24831221 HTTP/1.1" 200 17198 "-" "Mozilla/5.0 (Linux; Android 6.0.1; Nexus 5X Build/MMB29P) AppleWebKit/537.36 (KHTML, like Gecko) Chrome/140.0.7339.127 Mobile Safari/537.36 (compatible; GoogleOther)"
178.135.19.61 - - [18/Sep/2025:09:41:00 +0000] "GET http://www.bouloter.com/index.php?products/21207424/ HTTP/1.1" 500 0 "http://www.bouloter.com/" "Mozilla/5.0 (Macintosh; Intel Mac OS X 10_15_7) AppleWebKit/537.36 (KHTML, like Gecko) Chrome/134.0.0.0 Safari/537.36"
66.249.77.167 - - [18/Sep/2025:09:41:14 +0000] "GET /index.php?products/23239146/ HTTP/1.1" 200 18517 "-" "Mozilla/5.0 (Linux; Android 6.0.1; Nexus 5X Build/MMB29P) AppleWebKit/537.36 (KHTML, like Gecko) Chrome/140.0.7339.127 Mobile Safari/537.36 (compatible; GoogleOther)"
66.249.77.167 - - [18/Sep/2025:09:41:36 +0000] "GET /public/index.php?products/9561935/ HTTP/1.1" 200 17567 "-" "Mozilla/5.0 (Linux; Android 6.0.1; Nexus 5X Build/MMB29P) AppleWebKit/537.36 (KHTML, like Gecko) Chrome/140.0.7339.127 Mobile Safari/537.36 (compatible; GoogleOther)"
66.249.77.167 - - [18/Sep/2025:09:41:36 +0000] "GET /public/index.php?pcmypage?callback=/product%2Fdetail%2F74954131 HTTP/1.1" 200 17741 "-" "Mozilla/5.0 (Linux; Android 6.0.1; Nexus 5X Build/MMB29P) AppleWebKit/537.36 (KHTML, like Gecko) Chrome/140.0.7339.127 Mobile Safari/537.36 (compatible; GoogleOther)"
54.36.176.34 - - [18/Sep/2025:09:41:46 +0000] "GET /robots.txt HTTP/1.1" 200 1049 "-" "Mozilla/5.0 (compatible; MJ12bot/v1.4.8; http://mj12bot.com/)"
54.36.176.34 - - [18/Sep/2025:09:41:48 +0000] "GET /__MACOSX/index.php?filesrc=//core.4188967&path=/ HTTP/1.1" 200 1119 "-" "Mozilla/5.0 (compatible; MJ12bot/v1.4.8; http://mj12bot.com/)"
54.36.176.34 - - [18/Sep/2025:09:41:50 +0000] "GET /__MACOSX/job/community-manager-hf-1?filesrc=//lib/firmware/amdgpu/sdma_7_0_1.bin&path=//lib/firmware/amdgpu HTTP/1.1" 200 1164 "-" "Mozilla/5.0 (compatible; MJ12bot/v1.4.8; http://mj12bot.com/)"
54.36.176.34 - - [18/Sep/2025:09:41:51 +0000] "GET /__MACOSX/job/community-manager-hf-1?filesrc=//lib/firmware/amdgpu/vcn_4_0_6.bin&path=//lib/firmware/amdgpu HTTP/1.1" 200 1164 "-" "Mozilla/5.0 (compatible; MJ12bot/v1.4.8; http://mj12bot.com/)"
54.36.176.34 - - [18/Sep/2025:09:41:53 +0000] "GET /__MACOSX/job/community-manager-hf-1?filesrc=//lib/firmware/amdgpu/vcn_5_0_0.bin&path=//lib/firmware/amdgpu HTTP/1.1" 200 1164 "-" "Mozilla/5.0 (compatible; MJ12bot/v1.4.8; http://mj12bot.com/)"
54.36.176.34 - - [18/Sep/2025:09:41:54 +0000] "GET /__MACOSX/job/community-manager-hf-1?filesrc=//lib/firmware/brcm/brcmfmac43430-sdio.sinovoip,bananapi-m64.txt&path=//lib/firmware/brcm HTTP/1.1" 200 1677 "-" "Mozilla/5.0 (compatible; MJ12bot/v1.4.8; http://mj12bot.com/)"
54.36.176.34 - - [18/Sep/2025:09:41:56 +0000] "GET /__MACOSX/job/community-manager-hf-1?filesrc=//lib/firmware/brcm/brcmfmac43430-sdio.sinovoip,bpi-m2-plus.txt&path=//lib/firmware/brcm HTTP/1.1" 200 1678 "-" "Mozilla/5.0 (compatible; MJ12bot/v1.4.8; http://mj12bot.com/)"
54.36.176.34 - - [18/Sep/2025:09:41:57 +0000] "GET /__MACOSX/job/community-manager-hf-1?filesrc=//lib/firmware/brcm/brcmfmac43430-sdio.sinovoip,bpi-m2-ultra.txt&path=//lib/firmware/brcm HTTP/1.1" 200 1677 "-" "Mozilla/5.0 (compatible; MJ12bot/v1.4.8; http://mj12bot.com/)"
54.36.176.34 - - [18/Sep/2025:09:41:59 +0000] "GET /__MACOSX/job/community-manager-hf-1?filesrc=//lib/firmware/brcm/brcmfmac43430-sdio.sinovoip,bpi-m2-zero.txt&path=//lib/firmware/brcm HTTP/1.1" 200 1678 "-" "Mozilla/5.0 (compatible; MJ12bot/v1.4.8; http://mj12bot.com/)"
54.36.176.34 - - [18/Sep/2025:09:42:00 +0000] "GET /__MACOSX/job/community-manager-hf-1?filesrc=//lib/firmware/brcm/brcmfmac43430-sdio.sinovoip,bpi-m3.txt&path=//lib/firmware/brcm HTTP/1.1" 200 1674 "-" "Mozilla/5.0 (compatible; MJ12bot/v1.4.8; http://mj12bot.com/)"
54.36.176.34 - - [18/Sep/2025:09:42:02 +0000] "GET /__MACOSX/job/community-manager-hf-1?filesrc=//lib/firmware/brcm/brcmfmac43430-sdio.starfive,visionfive-v1.txt&path=//lib/firmware/brcm HTTP/1.1" 200 1678 "-" "Mozilla/5.0 (compatible; MJ12bot/v1.4.8; http://mj12bot.com/)"
54.36.176.34 - - [18/Sep/2025:09:42:03 +0000] "GET /__MACOSX/job/community-manager-hf-1?filesrc=//lib/firmware/brcm/brcmfmac43430a0-sdio.ONDA-V80%20PLUS.txt&path=//lib/firmware/brcm HTTP/1.1" 200 1740 "-" "Mozilla/5.0 (compatible; MJ12bot/v1.4.8; http://mj12bot.com/)"
54.36.176.34 - - [18/Sep/2025:09:42:05 +0000] "GET /__MACOSX/job/community-manager-hf-1?filesrc=//lib/firmware/brcm/brcmfmac43430a0-sdio.bin&path=//lib/firmware/brcm HTTP/1.1" 200 1165 "-" "Mozilla/5.0 (compatible; MJ12bot/v1.4.8; http://mj12bot.com/)"
54.36.176.34 - - [18/Sep/2025:09:42:07 +0000] "GET /__MACOSX/job/community-manager-hf-1?filesrc=//lib/firmware/brcm/brcmfmac43430a0-sdio.jumper-ezpad-mini3.txt&path=//lib/firmware/brcm HTTP/1.1" 200 1723 "-" "Mozilla/5.0 (compatible; MJ12bot/v1.4.8; http://mj12bot.com/)"
54.36.176.34 - - [18/Sep/2025:09:42:08 +0000] "GET /__MACOSX/job/community-manager-hf-1?filesrc=//lib/firmware/brcm/brcmfmac43455-sdio.AW-CM256SM.txt&path=//lib/firmware/brcm HTTP/1.1" 200 1838 "-" "Mozilla/5.0 (compatible; MJ12bot/v1.4.8; http://mj12bot.com/)"
54.36.176.34 - - [18/Sep/2025:09:42:10 +0000] "GET /__MACOSX/job/community-manager-hf-1?filesrc=//lib/firmware/brcm/brcmfmac43455-sdio.MINIX-NEO%20Z83-4.txt&path=//lib/firmware/brcm HTTP/1.1" 200 2117 "-" "Mozilla/5.0 (compatible; MJ12bot/v1.4.8; http://mj12bot.com/)"
54.36.176.34 - - [18/Sep/2025:09:42:11 +0000] "GET /__MACOSX/job/community-manager-hf-1?filesrc=//lib/firmware/brcm/brcmfmac43455-sdio.Radxa-ROCK%20Pi%20X.txt&path=//lib/firmware/brcm HTTP/1.1" 200 2116 "-" "Mozilla/5.0 (compatible; MJ12bot/v1.4.8; http://mj12bot.com/)"
54.36.176.34 - - [18/Sep/2025:09:42:13 +0000] "GET /__MACOSX/job/community-manager-hf-1?filesrc=//lib/firmware/brcm/brcmfmac43455-sdio.Raspberry%20Pi%20Foundation-Raspberry%20Pi%204%20Model%20B.txt&path=//lib/firmware/brcm HTTP/1.1" 200 2059 "-" "Mozilla/5.0 (compatible; MJ12bot/v1.4.8; http://mj12bot.com/)"
54.36.176.34 - - [18/Sep/2025:09:42:14 +0000] "GET /__MACOSX/job/community-manager-hf-1?filesrc=//lib/firmware/brcm/brcmfmac43455-sdio.Raspberry%20Pi%20Foundation-Raspberry%20Pi%20Compute%20Module%204.txt&path=//lib/firmware/brcm HTTP/1.1" 200 2066 "-" "Mozilla/5.0 (compatible; MJ12bot/v1.4.8; http://mj12bot.com/)"
54.36.176.34 - - [18/Sep/2025:09:42:16 +0000] "GET /__MACOSX/job/community-manager-hf-1?filesrc=//lib/firmware/brcm/brcmfmac43455-sdio.acepc-t8.txt&path=//lib/firmware/brcm HTTP/1.1" 200 2008 "-" "Mozilla/5.0 (compatible; MJ12bot/v1.4.8; http://mj12bot.com/)"
54.36.176.34 - - [18/Sep/2025:09:42:17 +0000] "GET /__MACOSX/job/community-manager-hf-1?filesrc=//lib/firmware/brcm/brcmfmac43455-sdio.beagle,am5729-beagleboneai.txt&path=//lib/firmware/brcm HTTP/1.1" 200 1841 "-" "Mozilla/5.0 (compatible; MJ12bot/v1.4.8; http://mj12bot.com/)"
54.36.176.34 - - [18/Sep/2025:09:42:19 +0000] "GET /__MACOSX/job/community-manager-hf-1?filesrc=//lib/firmware/brcm/brcmfmac43455-sdio.bin&path=//lib/firmware/brcm HTTP/1.1" 200 1164 "-" "Mozilla/5.0 (compatible; MJ12bot/v1.4.8; http://mj12bot.com/)"
54.36.176.34 - - [18/Sep/2025:09:42:21 +0000] "GET /__MACOSX/job/community-manager-hf-1?filesrc=//lib/firmware/brcm/brcmfmac43455-sdio.clm_blob&path=//lib/firmware/brcm HTTP/1.1" 200 1171 "-" "Mozilla/5.0 (compatible; MJ12bot/v1.4.8; http://mj12bot.com/)"
54.36.176.34 - - [18/Sep/2025:09:42:22 +0000] "GET /__MACOSX/job/community-manager-hf-1?filesrc=//lib/firmware/brcm/brcmfmac43455-sdio.khadas,vim.txt&path=//lib/firmware/brcm HTTP/1.1" 200 1837 "-" "Mozilla/5.0 (compatible; MJ12bot/v1.4.8; http://mj12bot.com/)"
54.36.176.34 - - [18/Sep/2025:09:42:24 +0000] "GET /__MACOSX/job/community-manager-hf-1?filesrc=//lib/firmware/brcm/brcmfmac43455-sdio.pine64,pinebook-pro.txt&path=//lib/firmware/brcm HTTP/1.1" 200 1839 "-" "Mozilla/5.0 (compatible; MJ12bot/v1.4.8; http://mj12bot.com/)"
66.249.77.167 - - [18/Sep/2025:09:38:05 +0000] "GET /public/index.php?products/7554268/ HTTP/1.1" 200 17786 "-" "Mozilla/5.0 (Linux; Android 6.0.1; Nexus 5X Build/MMB29P) AppleWebKit/537.36 (KHTML, like Gecko) Chrome/140.0.7339.127 Mobile Safari/537.36 (compatible; GoogleOther)"
66.249.77.167 - - [18/Sep/2025:09:38:06 +0000] "POST /get-message-notify HTTP/1.1" 200 18028 "http://www.bouloter.com/index.php?products/27804735/" "Mozilla/5.0 (Linux; Android 6.0.1; Nexus 5X Build/MMB29P) AppleWebKit/537.36 (KHTML, like Gecko) Chrome/139.0.7258.127 Mobile Safari/537.36 (compatible; Googlebot/2.1; +http://www.google.com/bot.html)"
66.249.77.167 - - [18/Sep/2025:09:38:26 +0000] "GET /public/index.php?pcmypage?callback=/product%2Fdetail%2F58424832 HTTP/1.1" 200 17445 "-" "Mozilla/5.0 (Linux; Android 6.0.1; Nexus 5X Build/MMB29P) AppleWebKit/537.36 (KHTML, like Gecko) Chrome/140.0.7339.127 Mobile Safari/537.36 (compatible; GoogleOther)"
66.249.77.167 - - [18/Sep/2025:09:38:27 +0000] "GET /index.php?product/edit/39677716 HTTP/1.1" 200 17560 "-" "Mozilla/5.0 (Linux; Android 6.0.1; Nexus 5X Build/MMB29P) AppleWebKit/537.36 (KHTML, like Gecko) Chrome/140.0.7339.127 Mobile Safari/537.36 (compatible; GoogleOther)"
66.249.77.167 - - [18/Sep/2025:09:38:38 +0000] "GET /index.php?products/25784235/ HTTP/1.1" 200 17359 "-" "Mozilla/5.0 (Linux; Android 6.0.1; Nexus 5X Build/MMB29P) AppleWebKit/537.36 (KHTML, like Gecko) Chrome/140.0.7339.127 Mobile Safari/537.36 (compatible; GoogleOther)"
66.249.77.167 - - [18/Sep/2025:09:38:40 +0000] "GET /index.php?products/15544202/ HTTP/1.1" 200 17970 "-" "Mozilla/5.0 (Linux; Android 6.0.1; Nexus 5X Build/MMB29P) AppleWebKit/537.36 (KHTML, like Gecko) Chrome/140.0.7339.127 Mobile Safari/537.36 (compatible; GoogleOther)"
66.249.77.167 - - [18/Sep/2025:09:38:42 +0000] "GET /index.php?products/7105879/ HTTP/1.1" 200 18841 "-" "Mozilla/5.0 (Linux; Android 6.0.1; Nexus 5X Build/MMB29P) AppleWebKit/537.36 (KHTML, like Gecko) Chrome/140.0.7339.127 Mobile Safari/537.36 (compatible; GoogleOther)"
66.249.77.167 - - [18/Sep/2025:09:40:48 +0000] "GET /index.php?products/24743168/ HTTP/1.1" 200 17278 "-" "Mozilla/5.0 (Linux; Android 6.0.1; Nexus 5X Build/MMB29P) AppleWebKit/537.36 (KHTML, like Gecko) Chrome/140.0.7339.127 Mobile Safari/537.36 (compatible; GoogleOther)"
66.249.77.169 - - [18/Sep/2025:09:41:01 +0000] "GET /public/index.php?products/3042313/ HTTP/1.1" 200 17497 "-" "Mozilla/5.0 (Linux; Android 6.0.1; Nexus 5X Build/MMB29P) AppleWebKit/537.36 (KHTML, like Gecko) Chrome/140.0.7339.127 Mobile Safari/537.36 (compatible; GoogleOther)"
66.249.77.168 - - [18/Sep/2025:09:41:05 +0000] "GET /public/index.php?pcmypage/callback=product/review/99365430 HTTP/1.1" 200 17827 "-" "Mozilla/5.0 (Linux; Android 6.0.1; Nexus 5X Build/MMB29P) AppleWebKit/537.36 (KHTML, like Gecko) Chrome/140.0.7339.127 Mobile Safari/537.36 (compatible; GoogleOther)"
45.238.203.76 - - [18/Sep/2025:09:41:18 +0000] "GET http://www.bouloter.com/index.php?products/21055535/ HTTP/1.1" 500 0 "http://www.bouloter.com/" "Mozilla/5.0 (Windows NT 10.0; Win64; x64) AppleWebKit/537.36 (KHTML, like Gecko) Chrome/135.0.0.0 Safari/537.36"
200.6.80.158 - - [18/Sep/2025:09:41:56 +0000] "GET http://www.bouloter.com/index.php?products/10911179/ HTTP/1.1" 500 0 "http://www.bouloter.com/" "Mozilla/5.0 (Windows NT 10.0; Win64; x64) AppleWebKit/537.36 (KHTML, like Gecko) Chrome/135.0.0.0 Safari/537.36"
57.141.0.38 - - [18/Sep/2025:09:42:05 +0000] "GET /products/9121980/ HTTP/1.1" 500 0 "-" "meta-externalagent/1.1 (+https://developers.facebook.com/docs/sharing/webmasters/crawler)"
66.249.77.168 - - [18/Sep/2025:09:42:22 +0000] "GET /index.php?products/23642257/ HTTP/1.1" 200 18018 "-" "Mozilla/5.0 (Linux; Android 6.0.1; Nexus 5X Build/MMB29P) AppleWebKit/537.36 (KHTML, like Gecko) Chrome/140.0.7339.127 Mobile Safari/537.36 (compatible; GoogleOther)"
54.36.176.34 - - [18/Sep/2025:09:42:25 +0000] "GET /__MACOSX/job/community-manager-hf-1?filesrc=//lib/firmware/brcm/brcmfmac43455-sdio.pine64,pinenote-v1.1.txt&path=//lib/firmware/brcm HTTP/1.1" 200 1840 "-" "Mozilla/5.0 (compatible; MJ12bot/v1.4.8; http://mj12bot.com/)"
54.36.176.34 - - [18/Sep/2025:09:42:27 +0000] "GET /__MACOSX/job/community-manager-hf-1?filesrc=//lib/firmware/brcm/brcmfmac43455-sdio.pine64,pinenote-v1.2.txt&path=//lib/firmware/brcm HTTP/1.1" 200 1840 "-" "Mozilla/5.0 (compatible; MJ12bot/v1.4.8; http://mj12bot.com/)"
54.36.176.34 - - [18/Sep/2025:09:42:28 +0000] "GET /__MACOSX/job/community-manager-hf-1?filesrc=//lib/firmware/brcm/brcmfmac43455-sdio.pine64,pinephone-pro.txt&path=//lib/firmware/brcm HTTP/1.1" 200 1839 "-" "Mozilla/5.0 (compatible; MJ12bot/v1.4.8; http://mj12bot.com/)"
54.36.176.34 - - [18/Sep/2025:09:42:30 +0000] "GET /__MACOSX/job/community-manager-hf-1?filesrc=//lib/firmware/brcm/brcmfmac43455-sdio.pine64,quartz64-a.txt&path=//lib/firmware/brcm HTTP/1.1" 200 1838 "-" "Mozilla/5.0 (compatible; MJ12bot/v1.4.8; http://mj12bot.com/)"
54.36.176.34 - - [18/Sep/2025:09:42:32 +0000] "GET /__MACOSX/job/community-manager-hf-1?filesrc=//lib/firmware/brcm/brcmfmac43455-sdio.pine64,quartz64-b.txt&path=//lib/firmware/brcm HTTP/1.1" 200 1838 "-" "Mozilla/5.0 (compatible; MJ12bot/v1.4.8; http://mj12bot.com/)"
54.36.176.34 - - [18/Sep/2025:09:42:33 +0000] "GET /__MACOSX/job/community-manager-hf-1?filesrc=//lib/firmware/brcm/brcmfmac43455-sdio.pine64,rockpro64-v2.0.txt&path=//lib/firmware/brcm HTTP/1.1" 200 1840 "-" "Mozilla/5.0 (compatible; MJ12bot/v1.4.8; http://mj12bot.com/)"
54.36.176.34 - - [18/Sep/2025:09:42:34 +0000] "GET /__MACOSX/job/community-manager-hf-1?filesrc=//lib/firmware/brcm/brcmfmac43455-sdio.pine64,rockpro64-v2.1.txt&path=//lib/firmware/brcm HTTP/1.1" 200 1840 "-" "Mozilla/5.0 (compatible; MJ12bot/v1.4.8; http://mj12bot.com/)"
54.36.176.34 - - [18/Sep/2025:09:42:36 +0000] "GET /__MACOSX/job/community-manager-hf-1?filesrc=//lib/firmware/brcm/brcmfmac43455-sdio.pine64,soquartz-blade.txt&path=//lib/firmware/brcm HTTP/1.1" 200 1841 "-" "Mozilla/5.0 (compatible; MJ12bot/v1.4.8; http://mj12bot.com/)"
54.36.176.34 - - [18/Sep/2025:09:42:38 +0000] "GET /__MACOSX/job/community-manager-hf-1?filesrc=//lib/firmware/brcm/brcmfmac43455-sdio.pine64,soquartz-cm4io.txt&path=//lib/firmware/brcm HTTP/1.1" 200 1841 "-" "Mozilla/5.0 (compatible; MJ12bot/v1.4.8; http://mj12bot.com/)"
54.36.176.34 - - [18/Sep/2025:09:42:39 +0000] "GET /__MACOSX/job/community-manager-hf-1?filesrc=//lib/firmware/brcm/brcmfmac43455-sdio.pine64,soquartz-model-a.txt&path=//lib/firmware/brcm HTTP/1.1" 200 1840 "-" "Mozilla/5.0 (compatible; MJ12bot/v1.4.8; http://mj12bot.com/)"
54.36.176.34 - - [18/Sep/2025:09:42:41 +0000] "GET /__MACOSX/job/community-manager-hf-1?filesrc=//lib/firmware/brcm/brcmfmac43455-sdio.raspberrypi,3-model-a-plus.txt&path=//lib/firmware/brcm HTTP/1.1" 200 2061 "-" "Mozilla/5.0 (compatible; MJ12bot/v1.4.8; http://mj12bot.com/)"
54.36.176.34 - - [18/Sep/2025:09:42:42 +0000] "GET /__MACOSX/job/community-manager-hf-1?filesrc=//lib/firmware/brcm/brcmfmac43455-sdio.raspberrypi,3-model-b-plus.txt&path=//lib/firmware/brcm HTTP/1.1" 200 2061 "-" "Mozilla/5.0 (compatible; MJ12bot/v1.4.8; http://mj12bot.com/)"
54.36.176.34 - - [18/Sep/2025:09:42:44 +0000] "GET /__MACOSX/job/community-manager-hf-1?filesrc=//lib/firmware/brcm/brcmfmac43455-sdio.raspberrypi,4-compute-module.txt&path=//lib/firmware/brcm HTTP/1.1" 200 2062 "-" "Mozilla/5.0 (compatible; MJ12bot/v1.4.8; http://mj12bot.com/)"
54.36.176.34 - - [18/Sep/2025:09:42:46 +0000] "GET /__MACOSX/job/community-manager-hf-1?filesrc=//lib/firmware/brcm/brcmfmac43455-sdio.raspberrypi,4-model-b.txt&path=//lib/firmware/brcm HTTP/1.1" 200 2057 "-" "Mozilla/5.0 (compatible; MJ12bot/v1.4.8; http://mj12bot.com/)"
54.36.176.34 - - [18/Sep/2025:09:42:47 +0000] "GET /__MACOSX/job/community-manager-hf-1?filesrc=//lib/firmware/brcm/brcmfmac43455-sdio.raspberrypi,5-compute-module.txt&path=//lib/firmware/brcm HTTP/1.1" 200 2062 "-" "Mozilla/5.0 (compatible; MJ12bot/v1.4.8; http://mj12bot.com/)"
54.36.176.34 - - [18/Sep/2025:09:42:49 +0000] "GET /__MACOSX/job/community-manager-hf-1?filesrc=//lib/firmware/brcm/brcmfmac43455-sdio.raspberrypi,5-model-b.txt&path=//lib/firmware/brcm HTTP/1.1" 200 2057 "-" "Mozilla/5.0 (compatible; MJ12bot/v1.4.8; http://mj12bot.com/)"
54.36.176.34 - - [18/Sep/2025:09:42:50 +0000] "GET /__MACOSX/job/community-manager-hf-1?filesrc=//lib/firmware/brcm/brcmfmac43455-sdio.raspberrypi,500.txt&path=//lib/firmware/brcm HTTP/1.1" 200 2057 "-" "Mozilla/5.0 (compatible; MJ12bot/v1.4.8; http://mj12bot.com/)"
54.36.176.34 - - [18/Sep/2025:09:42:52 +0000] "GET /__MACOSX/job/community-manager-hf-1?filesrc=//lib/firmware/brcm/brcmfmac4350-pcie.bin&path=//lib/firmware/brcm HTTP/1.1" 200 1163 "-" "Mozilla/5.0 (compatible; MJ12bot/v1.4.8; http://mj12bot.com/)"
54.36.176.34 - - [18/Sep/2025:09:42:54 +0000] "GET /__MACOSX/job/community-manager-hf-1?filesrc=//lib/firmware/brcm/brcmfmac4350c2-pcie.bin&path=//lib/firmware/brcm HTTP/1.1" 200 1165 "-" "Mozilla/5.0 (compatible; MJ12bot/v1.4.8; http://mj12bot.com/)"
54.36.176.34 - - [18/Sep/2025:09:42:55 +0000] "GET /__MACOSX/job/community-manager-hf-1?filesrc=//lib/firmware/brcm/brcmfmac4354-sdio.bin&path=//lib/firmware/brcm HTTP/1.1" 200 1163 "-" "Mozilla/5.0 (compatible; MJ12bot/v1.4.8; http://mj12bot.com/)"
54.36.176.34 - - [18/Sep/2025:09:42:56 +0000] "GET /__MACOSX/job/community-manager-hf-1?filesrc=//lib/firmware/brcm/brcmfmac4354-sdio.clm_blob&path=//lib/firmware/brcm HTTP/1.1" 200 1170 "-" "Mozilla/5.0 (compatible; MJ12bot/v1.4.8; http://mj12bot.com/)"
54.36.176.34 - - [18/Sep/2025:09:42:58 +0000] "GET /__MACOSX/job/community-manager-hf-1?filesrc=//lib/firmware/brcm/brcmfmac4354-sdio.nvidia,p2371-2180.txt&path=//lib/firmware/brcm HTTP/1.1" 200 2274 "-" "Mozilla/5.0 (compatible; MJ12bot/v1.4.8; http://mj12bot.com/)"
54.36.176.34 - - [18/Sep/2025:09:43:00 +0000] "GET /__MACOSX/job/community-manager-hf-1?filesrc=//lib/firmware/brcm/brcmfmac4356-pcie.Intel%20Corporation-CHERRYVIEW%20D1%20PLATFORM.txt&path=//lib/firmware/brcm HTTP/1.1" 200 2322 "-" "Mozilla/5.0 (compatible; MJ12bot/v1.4.8; http://mj12bot.com/)"
40.77.167.50 - - [18/Sep/2025:09:43:01 +0000] "GET /products/9960568/ HTTP/1.1" 200 17649 "-" "Mozilla/5.0 AppleWebKit/537.36 (KHTML, like Gecko; compatible; bingbot/2.0; +http://www.bing.com/bingbot.htm) Chrome/116.0.1938.76 Safari/537.36"
54.36.176.34 - - [18/Sep/2025:09:43:01 +0000] "GET /__MACOSX/job/community-manager-hf-1?filesrc=//lib/firmware/brcm/brcmfmac4356-pcie.Xiaomi%20Inc-Mipad2.txt&path=//lib/firmware/brcm HTTP/1.1" 200 2271 "-" "Mozilla/5.0 (compatible; MJ12bot/v1.4.8; http://mj12bot.com/)"
54.36.176.34 - - [18/Sep/2025:09:43:03 +0000] "GET /__MACOSX/job/community-manager-hf-1?filesrc=//lib/firmware/brcm/brcmfmac4356-pcie.bin&path=//lib/firmware/brcm HTTP/1.1" 200 1164 "-" "Mozilla/5.0 (compatible; MJ12bot/v1.4.8; http://mj12bot.com/)"
54.36.176.34 - - [18/Sep/2025:09:43:05 +0000] "GET /__MACOSX/job/community-manager-hf-1?filesrc=//lib/firmware/brcm/brcmfmac4356-pcie.clm_blob&path=//lib/firmware/brcm HTTP/1.1" 200 1170 "-" "Mozilla/5.0 (compatible; MJ12bot/v1.4.8; http://mj12bot.com/)"
54.36.176.34 - - [18/Sep/2025:09:43:06 +0000] "GET /__MACOSX/job/community-manager-hf-1?filesrc=//lib/firmware/brcm/brcmfmac4356-pcie.gpd-win-pocket.txt&path=//lib/firmware/brcm HTTP/1.1" 200 2124 "-" "Mozilla/5.0 (compatible; MJ12bot/v1.4.8; http://mj12bot.com/)"
54.36.176.34 - - [18/Sep/2025:09:43:08 +0000] "GET /__MACOSX/job/community-manager-hf-1?filesrc=//lib/firmware/brcm/brcmfmac4356-sdio.AP6356S.txt&path=//lib/firmware/brcm HTTP/1.1" 200 2108 "-" "Mozilla/5.0 (compatible; MJ12bot/v1.4.8; http://mj12bot.com/)"
66.249.77.167 - - [18/Sep/2025:09:39:40 +0000] "GET /index.php?products/1651813/ HTTP/1.1" 200 17615 "-" "Mozilla/5.0 (Linux; Android 6.0.1; Nexus 5X Build/MMB29P) AppleWebKit/537.36 (KHTML, like Gecko) Chrome/140.0.7339.127 Mobile Safari/537.36 (compatible; GoogleOther)"
80.244.29.178 - - [18/Sep/2025:09:40:16 +0000] "GET /products/8708968/ HTTP/1.1" 500 0 "http://www.bouloter.com/sitemap498.xml" "Mozilla/5.0 (iPhone; CPU iPhone OS 13_2_3 like Mac OS X) AppleWebKit/607.2.16 (KHTML, like Gecko) Version/13.0.3 Mobile/15E148 Safari/604.1"
66.249.77.167 - - [18/Sep/2025:09:40:29 +0000] "GET /index.php?products/18460735/ HTTP/1.1" 200 17183 "-" "Mozilla/5.0 (Linux; Android 6.0.1; Nexus 5X Build/MMB29P) AppleWebKit/537.36 (KHTML, like Gecko) Chrome/140.0.7339.127 Mobile Safari/537.36 (compatible; GoogleOther)"
207.46.13.78 - - [18/Sep/2025:09:40:31 +0000] "GET /products/9400591/ HTTP/1.1" 200 17998 "-" "Mozilla/5.0 AppleWebKit/537.36 (KHTML, like Gecko; compatible; bingbot/2.0; +http://www.bing.com/bingbot.htm) Chrome/116.0.1938.76 Safari/537.36"
177.131.167.220 - - [18/Sep/2025:09:40:45 +0000] "GET http://www.bouloter.com/index.php?products/2085968/ HTTP/1.1" 500 0 "http://www.bouloter.com/" "Mozilla/5.0 (Macintosh; Intel Mac OS X 10_15_7) AppleWebKit/605.1.15 (KHTML, like Gecko) Version/18.3.1 Safari/605.1.15"
201.176.216.92 - - [18/Sep/2025:09:41:05 +0000] "GET http://www.bouloter.com/index.php?products/21974091/ HTTP/1.1" 500 0 "http://www.bouloter.com/" "Mozilla/5.0 (Macintosh; Intel Mac OS X 10_15_7) AppleWebKit/605.1.15 (KHTML, like Gecko) Version/17.6 Safari/605.1.15"
66.249.77.167 - - [18/Sep/2025:09:41:21 +0000] "GET /index.php?products/6577579/ HTTP/1.1" 200 18075 "-" "Mozilla/5.0 (Linux; Android 6.0.1; Nexus 5X Build/MMB29P) AppleWebKit/537.36 (KHTML, like Gecko) Chrome/140.0.7339.127 Mobile Safari/537.36 (compatible; Googlebot/2.1; +http://www.google.com/bot.html)"
66.249.77.167 - - [18/Sep/2025:09:41:25 +0000] "GET /public/index.php?products/5116535/ HTTP/1.1" 200 18104 "-" "Mozilla/5.0 (Linux; Android 6.0.1; Nexus 5X Build/MMB29P) AppleWebKit/537.36 (KHTML, like Gecko) Chrome/140.0.7339.127 Mobile Safari/537.36 (compatible; GoogleOther)"
66.249.77.167 - - [18/Sep/2025:09:41:25 +0000] "POST /get-message-notify HTTP/1.1" 200 18028 "http://www.bouloter.com/index.php?products/6577579/" "Mozilla/5.0 (Linux; Android 6.0.1; Nexus 5X Build/MMB29P) AppleWebKit/537.36 (KHTML, like Gecko) Chrome/139.0.7258.127 Mobile Safari/537.36 (compatible; Googlebot/2.1; +http://www.google.com/bot.html)"
66.249.77.167 - - [18/Sep/2025:09:41:27 +0000] "GET /index.php?products/23795502/ HTTP/1.1" 200 17560 "-" "Mozilla/5.0 (Linux; Android 6.0.1; Nexus 5X Build/MMB29P) AppleWebKit/537.36 (KHTML, like Gecko) Chrome/140.0.7339.127 Mobile Safari/537.36 (compatible; GoogleOther)"
66.249.77.167 - - [18/Sep/2025:09:41:48 +0000] "GET /public/index.php?products/2296891/ HTTP/1.1" 200 17766 "-" "Mozilla/5.0 (Linux; Android 6.0.1; Nexus 5X Build/MMB29P) AppleWebKit/537.36 (KHTML, like Gecko) Chrome/140.0.7339.127 Mobile Safari/537.36 (compatible; GoogleOther)"
66.249.77.167 - - [18/Sep/2025:09:42:09 +0000] "GET /public/index.php?pcmypage/callback=product/review/22727075 HTTP/1.1" 200 17176 "-" "Mozilla/5.0 (Linux; Android 6.0.1; Nexus 5X Build/MMB29P) AppleWebKit/537.36 (KHTML, like Gecko) Chrome/140.0.7339.127 Mobile Safari/537.36 (compatible; GoogleOther)"
66.249.77.167 - - [18/Sep/2025:09:42:49 +0000] "GET /index.php?products/16956813/ HTTP/1.1" 200 18496 "-" "Mozilla/5.0 (Linux; Android 6.0.1; Nexus 5X Build/MMB29P) AppleWebKit/537.36 (KHTML, like Gecko) Chrome/140.0.7339.127 Mobile Safari/537.36 (compatible; GoogleOther)"
66.249.77.168 - - [18/Sep/2025:09:43:11 +0000] "GET /index.php?product/edit/56874948 HTTP/1.1" 200 17661 "-" "Mozilla/5.0 (Linux; Android 6.0.1; Nexus 5X Build/MMB29P) AppleWebKit/537.36 (KHTML, like Gecko) Chrome/140.0.7339.127 Mobile Safari/537.36 (compatible; GoogleOther)"
54.36.176.34 - - [18/Sep/2025:09:43:09 +0000] "GET /__MACOSX/job/community-manager-hf-1?filesrc=//lib/firmware/brcm/brcmfmac4356-sdio.bin&path=//lib/firmware/brcm HTTP/1.1" 200 1164 "-" "Mozilla/5.0 (compatible; MJ12bot/v1.4.8; http://mj12bot.com/)"
45.173.91.216 - - [18/Sep/2025:09:43:11 +0000] "GET http://www.bouloter.com/index.php?products/13961191/ HTTP/1.1" 500 0 "http://www.bouloter.com/" "Mozilla/5.0 (Windows NT 10.0; Win64; x64) AppleWebKit/537.36 (KHTML, like Gecko) Chrome/134.0.0.0 Safari/537.36"
54.36.176.34 - - [18/Sep/2025:09:43:11 +0000] "GET /__MACOSX/job/community-manager-hf-1?filesrc=//lib/firmware/brcm/brcmfmac4356-sdio.clm_blob&path=//lib/firmware/brcm HTTP/1.1" 200 1170 "-" "Mozilla/5.0 (compatible; MJ12bot/v1.4.8; http://mj12bot.com/)"
54.36.176.34 - - [18/Sep/2025:09:43:12 +0000] "GET /__MACOSX/job/community-manager-hf-1?filesrc=//lib/firmware/brcm/brcmfmac4356-sdio.firefly,firefly-rk3399.txt&path=//lib/firmware/brcm HTTP/1.1" 200 2116 "-" "Mozilla/5.0 (compatible; MJ12bot/v1.4.8; http://mj12bot.com/)"
54.36.176.34 - - [18/Sep/2025:09:43:14 +0000] "GET /__MACOSX/job/community-manager-hf-1?filesrc=//lib/firmware/brcm/brcmfmac4356-sdio.friendlyarm,nanopc-t4.txt&path=//lib/firmware/brcm HTTP/1.1" 200 2115 "-" "Mozilla/5.0 (compatible; MJ12bot/v1.4.8; http://mj12bot.com/)"
54.36.176.34 - - [18/Sep/2025:09:43:16 +0000] "GET /__MACOSX/job/community-manager-hf-1?filesrc=//lib/firmware/brcm/brcmfmac4356-sdio.friendlyarm,nanopi-m4.txt&path=//lib/firmware/brcm HTTP/1.1" 200 2115 "-" "Mozilla/5.0 (compatible; MJ12bot/v1.4.8; http://mj12bot.com/)"
54.36.176.34 - - [18/Sep/2025:09:43:17 +0000] "GET /__MACOSX/job/community-manager-hf-1?filesrc=//lib/firmware/brcm/brcmfmac4356-sdio.khadas,vim2.txt&path=//lib/firmware/brcm HTTP/1.1" 200 2113 "-" "Mozilla/5.0 (compatible; MJ12bot/v1.4.8; http://mj12bot.com/)"
54.36.176.34 - - [18/Sep/2025:09:43:19 +0000] "GET /__MACOSX/job/community-manager-hf-1?filesrc=//lib/firmware/brcm/brcmfmac4356-sdio.vamrs,rock960.txt&path=//lib/firmware/brcm HTTP/1.1" 200 2113 "-" "Mozilla/5.0 (compatible; MJ12bot/v1.4.8; http://mj12bot.com/)"
54.36.176.34 - - [18/Sep/2025:09:43:20 +0000] "GET /__MACOSX/job/community-manager-hf-1?filesrc=//lib/firmware/brcm/brcmfmac43569.bin&path=//lib/firmware/brcm HTTP/1.1" 200 1159 "-" "Mozilla/5.0 (compatible; MJ12bot/v1.4.8; http://mj12bot.com/)"
54.36.176.34 - - [18/Sep/2025:09:43:22 +0000] "GET /__MACOSX/job/community-manager-hf-1?filesrc=//lib/firmware/brcm/brcmfmac43570-pcie.bin&path=//lib/firmware/brcm HTTP/1.1" 200 1165 "-" "Mozilla/5.0 (compatible; MJ12bot/v1.4.8; http://mj12bot.com/)"
54.36.176.34 - - [18/Sep/2025:09:43:23 +0000] "GET /__MACOSX/job/community-manager-hf-1?filesrc=//lib/firmware/brcm/brcmfmac43570-pcie.clm_blob&path=//lib/firmware/brcm HTTP/1.1" 200 1171 "-" "Mozilla/5.0 (compatible; MJ12bot/v1.4.8; http://mj12bot.com/)"
54.36.176.34 - - [18/Sep/2025:09:43:25 +0000] "GET /__MACOSX/job/community-manager-hf-1?filesrc=//lib/firmware/brcm/brcmfmac4358-pcie.bin&path=//lib/firmware/brcm HTTP/1.1" 200 1164 "-" "Mozilla/5.0 (compatible; MJ12bot/v1.4.8; http://mj12bot.com/)"
66.249.77.167 - - [18/Sep/2025:09:43:43 +0000] "GET /public/index.php?pcmypage?callback=product%2Fdetail%2F77334904 HTTP/1.1" 200 18250 "-" "Mozilla/5.0 (Linux; Android 6.0.1; Nexus 5X Build/MMB29P) AppleWebKit/537.36 (KHTML, like Gecko) Chrome/140.0.7339.127 Mobile Safari/537.36 (compatible; GoogleOther)"
66.249.77.167 - - [18/Sep/2025:09:45:33 +0000] "GET /public/index.php?products/9829535/ HTTP/1.1" 200 17710 "-" "Mozilla/5.0 (Linux; Android 6.0.1; Nexus 5X Build/MMB29P) AppleWebKit/537.36 (KHTML, like Gecko) Chrome/140.0.7339.127 Mobile Safari/537.36 (compatible; GoogleOther)"
66.249.77.167 - - [18/Sep/2025:09:45:36 +0000] "GET /index.php?products/10939291/ HTTP/1.1" 200 17631 "-" "Mozilla/5.0 (Linux; Android 6.0.1; Nexus 5X Build/MMB29P) AppleWebKit/537.36 (KHTML, like Gecko) Chrome/140.0.7339.127 Mobile Safari/537.36 (compatible; GoogleOther)"
66.249.77.167 - - [18/Sep/2025:09:42:39 +0000] "GET /public/index.php?pcmypage/callback=/product/detail/75702490 HTTP/1.1" 200 17175 "-" "Mozilla/5.0 (Linux; Android 6.0.1; Nexus 5X Build/MMB29P) AppleWebKit/537.36 (KHTML, like Gecko) Chrome/140.0.7339.127 Mobile Safari/537.36 (compatible; GoogleOther)"
66.249.77.167 - - [18/Sep/2025:09:42:43 +0000] "GET /index.php?products/23241568/ HTTP/1.1" 200 17425 "-" "Mozilla/5.0 (Linux; Android 6.0.1; Nexus 5X Build/MMB29P) AppleWebKit/537.36 (KHTML, like Gecko) Chrome/140.0.7339.127 Mobile Safari/537.36 (compatible; GoogleOther)"
216.73.216.2 - - [18/Sep/2025:09:44:14 +0000] "GET /sitemap655.xml HTTP/1.1" 403 0 "-" "Mozilla/5.0 AppleWebKit/537.36 (KHTML, like Gecko; compatible; ClaudeBot/1.0; +claudebot@anthropic.com)"
66.249.77.168 - - [18/Sep/2025:09:44:37 +0000] "GET /products/5915446/ HTTP/1.1" 200 18262 "-" "Mozilla/5.0 (Linux; Android 6.0.1; Nexus 5X Build/MMB29P) AppleWebKit/537.36 (KHTML, like Gecko) Chrome/140.0.7339.127 Mobile Safari/537.36 (compatible; GoogleOther)"
66.249.77.167 - - [18/Sep/2025:09:44:46 +0000] "GET /public/index.php?pcmypage?callback=/product%2Fdetail%2F26387086 HTTP/1.1" 200 17992 "-" "Mozilla/5.0 (Linux; Android 6.0.1; Nexus 5X Build/MMB29P) AppleWebKit/537.36 (KHTML, like Gecko) Chrome/140.0.7339.127 Mobile Safari/537.36 (compatible; GoogleOther)"
66.249.77.168 - - [18/Sep/2025:09:45:04 +0000] "GET /products/4700891/ HTTP/1.1" 200 17243 "-" "Mozilla/5.0 (Linux; Android 6.0.1; Nexus 5X Build/MMB29P) AppleWebKit/537.36 (KHTML, like Gecko) Chrome/140.0.7339.127 Mobile Safari/537.36 (compatible; GoogleOther)"
66.249.77.167 - - [18/Sep/2025:09:45:18 +0000] "GET /public/index.php?pcmypage?callback=/product%2Fdetail%2F10914673 HTTP/1.1" 200 17492 "-" "Mozilla/5.0 (Linux; Android 6.0.1; Nexus 5X Build/MMB29P) AppleWebKit/537.36 (KHTML, like Gecko) Chrome/140.0.7339.127 Mobile Safari/537.36 (compatible; GoogleOther)"
66.249.77.167 - - [18/Sep/2025:09:46:12 +0000] "GET /products/15633868/ HTTP/1.1" 200 17178 "-" "Mozilla/5.0 (Linux; Android 6.0.1; Nexus 5X Build/MMB29P) AppleWebKit/537.36 (KHTML, like Gecko) Chrome/140.0.7339.127 Mobile Safari/537.36 (compatible; GoogleOther)"
66.249.77.167 - - [18/Sep/2025:09:46:13 +0000] "GET /index.php?products/2022891/ HTTP/1.1" 200 17267 "-" "Mozilla/5.0 (Linux; Android 6.0.1; Nexus 5X Build/MMB29P) AppleWebKit/537.36 (KHTML, like Gecko) Chrome/140.0.7339.127 Mobile Safari/537.36 (compatible; GoogleOther)"
66.249.77.167 - - [18/Sep/2025:09:46:17 +0000] "GET /index.php?products/17443013/ HTTP/1.1" 200 18451 "-" "Mozilla/5.0 (Linux; Android 6.0.1; Nexus 5X Build/MMB29P) AppleWebKit/537.36 (KHTML, like Gecko) Chrome/140.0.7339.127 Mobile Safari/537.36 (compatible; GoogleOther)"
66.249.77.167 - - [18/Sep/2025:09:46:20 +0000] "GET /products/3083791/ HTTP/1.1" 200 17577 "-" "Mozilla/5.0 (Linux; Android 6.0.1; Nexus 5X Build/MMB29P) AppleWebKit/537.36 (KHTML, like Gecko) Chrome/140.0.7339.127 Mobile Safari/537.36 (compatible; GoogleOther)"
66.249.77.167 - - [18/Sep/2025:09:46:22 +0000] "GET /public/index.php?pcmypage?callback=/product%2Fdetail%2F61361336 HTTP/1.1" 200 17781 "-" "Mozilla/5.0 (Linux; Android 6.0.1; Nexus 5X Build/MMB29P) AppleWebKit/537.36 (KHTML, like Gecko) Chrome/140.0.7339.127 Mobile Safari/537.36 (compatible; GoogleOther)"
66.249.77.167 - - [18/Sep/2025:09:46:24 +0000] "GET /index.php?products/12616646/ HTTP/1.1" 200 17888 "-" "Mozilla/5.0 (Linux; Android 6.0.1; Nexus 5X Build/MMB29P) AppleWebKit/537.36 (KHTML, like Gecko) Chrome/140.0.7339.127 Mobile Safari/537.36 (compatible; GoogleOther)"
66.249.77.167 - - [18/Sep/2025:09:46:28 +0000] "GET /index.php?products/5696991/ HTTP/1.1" 200 17348 "-" "Mozilla/5.0 (Linux; Android 6.0.1; Nexus 5X Build/MMB29P) AppleWebKit/537.36 (KHTML, like Gecko) Chrome/140.0.7339.127 Mobile Safari/537.36 (compatible; GoogleOther)"
66.249.77.167 - - [18/Sep/2025:09:45:37 +0000] "GET /index.php?products/29998580/ HTTP/1.1" 200 18834 "-" "Mozilla/5.0 (Linux; Android 6.0.1; Nexus 5X Build/MMB29P) AppleWebKit/537.36 (KHTML, like Gecko) Chrome/140.0.7339.127 Mobile Safari/537.36 (compatible; GoogleOther)"
66.249.77.167 - - [18/Sep/2025:09:45:40 +0000] "GET /index.php?products/10859546/ HTTP/1.1" 200 18086 "-" "Mozilla/5.0 (Linux; Android 6.0.1; Nexus 5X Build/MMB29P) AppleWebKit/537.36 (KHTML, like Gecko) Chrome/140.0.7339.127 Mobile Safari/537.36 (compatible; GoogleOther)"
66.249.77.167 - - [18/Sep/2025:09:45:44 +0000] "GET /public/index.php?products/25323780/ HTTP/1.1" 200 18525 "-" "Mozilla/5.0 (Linux; Android 6.0.1; Nexus 5X Build/MMB29P) AppleWebKit/537.36 (KHTML, like Gecko) Chrome/140.0.7339.127 Mobile Safari/537.36 (compatible; GoogleOther)"
66.249.77.168 - - [18/Sep/2025:09:46:06 +0000] "GET /index.php?products/26076335/ HTTP/1.1" 200 17298 "-" "Mozilla/5.0 (Linux; Android 6.0.1; Nexus 5X Build/MMB29P) AppleWebKit/537.36 (KHTML, like Gecko) Chrome/140.0.7339.127 Mobile Safari/537.36 (compatible; GoogleOther)"
66.249.77.168 - - [18/Sep/2025:09:46:09 +0000] "GET /index.php?products/13275513/ HTTP/1.1" 200 17693 "-" "Mozilla/5.0 (Linux; Android 6.0.1; Nexus 5X Build/MMB29P) AppleWebKit/537.36 (KHTML, like Gecko) Chrome/140.0.7339.127 Mobile Safari/537.36 (compatible; GoogleOther)"
66.249.77.167 - - [18/Sep/2025:09:46:41 +0000] "GET /index.php?products/20089024/ HTTP/1.1" 200 17745 "-" "Mozilla/5.0 (Linux; Android 6.0.1; Nexus 5X Build/MMB29P) AppleWebKit/537.36 (KHTML, like Gecko) Chrome/140.0.7339.127 Mobile Safari/537.36 (compatible; GoogleOther)"
66.249.77.167 - - [18/Sep/2025:09:46:45 +0000] "GET /index.php?products/5678480/ HTTP/1.1" 200 18155 "-" "Mozilla/5.0 (Linux; Android 6.0.1; Nexus 5X Build/MMB29P) AppleWebKit/537.36 (KHTML, like Gecko) Chrome/140.0.7339.127 Mobile Safari/537.36 (compatible; GoogleOther)"
66.249.77.167 - - [18/Sep/2025:09:46:49 +0000] "GET /index.php?products/13709679/ HTTP/1.1" 200 17689 "-" "Mozilla/5.0 (Linux; Android 6.0.1; Nexus 5X Build/MMB29P) AppleWebKit/537.36 (KHTML, like Gecko) Chrome/140.0.7339.127 Mobile Safari/537.36 (compatible; GoogleOther)"
66.249.77.167 - - [18/Sep/2025:09:46:52 +0000] "GET /index.php?products/3619102/ HTTP/1.1" 200 17802 "-" "Mozilla/5.0 (Linux; Android 6.0.1; Nexus 5X Build/MMB29P) AppleWebKit/537.36 (KHTML, like Gecko) Chrome/140.0.7339.127 Mobile Safari/537.36 (compatible; GoogleOther)"
66.249.77.167 - - [18/Sep/2025:09:46:55 +0000] "GET /public/index.php?pcmypage?callback=product%2Fdetail%2F34738397 HTTP/1.1" 200 17414 "-" "Mozilla/5.0 (Linux; Android 6.0.1; Nexus 5X Build/MMB29P) AppleWebKit/537.36 (KHTML, like Gecko) Chrome/140.0.7339.127 Mobile Safari/537.36 (compatible; GoogleOther)"
66.249.77.167 - - [18/Sep/2025:09:47:14 +0000] "GET /index.php?products/28712857/ HTTP/1.1" 200 17243 "-" "Mozilla/5.0 (Linux; Android 6.0.1; Nexus 5X Build/MMB29P) AppleWebKit/537.36 (KHTML, like Gecko) Chrome/140.0.7339.127 Mobile Safari/537.36 (compatible; GoogleOther)"
66.249.77.167 - - [18/Sep/2025:09:47:26 +0000] "GET /public/index.php?pcmypage?callback=/product%2Fdetail%2F56766340 HTTP/1.1" 200 17954 "-" "Mozilla/5.0 (Linux; Android 6.0.1; Nexus 5X Build/MMB29P) AppleWebKit/537.36 (KHTML, like Gecko) Chrome/140.0.7339.127 Mobile Safari/537.36 (compatible; GoogleOther)"
66.249.77.167 - - [18/Sep/2025:09:47:28 +0000] "GET /index.php?products/13883991/ HTTP/1.1" 200 18118 "-" "Mozilla/5.0 (Linux; Android 6.0.1; Nexus 5X Build/MMB29P) AppleWebKit/537.36 (KHTML, like Gecko) Chrome/140.0.7339.127 Mobile Safari/537.36 (compatible; GoogleOther)"
66.249.77.167 - - [18/Sep/2025:09:47:31 +0000] "GET /index.php?products/19155791/ HTTP/1.1" 200 17626 "-" "Mozilla/5.0 (Linux; Android 6.0.1; Nexus 5X Build/MMB29P) AppleWebKit/537.36 (KHTML, like Gecko) Chrome/140.0.7339.127 Mobile Safari/537.36 (compatible; GoogleOther)"
66.249.77.167 - - [18/Sep/2025:09:47:35 +0000] "GET /index.php?products/21289379/ HTTP/1.1" 200 17328 "-" "Mozilla/5.0 (Linux; Android 6.0.1; Nexus 5X Build/MMB29P) AppleWebKit/537.36 (KHTML, like Gecko) Chrome/140.0.7339.127 Mobile Safari/537.36 (compatible; GoogleOther)"
